-- Table structure for table `B65362949_commande`
--
CREATE TABLE `B65362949_commande` (
  `rowid` int(11) NOT NULL AUTO_INCREMENT,
  `ref` varchar(30) NOT NULL,
  `entity` int(11) NOT NULL DEFAULT '1',
  `ref_ext` varchar(255) DEFAULT NULL,
  `ref_int` varchar(255) DEFAULT NULL,
  `ref_client` varchar(255) DEFAULT NULL,
  `fk_soc` int(11) NOT NULL,
  `fk_projet` int(11) DEFAULT NULL,
  `tms` timestamp NOT NULL DEFAULT CURRENT_TIMESTAMP ON UPDATE CURRENT_TIMESTAMP,
  `date_creation` datetime DEFAULT NULL,
  `date_valid` datetime DEFAULT NULL,
  `date_cloture` datetime DEFAULT NULL,
  `date_commande` date DEFAULT NULL,
  `fk_user_author` int(11) DEFAULT NULL,
  `fk_user_valid` int(11) DEFAULT NULL,
  `fk_user_cloture` int(11) DEFAULT NULL,
  `source` smallint(6) DEFAULT NULL,
  `fk_statut` smallint(6) DEFAULT '0',
  `amount_ht` double DEFAULT '0',
  `remise_percent` double DEFAULT '0',
  `remise_absolue` double DEFAULT '0',
  `remise` double DEFAULT '0',
  `tva` double(24,8) DEFAULT '0.00000000',
  `localtax1` double(24,8) DEFAULT '0.00000000',
  `localtax2` double(24,8) DEFAULT '0.00000000',
  `total_ht` double(24,8) DEFAULT '0.00000000',
  `total_ttc` double(24,8) DEFAULT '0.00000000',
  `note_private` text,
  `note_public` text,
  `model_pdf` varchar(255) DEFAULT NULL,
  `facture` tinyint(4) DEFAULT '0',
  `fk_account` int(11) DEFAULT NULL,
  `fk_currency` varchar(3) DEFAULT NULL,
  `fk_cond_reglement` int(11) DEFAULT NULL,
  `fk_mode_reglement` int(11) DEFAULT NULL,
  `date_livraison` date DEFAULT NULL,
  `fk_availability` int(11) DEFAULT NULL,
  `fk_input_reason` int(11) DEFAULT NULL,
  `fk_delivery_address` int(11) DEFAULT NULL,
  `import_key` varchar(14) DEFAULT NULL,
  `extraparams` varchar(255) DEFAULT NULL,
  PRIMARY KEY (`rowid`),
  UNIQUE KEY `uk_commande_ref` (`ref`,`entity`),
  KEY `idx_commande_fk_soc` (`fk_soc`),
  KEY `idx_commande_fk_user_author` (`fk_user_author`),
  KEY `idx_commande_fk_user_valid` (`fk_user_valid`),
  KEY `idx_commande_fk_user_cloture` (`fk_user_cloture`),
  KEY `idx_commande_fk_projet` (`fk_projet`),
  KEY `idx_commande_fk_account` (`fk_account`),
  KEY `idx_commande_fk_currency` (`fk_currency`),
  CONSTRAINT `fk_commande_fk_projet` FOREIGN KEY (`fk_projet`) REFERENCES `B65362949_projet` (`rowid`),
  CONSTRAINT `fk_commande_fk_soc` FOREIGN KEY (`fk_soc`) REFERENCES `B65362949_societe` (`rowid`),
  CONSTRAINT `fk_commande_fk_user_author` FOREIGN KEY (`fk_user_author`) REFERENCES `B65362949_user` (`rowid`),
  CONSTRAINT `fk_commande_fk_user_cloture` FOREIGN KEY (`fk_user_cloture`) REFERENCES `B65362949_user` (`rowid`),
  CONSTRAINT `fk_commande_fk_user_valid` FOREIGN KEY (`fk_user_valid`) REFERENCES `B65362949_user` (`rowid`)
) ENGINE=InnoDB AUTO_INCREMENT=14 DEFAULT CHARSET=utf8;

--
-- Dumping data for table `B65362949_commande`
--
INSERT INTO `B65362949_commande` VALUES (1,'CO1510-0001',1,NULL,NULL,'',2,NULL,'2015-10-28 16:50:13','2015-10-02 11:36:09','2015-10-28 16:58:41','2015-10-28 16:58:46','2015-10-02',3,3,3,NULL,3,0,0,NULL,0,'0.00000000','0.00000000','0.00000000','0.00000000','0.00000000','','','einstein',1,NULL,NULL,1,3,'2015-10-02',1,NULL,NULL,NULL,NULL);
INSERT INTO `B65362949_commande` VALUES (2,'CO1510-0002',1,NULL,NULL,'',2,NULL,'2015-10-28 16:15:16','2015-10-19 11:53:10','2015-10-19 11:58:40','2015-10-28 16:23:30','2015-10-02',3,3,3,NULL,3,0,0,NULL,0,'28.98000000','0.00000000','0.00000000','138.00000000','166.98000000','','','einstein',1,NULL,NULL,1,3,'2015-10-02',1,NULL,NULL,NULL,NULL);
INSERT INTO `B65362949_commande` VALUES (3,'CO1510-0003',1,NULL,NULL,'',2,NULL,'2015-10-28 16:15:23','2015-10-28 15:08:39','2015-10-28 16:22:03','2015-10-28 16:23:22','2015-10-27',3,3,3,NULL,3,0,0,NULL,0,'57.96000000','0.00000000','0.00000000','276.00000000','333.96000000','','','einstein',1,NULL,NULL,1,3,'2015-10-27',1,NULL,NULL,NULL,NULL);
INSERT INTO `B65362949_commande` VALUES (4,'CO1510-0004',1,NULL,NULL,'',2,NULL,'2015-10-30 10:33:45','2015-10-30 10:34:23','2015-10-30 10:37:08','2015-10-30 10:42:22','2015-10-30',3,3,3,NULL,3,0,0,NULL,0,'9.66000000','0.00000000','0.00000000','46.00000000','55.66000000','','','einstein',1,NULL,NULL,1,3,'2015-10-30',1,NULL,NULL,NULL,NULL);
INSERT INTO `B65362949_commande` VALUES (5,'CO1511-0005',1,NULL,NULL,'',2,NULL,'2015-11-30 17:34:10','2015-11-25 12:29:57','2015-11-25 12:31:33','2015-11-30 17:44:00','2015-11-25',3,3,3,NULL,3,0,0,NULL,0,'9.66000000','0.00000000','0.00000000','46.00000000','55.66000000','','','einstein',1,NULL,NULL,1,3,'2015-11-25',1,NULL,NULL,NULL,NULL);
INSERT INTO `B65362949_commande` VALUES (6,'CO1512-0006',1,NULL,NULL,'',2,NULL,'2016-09-23 11:58:27','2015-12-16 12:25:17','2016-09-23 12:17:43','2016-01-05 12:44:04','2015-12-15',3,2,3,NULL,1,0,0,NULL,0,'32.97000000','0.00000000','0.00000000','157.00000000','189.97000000','','','einstein',0,NULL,NULL,1,3,'2015-12-15',1,NULL,NULL,NULL,NULL);
INSERT INTO `B65362949_commande` VALUES (7,'CO1512-0007',1,NULL,NULL,'',2,NULL,'2016-01-05 12:32:52','2015-12-17 18:18:14','2015-12-17 18:18:34','2016-01-05 12:44:18','2015-12-15',3,3,3,NULL,3,0,0,NULL,0,'9.66000000','0.00000000','0.00000000','46.00000000','55.66000000','','','einstein',1,NULL,NULL,1,3,'2015-12-15',1,NULL,NULL,NULL,NULL);
INSERT INTO `B65362949_commande` VALUES (10,'CO1609-0008',1,NULL,NULL,'',154,NULL,'2016-11-16 10:16:41','2016-09-23 12:20:13','2016-09-23 12:21:08','2016-11-16 10:38:08','2016-09-23',2,2,2,NULL,3,0,0,NULL,0,'3715.95000000','0.00000000','0.00000000','17695.00000000','21410.95000000','','','einstein',0,NULL,NULL,1,2,'2016-10-11',3,8,NULL,NULL,NULL);
INSERT INTO `B65362949_commande` VALUES (11,'CO1611-0009',1,NULL,NULL,'',154,NULL,'2016-11-16 10:21:38','2016-11-16 10:39:46','2016-11-16 10:43:05',NULL,'2016-11-16',2,2,NULL,NULL,1,0,0,NULL,0,'3100.86000000','0.00000000','0.00000000','14766.00000000','17866.86000000','','','einstein',0,NULL,NULL,1,2,'2016-11-28',4,8,NULL,NULL,NULL);
INSERT INTO `B65362949_commande` VALUES (12,'CO1611-0010',1,NULL,NULL,'',154,NULL,'2016-11-16 10:25:04','2016-11-16 10:44:51','2016-11-16 10:46:31',NULL,'2016-11-16',2,2,NULL,NULL,1,0,0,NULL,0,'3729.60000000','0.00000000','0.00000000','17760.00000000','21489.60000000','','','einstein',0,NULL,NULL,1,2,'2016-11-28',1,8,NULL,NULL,NULL);
INSERT INTO `B65362949_commande` VALUES (13,'CO1611-0011',1,NULL,NULL,'',159,NULL,'2016-12-14 16:40:20','2016-11-16 15:18:59','2016-11-16 15:19:11','2016-12-14 17:02:33','2016-11-16',2,2,2,NULL,3,0,0,NULL,0,'323.40000000','0.00000000','0.00000000','1540.00000000','1863.40000000','Validado correo del día 16/11/2016','Forma de pago: 50% inicio de proyecto / 30% a la entrega / 20% aceptación.
\n
\nEl entorno de desarrollo se entregará 1 semana y media después de disponer de la maquina vitual correcta, y las mejoras solicitadas 2 días más tarde si se dispone del servicio y la información necesaria para su acceso y uso.','einstein',1,NULL,NULL,1,2,'2016-11-16',1,8,NULL,NULL,NULL);




--
-- Table structure for table `B65362949_commande_extrafields`
--
CREATE TABLE `B65362949_commande_extrafields` (
  `rowid` int(11) NOT NULL AUTO_INCREMENT,
  `tms` timestamp NOT NULL DEFAULT CURRENT_TIMESTAMP ON UPDATE CURRENT_TIMESTAMP,
  `fk_object` int(11) NOT NULL,
  `import_key` varchar(14) DEFAULT NULL,
  PRIMARY KEY (`rowid`),
  KEY `idx_commande_extrafields` (`fk_object`)
) ENGINE=InnoDB DEFAULT CHARSET=utf8;

--
-- Dumping data for table `B65362949_commande_extrafields`
--




--
-- Table structure for table `B65362949_commande_fournisseur`
--
CREATE TABLE `B65362949_commande_fournisseur` (
  `rowid` int(11) NOT NULL AUTO_INCREMENT,
  `ref` varchar(30) NOT NULL,
  `entity` int(11) NOT NULL DEFAULT '1',
  `ref_ext` varchar(30) DEFAULT NULL,
  `ref_supplier` varchar(30) DEFAULT NULL,
  `fk_soc` int(11) NOT NULL,
  `fk_projet` int(11) DEFAULT '0',
  `tms` timestamp NOT NULL DEFAULT CURRENT_TIMESTAMP ON UPDATE CURRENT_TIMESTAMP,
  `date_creation` datetime DEFAULT NULL,
  `date_valid` datetime DEFAULT NULL,
  `date_approve` datetime DEFAULT NULL,
  `date_commande` date DEFAULT NULL,
  `fk_user_author` int(11) DEFAULT NULL,
  `fk_user_valid` int(11) DEFAULT NULL,
  `fk_user_approve` int(11) DEFAULT NULL,
  `source` smallint(6) NOT NULL,
  `fk_statut` smallint(6) DEFAULT '0',
  `amount_ht` double DEFAULT '0',
  `remise_percent` double DEFAULT '0',
  `remise` double DEFAULT '0',
  `tva` double(24,8) DEFAULT '0.00000000',
  `localtax1` double(24,8) DEFAULT '0.00000000',
  `localtax2` double(24,8) DEFAULT '0.00000000',
  `total_ht` double(24,8) DEFAULT '0.00000000',
  `total_ttc` double(24,8) DEFAULT '0.00000000',
  `note_private` text,
  `note_public` text,
  `model_pdf` varchar(255) DEFAULT NULL,
  `date_livraison` date DEFAULT NULL,
  `fk_cond_reglement` int(11) DEFAULT NULL,
  `fk_mode_reglement` int(11) DEFAULT NULL,
  `fk_input_method` int(11) DEFAULT '0',
  `import_key` varchar(14) DEFAULT NULL,
  `extraparams` varchar(255) DEFAULT NULL,
  PRIMARY KEY (`rowid`),
  UNIQUE KEY `uk_commande_fournisseur_ref` (`ref`,`fk_soc`,`entity`),
  KEY `idx_commande_fournisseur_fk_soc` (`fk_soc`),
  CONSTRAINT `fk_commande_fournisseur_fk_soc` FOREIGN KEY (`fk_soc`) REFERENCES `B65362949_societe` (`rowid`)
) ENGINE=InnoDB DEFAULT CHARSET=utf8;

--
-- Dumping data for table `B65362949_commande_fournisseur`
--




--
-- Table structure for table `B65362949_commande_fournisseur_dispatch`
--
CREATE TABLE `B65362949_commande_fournisseur_dispatch` (
  `rowid` int(11) NOT NULL AUTO_INCREMENT,
  `fk_commande` int(11) DEFAULT NULL,
  `fk_product` int(11) DEFAULT NULL,
  `qty` float DEFAULT NULL,
  `fk_entrepot` int(11) DEFAULT NULL,
  `fk_user` int(11) DEFAULT NULL,
  `datec` datetime DEFAULT NULL,
  PRIMARY KEY (`rowid`),
  KEY `idx_commande_fournisseur_dispatch_fk_commande` (`fk_commande`)
) ENGINE=InnoDB DEFAULT CHARSET=utf8;

--
-- Dumping data for table `B65362949_commande_fournisseur_dispatch`
--




--
-- Table structure for table `B65362949_commande_fournisseur_extrafields`
--
CREATE TABLE `B65362949_commande_fournisseur_extrafields` (
  `rowid` int(11) NOT NULL AUTO_INCREMENT,
  `tms` timestamp NOT NULL DEFAULT CURRENT_TIMESTAMP ON UPDATE CURRENT_TIMESTAMP,
  `fk_object` int(11) NOT NULL,
  `import_key` varchar(14) DEFAULT NULL,
  PRIMARY KEY (`rowid`),
  KEY `idx_commande_fournisseur_extrafields` (`fk_object`)
) ENGINE=InnoDB DEFAULT CHARSET=utf8;

--
-- Dumping data for table `B65362949_commande_fournisseur_extrafields`
--




--
-- Table structure for table `B65362949_commande_fournisseur_log`
--
CREATE TABLE `B65362949_commande_fournisseur_log` (
  `rowid` int(11) NOT NULL AUTO_INCREMENT,
  `tms` timestamp NOT NULL DEFAULT CURRENT_TIMESTAMP ON UPDATE CURRENT_TIMESTAMP,
  `datelog` datetime NOT NULL,
  `fk_commande` int(11) NOT NULL,
  `fk_statut` smallint(6) NOT NULL,
  `fk_user` int(11) NOT NULL,
  `comment` varchar(255) DEFAULT NULL,
  PRIMARY KEY (`rowid`)
) ENGINE=InnoDB DEFAULT CHARSET=utf8;

--
-- Dumping data for table `B65362949_commande_fournisseur_log`
--




--
-- Table structure for table `B65362949_commande_fournisseurdet`
--
CREATE TABLE `B65362949_commande_fournisseurdet` (
  `rowid` int(11) NOT NULL AUTO_INCREMENT,
  `fk_commande` int(11) NOT NULL,
  `fk_product` int(11) DEFAULT NULL,
  `ref` varchar(50) DEFAULT NULL,
  `label` varchar(255) DEFAULT NULL,
  `description` text,
  `tva_tx` double(6,3) DEFAULT '0.000',
  `localtax1_tx` double(6,3) DEFAULT '0.000',
  `localtax1_type` varchar(10) DEFAULT NULL,
  `localtax2_tx` double(6,3) DEFAULT '0.000',
  `localtax2_type` varchar(10) DEFAULT NULL,
  `qty` double DEFAULT NULL,
  `remise_percent` double DEFAULT '0',
  `remise` double DEFAULT '0',
  `subprice` double(24,8) DEFAULT '0.00000000',
  `total_ht` double(24,8) DEFAULT '0.00000000',
  `total_tva` double(24,8) DEFAULT '0.00000000',
  `total_localtax1` double(24,8) DEFAULT '0.00000000',
  `total_localtax2` double(24,8) DEFAULT '0.00000000',
  `total_ttc` double(24,8) DEFAULT '0.00000000',
  `product_type` int(11) DEFAULT '0',
  `date_start` datetime DEFAULT NULL,
  `date_end` datetime DEFAULT NULL,
  `info_bits` int(11) DEFAULT '0',
  `import_key` varchar(14) DEFAULT NULL,
  PRIMARY KEY (`rowid`)
) ENGINE=InnoDB DEFAULT CHARSET=utf8;

--
-- Dumping data for table `B65362949_commande_fournisseurdet`
--




--
-- Table structure for table `B65362949_commandedet`
--
CREATE TABLE `B65362949_commandedet` (
  `rowid` int(11) NOT NULL AUTO_INCREMENT,
  `fk_commande` int(11) NOT NULL,
  `fk_parent_line` int(11) DEFAULT NULL,
  `fk_product` int(11) DEFAULT NULL,
  `label` varchar(255) DEFAULT NULL,
  `description` text,
  `tva_tx` double(6,3) DEFAULT NULL,
  `localtax1_tx` double(6,3) DEFAULT '0.000',
  `localtax1_type` varchar(10) DEFAULT NULL,
  `localtax2_tx` double(6,3) DEFAULT '0.000',
  `localtax2_type` varchar(10) DEFAULT NULL,
  `qty` double DEFAULT NULL,
  `remise_percent` double DEFAULT '0',
  `remise` double DEFAULT '0',
  `fk_remise_except` int(11) DEFAULT NULL,
  `price` double DEFAULT NULL,
  `subprice` double(24,8) DEFAULT '0.00000000',
  `total_ht` double(24,8) DEFAULT '0.00000000',
  `total_tva` double(24,8) DEFAULT '0.00000000',
  `total_localtax1` double(24,8) DEFAULT '0.00000000',
  `total_localtax2` double(24,8) DEFAULT '0.00000000',
  `total_ttc` double(24,8) DEFAULT '0.00000000',
  `product_type` int(11) DEFAULT '0',
  `date_start` datetime DEFAULT NULL,
  `date_end` datetime DEFAULT NULL,
  `info_bits` int(11) DEFAULT '0',
  `buy_price_ht` double(24,8) DEFAULT '0.00000000',
  `fk_product_fournisseur_price` int(11) DEFAULT NULL,
  `special_code` int(10) unsigned DEFAULT '0',
  `rang` int(11) DEFAULT '0',
  `import_key` varchar(14) DEFAULT NULL,
  PRIMARY KEY (`rowid`),
  KEY `idx_commandedet_fk_commande` (`fk_commande`),
  KEY `idx_commandedet_fk_product` (`fk_product`),
  CONSTRAINT `fk_commandedet_fk_commande` FOREIGN KEY (`fk_commande`) REFERENCES `B65362949_commande` (`rowid`)
) ENGINE=InnoDB AUTO_INCREMENT=26 DEFAULT CHARSET=utf8;

--
-- Dumping data for table `B65362949_commandedet`
--
INSERT INTO `B65362949_commandedet` VALUES (1,1,NULL,8,NULL,'','21.000','0.000',3,'0.000',1,1,100,65,NULL,0,'65.00000000','0.00000000','0.00000000','0.00000000','0.00000000','0.00000000',1,'2015-10-02 00:00:00','2015-10-02 00:00:00',0,'0.00000000',NULL,0,1,NULL);
INSERT INTO `B65362949_commandedet` VALUES (2,1,NULL,5,NULL,'Reconfiguración Tarjeta Red Pruebas
\nIncidencia Switch','21.000','0.000',3,'0.000',1,1,100,46,NULL,0,'46.00000000','0.00000000','0.00000000','0.00000000','0.00000000','0.00000000',1,'2015-10-02 00:00:00','2015-10-02 00:00:00',0,'0.00000000',NULL,0,2,NULL);
INSERT INTO `B65362949_commandedet` VALUES (3,2,NULL,8,NULL,'','21.000','0.000',3,'0.000',1,1,100,65,NULL,NULL,'65.00000000','0.00000000','0.00000000','0.00000000','0.00000000','0.00000000',1,NULL,NULL,0,'0.00000000',NULL,0,1,NULL);
INSERT INTO `B65362949_commandedet` VALUES (4,2,NULL,5,NULL,'Incidencia Servidor Dell T320
\nS/n: 3BN5002','21.000','0.000',3,'0.000',1,3,0,0,NULL,46,'46.00000000','138.00000000','28.98000000','0.00000000','0.00000000','166.98000000',1,NULL,NULL,0,'0.00000000',NULL,0,2,NULL);
INSERT INTO `B65362949_commandedet` VALUES (5,2,NULL,NULL,NULL,'Llamada Tarificación Especial 902
\n(pendiente recibir)','21.000','0.000',3,'0.000',1,1,0,0,NULL,0,'0.00000000','0.00000000','0.00000000','0.00000000','0.00000000','0.00000000',1,NULL,NULL,0,'0.00000000',NULL,0,3,NULL);
INSERT INTO `B65362949_commandedet` VALUES (6,3,NULL,8,NULL,'','21.000','0.000',3,'0.000',1,1,100,65,NULL,NULL,'65.00000000','0.00000000','0.00000000','0.00000000','0.00000000','0.00000000',1,NULL,NULL,0,'0.00000000',NULL,0,1,NULL);
INSERT INTO `B65362949_commandedet` VALUES (7,3,NULL,5,NULL,'Actualización Servidor Dell T320
\nS/n: 3BN5002','21.000','0.000',3,'0.000',1,2,0,0,NULL,46,'46.00000000','92.00000000','19.32000000','0.00000000','0.00000000','111.32000000',1,NULL,NULL,0,'0.00000000',NULL,0,3,NULL);
INSERT INTO `B65362949_commandedet` VALUES (9,3,NULL,5,NULL,'Instalación Nuevo Equipo','21.000','0.000',3,'0.000',1,4,0,0,NULL,46,'46.00000000','184.00000000','38.64000000','0.00000000','0.00000000','222.64000000',1,NULL,NULL,0,'0.00000000',NULL,0,2,NULL);
INSERT INTO `B65362949_commandedet` VALUES (10,4,NULL,8,NULL,'','21.000','0.000',3,'0.000',1,1,100,65,NULL,0,'65.00000000','0.00000000','0.00000000','0.00000000','0.00000000','0.00000000',1,NULL,NULL,0,'0.00000000',NULL,0,1,NULL);
INSERT INTO `B65362949_commandedet` VALUES (11,4,NULL,5,NULL,'Retirada Switch
\nTramitación RMA
\nInstalación Nuevo Switch','21.000','0.000',3,'0.000',1,1,0,0,NULL,46,'46.00000000','46.00000000','9.66000000','0.00000000','0.00000000','55.66000000',1,NULL,NULL,0,'0.00000000',NULL,0,2,NULL);
INSERT INTO `B65362949_commandedet` VALUES (13,5,NULL,8,NULL,'','21.000','0.000',3,'0.000',1,1,100,65,NULL,NULL,'65.00000000','0.00000000','0.00000000','0.00000000','0.00000000','0.00000000',1,NULL,NULL,0,'0.00000000',NULL,0,1,NULL);
INSERT INTO `B65362949_commandedet` VALUES (14,5,NULL,5,NULL,'Revisión PC Admón.
\nInstalación parche de Widnows','21.000','0.000',3,'0.000',1,1,0,0,NULL,46,'46.00000000','46.00000000','9.66000000','0.00000000','0.00000000','55.66000000',1,NULL,NULL,0,'0.00000000',NULL,0,2,NULL);
INSERT INTO `B65362949_commandedet` VALUES (15,6,NULL,8,NULL,'','21.000','0.000',3,'0.000',1,1,0,0,NULL,65,'65.00000000','65.00000000','13.65000000','0.00000000','0.00000000','78.65000000',1,NULL,NULL,0,'0.00000000',NULL,0,1,NULL);
INSERT INTO `B65362949_commandedet` VALUES (16,6,NULL,5,NULL,'Puesta en marcha PC Contabilidad','21.000','0.000',3,'0.000',1,2,0,0,NULL,46,'46.00000000','92.00000000','19.32000000','0.00000000','0.00000000','111.32000000',1,NULL,NULL,0,'0.00000000',NULL,0,2,NULL);
INSERT INTO `B65362949_commandedet` VALUES (17,7,NULL,8,NULL,'','21.000','0.000',3,'0.000',1,1,100,65,NULL,NULL,'65.00000000','0.00000000','0.00000000','0.00000000','0.00000000','0.00000000',1,NULL,NULL,0,'0.00000000',NULL,0,1,NULL);
INSERT INTO `B65362949_commandedet` VALUES (18,7,NULL,5,NULL,'Puesta en marcha PC Contabilidad','21.000','0.000',3,'0.000',1,1,0,0,NULL,46,'46.00000000','46.00000000','9.66000000','0.00000000','0.00000000','55.66000000',1,NULL,NULL,0,'0.00000000',NULL,0,2,NULL);
INSERT INTO `B65362949_commandedet` VALUES (21,10,NULL,NULL,NULL,'Etiquetas Joyería NF 25x12 + 25x12 PP + Inlay + Inserción','21.000','0.000',3,'0.000',1,100000,0,0,NULL,0.17695,'0.17695000','17695.00000000','3715.95000000','0.00000000','0.00000000','21410.95000000',0,NULL,NULL,0,'0.00000000',NULL,0,1,NULL);
INSERT INTO `B65362949_commandedet` VALUES (22,11,NULL,NULL,NULL,'Etiquetas Joyería NF 25x12 + 25x12 PP + Inlay + Inserción','21.000','0.000',3,'0.000',1,100000,0,0,NULL,0.14766,'0.14766000','14766.00000000','3100.86000000','0.00000000','0.00000000','17866.86000000',0,NULL,NULL,0,'0.00000000',NULL,0,1,NULL);
INSERT INTO `B65362949_commandedet` VALUES (23,12,NULL,NULL,NULL,'Etiquetas Joyería NF 25x12 + 25x12 PP + Inlay + Inserción','21.000','0.000',3,'0.000',1,100000,0,0,NULL,0.1776,'0.17760000','17760.00000000','3729.60000000','0.00000000','0.00000000','21489.60000000',0,NULL,NULL,0,'0.00000000',NULL,0,1,NULL);
INSERT INTO `B65362949_commandedet` VALUES (24,13,NULL,NULL,NULL,'Montaje Proyecto C# YOIGO con indenpendencias resueltas','21.000','0.000',3,'0.000',1,36,0,0,NULL,35,'35.00000000','1260.00000000','264.60000000','0.00000000','0.00000000','1524.60000000',1,NULL,NULL,0,'0.00000000',NULL,0,1,NULL);
INSERT INTO `B65362949_commandedet` VALUES (25,13,NULL,NULL,NULL,'Desarrollo lógica comprobación seguidiendo los requerimientos correo 08/11/16:
\n
\nsólo para el fabricante Apple
\n
\n1.   Cuando el usuario introduzca el imei (junto con la comprobación del Algoritmo de Luhn), debe de llamar a un método de WS (Pendiente enviarte la información) que, indicando dicho imei, te devuelve el número de serie de dicho imei.
\n
\n2.   Cuando el usuario pulse el botón de grabar, antes de realizar nada, debe de comprobar si el Find My Iphone de Apple está activado. Para ello, deberéis llamar a un método de WS indicando el número de serie y si el campo activationLockStatusField está relleno, indicar al usuario “Por favor, desactive el Find My Iphone de este terminal para poder tramitar la reparación','21.000','0.000',3,'0.000',1,8,0,0,NULL,35,'35.00000000','280.00000000','58.80000000','0.00000000','0.00000000','338.80000000',1,NULL,NULL,0,'0.00000000',NULL,0,2,NULL);




--
-- Table structure for table `B65362949_commandedet_extrafields`
--
CREATE TABLE `B65362949_commandedet_extrafields` (
  `rowid` int(11) NOT NULL AUTO_INCREMENT,
  `tms` timestamp NOT NULL DEFAULT CURRENT_TIMESTAMP ON UPDATE CURRENT_TIMESTAMP,
  `fk_object` int(11) NOT NULL,
  `import_key` varchar(14) DEFAULT NULL,
  PRIMARY KEY (`rowid`),
  KEY `idx_commandedet_extrafields` (`fk_object`)
) ENGINE=InnoDB DEFAULT CHARSET=utf8;

--
-- Dumping data for table `B65362949_commandedet_extrafields`
--




--
-- Table structure for table `B65362949_compta`
--
CREATE TABLE `B65362949_compta` (
  `rowid` int(11) NOT NULL AUTO_INCREMENT,
  `datec` datetime DEFAULT NULL,
  `datev` date DEFAULT NULL,
  `amount` double NOT NULL DEFAULT '0',
  `label` varchar(255) DEFAULT NULL,
  `fk_compta_account` int(11) DEFAULT NULL,
  `fk_user_author` int(11) DEFAULT NULL,
  `fk_user_valid` int(11) DEFAULT NULL,
  `valid` tinyint(4) DEFAULT '0',
  `note` text,
  PRIMARY KEY (`rowid`)
) ENGINE=InnoDB DEFAULT CHARSET=utf8;

--
-- Dumping data for table `B65362949_compta`
--




--
-- Table structure for table `B65362949_compta_account`
--
CREATE TABLE `B65362949_compta_account` (
  `rowid` int(11) NOT NULL AUTO_INCREMENT,
  `datec` datetime DEFAULT NULL,
  `number` varchar(12) DEFAULT NULL,
  `label` varchar(255) DEFAULT NULL,
  `fk_user_author` int(11) DEFAULT NULL,
  `note` text,
  PRIMARY KEY (`rowid`)
) ENGINE=InnoDB DEFAULT CHARSET=utf8;

--
-- Dumping data for table `B65362949_compta_account`
--




--
-- Table structure for table `B65362949_compta_compte_generaux`
--
CREATE TABLE `B65362949_compta_compte_generaux` (
  `rowid` int(11) NOT NULL AUTO_INCREMENT,
  `date_creation` datetime DEFAULT NULL,
  `numero` varchar(50) DEFAULT NULL,
  `intitule` varchar(255) DEFAULT NULL,
  `fk_user_author` int(11) DEFAULT NULL,
  `note` text,
  PRIMARY KEY (`rowid`),
  UNIQUE KEY `numero` (`numero`)
) ENGINE=InnoDB DEFAULT CHARSET=utf8;

--
-- Dumping data for table `B65362949_compta_compte_generaux`
--




--
-- Table structure for table `B65362949_const`
--
CREATE TABLE `B65362949_const` (
  `rowid` int(11) NOT NULL AUTO_INCREMENT,
  `name` varchar(255) NOT NULL,
  `entity` int(11) NOT NULL DEFAULT '1',
  `value` text NOT NULL,
  `type` varchar(6) DEFAULT NULL,
  `visible` tinyint(4) NOT NULL DEFAULT '1',
  `note` text,
  `tms` timestamp NOT NULL DEFAULT CURRENT_TIMESTAMP ON UPDATE CURRENT_TIMESTAMP,
  PRIMARY KEY (`rowid`),
  UNIQUE KEY `uk_const` (`name`,`entity`)
) ENGINE=InnoDB AUTO_INCREMENT=627 DEFAULT CHARSET=utf8;

--
-- Dumping data for table `B65362949_const`
--
INSERT INTO `B65362949_const` VALUES (2,'MAIN_FEATURES_LEVEL',0,0,'chaine',1,'Level of features to show (0=stable only, 1=stable+experimental, 2=stable+experimental+development','2015-03-12 13:15:14');
INSERT INTO `B65362949_const` VALUES (3,'MAILING_LIMIT_SENDBYWEB',0,25,'chaine',1,'Number of targets to defined packet size when sending mass email','2015-03-12 13:15:14');
INSERT INTO `B65362949_const` VALUES (4,'SYSLOG_HANDLERS',0,'[\"mod_syslog_file\"]','chaine',0,'Which logger to use','2015-03-12 13:15:14');
INSERT INTO `B65362949_const` VALUES (5,'SYSLOG_FILE',0,'DOL_DATA_ROOT/dolibarr.log','chaine',0,'Directory where to write log file','2015-03-12 13:15:14');
INSERT INTO `B65362949_const` VALUES (6,'SYSLOG_LEVEL',0,7,'chaine',0,'Level of debug info to show','2015-03-12 13:15:14');
INSERT INTO `B65362949_const` VALUES (9,'MAIN_UPLOAD_DOC',0,2048,'chaine',0,'Max size for file upload (0 means no upload allowed)','2015-03-12 13:15:14');
INSERT INTO `B65362949_const` VALUES (12,'MAIN_SIZE_LISTE_LIMIT',0,25,'chaine',0,'Longueur maximum des listes','2015-03-12 13:15:14');
INSERT INTO `B65362949_const` VALUES (13,'MAIN_SHOW_WORKBOARD',0,1,'yesno',0,'Affichage tableau de bord de travail Dolibarr','2015-03-12 13:15:14');
INSERT INTO `B65362949_const` VALUES (14,'MAIN_MENU_STANDARD',1,'eldy_menu.php','chaine',0,'Menu manager for internal users','2015-03-12 13:15:14');
INSERT INTO `B65362949_const` VALUES (15,'MAIN_MENUFRONT_STANDARD',1,'eldy_menu.php','chaine',0,'Menu manager for external users','2015-03-12 13:15:14');
INSERT INTO `B65362949_const` VALUES (16,'MAIN_MENU_SMARTPHONE',1,'eldy_menu.php','chaine',0,'Menu manager for internal users using smartphones','2015-03-12 13:15:14');
INSERT INTO `B65362949_const` VALUES (17,'MAIN_MENUFRONT_SMARTPHONE',1,'eldy_menu.php','chaine',0,'Menu manager for external users using smartphones','2015-03-12 13:15:14');
INSERT INTO `B65362949_const` VALUES (27,'MAIN_DELAY_MEMBERS',1,31,'chaine',0,'Tolérance de retard avant alerte (en jours) sur cotisations adhérent en retard','2015-03-12 13:15:14');
INSERT INTO `B65362949_const` VALUES (29,'MAIN_FIX_FOR_BUGGED_MTA',1,1,'chaine',1,'Set constant to fix email ending from PHP with some linux ike system','2015-03-12 13:15:14');
INSERT INTO `B65362949_const` VALUES (30,'MAILING_EMAIL_FROM',1,'dolibarr@domain.com','chaine',0,'EMail emmetteur pour les envois d emailings','2015-03-12 13:15:14');
INSERT INTO `B65362949_const` VALUES (31,'MAIN_MODULE_USER',0,1,NULL,0,NULL,'2015-03-12 13:16:39');
INSERT INTO `B65362949_const` VALUES (32,'MAIN_VERSION_LAST_INSTALL',0,'3.6.2','chaine',0,'Dolibarr version when install','2015-03-12 13:16:40');
INSERT INTO `B65362949_const` VALUES (50,'MAIN_INFO_SOCIETE_LOGO',1,'logo.png','chaine',0,'','2015-03-12 13:18:45');
INSERT INTO `B65362949_const` VALUES (51,'MAIN_INFO_SOCIETE_LOGO_SMALL',1,'logo_small.png','chaine',0,'','2015-03-12 13:18:45');
INSERT INTO `B65362949_const` VALUES (52,'MAIN_INFO_SOCIETE_LOGO_MINI',1,'logo_mini.png','chaine',0,'','2015-03-12 13:18:45');
INSERT INTO `B65362949_const` VALUES (58,'SOCIETE_CODECLIENT_ADDON',1,'mod_codeclient_leopard','chaine',0,'Module to control third parties codes','2015-03-12 13:18:51');
INSERT INTO `B65362949_const` VALUES (59,'SOCIETE_CODECOMPTA_ADDON',1,'mod_codecompta_panicum','chaine',0,'Module to control third parties codes','2015-03-12 13:18:51');
INSERT INTO `B65362949_const` VALUES (62,'COMPANY_ADDON_PDF_ODT_PATH',1,'DOL_DATA_ROOT/doctemplates/thirdparties','chaine',0,NULL,'2015-03-12 13:18:51');
INSERT INTO `B65362949_const` VALUES (63,'SOCIETE_ADD_REF_IN_LIST',1,'','yesno',0,'Display customer ref into select list','2015-03-12 13:18:51');
INSERT INTO `B65362949_const` VALUES (65,'PROPALE_ADDON_PDF',1,'azur','chaine',0,'Nom du gestionnaire de generation des propales en PDF','2015-03-12 13:18:53');
INSERT INTO `B65362949_const` VALUES (66,'PROPALE_ADDON',1,'mod_propale_marbre','chaine',0,'Nom du gestionnaire de numerotation des propales','2015-03-12 13:18:53');
INSERT INTO `B65362949_const` VALUES (67,'PROPALE_VALIDITY_DURATION',1,15,'chaine',0,'Duration of validity of business proposals','2015-03-12 13:18:53');
INSERT INTO `B65362949_const` VALUES (68,'PROPALE_ADDON_PDF_ODT_PATH',1,'DOL_DATA_ROOT/doctemplates/proposals','chaine',0,NULL,'2015-03-12 13:18:53');
INSERT INTO `B65362949_const` VALUES (71,'COMMANDE_ADDON_PDF',1,'einstein','chaine',0,'Name of PDF model of order','2015-03-12 13:18:55');
INSERT INTO `B65362949_const` VALUES (72,'COMMANDE_ADDON',1,'mod_commande_marbre','chaine',0,'Name of numbering numerotation rules of order','2015-03-12 13:18:55');
INSERT INTO `B65362949_const` VALUES (73,'COMMANDE_ADDON_PDF_ODT_PATH',1,'DOL_DATA_ROOT/doctemplates/orders','chaine',0,NULL,'2015-03-12 13:18:55');
INSERT INTO `B65362949_const` VALUES (75,'MAIN_MODULE_CONTRAT',1,1,NULL,0,NULL,'2015-03-12 13:18:56');
INSERT INTO `B65362949_const` VALUES (76,'CONTRACT_ADDON',1,'mod_contract_serpis','chaine',0,'Nom du gestionnaire de numerotation des contrats','2015-03-12 13:18:56');
INSERT INTO `B65362949_const` VALUES (78,'MAIN_MODULE_SERVICE',1,1,NULL,0,NULL,'2015-03-12 13:18:57');
INSERT INTO `B65362949_const` VALUES (81,'MAIN_MODULE_COMPTABILITE',1,1,NULL,0,NULL,'2015-03-12 13:19:03');
INSERT INTO `B65362949_const` VALUES (85,'FACTURE_ADDON_PDF_ODT_PATH',1,'DOL_DATA_ROOT/doctemplates/invoices','chaine',0,NULL,'2015-03-12 13:19:03');
INSERT INTO `B65362949_const` VALUES (88,'MAIN_MODULE_PRELEVEMENT',1,1,NULL,0,NULL,'2015-03-12 13:19:10');
INSERT INTO `B65362949_const` VALUES (89,'MAIN_MODULE_FACTURE',1,1,NULL,0,NULL,'2015-03-12 13:19:10');
INSERT INTO `B65362949_const` VALUES (91,'MAIN_MODULE_BANQUE',1,1,NULL,0,NULL,'2015-03-12 13:19:10');
INSERT INTO `B65362949_const` VALUES (92,'MAIN_MODULE_TAX',1,1,NULL,0,NULL,'2015-03-12 13:19:13');
INSERT INTO `B65362949_const` VALUES (93,'MAIN_MODULE_HOLIDAY',1,1,NULL,0,NULL,'2015-03-12 13:19:17');
INSERT INTO `B65362949_const` VALUES (94,'MAIN_MODULE_HOLIDAY_TABS_0',1,'user:+paidholidays:CPTitreMenu:holiday:$user->rights->holiday->write:/holiday/index.php?mainmenu=holiday&id=__ID__','chaine',0,NULL,'2015-03-12 13:19:17');
INSERT INTO `B65362949_const` VALUES (97,'ADHERENT_MAIL_RESIL',1,'Votre adhésion vient d\'être résiliée.
\nNous espérons vous revoir très bientôt','texte',0,'Mail de résiliation','2015-03-12 13:19:25');
INSERT INTO `B65362949_const` VALUES (98,'ADHERENT_MAIL_VALID',1,'Votre adhésion vient d\'être validée. 
\nVoici le rappel de vos coordonnées (toute information erronée entrainera la non validation de votre inscription) :
\n
\n%INFOS%
\n
\n','texte',0,'Mail de validation','2015-03-12 13:19:25');
INSERT INTO `B65362949_const` VALUES (99,'ADHERENT_MAIL_VALID_SUBJECT',1,'Votre adhésion a été validée','chaine',0,'Sujet du mail de validation','2015-03-12 13:19:25');
INSERT INTO `B65362949_const` VALUES (100,'ADHERENT_MAIL_RESIL_SUBJECT',1,'Résiliation de votre adhésion','chaine',0,'Sujet du mail de résiliation','2015-03-12 13:19:25');
INSERT INTO `B65362949_const` VALUES (101,'ADHERENT_MAIL_FROM',1,'','chaine',0,'From des mails','2015-03-12 13:19:25');
INSERT INTO `B65362949_const` VALUES (102,'ADHERENT_MAIL_COTIS',1,'Bonjour %FIRSTNAME%,
\nCet email confirme que votre cotisation a été reçue
\net enregistrée','texte',0,'Mail de validation de cotisation','2015-03-12 13:19:25');
INSERT INTO `B65362949_const` VALUES (103,'ADHERENT_MAIL_COTIS_SUBJECT',1,'Reçu de votre cotisation','chaine',0,'Sujet du mail de validation de cotisation','2015-03-12 13:19:25');
INSERT INTO `B65362949_const` VALUES (104,'ADHERENT_CARD_HEADER_TEXT',1,'%ANNEE%','chaine',0,'Texte imprimé sur le haut de la carte adhérent','2015-03-12 13:19:25');
INSERT INTO `B65362949_const` VALUES (105,'ADHERENT_CARD_FOOTER_TEXT',1,'Association AZERTY','chaine',0,'Texte imprimé sur le bas de la carte adhérent','2015-03-12 13:19:25');
INSERT INTO `B65362949_const` VALUES (106,'ADHERENT_CARD_TEXT',1,'%FULLNAME%
\nID: %ID%
\n%EMAIL%
\n%ADDRESS%
\n%ZIP% %TOWN%
\n%COUNTRY%','texte',0,'Text to print on member cards','2015-03-12 13:19:25');
INSERT INTO `B65362949_const` VALUES (107,'ADHERENT_MAILMAN_ADMINPW',1,'','chaine',0,'Mot de passe Admin des liste mailman','2015-03-12 13:19:25');
INSERT INTO `B65362949_const` VALUES (108,'ADHERENT_BANK_USE_AUTO',1,'','yesno',0,'Insertion automatique des cotisations dans le compte banquaire','2015-03-12 13:19:25');
INSERT INTO `B65362949_const` VALUES (109,'ADHERENT_BANK_ACCOUNT',1,'','chaine',0,'ID du Compte banquaire utilise','2015-03-12 13:19:25');
INSERT INTO `B65362949_const` VALUES (110,'ADHERENT_BANK_CATEGORIE',1,'','chaine',0,'ID de la catégorie banquaire des cotisations','2015-03-12 13:19:25');
INSERT INTO `B65362949_const` VALUES (111,'ADHERENT_ETIQUETTE_TYPE',1,'L7163','chaine',0,'Type of address sheets','2015-03-12 13:19:25');
INSERT INTO `B65362949_const` VALUES (112,'ADHERENT_ETIQUETTE_TEXT',1,'%FULLNAME%\n%ADDRESS%\n%ZIP% %TOWN%\n%COUNTRY%','texte',0,'Text to print on member address sheets','2015-03-12 13:19:25');
INSERT INTO `B65362949_const` VALUES (113,'MAIN_MODULE_SALARIES',1,1,NULL,0,NULL,'2015-03-12 13:19:32');
INSERT INTO `B65362949_const` VALUES (114,'MAIN_MODULE_DEPLACEMENT',1,1,NULL,0,NULL,'2015-03-12 13:19:37');
INSERT INTO `B65362949_const` VALUES (115,'MAIN_MODULE_FOURNISSEUR',1,1,NULL,0,NULL,'2015-03-12 13:19:47');
INSERT INTO `B65362949_const` VALUES (116,'COMMANDE_SUPPLIER_ADDON_PDF',1,'muscadet','chaine',0,'Nom du gestionnaire de generation des bons de commande en PDF','2015-03-12 13:19:47');
INSERT INTO `B65362949_const` VALUES (117,'COMMANDE_SUPPLIER_ADDON_NUMBER',1,'mod_commande_fournisseur_muguet','chaine',0,'Nom du gestionnaire de numerotation des commandes fournisseur','2015-03-12 13:19:47');
INSERT INTO `B65362949_const` VALUES (118,'INVOICE_SUPPLIER_ADDON_PDF',1,'canelle','chaine',0,'Nom du gestionnaire de generation des factures fournisseur en PDF','2015-03-12 13:19:47');
INSERT INTO `B65362949_const` VALUES (119,'INVOICE_SUPPLIER_ADDON_NUMBER',1,'mod_facture_fournisseur_cactus','chaine',0,'Nom du gestionnaire de numerotation des factures fournisseur','2015-03-12 13:19:47');
INSERT INTO `B65362949_const` VALUES (122,'PRODUCT_CODEPRODUCT_ADDON',1,'mod_codeproduct_leopard','chaine',0,'Module to control product codes','2015-03-12 13:19:51');
INSERT INTO `B65362949_const` VALUES (124,'MAIN_MODULE_AGENDA',1,1,NULL,0,NULL,'2015-03-12 13:19:59');
INSERT INTO `B65362949_const` VALUES (125,'MAIN_AGENDA_ACTIONAUTO_COMPANY_SENTBYMAIL',1,1,'chaine',0,NULL,'2015-03-12 13:19:59');
INSERT INTO `B65362949_const` VALUES (126,'MAIN_AGENDA_ACTIONAUTO_COMPANY_CREATE',1,1,'chaine',0,NULL,'2015-03-12 13:19:59');
INSERT INTO `B65362949_const` VALUES (127,'MAIN_AGENDA_ACTIONAUTO_CONTRACT_VALIDATE',1,1,'chaine',0,NULL,'2015-03-12 13:19:59');
INSERT INTO `B65362949_const` VALUES (128,'MAIN_AGENDA_ACTIONAUTO_PROPAL_VALIDATE',1,1,'chaine',0,NULL,'2015-03-12 13:19:59');
INSERT INTO `B65362949_const` VALUES (129,'MAIN_AGENDA_ACTIONAUTO_PROPAL_SENTBYMAIL',1,1,'chaine',0,NULL,'2015-03-12 13:19:59');
INSERT INTO `B65362949_const` VALUES (130,'MAIN_AGENDA_ACTIONAUTO_ORDER_VALIDATE',1,1,'chaine',0,NULL,'2015-03-12 13:19:59');
INSERT INTO `B65362949_const` VALUES (131,'MAIN_AGENDA_ACTIONAUTO_ORDER_SENTBYMAIL',1,1,'chaine',0,NULL,'2015-03-12 13:19:59');
INSERT INTO `B65362949_const` VALUES (132,'MAIN_AGENDA_ACTIONAUTO_BILL_VALIDATE',1,1,'chaine',0,NULL,'2015-03-12 13:19:59');
INSERT INTO `B65362949_const` VALUES (133,'MAIN_AGENDA_ACTIONAUTO_BILL_PAYED',1,1,'chaine',0,NULL,'2015-03-12 13:19:59');
INSERT INTO `B65362949_const` VALUES (134,'MAIN_AGENDA_ACTIONAUTO_BILL_CANCEL',1,1,'chaine',0,NULL,'2015-03-12 13:19:59');
INSERT INTO `B65362949_const` VALUES (135,'MAIN_AGENDA_ACTIONAUTO_BILL_SENTBYMAIL',1,1,'chaine',0,NULL,'2015-03-12 13:19:59');
INSERT INTO `B65362949_const` VALUES (136,'MAIN_AGENDA_ACTIONAUTO_ORDER_SUPPLIER_VALIDATE',1,1,'chaine',0,NULL,'2015-03-12 13:19:59');
INSERT INTO `B65362949_const` VALUES (137,'MAIN_AGENDA_ACTIONAUTO_BILL_SUPPLIER_VALIDATE',1,1,'chaine',0,NULL,'2015-03-12 13:19:59');
INSERT INTO `B65362949_const` VALUES (138,'MAIN_AGENDA_ACTIONAUTO_SHIPPING_VALIDATE',1,1,'chaine',0,NULL,'2015-03-12 13:19:59');
INSERT INTO `B65362949_const` VALUES (139,'MAIN_AGENDA_ACTIONAUTO_SHIPPING_SENTBYMAIL',1,1,'chaine',0,NULL,'2015-03-12 13:19:59');
INSERT INTO `B65362949_const` VALUES (140,'MAIN_AGENDA_ACTIONAUTO_BILL_UNVALIDATE',1,1,'chaine',0,NULL,'2015-03-12 13:19:59');
INSERT INTO `B65362949_const` VALUES (141,'MAIN_MODULE_PROJET',1,1,NULL,0,NULL,'2015-03-12 13:20:03');
INSERT INTO `B65362949_const` VALUES (142,'PROJECT_ADDON_PDF',1,'baleine','chaine',0,'Name of PDF/ODT project manager class','2015-03-12 13:20:03');
INSERT INTO `B65362949_const` VALUES (143,'PROJECT_ADDON',1,'mod_project_simple','chaine',0,'Name of Numbering Rule project manager class','2015-03-12 13:20:03');
INSERT INTO `B65362949_const` VALUES (144,'PROJECT_ADDON_PDF_ODT_PATH',1,'DOL_DATA_ROOT/doctemplates/projects','chaine',0,NULL,'2015-03-12 13:20:03');
INSERT INTO `B65362949_const` VALUES (145,'PROJECT_TASK_ADDON_PDF',1,'','chaine',0,'Name of PDF/ODT tasks manager class','2015-03-12 13:20:03');
INSERT INTO `B65362949_const` VALUES (146,'PROJECT_TASK_ADDON',1,'mod_task_simple','chaine',0,'Name of Numbering Rule task manager class','2015-03-12 13:20:03');
INSERT INTO `B65362949_const` VALUES (147,'PROJECT_TASK_ADDON_PDF_ODT_PATH',1,'DOL_DATA_ROOT/doctemplates/tasks','chaine',0,NULL,'2015-03-12 13:20:03');
INSERT INTO `B65362949_const` VALUES (152,'FACTURE_ADDON',1,'mod_facture_mercure','chaine',0,'','2015-03-12 13:20:51');
INSERT INTO `B65362949_const` VALUES (234,'ECM_AUTO_TREE_ENABLED',1,1,'chaine',0,'','2015-03-16 00:33:22');
INSERT INTO `B65362949_const` VALUES (235,'MAIN_MODULE_ECM',1,1,NULL,0,NULL,'2015-03-16 01:04:47');
INSERT INTO `B65362949_const` VALUES (254,'FACTURE_ADDON_PDF',1,'addapta','chaine',0,'','2015-03-18 13:23:16');
INSERT INTO `B65362949_const` VALUES (324,'MAIN_MODULE_SALPICADERO',1,1,NULL,0,NULL,'2015-03-20 14:22:50');
INSERT INTO `B65362949_const` VALUES (365,'PRELEVEMENT_USER',1,3,'chaine',0,'','2015-03-23 15:41:33');
INSERT INTO `B65362949_const` VALUES (366,'PRELEVEMENT_NUMERO_NATIONAL_EMETTEUR',1,'B65362949','chaine',0,'','2015-03-23 15:41:33');
INSERT INTO `B65362949_const` VALUES (367,'PRELEVEMENT_ICS',1,'B65362949','chaine',0,'','2015-03-23 15:41:33');
INSERT INTO `B65362949_const` VALUES (368,'PRELEVEMENT_ID_BANKACCOUNT',1,1,'chaine',0,'','2015-03-23 15:41:33');
INSERT INTO `B65362949_const` VALUES (369,'PRELEVEMENT_CODE_BANQUE',1,'0081','chaine',0,'','2015-03-23 15:41:33');
INSERT INTO `B65362949_const` VALUES (370,'PRELEVEMENT_CODE_GUICHET',1,1724,'chaine',0,'','2015-03-23 15:41:33');
INSERT INTO `B65362949_const` VALUES (371,'PRELEVEMENT_NUMERO_COMPTE',1,'0001013612','chaine',0,'','2015-03-23 15:41:33');
INSERT INTO `B65362949_const` VALUES (372,'PRELEVEMENT_NUMBER_KEY',1,58,'chaine',0,'','2015-03-23 15:41:33');
INSERT INTO `B65362949_const` VALUES (373,'PRELEVEMENT_IBAN',1,'ES64 0081 1724 5800 0101 3612','chaine',0,'','2015-03-23 15:41:33');
INSERT INTO `B65362949_const` VALUES (374,'PRELEVEMENT_BIC',1,'BSABESBBXXX','chaine',0,'','2015-03-23 15:41:33');
INSERT INTO `B65362949_const` VALUES (375,'PRELEVEMENT_RAISON_SOCIALE',1,'Addapta Technological Services, S.L.','chaine',0,'','2015-03-23 15:41:33');
INSERT INTO `B65362949_const` VALUES (376,'MAIN_MENU_HIDE_UNAUTHORIZED',1,1,'chaine',0,'','2015-03-24 16:10:12');
INSERT INTO `B65362949_const` VALUES (377,'MAIN_MODULE_SEPAADDAPTA',1,1,NULL,0,NULL,'2015-03-24 16:25:00');
INSERT INTO `B65362949_const` VALUES (378,'MAIN_MODULE_SEPAADDAPTA_HOOKS',1,'[\"leftblock\"]','chaine',0,NULL,'2015-03-24 16:25:00');
INSERT INTO `B65362949_const` VALUES (387,'DISPLAY_MARK_RATES',1,1,'chaine',0,'','2015-03-25 10:37:10');
INSERT INTO `B65362949_const` VALUES (402,'MAIN_DELAY_ACTIONS_TODO',1,7,'chaine',0,'','2015-03-30 15:08:34');
INSERT INTO `B65362949_const` VALUES (403,'MAIN_DELAY_PROPALS_TO_CLOSE',1,31,'chaine',0,'','2015-03-30 15:08:34');
INSERT INTO `B65362949_const` VALUES (404,'MAIN_DELAY_PROPALS_TO_BILL',1,7,'chaine',0,'','2015-03-30 15:08:34');
INSERT INTO `B65362949_const` VALUES (405,'MAIN_DELAY_ORDERS_TO_PROCESS',1,2,'chaine',0,'','2015-03-30 15:08:34');
INSERT INTO `B65362949_const` VALUES (406,'MAIN_DELAY_CUSTOMER_BILLS_UNPAYED',1,10,'chaine',0,'','2015-03-30 15:08:34');
INSERT INTO `B65362949_const` VALUES (407,'MAIN_DELAY_SUPPLIER_ORDERS_TO_PROCESS',1,7,'chaine',0,'','2015-03-30 15:08:34');
INSERT INTO `B65362949_const` VALUES (408,'MAIN_DELAY_SUPPLIER_BILLS_TO_PAY',1,2,'chaine',0,'','2015-03-30 15:08:34');
INSERT INTO `B65362949_const` VALUES (409,'MAIN_DELAY_NOT_ACTIVATED_SERVICES',1,0,'chaine',0,'','2015-03-30 15:08:34');
INSERT INTO `B65362949_const` VALUES (410,'MAIN_DELAY_RUNNING_SERVICES',1,0,'chaine',0,'','2015-03-30 15:08:34');
INSERT INTO `B65362949_const` VALUES (411,'MAIN_DELAY_TRANSACTIONS_TO_CONCILIATE',1,62,'chaine',0,'','2015-03-30 15:08:34');
INSERT INTO `B65362949_const` VALUES (412,'MAIN_DELAY_CHEQUES_TO_DEPOSIT',1,0,'chaine',0,'','2015-03-30 15:08:34');
INSERT INTO `B65362949_const` VALUES (413,'MAIN_DISABLE_METEO',1,1,'chaine',0,'','2015-03-30 15:08:34');
INSERT INTO `B65362949_const` VALUES (414,'MAIN_PDF_FORMAT',1,'EUA4','chaine',0,'','2015-03-30 17:06:53');
INSERT INTO `B65362949_const` VALUES (415,'MAIN_PROFID1_IN_ADDRESS',1,1,'chaine',0,'','2015-03-30 17:06:53');
INSERT INTO `B65362949_const` VALUES (416,'MAIN_PROFID2_IN_ADDRESS',1,0,'chaine',0,'','2015-03-30 17:06:53');
INSERT INTO `B65362949_const` VALUES (417,'MAIN_PROFID3_IN_ADDRESS',1,0,'chaine',0,'','2015-03-30 17:06:53');
INSERT INTO `B65362949_const` VALUES (418,'MAIN_PROFID4_IN_ADDRESS',1,0,'chaine',0,'','2015-03-30 17:06:53');
INSERT INTO `B65362949_const` VALUES (419,'MAIN_GENERATE_DOCUMENTS_WITHOUT_VAT',1,0,'chaine',0,'','2015-03-30 17:06:53');
INSERT INTO `B65362949_const` VALUES (420,'MAIN_TVAINTRA_NOT_IN_ADDRESS',1,0,'chaine',0,'','2015-03-30 17:06:53');
INSERT INTO `B65362949_const` VALUES (421,'MAIN_GENERATE_DOCUMENTS_HIDE_DETAILS',1,0,'chaine',0,'','2015-03-30 17:06:53');
INSERT INTO `B65362949_const` VALUES (422,'MAIN_GENERATE_DOCUMENTS_HIDE_DESC',1,0,'chaine',0,'','2015-03-30 17:06:53');
INSERT INTO `B65362949_const` VALUES (423,'MAIN_GENERATE_DOCUMENTS_HIDE_REF',1,0,'chaine',0,'','2015-03-30 17:06:53');
INSERT INTO `B65362949_const` VALUES (458,'MAIN_MAX_DECIMALS_UNIT',1,5,'chaine',0,'','2015-10-06 10:16:47');
INSERT INTO `B65362949_const` VALUES (459,'MAIN_MAX_DECIMALS_TOT',1,2,'chaine',0,'','2015-10-06 10:16:47');
INSERT INTO `B65362949_const` VALUES (460,'MAIN_MAX_DECIMALS_SHOWN',1,'3***','chaine',0,'','2015-10-06 10:16:47');
INSERT INTO `B65362949_const` VALUES (495,'MAIN_LANG_DEFAULT',1,'es_ES','chaine',0,'','2016-02-22 17:29:20');
INSERT INTO `B65362949_const` VALUES (496,'MAIN_MULTILANGS',1,0,'chaine',0,'','2016-02-22 17:29:20');
INSERT INTO `B65362949_const` VALUES (497,'MAIN_SIZE_LISTE_LIMIT',1,100,'chaine',0,'','2016-02-22 17:29:20');
INSERT INTO `B65362949_const` VALUES (498,'MAIN_DISABLE_JAVASCRIPT',1,0,'chaine',0,'','2016-02-22 17:29:20');
INSERT INTO `B65362949_const` VALUES (499,'MAIN_BUTTON_HIDE_UNAUTHORIZED',1,0,'chaine',0,'','2016-02-22 17:29:20');
INSERT INTO `B65362949_const` VALUES (500,'MAIN_START_WEEK',1,1,'chaine',0,'','2016-02-22 17:29:20');
INSERT INTO `B65362949_const` VALUES (501,'MAIN_SHOW_LOGO',1,1,'chaine',0,'','2016-02-22 17:29:20');
INSERT INTO `B65362949_const` VALUES (502,'MAIN_FIRSTNAME_NAME_POSITION',1,0,'chaine',0,'','2016-02-22 17:29:20');
INSERT INTO `B65362949_const` VALUES (503,'MAIN_THEME',1,'cameleo','chaine',0,'','2016-02-22 17:29:20');
INSERT INTO `B65362949_const` VALUES (504,'MAIN_SEARCHFORM_CONTACT',1,1,'chaine',0,'','2016-02-22 17:29:20');
INSERT INTO `B65362949_const` VALUES (505,'MAIN_SEARCHFORM_SOCIETE',1,1,'chaine',0,'','2016-02-22 17:29:20');
INSERT INTO `B65362949_const` VALUES (506,'MAIN_SEARCHFORM_PRODUITSERVICE',1,1,'chaine',0,'','2016-02-22 17:29:20');
INSERT INTO `B65362949_const` VALUES (507,'MAIN_SEARCHFORM_PRODUITSERVICE_SUPPLIER',1,0,'chaine',0,'','2016-02-22 17:29:20');
INSERT INTO `B65362949_const` VALUES (508,'MAIN_SEARCHFORM_ADHERENT',1,1,'chaine',0,'','2016-02-22 17:29:20');
INSERT INTO `B65362949_const` VALUES (509,'MAIN_HELPCENTER_DISABLELINK',0,1,'chaine',0,'','2016-02-22 17:29:20');
INSERT INTO `B65362949_const` VALUES (510,'MAIN_HELP_DISABLELINK',0,1,'chaine',0,'','2016-02-22 17:29:20');
INSERT INTO `B65362949_const` VALUES (521,'MAIN_MODULE_EXPORT',1,1,NULL,0,NULL,'2016-07-06 16:13:57');
INSERT INTO `B65362949_const` VALUES (522,'MAIN_MODULE_EXPEDITION',1,1,NULL,0,NULL,'2016-09-23 11:46:46');
INSERT INTO `B65362949_const` VALUES (523,'EXPEDITION_ADDON_PDF',1,'rouget','chaine',0,'Nom du gestionnaire de generation des bons expeditions en PDF','2016-09-23 11:46:46');
INSERT INTO `B65362949_const` VALUES (524,'EXPEDITION_ADDON_NUMBER',1,'mod_expedition_safor','chaine',0,'Nom du gestionnaire de numerotation des expeditions','2016-09-23 11:46:46');
INSERT INTO `B65362949_const` VALUES (525,'EXPEDITION_ADDON_PDF_ODT_PATH',1,'DOL_DATA_ROOT/doctemplates/shipment','chaine',0,NULL,'2016-09-23 11:46:46');
INSERT INTO `B65362949_const` VALUES (526,'LIVRAISON_ADDON_PDF',1,'typhon','chaine',0,'Nom du gestionnaire de generation des bons de reception en PDF','2016-09-23 11:46:46');
INSERT INTO `B65362949_const` VALUES (527,'LIVRAISON_ADDON_NUMBER',1,'mod_livraison_jade','chaine',0,'Nom du gestionnaire de numerotation des bons de reception','2016-09-23 11:46:46');
INSERT INTO `B65362949_const` VALUES (528,'LIVRAISON_ADDON_PDF_ODT_PATH',1,'DOL_DATA_ROOT/doctemplates/delivery','chaine',0,NULL,'2016-09-23 11:46:46');
INSERT INTO `B65362949_const` VALUES (529,'MAIN_MODULE_COMMANDE',1,1,NULL,0,NULL,'2016-09-23 11:46:46');
INSERT INTO `B65362949_const` VALUES (531,'MAIN_SUBMODULE_EXPEDITION',1,1,'chaine',0,'','2016-09-23 11:46:56');
INSERT INTO `B65362949_const` VALUES (532,'MAIN_MODULE_MARGIN',1,1,NULL,0,NULL,'2017-01-03 08:42:18');
INSERT INTO `B65362949_const` VALUES (533,'MAIN_MODULE_MARGIN_TABS_0',1,'product:+margin:Margins:margins:$user->rights->margins->liretous:/margin/tabs/productMargins.php?id=__ID__','chaine',0,NULL,'2017-01-03 08:42:18');
INSERT INTO `B65362949_const` VALUES (534,'MAIN_MODULE_MARGIN_TABS_1',1,'thirdparty:+margin:Margins:margins:empty($user->societe_id) && $user->rights->margins->liretous:/margin/tabs/thirdpartyMargins.php?socid=__ID__','chaine',0,NULL,'2017-01-03 08:42:18');
INSERT INTO `B65362949_const` VALUES (535,'MAIN_MODULE_PROPALE',1,1,NULL,0,NULL,'2017-01-03 08:42:18');
INSERT INTO `B65362949_const` VALUES (537,'MAIN_MODULE_PRODUCT',1,1,NULL,0,NULL,'2017-01-03 08:42:19');
INSERT INTO `B65362949_const` VALUES (538,'MARGIN_TYPE',1,2,'chaine',0,'','2017-01-03 08:54:36');
INSERT INTO `B65362949_const` VALUES (539,'MAIN_INFO_SOCIETE_COUNTRY',1,'4:ES:España','chaine',0,'','2017-02-20 12:37:13');
INSERT INTO `B65362949_const` VALUES (540,'MAIN_INFO_SOCIETE_NOM',1,'Addapta Technological Services S.L.','chaine',0,'','2017-02-20 12:37:13');
INSERT INTO `B65362949_const` VALUES (541,'MAIN_INFO_SOCIETE_ADDRESS',1,'C/. Llull, 321','chaine',0,'','2017-02-20 12:37:13');
INSERT INTO `B65362949_const` VALUES (542,'MAIN_INFO_SOCIETE_TOWN',1,'Barcelona','chaine',0,'','2017-02-20 12:37:13');
INSERT INTO `B65362949_const` VALUES (543,'MAIN_INFO_SOCIETE_ZIP',1,'08019','chaine',0,'','2017-02-20 12:37:13');
INSERT INTO `B65362949_const` VALUES (544,'MAIN_INFO_SOCIETE_STATE',1,249,'chaine',0,'','2017-02-20 12:37:13');
INSERT INTO `B65362949_const` VALUES (545,'MAIN_MONNAIE',1,'EUR','chaine',0,'','2017-02-20 12:37:13');
INSERT INTO `B65362949_const` VALUES (546,'MAIN_INFO_SOCIETE_TEL',1,'935 995 018','chaine',0,'','2017-02-20 12:37:13');
INSERT INTO `B65362949_const` VALUES (547,'MAIN_INFO_SOCIETE_MAIL',1,'ADM.Informacion@addapta.com','chaine',0,'','2017-02-20 12:37:13');
INSERT INTO `B65362949_const` VALUES (548,'MAIN_INFO_SOCIETE_WEB',1,'www.addapta.com','chaine',0,'','2017-02-20 12:37:13');
INSERT INTO `B65362949_const` VALUES (549,'MAIN_INFO_SOCIETE_FORME_JURIDIQUE',1,405,'chaine',0,'','2017-02-20 12:37:13');
INSERT INTO `B65362949_const` VALUES (550,'MAIN_INFO_SIREN',1,'B65362949','chaine',0,'','2017-02-20 12:37:13');
INSERT INTO `B65362949_const` VALUES (551,'MAIN_INFO_APE',1,6201,'chaine',0,'','2017-02-20 12:37:13');
INSERT INTO `B65362949_const` VALUES (552,'SOCIETE_FISCAL_MONTH_START',1,1,'chaine',0,'','2017-02-20 12:37:13');
INSERT INTO `B65362949_const` VALUES (553,'FACTURE_TVAOPTION',1,1,'chaine',0,'','2017-02-20 12:37:13');
INSERT INTO `B65362949_const` VALUES (554,'FACTURE_LOCAL_TAX1_OPTION',1,'localtax1off','chaine',0,'','2017-02-20 12:37:13');
INSERT INTO `B65362949_const` VALUES (555,'FACTURE_LOCAL_TAX2_OPTION',1,'localtax2off','chaine',0,'','2017-02-20 12:37:13');
INSERT INTO `B65362949_const` VALUES (556,'COMPTA_MODE',1,'CREANCES-DETTES','chaine',0,'','2017-03-02 15:41:19');
INSERT INTO `B65362949_const` VALUES (557,'FACTURE_MERCURE_MASK_INVOICE',1,'{yy}/{0000@0}','chaine',0,'','2017-03-02 15:42:01');
INSERT INTO `B65362949_const` VALUES (558,'FACTURE_MERCURE_MASK_REPLACEMENT',1,'{yy}/{0000@0}','chaine',0,'','2017-03-02 15:42:01');
INSERT INTO `B65362949_const` VALUES (559,'FACTURE_MERCURE_MASK_CREDIT',1,'{yy}/{0000@0}','chaine',0,'','2017-03-02 15:42:01');
INSERT INTO `B65362949_const` VALUES (560,'FACTURE_MERCURE_MASK_DEPOSIT',1,'{yy}/{0000@0}','chaine',0,'','2017-03-02 15:42:01');
INSERT INTO `B65362949_const` VALUES (562,'FICHEINTER_ADDON_PDF',1,'soleil','chaine',0,NULL,'2017-03-03 11:38:20');
INSERT INTO `B65362949_const` VALUES (563,'FICHEINTER_ADDON',1,'pacific','chaine',0,NULL,'2017-03-03 11:38:20');
INSERT INTO `B65362949_const` VALUES (564,'MAIN_MODULE_SOCIETE',1,1,NULL,0,NULL,'2017-03-03 11:38:20');
INSERT INTO `B65362949_const` VALUES (565,'FACTURE_RIB_NUMBER',1,1,'chaine',0,'','2017-03-09 10:30:58');
INSERT INTO `B65362949_const` VALUES (566,'FACTURE_CHQ_NUMBER',1,1,'chaine',0,'','2017-03-09 10:30:58');
INSERT INTO `B65362949_const` VALUES (567,'MAIN_DISABLE_ALL_MAILS',1,0,'chaine',0,'','2017-07-24 16:15:10');
INSERT INTO `B65362949_const` VALUES (568,'MAIN_MAIL_SENDMODE',0,'smtps','chaine',0,'','2017-07-24 16:15:10');
INSERT INTO `B65362949_const` VALUES (569,'MAIN_MAIL_SMTP_PORT',0,25,'chaine',0,'','2017-07-24 16:15:10');
INSERT INTO `B65362949_const` VALUES (570,'MAIN_MAIL_SMTP_SERVER',0,'mail.addapta.com','chaine',0,'','2017-07-24 16:15:10');
INSERT INTO `B65362949_const` VALUES (571,'MAIN_MAIL_SMTPS_ID',0,'ADM.Informacion@addapta.com','chaine',0,'','2017-07-24 16:15:10');
INSERT INTO `B65362949_const` VALUES (572,'MAIN_MAIL_SMTPS_PW',0,'4Dd4pt422','chaine',0,'','2017-07-24 16:15:10');
INSERT INTO `B65362949_const` VALUES (573,'MAIN_MAIL_EMAIL_TLS',0,0,'chaine',0,'','2017-07-24 16:15:10');
INSERT INTO `B65362949_const` VALUES (574,'MAIN_MAIL_EMAIL_FROM',1,'ADM.Informacion@addapta.com','chaine',0,'','2017-07-24 16:15:10');
INSERT INTO `B65362949_const` VALUES (575,'MAIN_MAIL_ERRORS_TO',1,'SIS.Arquitectura@addapta.com','chaine',0,'','2017-07-24 16:15:10');
INSERT INTO `B65362949_const` VALUES (576,'MAIN_MAIL_AUTOCOPY_TO',1,'ADM.Facturacion@addapta.com','chaine',0,'','2017-07-24 16:15:10');
INSERT INTO `B65362949_const` VALUES (622,'TAX_MODE',1,1,'chaine',0,'','2018-01-23 20:31:08');
INSERT INTO `B65362949_const` VALUES (623,'TAX_MODE_SELL_PRODUCT',1,'invoice','chaine',0,'','2018-01-23 20:31:08');
INSERT INTO `B65362949_const` VALUES (624,'TAX_MODE_BUY_PRODUCT',1,'invoice','chaine',0,'','2018-01-23 20:31:08');
INSERT INTO `B65362949_const` VALUES (625,'TAX_MODE_SELL_SERVICE',1,'invoice','chaine',0,'','2018-01-23 20:31:08');
INSERT INTO `B65362949_const` VALUES (626,'TAX_MODE_BUY_SERVICE',1,'invoice','chaine',0,'','2018-01-23 20:31:08');




--
-- Table structure for table `B65362949_contrat`
--
CREATE TABLE `B65362949_contrat` (
  `rowid` int(11) NOT NULL AUTO_INCREMENT,
  `ref` varchar(30) DEFAULT NULL,
  `entity` int(11) NOT NULL DEFAULT '1',
  `tms` timestamp NOT NULL DEFAULT CURRENT_TIMESTAMP ON UPDATE CURRENT_TIMESTAMP,
  `datec` datetime DEFAULT NULL,
  `date_contrat` datetime DEFAULT NULL,
  `statut` smallint(6) DEFAULT '0',
  `mise_en_service` datetime DEFAULT NULL,
  `fin_validite` datetime DEFAULT NULL,
  `date_cloture` datetime DEFAULT NULL,
  `fk_soc` int(11) NOT NULL,
  `fk_projet` int(11) DEFAULT NULL,
  `fk_commercial_signature` int(11) NOT NULL,
  `fk_commercial_suivi` int(11) NOT NULL,
  `fk_user_author` int(11) NOT NULL DEFAULT '0',
  `fk_user_mise_en_service` int(11) DEFAULT NULL,
  `fk_user_cloture` int(11) DEFAULT NULL,
  `note_private` text,
  `note_public` text,
  `import_key` varchar(14) DEFAULT NULL,
  `extraparams` varchar(255) DEFAULT NULL,
  PRIMARY KEY (`rowid`),
  UNIQUE KEY `uk_contrat_ref` (`ref`,`entity`),
  KEY `idx_contrat_fk_soc` (`fk_soc`),
  KEY `idx_contrat_fk_user_author` (`fk_user_author`),
  CONSTRAINT `fk_contrat_fk_soc` FOREIGN KEY (`fk_soc`) REFERENCES `B65362949_societe` (`rowid`),
  CONSTRAINT `fk_contrat_user_author` FOREIGN KEY (`fk_user_author`) REFERENCES `B65362949_user` (`rowid`)
) ENGINE=InnoDB AUTO_INCREMENT=19 DEFAULT CHARSET=utf8;

--
-- Dumping data for table `B65362949_contrat`
--
INSERT INTO `B65362949_contrat` VALUES (1,'CT1501-0001',1,'2015-03-13 12:29:51','2015-03-13 12:28:22','2015-01-01 00:00:00',1,NULL,NULL,NULL,1,NULL,3,3,3,NULL,NULL,NULL,NULL,NULL,NULL);
INSERT INTO `B65362949_contrat` VALUES (2,'CT1501-0002',1,'2015-03-14 00:41:38','2015-03-14 00:39:49','2015-01-01 00:00:00',1,NULL,NULL,NULL,2,NULL,3,3,3,NULL,NULL,NULL,NULL,NULL,NULL);
INSERT INTO `B65362949_contrat` VALUES (3,'CT1501-0003',1,'2015-03-14 11:26:14','2015-03-14 11:24:44','2015-01-01 00:00:00',1,NULL,NULL,NULL,3,NULL,3,3,3,NULL,NULL,NULL,NULL,NULL,NULL);
INSERT INTO `B65362949_contrat` VALUES (4,'CT1501-0004',1,'2015-03-14 12:46:40','2015-03-14 12:44:38','2015-01-01 00:00:00',1,NULL,NULL,NULL,3,NULL,3,3,3,NULL,NULL,NULL,NULL,NULL,NULL);
INSERT INTO `B65362949_contrat` VALUES (5,'CT1501-0005',1,'2015-03-14 19:04:38','2015-03-14 19:04:08','2015-01-01 00:00:00',1,NULL,NULL,NULL,4,NULL,3,3,3,NULL,NULL,NULL,NULL,NULL,NULL);
INSERT INTO `B65362949_contrat` VALUES (6,'CT1501-0006',1,'2015-03-14 19:30:16','2015-03-14 19:27:56','2015-01-01 00:00:00',1,NULL,NULL,NULL,5,NULL,3,3,3,NULL,NULL,NULL,NULL,NULL,NULL);
INSERT INTO `B65362949_contrat` VALUES (7,'CT1501-0007',1,'2015-03-14 19:53:35','2015-03-14 19:52:40','2015-01-01 00:00:00',1,NULL,NULL,NULL,6,NULL,3,3,3,NULL,NULL,NULL,NULL,NULL,NULL);
INSERT INTO `B65362949_contrat` VALUES (8,'CT1501-0008',1,'2015-03-14 20:11:17','2015-03-14 20:10:53','2015-01-01 00:00:00',1,NULL,NULL,NULL,7,NULL,3,3,3,NULL,NULL,NULL,NULL,NULL,NULL);
INSERT INTO `B65362949_contrat` VALUES (9,'CT1501-0009',1,'2015-03-14 20:26:50','2015-03-14 20:21:24','2015-01-01 00:00:00',1,NULL,NULL,NULL,8,NULL,3,3,3,NULL,NULL,NULL,NULL,NULL,NULL);
INSERT INTO `B65362949_contrat` VALUES (10,'CT1501-0010',1,'2015-03-14 21:00:55','2015-03-14 21:00:42','2015-01-01 00:00:00',1,NULL,NULL,NULL,9,NULL,3,3,3,NULL,NULL,NULL,NULL,NULL,NULL);
INSERT INTO `B65362949_contrat` VALUES (11,'CT1501-0011',1,'2015-03-14 21:51:00','2015-03-14 21:48:41','2015-01-01 00:00:00',1,NULL,NULL,NULL,10,NULL,3,3,3,NULL,NULL,NULL,NULL,NULL,NULL);
INSERT INTO `B65362949_contrat` VALUES (12,'CT1501-0012',1,'2015-03-14 22:13:09','2015-03-14 22:12:26','2015-01-01 00:00:00',1,NULL,NULL,NULL,10,NULL,3,3,3,NULL,NULL,NULL,NULL,NULL,NULL);
INSERT INTO `B65362949_contrat` VALUES (13,'CT1501-0013',1,'2015-03-14 22:36:49','2015-03-14 22:36:29','2015-01-01 00:00:00',1,NULL,NULL,NULL,11,NULL,3,3,3,NULL,NULL,NULL,NULL,NULL,NULL);
INSERT INTO `B65362949_contrat` VALUES (14,'CT1501-0014',1,'2015-03-14 22:58:43','2015-03-14 22:57:48','2015-01-01 00:00:00',1,NULL,NULL,NULL,12,NULL,3,3,3,NULL,NULL,NULL,NULL,NULL,NULL);
INSERT INTO `B65362949_contrat` VALUES (15,'CT1502-0015',1,'2015-03-17 16:53:48','2015-03-17 16:52:33','2015-02-05 00:00:00',1,NULL,NULL,NULL,25,NULL,3,3,3,NULL,NULL,NULL,NULL,NULL,NULL);
INSERT INTO `B65362949_contrat` VALUES (16,'CT1502-0016',1,'2015-03-17 17:59:50','2015-03-17 17:54:41','2015-02-05 00:00:00',1,NULL,NULL,NULL,26,NULL,3,3,3,NULL,NULL,NULL,NULL,NULL,NULL);
INSERT INTO `B65362949_contrat` VALUES (17,'CT1501-0017',1,'2015-03-17 18:24:21','2015-03-17 18:21:43','2015-01-01 00:00:00',1,NULL,NULL,NULL,27,NULL,3,3,3,NULL,NULL,NULL,NULL,NULL,NULL);
INSERT INTO `B65362949_contrat` VALUES (18,'CT1502-0018',1,'2015-03-17 18:39:23','2015-03-17 18:38:18','2015-02-01 00:00:00',1,NULL,NULL,NULL,28,NULL,3,3,3,NULL,NULL,NULL,NULL,NULL,NULL);




--
-- Table structure for table `B65362949_contrat_extrafields`
--
CREATE TABLE `B65362949_contrat_extrafields` (
  `rowid` int(11) NOT NULL AUTO_INCREMENT,
  `tms` timestamp NOT NULL DEFAULT CURRENT_TIMESTAMP ON UPDATE CURRENT_TIMESTAMP,
  `fk_object` int(11) NOT NULL,
  `import_key` varchar(14) DEFAULT NULL,
  PRIMARY KEY (`rowid`),
  KEY `idx_contrat_extrafields` (`fk_object`)
) ENGINE=InnoDB DEFAULT CHARSET=utf8;

--
-- Dumping data for table `B65362949_contrat_extrafields`
--




--
-- Table structure for table `B65362949_contratdet`
--
CREATE TABLE `B65362949_contratdet` (
  `rowid` int(11) NOT NULL AUTO_INCREMENT,
  `tms` timestamp NOT NULL DEFAULT CURRENT_TIMESTAMP ON UPDATE CURRENT_TIMESTAMP,
  `fk_contrat` int(11) NOT NULL,
  `fk_product` int(11) DEFAULT NULL,
  `statut` smallint(6) DEFAULT '0',
  `label` text,
  `description` text,
  `fk_remise_except` int(11) DEFAULT NULL,
  `date_commande` datetime DEFAULT NULL,
  `date_ouverture_prevue` datetime DEFAULT NULL,
  `date_ouverture` datetime DEFAULT NULL,
  `date_fin_validite` datetime DEFAULT NULL,
  `date_cloture` datetime DEFAULT NULL,
  `tva_tx` double(6,3) DEFAULT '0.000',
  `localtax1_tx` double(6,3) DEFAULT '0.000',
  `localtax1_type` varchar(10) DEFAULT NULL,
  `localtax2_tx` double(6,3) DEFAULT '0.000',
  `localtax2_type` varchar(10) DEFAULT NULL,
  `qty` double NOT NULL,
  `remise_percent` double DEFAULT '0',
  `subprice` double(24,8) DEFAULT '0.00000000',
  `price_ht` double DEFAULT NULL,
  `remise` double DEFAULT '0',
  `total_ht` double(24,8) DEFAULT '0.00000000',
  `total_tva` double(24,8) DEFAULT '0.00000000',
  `total_localtax1` double(24,8) DEFAULT '0.00000000',
  `total_localtax2` double(24,8) DEFAULT '0.00000000',
  `total_ttc` double(24,8) DEFAULT '0.00000000',
  `product_type` int(11) DEFAULT '1',
  `info_bits` int(11) DEFAULT '0',
  `buy_price_ht` double(24,8) DEFAULT NULL,
  `fk_product_fournisseur_price` int(11) DEFAULT NULL,
  `fk_user_author` int(11) NOT NULL DEFAULT '0',
  `fk_user_ouverture` int(11) DEFAULT NULL,
  `fk_user_cloture` int(11) DEFAULT NULL,
  `commentaire` text,
  PRIMARY KEY (`rowid`),
  KEY `idx_contratdet_fk_contrat` (`fk_contrat`),
  KEY `idx_contratdet_fk_product` (`fk_product`),
  KEY `idx_contratdet_date_ouverture_prevue` (`date_ouverture_prevue`),
  KEY `idx_contratdet_date_ouverture` (`date_ouverture`),
  KEY `idx_contratdet_date_fin_validite` (`date_fin_validite`),
  CONSTRAINT `fk_contratdet_fk_contrat` FOREIGN KEY (`fk_contrat`) REFERENCES `B65362949_contrat` (`rowid`),
  CONSTRAINT `fk_contratdet_fk_product` FOREIGN KEY (`fk_product`) REFERENCES `B65362949_product` (`rowid`)
) ENGINE=InnoDB AUTO_INCREMENT=25 DEFAULT CHARSET=utf8;

--
-- Dumping data for table `B65362949_contratdet`
--
INSERT INTO `B65362949_contratdet` VALUES (1,'2015-03-14 12:32:06',1,1,4,'','',NULL,NULL,NULL,'2015-01-01 12:00:00','2015-12-31 12:00:00',NULL,'21.000','0.000',3,'0.000',1,1,0,'172.50000000',172.5,NULL,'172.50000000','36.23000000','0.00000000','0.00000000','208.73000000',1,0,'0.00000000',NULL,0,3,3,'');
INSERT INTO `B65362949_contratdet` VALUES (2,'2015-03-14 12:32:47',2,1,4,'','',NULL,NULL,NULL,'2015-01-01 12:00:00','2015-12-31 12:00:00',NULL,'21.000','0.000',3,'0.000',1,1,0,'459.00000000',459,NULL,'459.00000000','96.39000000','0.00000000','0.00000000','555.39000000',1,0,'0.00000000',NULL,0,3,3,'');
INSERT INTO `B65362949_contratdet` VALUES (3,'2015-03-14 12:33:13',2,2,4,'','',NULL,NULL,NULL,'2015-01-01 12:00:00','2015-12-31 12:00:00',NULL,'21.000','0.000',3,'0.000',1,12,100,'5.00000000',0,5,'0.00000000','0.00000000','0.00000000','0.00000000','0.00000000',1,0,'0.00000000',NULL,0,3,NULL,'');
INSERT INTO `B65362949_contratdet` VALUES (5,'2015-03-14 17:39:36',3,7,4,'','Proyecto CXI',NULL,NULL,'2015-01-01 00:00:00','2015-01-01 12:00:00','2015-12-31 00:00:00',NULL,'21.000','0.000',3,'0.000',1,1,0,'1850.00000000',1850,NULL,'1850.00000000','388.50000000','0.00000000','0.00000000','2238.50000000',1,0,'0.00000000',NULL,0,3,3,'');
INSERT INTO `B65362949_contratdet` VALUES (6,'2015-03-14 12:45:51',4,3,4,'','www.generaloptica.es - www.maisoptica.pt',NULL,NULL,'2015-01-01 00:00:00','2015-01-01 12:00:00','2015-12-31 12:00:00',NULL,'21.000','0.000',3,'0.000',1,1,0,'364.00000000',364,NULL,'364.00000000','76.44000000','0.00000000','-76.44000000','364.00000000',1,0,'0.00000000',NULL,0,3,3,'');
INSERT INTO `B65362949_contratdet` VALUES (8,'2015-03-14 19:34:06',5,1,4,'','',NULL,NULL,NULL,NULL,NULL,NULL,'21.000','0.000',3,'0.000',1,1,0,'369.30000000',369.3,NULL,'369.30000000','77.55000000','0.00000000','0.00000000','446.85000000',1,0,'0.00000000',NULL,0,3,3,'');
INSERT INTO `B65362949_contratdet` VALUES (9,'2015-03-14 19:30:44',6,1,4,'','',NULL,NULL,NULL,NULL,NULL,NULL,'21.000','0.000',3,'0.000',1,1,0,'107.75000000',107.75,NULL,'107.75000000','22.63000000','0.00000000','0.00000000','130.38000000',1,0,'0.00000000',NULL,0,3,3,'');
INSERT INTO `B65362949_contratdet` VALUES (10,'2015-03-14 19:53:56',7,1,4,'','',NULL,NULL,NULL,NULL,NULL,NULL,'21.000','0.000',3,'0.000',1,1,0,'216.15000000',216.15,NULL,'216.15000000','45.39000000','0.00000000','0.00000000','261.54000000',1,0,'0.00000000',NULL,0,3,3,'');
INSERT INTO `B65362949_contratdet` VALUES (11,'2015-03-14 20:11:53',8,1,4,'','',NULL,NULL,NULL,NULL,NULL,NULL,'21.000','0.000',3,'0.000',1,1,0,'99.75000000',99.75,NULL,'99.75000000','20.95000000','0.00000000','0.00000000','120.70000000',1,0,'0.00000000',NULL,0,3,3,'');
INSERT INTO `B65362949_contratdet` VALUES (12,'2015-03-14 20:27:08',9,1,4,'','Servicio Web Server Estático
\nServicio Web Server Dinámico
\nServicio Application Server',NULL,NULL,NULL,NULL,NULL,NULL,'21.000','0.000',3,'0.000',1,1,0,'1019.25000000',1019.25,NULL,'1019.25000000','214.04000000','0.00000000','0.00000000','1233.29000000',1,0,'0.00000000',NULL,0,3,3,'');
INSERT INTO `B65362949_contratdet` VALUES (13,'2015-03-14 20:27:28',9,2,4,'','Cuenta de usuario de correo electrónico',NULL,NULL,NULL,NULL,NULL,NULL,'21.000','0.000',3,'0.000',1,50,0,'4.15000000',4.15,NULL,'207.50000000','43.58000000','0.00000000','0.00000000','251.08000000',1,0,'0.00000000',NULL,0,3,3,'');
INSERT INTO `B65362949_contratdet` VALUES (14,'2015-03-14 21:01:30',10,1,4,'','',NULL,NULL,NULL,NULL,NULL,NULL,'21.000','0.000',3,'0.000',1,1,0,'277.15000000',277.15,NULL,'277.15000000','58.20000000','0.00000000','0.00000000','335.35000000',1,0,'0.00000000',NULL,0,3,3,'');
INSERT INTO `B65362949_contratdet` VALUES (15,'2015-03-14 22:15:35',11,10,4,'','Nº Pedido: 4564
\nXavier Lopez Creixell',NULL,NULL,NULL,NULL,NULL,NULL,'21.000','0.000',3,'0.000',1,1,0,'30.00000000',30,NULL,'30.00000000','6.30000000','0.00000000','0.00000000','36.30000000',1,0,'0.00000000',NULL,0,3,3,'');
INSERT INTO `B65362949_contratdet` VALUES (16,'2015-03-14 22:23:42',12,10,4,'','Nº Pedido: 4946
\nPau Gonzalez Albiñana',NULL,NULL,NULL,NULL,NULL,NULL,'21.000','0.000',3,'0.000',1,1,0,'25.00000000',25,NULL,'25.00000000','5.25000000','0.00000000','0.00000000','30.25000000',1,0,'0.00000000',NULL,0,3,3,'');
INSERT INTO `B65362949_contratdet` VALUES (17,'2015-03-14 22:37:55',13,7,4,'','Top Team
\nMicrosites',NULL,NULL,NULL,NULL,NULL,NULL,'21.000','0.000',3,'0.000',1,1,0,'696.25000000',696.25,NULL,'696.25000000','146.21000000','0.00000000','0.00000000','842.46000000',1,0,'0.00000000',NULL,0,3,3,'');
INSERT INTO `B65362949_contratdet` VALUES (19,'2015-03-14 22:58:55',14,11,4,'','',NULL,NULL,'2015-01-01 00:00:00','2015-01-01 12:00:00','2015-12-31 12:00:00',NULL,'21.000','0.000',3,'0.000',1,1,0,'175.00000000',175,NULL,'175.00000000','36.75000000','0.00000000','0.00000000','211.75000000',1,0,'0.00000000',NULL,0,3,3,'');
INSERT INTO `B65362949_contratdet` VALUES (20,'2015-03-17 16:54:02',15,11,4,'','Código SKU: Bakery_Advance_formacion					
\nColores: No configurable					
\nLayout: two-cols					
\nOrden #: 0127					
\nDominio: jamonesyembutidosdiaz.com					',NULL,NULL,'2015-02-05 00:00:00','2015-02-05 12:00:00','2016-02-05 12:00:00',NULL,'21.000','0.000',3,'0.000',1,1,0,'175.00000000',175,0,'175.00000000','36.75000000','0.00000000','0.00000000','211.75000000',1,0,'0.00000000',NULL,0,3,NULL,'');
INSERT INTO `B65362949_contratdet` VALUES (21,'2015-03-17 17:59:59',16,14,4,'','Código SKU:					
\nColores: No configurable					
\nLayout: two-cols					
\nOrden #:					
\nDominio: tenycol.com					',NULL,NULL,'2015-02-05 00:00:00','2015-02-05 12:00:00','2016-02-05 12:00:00',NULL,'21.000','0.000',3,'0.000',1,1,0,'550.00000000',550,0,'550.00000000','115.50000000','0.00000000','0.00000000','665.50000000',1,0,'0.00000000',NULL,0,3,NULL,'');
INSERT INTO `B65362949_contratdet` VALUES (22,'2015-03-17 18:24:41',17,8,4,'','',NULL,NULL,NULL,'2015-01-01 12:00:00','2015-12-31 12:00:00',NULL,'21.000','0.000',3,'0.000',1,2,0,'60.00000000',60,NULL,'120.00000000','25.20000000','0.00000000','0.00000000','145.20000000',1,0,'0.00000000',NULL,0,3,3,'');
INSERT INTO `B65362949_contratdet` VALUES (23,'2015-03-17 18:25:00',17,5,4,'','',NULL,NULL,NULL,'2015-01-01 12:00:00','2015-12-31 12:00:00',NULL,'21.000','0.000',3,'0.000',1,4,0,'41.00000000',41,NULL,'164.00000000','34.44000000','0.00000000','0.00000000','198.44000000',1,0,'0.00000000',NULL,0,3,3,'');
INSERT INTO `B65362949_contratdet` VALUES (24,'2015-03-17 18:39:32',18,2,4,'','Cuenta de usuario de correo electrónico
\nDominio: atisa.es					
\nHost de servicio: VM8-ATISA					
\nCuantas de usuario: 100					
\nCapacidad de Disco: 1000GB',NULL,NULL,'2015-02-01 00:00:00','2015-02-01 12:00:00','2016-02-01 12:00:00',NULL,'21.000','0.000',3,'0.000',1,100,0,'5.00000000',5,NULL,'500.00000000','105.00000000','0.00000000','0.00000000','605.00000000',1,0,'0.00000000',NULL,0,3,3,'');




--
-- Table structure for table `B65362949_contratdet_log`
--
CREATE TABLE `B65362949_contratdet_log` (
  `rowid` int(11) NOT NULL AUTO_INCREMENT,
  `tms` timestamp NOT NULL DEFAULT CURRENT_TIMESTAMP ON UPDATE CURRENT_TIMESTAMP,
  `fk_contratdet` int(11) NOT NULL,
  `date` datetime NOT NULL,
  `statut` smallint(6) NOT NULL,
  `fk_user_author` int(11) NOT NULL,
  `commentaire` text,
  PRIMARY KEY (`rowid`),
  KEY `idx_contratdet_log_fk_contratdet` (`fk_contratdet`),
  KEY `idx_contratdet_log_date` (`date`),
  CONSTRAINT `fk_contratdet_log_fk_contratdet` FOREIGN KEY (`fk_contratdet`) REFERENCES `B65362949_contratdet` (`rowid`)
) ENGINE=InnoDB DEFAULT CHARSET=utf8;

--
-- Dumping data for table `B65362949_contratdet_log`
--




--
-- Table structure for table `B65362949_cotisation`
--
CREATE TABLE `B65362949_cotisation` (
  `rowid` int(11) NOT NULL AUTO_INCREMENT,
  `tms` timestamp NOT NULL DEFAULT CURRENT_TIMESTAMP ON UPDATE CURRENT_TIMESTAMP,
  `datec` datetime DEFAULT NULL,
  `fk_adherent` int(11) DEFAULT NULL,
  `dateadh` datetime DEFAULT NULL,
  `datef` date DEFAULT NULL,
  `cotisation` double DEFAULT NULL,
  `fk_bank` int(11) DEFAULT NULL,
  `note` text,
  PRIMARY KEY (`rowid`),
  UNIQUE KEY `uk_cotisation` (`fk_adherent`,`dateadh`)
) ENGINE=InnoDB DEFAULT CHARSET=utf8;

--
-- Dumping data for table `B65362949_cotisation`
--




--
-- Table structure for table `B65362949_cronjob`
--
CREATE TABLE `B65362949_cronjob` (
  `rowid` int(11) NOT NULL AUTO_INCREMENT,
  `tms` timestamp NOT NULL DEFAULT CURRENT_TIMESTAMP ON UPDATE CURRENT_TIMESTAMP,
  `datec` datetime DEFAULT NULL,
  `jobtype` varchar(10) NOT NULL,
  `label` text NOT NULL,
  `command` varchar(255) DEFAULT NULL,
  `classesname` varchar(255) DEFAULT NULL,
  `objectname` varchar(255) DEFAULT NULL,
  `methodename` varchar(255) DEFAULT NULL,
  `params` text NOT NULL,
  `md5params` varchar(32) DEFAULT NULL,
  `module_name` varchar(255) DEFAULT NULL,
  `priority` int(11) DEFAULT '0',
  `datelastrun` datetime DEFAULT NULL,
  `datenextrun` datetime DEFAULT NULL,
  `datestart` datetime DEFAULT NULL,
  `dateend` datetime DEFAULT NULL,
  `datelastresult` datetime DEFAULT NULL,
  `lastresult` text,
  `lastoutput` text,
  `unitfrequency` int(11) NOT NULL DEFAULT '0',
  `frequency` int(11) NOT NULL DEFAULT '0',
  `nbrun` int(11) DEFAULT NULL,
  `status` int(11) NOT NULL DEFAULT '1',
  `fk_user_author` int(11) DEFAULT NULL,
  `fk_user_mod` int(11) DEFAULT NULL,
  `note` text,
  `libname` varchar(255) DEFAULT NULL,
  PRIMARY KEY (`rowid`)
) ENGINE=InnoDB DEFAULT CHARSET=utf8;

--
-- Dumping data for table `B65362949_cronjob`
--




--
-- Table structure for table `B65362949_deplacement`
--
CREATE TABLE `B65362949_deplacement` (
  `rowid` int(11) NOT NULL AUTO_INCREMENT,
  `ref` varchar(30) DEFAULT NULL,
  `entity` int(11) NOT NULL DEFAULT '1',
  `datec` datetime NOT NULL,
  `tms` timestamp NOT NULL DEFAULT CURRENT_TIMESTAMP ON UPDATE CURRENT_TIMESTAMP,
  `dated` datetime DEFAULT NULL,
  `fk_user` int(11) NOT NULL,
  `fk_user_author` int(11) DEFAULT NULL,
  `fk_user_modif` int(11) DEFAULT NULL,
  `type` varchar(12) NOT NULL,
  `fk_statut` int(11) NOT NULL DEFAULT '1',
  `km` double DEFAULT NULL,
  `fk_soc` int(11) DEFAULT NULL,
  `fk_projet` int(11) DEFAULT '0',
  `note_private` text,
  `note_public` text,
  `extraparams` varchar(255) DEFAULT NULL,
  PRIMARY KEY (`rowid`)
) ENGINE=InnoDB DEFAULT CHARSET=utf8;

--
-- Dumping data for table `B65362949_deplacement`
--




--
-- Table structure for table `B65362949_document_generator`
--
CREATE TABLE `B65362949_document_generator` (
  `rowid` int(10) unsigned NOT NULL,
  `name` varchar(255) NOT NULL,
  `classfile` varchar(255) NOT NULL,
  `class` varchar(255) NOT NULL,
  PRIMARY KEY (`rowid`)
) ENGINE=InnoDB DEFAULT CHARSET=utf8;

--
-- Dumping data for table `B65362949_document_generator`
--




--
-- Table structure for table `B65362949_document_model`
--
CREATE TABLE `B65362949_document_model` (
  `rowid` int(11) NOT NULL AUTO_INCREMENT,
  `nom` varchar(50) DEFAULT NULL,
  `entity` int(11) NOT NULL DEFAULT '1',
  `type` varchar(20) NOT NULL,
  `libelle` varchar(255) DEFAULT NULL,
  `description` text,
  PRIMARY KEY (`rowid`),
  UNIQUE KEY `uk_document_model` (`nom`,`type`,`entity`)
) ENGINE=InnoDB AUTO_INCREMENT=16 DEFAULT CHARSET=utf8;

--
-- Dumping data for table `B65362949_document_model`
--
INSERT INTO `B65362949_document_model` VALUES (5,'muscadet',1,'order_supplier',NULL,NULL);
INSERT INTO `B65362949_document_model` VALUES (6,'baleine',1,'project',NULL,NULL);
INSERT INTO `B65362949_document_model` VALUES (8,'addapta',1,'invoice','addapta',NULL);
INSERT INTO `B65362949_document_model` VALUES (10,'crabe',1,'invoice','crabe',NULL);
INSERT INTO `B65362949_document_model` VALUES (11,'rouget',1,'shipping',NULL,NULL);
INSERT INTO `B65362949_document_model` VALUES (12,'typhon',1,'delivery',NULL,NULL);
INSERT INTO `B65362949_document_model` VALUES (13,'einstein',1,'order',NULL,NULL);
INSERT INTO `B65362949_document_model` VALUES (14,'azur',1,'propal',NULL,NULL);
INSERT INTO `B65362949_document_model` VALUES (15,'soleil',1,'ficheinter',NULL,NULL);




--
-- Table structure for table `B65362949_don`
--
CREATE TABLE `B65362949_don` (
  `rowid` int(11) NOT NULL AUTO_INCREMENT,
  `ref` varchar(30) DEFAULT NULL,
  `entity` int(11) NOT NULL DEFAULT '1',
  `tms` timestamp NOT NULL DEFAULT CURRENT_TIMESTAMP ON UPDATE CURRENT_TIMESTAMP,
  `fk_statut` smallint(6) NOT NULL DEFAULT '0',
  `datec` datetime DEFAULT NULL,
  `datedon` datetime DEFAULT NULL,
  `amount` double DEFAULT '0',
  `fk_paiement` int(11) DEFAULT NULL,
  `firstname` varchar(50) DEFAULT NULL,
  `lastname` varchar(50) DEFAULT NULL,
  `societe` varchar(50) DEFAULT NULL,
  `address` text,
  `zip` varchar(30) DEFAULT NULL,
  `town` varchar(50) DEFAULT NULL,
  `country` varchar(50) DEFAULT NULL,
  `email` varchar(255) DEFAULT NULL,
  `phone` varchar(24) DEFAULT NULL,
  `phone_mobile` varchar(24) DEFAULT NULL,
  `public` smallint(6) NOT NULL DEFAULT '1',
  `fk_don_projet` int(11) DEFAULT NULL,
  `fk_user_author` int(11) NOT NULL,
  `fk_user_valid` int(11) DEFAULT NULL,
  `note_private` text,
  `note_public` text,
  `model_pdf` varchar(255) DEFAULT NULL,
  `import_key` varchar(14) DEFAULT NULL,
  PRIMARY KEY (`rowid`)
) ENGINE=InnoDB DEFAULT CHARSET=utf8;

--
-- Dumping data for table `B65362949_don`
--




--
-- Table structure for table `B65362949_ecm_directories`
--
CREATE TABLE `B65362949_ecm_directories` (
  `rowid` int(11) NOT NULL AUTO_INCREMENT,
  `label` varchar(64) NOT NULL,
  `entity` int(11) NOT NULL DEFAULT '1',
  `fk_parent` int(11) DEFAULT NULL,
  `description` varchar(255) NOT NULL,
  `cachenbofdoc` int(11) NOT NULL DEFAULT '0',
  `fullpath` varchar(255) DEFAULT NULL,
  `extraparams` varchar(255) DEFAULT NULL,
  `date_c` datetime DEFAULT NULL,
  `date_m` timestamp NOT NULL DEFAULT CURRENT_TIMESTAMP ON UPDATE CURRENT_TIMESTAMP,
  `fk_user_c` int(11) DEFAULT NULL,
  `fk_user_m` int(11) DEFAULT NULL,
  `acl` text,
  PRIMARY KEY (`rowid`),
  UNIQUE KEY `idx_ecm_directories` (`label`,`fk_parent`,`entity`),
  KEY `idx_ecm_directories_fk_user_c` (`fk_user_c`),
  KEY `idx_ecm_directories_fk_user_m` (`fk_user_m`),
  CONSTRAINT `fk_ecm_directories_fk_user_c` FOREIGN KEY (`fk_user_c`) REFERENCES `B65362949_user` (`rowid`),
  CONSTRAINT `fk_ecm_directories_fk_user_m` FOREIGN KEY (`fk_user_m`) REFERENCES `B65362949_user` (`rowid`)
) ENGINE=InnoDB DEFAULT CHARSET=utf8;

--
-- Dumping data for table `B65362949_ecm_directories`
--




--
-- Table structure for table `B65362949_element_contact`
--
CREATE TABLE `B65362949_element_contact` (
  `rowid` int(11) NOT NULL AUTO_INCREMENT,
  `datecreate` datetime DEFAULT NULL,
  `statut` smallint(6) DEFAULT '5',
  `element_id` int(11) NOT NULL,
  `fk_c_type_contact` int(11) NOT NULL,
  `fk_socpeople` int(11) NOT NULL,
  PRIMARY KEY (`rowid`),
  UNIQUE KEY `idx_element_contact_idx1` (`element_id`,`fk_c_type_contact`,`fk_socpeople`),
  KEY `fk_element_contact_fk_c_type_contact` (`fk_c_type_contact`),
  KEY `idx_element_contact_fk_socpeople` (`fk_socpeople`),
  CONSTRAINT `fk_element_contact_fk_c_type_contact` FOREIGN KEY (`fk_c_type_contact`) REFERENCES `B65362949_c_type_contact` (`rowid`)
) ENGINE=InnoDB AUTO_INCREMENT=39 DEFAULT CHARSET=utf8;

--
-- Dumping data for table `B65362949_element_contact`
--
INSERT INTO `B65362949_element_contact` VALUES (1,'2015-03-13 12:28:22',4,1,10,3);
INSERT INTO `B65362949_element_contact` VALUES (2,'2015-03-13 12:28:22',4,1,11,3);
INSERT INTO `B65362949_element_contact` VALUES (3,'2015-03-14 00:39:49',4,2,10,3);
INSERT INTO `B65362949_element_contact` VALUES (4,'2015-03-14 00:39:49',4,2,11,3);
INSERT INTO `B65362949_element_contact` VALUES (5,'2015-03-14 11:24:44',4,3,10,3);
INSERT INTO `B65362949_element_contact` VALUES (6,'2015-03-14 11:24:44',4,3,11,3);
INSERT INTO `B65362949_element_contact` VALUES (7,'2015-03-14 12:44:38',4,4,10,3);
INSERT INTO `B65362949_element_contact` VALUES (8,'2015-03-14 12:44:38',4,4,11,3);
INSERT INTO `B65362949_element_contact` VALUES (9,'2015-03-14 19:04:08',4,5,10,3);
INSERT INTO `B65362949_element_contact` VALUES (10,'2015-03-14 19:04:08',4,5,11,3);
INSERT INTO `B65362949_element_contact` VALUES (11,'2015-03-14 19:27:56',4,6,10,3);
INSERT INTO `B65362949_element_contact` VALUES (12,'2015-03-14 19:27:56',4,6,11,3);
INSERT INTO `B65362949_element_contact` VALUES (13,'2015-03-14 19:52:40',4,7,10,3);
INSERT INTO `B65362949_element_contact` VALUES (14,'2015-03-14 19:52:40',4,7,11,3);
INSERT INTO `B65362949_element_contact` VALUES (15,'2015-03-14 20:10:53',4,8,10,3);
INSERT INTO `B65362949_element_contact` VALUES (16,'2015-03-14 20:10:53',4,8,11,3);
INSERT INTO `B65362949_element_contact` VALUES (17,'2015-03-14 20:21:24',4,9,10,3);
INSERT INTO `B65362949_element_contact` VALUES (18,'2015-03-14 20:21:24',4,9,11,3);
INSERT INTO `B65362949_element_contact` VALUES (19,'2015-03-14 21:00:42',4,10,10,3);
INSERT INTO `B65362949_element_contact` VALUES (20,'2015-03-14 21:00:42',4,10,11,3);
INSERT INTO `B65362949_element_contact` VALUES (21,'2015-03-14 21:48:41',4,11,10,3);
INSERT INTO `B65362949_element_contact` VALUES (22,'2015-03-14 21:48:41',4,11,11,3);
INSERT INTO `B65362949_element_contact` VALUES (23,'2015-03-14 22:12:26',4,12,10,3);
INSERT INTO `B65362949_element_contact` VALUES (24,'2015-03-14 22:12:26',4,12,11,3);
INSERT INTO `B65362949_element_contact` VALUES (25,'2015-03-14 22:36:29',4,13,10,3);
INSERT INTO `B65362949_element_contact` VALUES (26,'2015-03-14 22:36:29',4,13,11,3);
INSERT INTO `B65362949_element_contact` VALUES (27,'2015-03-14 22:57:48',4,14,10,3);
INSERT INTO `B65362949_element_contact` VALUES (28,'2015-03-14 22:57:48',4,14,11,3);
INSERT INTO `B65362949_element_contact` VALUES (29,'2015-03-17 16:52:33',4,15,10,3);
INSERT INTO `B65362949_element_contact` VALUES (30,'2015-03-17 16:52:33',4,15,11,3);
INSERT INTO `B65362949_element_contact` VALUES (31,'2015-03-17 17:54:41',4,16,10,3);
INSERT INTO `B65362949_element_contact` VALUES (32,'2015-03-17 17:54:41',4,16,11,3);
INSERT INTO `B65362949_element_contact` VALUES (33,'2015-03-17 18:21:43',4,17,10,3);
INSERT INTO `B65362949_element_contact` VALUES (34,'2015-03-17 18:21:43',4,17,11,3);
INSERT INTO `B65362949_element_contact` VALUES (35,'2015-03-17 18:38:18',4,18,10,3);
INSERT INTO `B65362949_element_contact` VALUES (36,'2015-03-17 18:38:18',4,18,11,3);
INSERT INTO `B65362949_element_contact` VALUES (37,'2015-12-16 21:43:12',4,244,50,3);
INSERT INTO `B65362949_element_contact` VALUES (38,'2017-06-19 10:05:53',4,1,160,2);




--
-- Table structure for table `B65362949_element_element`
--
CREATE TABLE `B65362949_element_element` (
  `rowid` int(11) NOT NULL AUTO_INCREMENT,
  `fk_source` int(11) NOT NULL,
  `sourcetype` varchar(32) NOT NULL,
  `fk_target` int(11) NOT NULL,
  `targettype` varchar(32) NOT NULL,
  PRIMARY KEY (`rowid`),
  UNIQUE KEY `idx_element_element_idx1` (`fk_source`,`sourcetype`,`fk_target`,`targettype`),
  KEY `idx_element_element_fk_target` (`fk_target`)
) ENGINE=InnoDB AUTO_INCREMENT=55 DEFAULT CHARSET=utf8;

--
-- Dumping data for table `B65362949_element_element`
--
INSERT INTO `B65362949_element_element` VALUES (1,1,'contrat',2,'facture');
INSERT INTO `B65362949_element_element` VALUES (34,2,'commande',219,'facture');
INSERT INTO `B65362949_element_element` VALUES (2,2,'contrat',3,'facture');
INSERT INTO `B65362949_element_element` VALUES (3,3,'contrat',4,'facture');
INSERT INTO `B65362949_element_element` VALUES (21,3,'propal',80,'facture');
INSERT INTO `B65362949_element_element` VALUES (14,4,'contrat',16,'facture');
INSERT INTO `B65362949_element_element` VALUES (35,5,'commande',243,'facture');
INSERT INTO `B65362949_element_element` VALUES (4,5,'contrat',6,'facture');
INSERT INTO `B65362949_element_element` VALUES (22,5,'propal',82,'facture');
INSERT INTO `B65362949_element_element` VALUES (38,6,'commande',264,'facture');
INSERT INTO `B65362949_element_element` VALUES (5,6,'contrat',7,'facture');
INSERT INTO `B65362949_element_element` VALUES (6,7,'contrat',8,'facture');
INSERT INTO `B65362949_element_element` VALUES (7,8,'contrat',9,'facture');
INSERT INTO `B65362949_element_element` VALUES (24,8,'propal',103,'facture');
INSERT INTO `B65362949_element_element` VALUES (8,9,'contrat',10,'facture');
INSERT INTO `B65362949_element_element` VALUES (45,10,'commande',3,'shipping');
INSERT INTO `B65362949_element_element` VALUES (46,10,'commande',4,'shipping');
INSERT INTO `B65362949_element_element` VALUES (44,10,'commande',459,'facture');
INSERT INTO `B65362949_element_element` VALUES (9,10,'contrat',11,'facture');
INSERT INTO `B65362949_element_element` VALUES (23,10,'propal',83,'facture');
INSERT INTO `B65362949_element_element` VALUES (47,11,'commande',503,'facture');
INSERT INTO `B65362949_element_element` VALUES (11,11,'contrat',13,'facture');
INSERT INTO `B65362949_element_element` VALUES (48,12,'commande',504,'facture');
INSERT INTO `B65362949_element_element` VALUES (12,12,'contrat',14,'facture');
INSERT INTO `B65362949_element_element` VALUES (50,13,'commande',505,'facture');
INSERT INTO `B65362949_element_element` VALUES (13,13,'contrat',15,'facture');
INSERT INTO `B65362949_element_element` VALUES (15,14,'contrat',17,'facture');
INSERT INTO `B65362949_element_element` VALUES (16,15,'contrat',36,'facture');
INSERT INTO `B65362949_element_element` VALUES (17,16,'contrat',37,'facture');
INSERT INTO `B65362949_element_element` VALUES (18,17,'contrat',40,'facture');
INSERT INTO `B65362949_element_element` VALUES (19,18,'contrat',41,'facture');
INSERT INTO `B65362949_element_element` VALUES (25,20,'propal',107,'facture');
INSERT INTO `B65362949_element_element` VALUES (26,24,'propal',125,'facture');
INSERT INTO `B65362949_element_element` VALUES (27,25,'propal',128,'facture');
INSERT INTO `B65362949_element_element` VALUES (28,27,'propal',129,'facture');
INSERT INTO `B65362949_element_element` VALUES (31,29,'propal',168,'facture');
INSERT INTO `B65362949_element_element` VALUES (30,30,'propal',165,'facture');
INSERT INTO `B65362949_element_element` VALUES (36,30,'propal',257,'facture');
INSERT INTO `B65362949_element_element` VALUES (29,33,'propal',164,'facture');
INSERT INTO `B65362949_element_element` VALUES (37,33,'propal',258,'facture');
INSERT INTO `B65362949_element_element` VALUES (32,34,'propal',188,'facture');
INSERT INTO `B65362949_element_element` VALUES (39,47,'propal',276,'facture');
INSERT INTO `B65362949_element_element` VALUES (40,52,'propal',386,'facture');
INSERT INTO `B65362949_element_element` VALUES (41,53,'propal',404,'facture');
INSERT INTO `B65362949_element_element` VALUES (49,64,'propal',13,'commande');
INSERT INTO `B65362949_element_element` VALUES (52,68,'propal',577,'facture');
INSERT INTO `B65362949_element_element` VALUES (51,70,'propal',549,'facture');
INSERT INTO `B65362949_element_element` VALUES (53,88,'propal',653,'facture');
INSERT INTO `B65362949_element_element` VALUES (54,91,'propal',656,'facture');




--
-- Table structure for table `B65362949_element_lock`
--
CREATE TABLE `B65362949_element_lock` (
  `rowid` int(11) NOT NULL AUTO_INCREMENT,
  `fk_element` int(11) NOT NULL,
  `elementtype` varchar(32) NOT NULL,
  `datel` datetime DEFAULT NULL,
  `datem` datetime DEFAULT NULL,
  `sessionid` varchar(255) DEFAULT NULL,
  PRIMARY KEY (`rowid`)
) ENGINE=InnoDB DEFAULT CHARSET=utf8;

--
-- Dumping data for table `B65362949_element_lock`
--




--
-- Table structure for table `B65362949_element_resources`
--
CREATE TABLE `B65362949_element_resources` (
  `rowid` int(11) NOT NULL AUTO_INCREMENT,
  `resource_id` int(11) DEFAULT NULL,
  `resource_type` varchar(64) DEFAULT NULL,
  `element_id` int(11) DEFAULT NULL,
  `element_type` varchar(64) DEFAULT NULL,
  `busy` int(11) DEFAULT NULL,
  `mandatory` int(11) DEFAULT NULL,
  `fk_user_create` int(11) DEFAULT NULL,
  `tms` timestamp NOT NULL DEFAULT CURRENT_TIMESTAMP ON UPDATE CURRENT_TIMESTAMP,
  PRIMARY KEY (`rowid`),
  UNIQUE KEY `idx_element_resources_idx1` (`resource_id`,`resource_type`,`element_id`,`element_type`),
  KEY `idx_element_element_element_id` (`element_id`)
) ENGINE=InnoDB DEFAULT CHARSET=utf8;

--
-- Dumping data for table `B65362949_element_resources`
--




--
-- Table structure for table `B65362949_element_tag`
--
CREATE TABLE `B65362949_element_tag` (
  `rowid` int(11) NOT NULL AUTO_INCREMENT,
  `entity` int(11) NOT NULL DEFAULT '1',
  `lang` varchar(5) NOT NULL,
  `tag` varchar(255) NOT NULL,
  `fk_element` int(11) NOT NULL,
  `element` varchar(64) NOT NULL,
  PRIMARY KEY (`rowid`),
  UNIQUE KEY `uk_element_tag` (`entity`,`lang`,`tag`,`fk_element`,`element`)
) ENGINE=InnoDB DEFAULT CHARSET=utf8;

--
-- Dumping data for table `B65362949_element_tag`
--




--
-- Table structure for table `B65362949_entrepot`
--
CREATE TABLE `B65362949_entrepot` (
  `rowid` int(11) NOT NULL AUTO_INCREMENT,
  `datec` datetime DEFAULT NULL,
  `tms` timestamp NOT NULL DEFAULT CURRENT_TIMESTAMP ON UPDATE CURRENT_TIMESTAMP,
  `label` varchar(255) NOT NULL,
  `entity` int(11) NOT NULL DEFAULT '1',
  `description` text,
  `lieu` varchar(64) DEFAULT NULL,
  `address` varchar(255) DEFAULT NULL,
  `zip` varchar(10) DEFAULT NULL,
  `town` varchar(50) DEFAULT NULL,
  `fk_departement` int(11) DEFAULT NULL,
  `fk_pays` int(11) DEFAULT '0',
  `statut` tinyint(4) DEFAULT '1',
  `valo_pmp` float(12,4) DEFAULT NULL,
  `fk_user_author` int(11) DEFAULT NULL,
  `import_key` varchar(14) DEFAULT NULL,
  PRIMARY KEY (`rowid`),
  UNIQUE KEY `uk_entrepot_label` (`label`,`entity`)
) ENGINE=InnoDB DEFAULT CHARSET=utf8;

--
-- Dumping data for table `B65362949_entrepot`
--




--
-- Table structure for table `B65362949_event_element`
--
CREATE TABLE `B65362949_event_element` (
  `rowid` int(11) NOT NULL AUTO_INCREMENT,
  `fk_source` int(11) NOT NULL,
  `fk_target` int(11) NOT NULL,
  `targettype` varchar(32) NOT NULL,
  PRIMARY KEY (`rowid`)
) ENGINE=InnoDB DEFAULT CHARSET=utf8;

--
-- Dumping data for table `B65362949_event_element`
--




--
-- Table structure for table `B65362949_events`
--
CREATE TABLE `B65362949_events` (
  `rowid` int(11) NOT NULL AUTO_INCREMENT,
  `tms` timestamp NOT NULL DEFAULT CURRENT_TIMESTAMP ON UPDATE CURRENT_TIMESTAMP,
  `type` varchar(32) NOT NULL,
  `entity` int(11) NOT NULL DEFAULT '1',
  `dateevent` datetime DEFAULT NULL,
  `fk_user` int(11) DEFAULT NULL,
  `description` varchar(250) NOT NULL,
  `ip` varchar(32) NOT NULL,
  `user_agent` varchar(255) DEFAULT NULL,
  `fk_object` int(11) DEFAULT NULL,
  PRIMARY KEY (`rowid`),
  KEY `idx_events_dateevent` (`dateevent`)
) ENGINE=InnoDB DEFAULT CHARSET=utf8;

--
-- Dumping data for table `B65362949_events`
--




--
-- Table structure for table `B65362949_expedition`
--
CREATE TABLE `B65362949_expedition` (
  `rowid` int(11) NOT NULL AUTO_INCREMENT,
  `tms` timestamp NOT NULL DEFAULT CURRENT_TIMESTAMP ON UPDATE CURRENT_TIMESTAMP,
  `ref` varchar(30) NOT NULL,
  `entity` int(11) NOT NULL DEFAULT '1',
  `fk_soc` int(11) NOT NULL,
  `ref_ext` varchar(30) DEFAULT NULL,
  `ref_int` varchar(30) DEFAULT NULL,
  `ref_customer` varchar(30) DEFAULT NULL,
  `date_creation` datetime DEFAULT NULL,
  `fk_user_author` int(11) DEFAULT NULL,
  `date_valid` datetime DEFAULT NULL,
  `fk_user_valid` int(11) DEFAULT NULL,
  `date_expedition` datetime DEFAULT NULL,
  `date_delivery` datetime DEFAULT NULL,
  `fk_address` int(11) DEFAULT NULL,
  `fk_shipping_method` int(11) DEFAULT NULL,
  `tracking_number` varchar(50) DEFAULT NULL,
  `fk_statut` smallint(6) DEFAULT '0',
  `height` float DEFAULT NULL,
  `width` float DEFAULT NULL,
  `size_units` int(11) DEFAULT NULL,
  `size` float DEFAULT NULL,
  `weight_units` int(11) DEFAULT NULL,
  `weight` float DEFAULT NULL,
  `note_private` text,
  `note_public` text,
  `model_pdf` varchar(255) DEFAULT NULL,
  PRIMARY KEY (`rowid`),
  UNIQUE KEY `idx_expedition_uk_ref` (`ref`,`entity`),
  KEY `idx_expedition_fk_soc` (`fk_soc`),
  KEY `idx_expedition_fk_user_author` (`fk_user_author`),
  KEY `idx_expedition_fk_user_valid` (`fk_user_valid`),
  KEY `idx_expedition_fk_shipping_method` (`fk_shipping_method`),
  CONSTRAINT `fk_expedition_fk_shipping_method` FOREIGN KEY (`fk_shipping_method`) REFERENCES `B65362949_c_shipment_mode` (`rowid`),
  CONSTRAINT `fk_expedition_fk_soc` FOREIGN KEY (`fk_soc`) REFERENCES `B65362949_societe` (`rowid`),
  CONSTRAINT `fk_expedition_fk_user_author` FOREIGN KEY (`fk_user_author`) REFERENCES `B65362949_user` (`rowid`),
  CONSTRAINT `fk_expedition_fk_user_valid` FOREIGN KEY (`fk_user_valid`) REFERENCES `B65362949_user` (`rowid`)
) ENGINE=InnoDB AUTO_INCREMENT=5 DEFAULT CHARSET=utf8;

--
-- Dumping data for table `B65362949_expedition`
--
INSERT INTO `B65362949_expedition` VALUES (3,'2016-10-13 12:13:43','SH1610-0001',1,154,NULL,NULL,NULL,'2016-10-13 12:33:39',2,'2016-10-13 12:33:48',2,NULL,'2016-10-11 00:00:00',NULL,NULL,'',1,NULL,NULL,0,NULL,0,NULL,NULL,NULL,'rouget');
INSERT INTO `B65362949_expedition` VALUES (4,'2016-10-13 12:15:37','SH1610-0002',1,154,NULL,NULL,NULL,'2016-10-13 12:35:31',2,'2016-10-13 12:35:42',2,NULL,'2016-10-13 00:00:00',NULL,NULL,'',1,NULL,NULL,0,NULL,0,NULL,NULL,NULL,'rouget');




--
-- Table structure for table `B65362949_expeditiondet`
--
CREATE TABLE `B65362949_expeditiondet` (
  `rowid` int(11) NOT NULL AUTO_INCREMENT,
  `fk_expedition` int(11) NOT NULL,
  `fk_origin_line` int(11) DEFAULT NULL,
  `fk_entrepot` int(11) DEFAULT NULL,
  `qty` double DEFAULT NULL,
  `rang` int(11) DEFAULT '0',
  PRIMARY KEY (`rowid`),
  KEY `idx_expeditiondet_fk_expedition` (`fk_expedition`),
  CONSTRAINT `fk_expeditiondet_fk_expedition` FOREIGN KEY (`fk_expedition`) REFERENCES `B65362949_expedition` (`rowid`)
) ENGINE=InnoDB AUTO_INCREMENT=5 DEFAULT CHARSET=utf8;

--
-- Dumping data for table `B65362949_expeditiondet`
--
INSERT INTO `B65362949_expeditiondet` VALUES (3,3,21,NULL,70000,0);
INSERT INTO `B65362949_expeditiondet` VALUES (4,4,21,NULL,37540,0);




--
-- Table structure for table `B65362949_expeditiondet_batch`
--
CREATE TABLE `B65362949_expeditiondet_batch` (
  `rowid` int(11) NOT NULL AUTO_INCREMENT,
  `fk_expeditiondet` int(11) NOT NULL,
  `eatby` date DEFAULT NULL,
  `sellby` date DEFAULT NULL,
  `batch` varchar(30) DEFAULT NULL,
  `qty` double NOT NULL DEFAULT '0',
  `fk_origin_stock` int(11) NOT NULL,
  PRIMARY KEY (`rowid`),
  KEY `idx_fk_expeditiondet` (`fk_expeditiondet`),
  CONSTRAINT `fk_expeditiondet_batch_fk_expeditiondet` FOREIGN KEY (`fk_expeditiondet`) REFERENCES `B65362949_expeditiondet` (`rowid`)
) ENGINE=InnoDB DEFAULT CHARSET=utf8;

--
-- Dumping data for table `B65362949_expeditiondet_batch`
--




--
-- Table structure for table `B65362949_export_compta`
--
CREATE TABLE `B65362949_export_compta` (
  `rowid` int(11) NOT NULL AUTO_INCREMENT,
  `ref` varchar(12) NOT NULL,
  `date_export` datetime NOT NULL,
  `fk_user` int(11) NOT NULL,
  `note` text,
  PRIMARY KEY (`rowid`)
) ENGINE=InnoDB DEFAULT CHARSET=utf8;

--
-- Dumping data for table `B65362949_export_compta`
--




--
-- Table structure for table `B65362949_export_model`
--
CREATE TABLE `B65362949_export_model` (
  `rowid` int(11) NOT NULL AUTO_INCREMENT,
  `fk_user` int(11) NOT NULL DEFAULT '0',
  `label` varchar(50) NOT NULL,
  `type` varchar(20) NOT NULL,
  `field` text NOT NULL,
  `filter` text,
  PRIMARY KEY (`rowid`),
  UNIQUE KEY `uk_export_model` (`label`,`type`)
) ENGINE=InnoDB AUTO_INCREMENT=3 DEFAULT CHARSET=utf8;

--
-- Dumping data for table `B65362949_export_model`
--
INSERT INTO `B65362949_export_model` VALUES (2,0,'Clientes','societe_1','s.rowid,s.nom,s.datec,s.tms,s.code_client,s.address,s.zip,s.town,p.libelle,p.code,s.phone,s.fax,s.email,s.siren,cfj.libelle,d.nom',NULL);




--
-- Table structure for table `B65362949_extrafields`
--
CREATE TABLE `B65362949_extrafields` (
  `rowid` int(11) NOT NULL AUTO_INCREMENT,
  `name` varchar(64) NOT NULL,
  `entity` int(11) NOT NULL DEFAULT '1',
  `elementtype` varchar(64) NOT NULL DEFAULT 'member',
  `tms` timestamp NOT NULL DEFAULT CURRENT_TIMESTAMP ON UPDATE CURRENT_TIMESTAMP,
  `label` varchar(255) NOT NULL,
  `type` varchar(8) DEFAULT NULL,
  `size` varchar(8) DEFAULT NULL,
  `fieldunique` int(11) DEFAULT '0',
  `fieldrequired` int(11) DEFAULT '0',
  `pos` int(11) DEFAULT '0',
  `param` text,
  PRIMARY KEY (`rowid`),
  UNIQUE KEY `uk_extrafields_name` (`name`,`entity`,`elementtype`)
) ENGINE=InnoDB DEFAULT CHARSET=utf8;

--
-- Dumping data for table `B65362949_extrafields`
--




--
-- Table structure for table `B65362949_facture`
--
CREATE TABLE `B65362949_facture` (
  `rowid` int(11) NOT NULL AUTO_INCREMENT,
  `facnumber` varchar(30) NOT NULL,
  `entity` int(11) NOT NULL DEFAULT '1',
  `ref_ext` varchar(255) DEFAULT NULL,
  `ref_int` varchar(255) DEFAULT NULL,
  `ref_client` varchar(255) DEFAULT NULL,
  `type` smallint(6) NOT NULL DEFAULT '0',
  `increment` varchar(10) DEFAULT NULL,
  `fk_soc` int(11) NOT NULL,
  `datec` datetime DEFAULT NULL,
  `datef` date DEFAULT NULL,
  `date_valid` date DEFAULT NULL,
  `tms` timestamp NOT NULL DEFAULT CURRENT_TIMESTAMP ON UPDATE CURRENT_TIMESTAMP,
  `paye` smallint(6) NOT NULL DEFAULT '0',
  `amount` double(24,8) NOT NULL DEFAULT '0.00000000',
  `remise_percent` double DEFAULT '0',
  `remise_absolue` double DEFAULT '0',
  `remise` double DEFAULT '0',
  `close_code` varchar(16) DEFAULT NULL,
  `close_note` varchar(128) DEFAULT NULL,
  `tva` double(24,8) DEFAULT '0.00000000',
  `localtax1` double(24,8) DEFAULT '0.00000000',
  `localtax2` double(24,8) DEFAULT '0.00000000',
  `revenuestamp` double(24,8) DEFAULT '0.00000000',
  `total` double(24,8) DEFAULT '0.00000000',
  `total_ttc` double(24,8) DEFAULT '0.00000000',
  `fk_statut` smallint(6) NOT NULL DEFAULT '0',
  `fk_user_author` int(11) DEFAULT NULL,
  `fk_user_valid` int(11) DEFAULT NULL,
  `fk_facture_source` int(11) DEFAULT NULL,
  `fk_projet` int(11) DEFAULT NULL,
  `fk_account` int(11) DEFAULT NULL,
  `fk_currency` varchar(3) DEFAULT NULL,
  `fk_cond_reglement` int(11) NOT NULL DEFAULT '1',
  `fk_mode_reglement` int(11) DEFAULT NULL,
  `date_lim_reglement` date DEFAULT NULL,
  `note_private` text,
  `note_public` text,
  `model_pdf` varchar(255) DEFAULT NULL,
  `import_key` varchar(14) DEFAULT NULL,
  `extraparams` varchar(255) DEFAULT NULL,
  PRIMARY KEY (`rowid`),
  UNIQUE KEY `idx_facture_uk_facnumber` (`facnumber`,`entity`),
  KEY `idx_facture_fk_soc` (`fk_soc`),
  KEY `idx_facture_fk_user_author` (`fk_user_author`),
  KEY `idx_facture_fk_user_valid` (`fk_user_valid`),
  KEY `idx_facture_fk_facture_source` (`fk_facture_source`),
  KEY `idx_facture_fk_projet` (`fk_projet`),
  KEY `idx_facture_fk_account` (`fk_account`),
  KEY `idx_facture_fk_currency` (`fk_currency`),
  CONSTRAINT `fk_facture_fk_facture_source` FOREIGN KEY (`fk_facture_source`) REFERENCES `B65362949_facture` (`rowid`),
  CONSTRAINT `fk_facture_fk_projet` FOREIGN KEY (`fk_projet`) REFERENCES `B65362949_projet` (`rowid`),
  CONSTRAINT `fk_facture_fk_soc` FOREIGN KEY (`fk_soc`) REFERENCES `B65362949_societe` (`rowid`),
  CONSTRAINT `fk_facture_fk_user_author` FOREIGN KEY (`fk_user_author`) REFERENCES `B65362949_user` (`rowid`),
  CONSTRAINT `fk_facture_fk_user_valid` FOREIGN KEY (`fk_user_valid`) REFERENCES `B65362949_user` (`rowid`)
) ENGINE=InnoDB AUTO_INCREMENT=748 DEFAULT CHARSET=utf8;

--
-- Dumping data for table `B65362949_facture`
--
INSERT INTO `B65362949_facture` VALUES (2,'15/0001',1,NULL,NULL,NULL,0,NULL,1,'2015-03-13 12:32:10','2015-01-01','2015-03-13','2015-03-18 17:54:43',1,'0.00000000',NULL,NULL,0,NULL,NULL,'36.23000000','0.00000000','0.00000000','0.00000000','172.50000000','208.73000000',2,3,3,NULL,NULL,NULL,NULL,1,3,'2015-01-01',NULL,NULL,'addapta',NULL,NULL);
INSERT INTO `B65362949_facture` VALUES (3,'15/0002',1,NULL,NULL,NULL,0,NULL,2,'2015-03-14 00:56:43','2015-01-01','2015-03-14','2015-03-18 17:54:38',1,'0.00000000',NULL,NULL,0,NULL,NULL,'96.39000000','0.00000000','0.00000000','0.00000000','459.00000000','555.39000000',2,3,3,NULL,NULL,NULL,NULL,1,3,'2015-01-01',NULL,NULL,'addapta',NULL,NULL);
INSERT INTO `B65362949_facture` VALUES (4,'15/0003',1,NULL,NULL,NULL,0,NULL,3,'2015-03-14 17:42:27','2015-01-01','2015-03-14','2015-03-18 17:54:33',1,'0.00000000',NULL,NULL,0,NULL,NULL,'614.88000000','0.00000000','0.00000000','0.00000000','2928.00000000','3542.88000000',2,3,3,NULL,NULL,NULL,NULL,1,3,'2015-01-01',NULL,NULL,'addapta',NULL,NULL);
INSERT INTO `B65362949_facture` VALUES (6,'15/0004',1,NULL,NULL,NULL,0,NULL,4,'2015-03-14 19:05:45','2015-01-01','2015-03-14','2015-03-18 17:54:28',1,'0.00000000',NULL,NULL,0,NULL,NULL,'77.55000000','0.00000000','0.00000000','0.00000000','369.30000000','446.85000000',2,3,3,NULL,NULL,NULL,NULL,1,3,'2015-01-01',NULL,NULL,'addapta',NULL,NULL);
INSERT INTO `B65362949_facture` VALUES (7,'15/0005',1,NULL,NULL,NULL,0,NULL,5,'2015-03-14 19:37:28','2015-01-01','2015-03-14','2015-04-17 12:20:52',1,'0.00000000',NULL,NULL,0,NULL,NULL,'22.63000000','0.00000000','0.00000000','0.00000000','107.75000000','130.38000000',2,3,3,NULL,NULL,NULL,NULL,1,2,'2015-01-01',NULL,NULL,'addapta',NULL,NULL);
INSERT INTO `B65362949_facture` VALUES (8,'15/0006',1,NULL,NULL,NULL,0,NULL,6,'2015-03-14 19:56:44','2015-01-01','2015-03-14','2015-03-23 14:02:44',1,'0.00000000',NULL,NULL,0,NULL,NULL,'45.39000000','0.00000000','0.00000000','0.00000000','216.15000000','261.54000000',2,3,3,NULL,NULL,NULL,NULL,4,2,'2015-03-02',NULL,NULL,'addapta',NULL,NULL);
INSERT INTO `B65362949_facture` VALUES (9,'15/0007',1,NULL,NULL,NULL,0,NULL,7,'2015-03-14 20:12:33','2015-01-01','2015-11-24','2015-11-24 12:51:23',1,'0.00000000',NULL,NULL,0,NULL,NULL,'20.95000000','0.00000000','0.00000000','0.00000000','99.75000000','120.70000000',2,3,3,NULL,NULL,NULL,NULL,1,7,'2015-01-01',NULL,NULL,'addapta',NULL,NULL);
INSERT INTO `B65362949_facture` VALUES (10,'15/0008',1,NULL,NULL,NULL,0,NULL,8,'2015-03-14 20:28:15','2015-01-01','2015-11-24','2015-11-24 12:25:45',1,'0.00000000',NULL,NULL,0,NULL,NULL,'257.62000000','0.00000000','0.00000000','0.00000000','1226.75000000','1484.37000000',2,3,3,NULL,NULL,NULL,NULL,2,2,'2015-01-31',NULL,NULL,'addapta',NULL,NULL);
INSERT INTO `B65362949_facture` VALUES (11,'15/0009',1,NULL,NULL,NULL,0,NULL,9,'2015-03-14 21:02:00','2015-01-01','2015-03-14','2015-03-18 17:54:04',1,'0.00000000',NULL,NULL,0,NULL,NULL,'58.20000000','0.00000000','0.00000000','0.00000000','277.15000000','335.35000000',2,3,3,NULL,NULL,NULL,NULL,1,2,'2015-01-01',NULL,NULL,'addapta',NULL,NULL);
INSERT INTO `B65362949_facture` VALUES (13,'15/0010',1,NULL,NULL,NULL,0,NULL,10,'2015-03-14 22:19:50','2015-01-01','2015-03-14','2015-03-20 12:33:47',1,'0.00000000',NULL,NULL,0,NULL,NULL,'856.80000000','0.00000000','0.00000000','0.00000000','4080.00000000','4936.80000000',2,3,3,NULL,NULL,NULL,NULL,4,2,'2015-03-02',NULL,NULL,'addapta',NULL,NULL);
INSERT INTO `B65362949_facture` VALUES (14,'15/0011',1,NULL,NULL,NULL,0,NULL,10,'2015-03-14 22:24:17','2015-01-01','2015-03-14','2015-03-18 17:53:53',1,'0.00000000',NULL,NULL,0,NULL,NULL,'819.00000000','0.00000000','0.00000000','0.00000000','3900.00000000','4719.00000000',2,3,3,NULL,NULL,NULL,NULL,4,2,'2015-03-02',NULL,NULL,'addapta',NULL,NULL);
INSERT INTO `B65362949_facture` VALUES (15,'15/0012',1,NULL,NULL,NULL,0,NULL,11,'2015-03-14 22:38:31','2015-01-01','2015-03-14','2015-03-18 17:53:49',1,'0.00000000',NULL,NULL,0,NULL,NULL,'146.21000000','0.00000000','0.00000000','0.00000000','696.25000000','842.46000000',2,3,3,NULL,NULL,NULL,NULL,1,2,'2015-01-01',NULL,NULL,'addapta',NULL,NULL);
INSERT INTO `B65362949_facture` VALUES (16,'15/0013',1,NULL,NULL,NULL,0,NULL,3,'2015-03-14 22:43:20','2015-01-01','2015-03-14','2015-03-18 17:53:43',1,'0.00000000',NULL,NULL,0,NULL,NULL,'76.44000000','0.00000000','0.00000000','0.00000000','364.00000000','440.44000000',2,3,3,NULL,NULL,NULL,NULL,1,3,'2015-01-01',NULL,NULL,'addapta',NULL,NULL);
INSERT INTO `B65362949_facture` VALUES (17,'15/0014',1,NULL,NULL,NULL,0,NULL,12,'2015-03-14 23:12:58','2015-01-01','2015-03-14','2015-03-18 17:53:39',1,'0.00000000',NULL,NULL,0,NULL,NULL,'36.75000000','0.00000000','0.00000000','0.00000000','175.00000000','211.75000000',2,3,3,NULL,NULL,NULL,NULL,1,3,'2015-01-01',NULL,NULL,'addapta',NULL,NULL);
INSERT INTO `B65362949_facture` VALUES (18,'15/0015',1,NULL,NULL,NULL,0,NULL,3,'2015-03-14 23:17:48','2015-01-01','2015-03-14','2015-03-18 17:53:33',1,'0.00000000',NULL,NULL,0,NULL,NULL,'37.80000000','0.00000000','0.00000000','0.00000000','180.00000000','217.80000000',2,3,3,NULL,NULL,NULL,NULL,1,3,'2015-01-01',NULL,NULL,'addapta',NULL,NULL);
INSERT INTO `B65362949_facture` VALUES (19,'15/0016',1,NULL,NULL,NULL,0,NULL,6,'2015-03-14 23:23:10','2015-01-01','2015-03-14','2015-04-20 11:40:09',1,'0.00000000',NULL,NULL,0,NULL,NULL,'20.79000000','0.00000000','0.00000000','0.00000000','99.00000000','119.79000000',2,3,3,NULL,NULL,NULL,NULL,4,2,'2015-03-02',NULL,NULL,'addapta',NULL,NULL);
INSERT INTO `B65362949_facture` VALUES (20,'15/0017',1,NULL,NULL,NULL,0,NULL,9,'2015-03-14 23:26:26','2015-01-01','2015-03-14','2015-03-18 17:53:23',1,'0.00000000',NULL,NULL,0,NULL,NULL,'19.32000000','0.00000000','0.00000000','0.00000000','92.00000000','111.32000000',2,3,3,NULL,NULL,NULL,NULL,1,2,'2015-01-01',NULL,NULL,'addapta',NULL,NULL);
INSERT INTO `B65362949_facture` VALUES (21,'15/0018',1,NULL,NULL,NULL,0,NULL,1,'2015-03-17 14:48:27','2015-02-01','2015-03-17','2015-03-18 17:53:18',1,'0.00000000',NULL,NULL,0,NULL,NULL,'36.23000000','0.00000000','0.00000000','0.00000000','172.50000000','208.73000000',2,3,3,NULL,NULL,NULL,NULL,1,3,'2015-02-01',NULL,NULL,'addapta',NULL,NULL);
INSERT INTO `B65362949_facture` VALUES (22,'15/0019',1,NULL,NULL,NULL,0,NULL,2,'2015-03-17 14:53:37','2015-02-01','2015-03-17','2015-03-18 17:53:14',1,'0.00000000',NULL,NULL,0,NULL,NULL,'135.03000000','0.00000000','0.00000000','0.00000000','643.00000000','778.03000000',2,3,3,NULL,NULL,NULL,NULL,1,3,'2015-02-01',NULL,NULL,'addapta',NULL,NULL);
INSERT INTO `B65362949_facture` VALUES (23,'15/0020',1,NULL,NULL,NULL,0,NULL,3,'2015-03-17 15:01:48','2015-02-01','2015-03-17','2015-03-18 17:53:08',1,'0.00000000',NULL,NULL,0,NULL,NULL,'500.64000000','0.00000000','0.00000000','0.00000000','2384.00000000','2884.64000000',2,3,3,NULL,NULL,NULL,NULL,1,3,'2015-02-01',NULL,NULL,'addapta',NULL,NULL);
INSERT INTO `B65362949_facture` VALUES (24,'15/0021',1,NULL,NULL,NULL,0,NULL,4,'2015-03-17 15:26:42','2015-02-01','2015-03-17','2015-03-18 17:53:01',1,'0.00000000',NULL,NULL,0,NULL,NULL,'77.55000000','0.00000000','0.00000000','0.00000000','369.30000000','446.85000000',2,3,3,NULL,NULL,NULL,NULL,1,3,'2015-02-01',NULL,NULL,'addapta',NULL,NULL);
INSERT INTO `B65362949_facture` VALUES (25,'15/0022',1,NULL,NULL,NULL,0,NULL,5,'2015-03-17 15:33:08','2015-02-01','2015-03-17','2015-04-17 12:20:52',1,'0.00000000',NULL,NULL,0,NULL,NULL,'22.63000000','0.00000000','0.00000000','0.00000000','107.75000000','130.38000000',2,3,3,NULL,NULL,NULL,NULL,1,2,'2015-02-01',NULL,NULL,'crabe',NULL,NULL);
INSERT INTO `B65362949_facture` VALUES (26,'15/0023',1,NULL,NULL,NULL,0,NULL,6,'2015-03-17 15:36:45','2015-02-01','2015-03-17','2015-04-20 11:48:23',1,'0.00000000',NULL,NULL,0,NULL,NULL,'45.39000000','0.00000000','0.00000000','0.00000000','216.15000000','261.54000000',2,3,3,NULL,NULL,NULL,NULL,4,2,'2015-04-20',NULL,NULL,'addapta',NULL,NULL);
INSERT INTO `B65362949_facture` VALUES (27,'15/0024',1,NULL,NULL,NULL,0,NULL,7,'2015-03-17 16:01:41','2015-02-01','2015-11-24','2015-11-24 12:53:36',1,'0.00000000',NULL,NULL,0,NULL,NULL,'20.95000000','0.00000000','0.00000000','0.00000000','99.75000000','120.70000000',2,3,3,NULL,NULL,NULL,NULL,1,7,'2015-02-01',NULL,NULL,'addapta',NULL,NULL);
INSERT INTO `B65362949_facture` VALUES (28,'15/0025',1,NULL,NULL,NULL,0,NULL,8,'2015-03-17 16:06:37','2015-02-01','2015-11-24','2015-11-24 12:29:18',1,'0.00000000',NULL,NULL,0,NULL,NULL,'257.62000000','0.00000000','0.00000000','0.00000000','1226.75000000','1484.37000000',2,3,3,NULL,NULL,NULL,NULL,2,2,'2015-03-01',NULL,NULL,'addapta',NULL,NULL);
INSERT INTO `B65362949_facture` VALUES (29,'15/0026',1,NULL,NULL,NULL,0,NULL,9,'2015-03-17 16:11:46','2015-02-01','2015-03-17','2015-03-18 17:52:19',1,'0.00000000',NULL,NULL,0,NULL,NULL,'58.20000000','0.00000000','0.00000000','0.00000000','277.15000000','335.35000000',2,3,3,NULL,NULL,NULL,NULL,1,2,'2015-02-01',NULL,NULL,'addapta',NULL,NULL);
INSERT INTO `B65362949_facture` VALUES (30,'15/0027',1,NULL,NULL,NULL,0,NULL,10,'2015-03-17 16:15:02','2015-02-01','2015-03-17','2015-04-15 11:19:04',1,'0.00000000',NULL,NULL,0,NULL,NULL,'907.20000000','0.00000000','0.00000000','0.00000000','4320.00000000','5227.20000000',2,3,3,NULL,NULL,NULL,NULL,4,2,'2015-04-01',NULL,NULL,'addapta',NULL,NULL);
INSERT INTO `B65362949_facture` VALUES (31,'15/0028',1,NULL,NULL,NULL,0,NULL,10,'2015-03-17 16:17:24','2015-02-01','2015-03-17','2015-04-15 11:19:04',1,'0.00000000',NULL,NULL,0,NULL,NULL,'866.25000000','0.00000000','0.00000000','0.00000000','4125.00000000','4991.25000000',2,3,3,NULL,NULL,NULL,NULL,4,2,'2015-04-01',NULL,NULL,'addapta',NULL,NULL);
INSERT INTO `B65362949_facture` VALUES (32,'15/0029',1,NULL,NULL,NULL,0,NULL,11,'2015-03-17 16:20:37','2015-02-01','2015-03-17','2015-03-18 17:51:55',1,'0.00000000',NULL,NULL,0,NULL,NULL,'146.21000000','0.00000000','0.00000000','0.00000000','696.25000000','842.46000000',2,3,3,NULL,NULL,NULL,NULL,1,2,'2015-02-01',NULL,NULL,'addapta',NULL,NULL);
INSERT INTO `B65362949_facture` VALUES (33,'15/0030',1,NULL,NULL,NULL,0,NULL,3,'2015-03-17 16:26:06','2015-02-01','2015-03-17','2015-03-18 17:47:52',1,'0.00000000',NULL,NULL,0,NULL,NULL,'76.44000000','0.00000000','0.00000000','0.00000000','364.00000000','440.44000000',2,3,3,NULL,NULL,NULL,NULL,1,3,'2015-02-01',NULL,NULL,'addapta',NULL,NULL);
INSERT INTO `B65362949_facture` VALUES (34,'15/0031',1,NULL,NULL,NULL,0,NULL,3,'2015-03-17 16:35:08','2015-02-01','2015-03-17','2015-03-18 17:47:45',1,'0.00000000',NULL,NULL,0,NULL,NULL,'520.80000000','0.00000000','0.00000000','0.00000000','2480.00000000','3000.80000000',2,3,3,NULL,NULL,NULL,NULL,1,3,'2015-03-01',NULL,NULL,'addapta',NULL,NULL);
INSERT INTO `B65362949_facture` VALUES (35,'15/0032',1,NULL,NULL,NULL,0,NULL,3,'2015-03-17 16:43:46','2015-02-01','2015-03-17','2015-03-18 17:47:36',1,'0.00000000',NULL,NULL,0,NULL,NULL,'231.00000000','0.00000000','0.00000000','0.00000000','1100.00000000','1331.00000000',2,3,3,NULL,NULL,NULL,NULL,1,3,'2015-03-01',NULL,NULL,'addapta',NULL,NULL);
INSERT INTO `B65362949_facture` VALUES (36,'15/0033',1,NULL,NULL,NULL,0,NULL,25,'2015-03-17 17:00:02','2015-02-05','2015-03-17','2015-03-18 17:47:29',1,'0.00000000',NULL,NULL,0,NULL,NULL,'36.75000000','0.00000000','0.00000000','0.00000000','175.00000000','211.75000000',2,3,3,NULL,NULL,NULL,NULL,1,3,'2015-02-05',NULL,NULL,'addapta',NULL,NULL);
INSERT INTO `B65362949_facture` VALUES (37,'15/0034',1,NULL,NULL,NULL,0,NULL,26,'2015-03-17 18:00:33','2015-02-05','2015-03-17','2015-03-18 17:47:11',1,'0.00000000',NULL,NULL,0,NULL,NULL,'115.50000000','0.00000000','0.00000000','0.00000000','550.00000000','665.50000000',2,3,3,NULL,NULL,NULL,NULL,1,3,'2015-02-05',NULL,NULL,'addapta',NULL,NULL);
INSERT INTO `B65362949_facture` VALUES (38,'15/0035',1,NULL,NULL,NULL,0,NULL,4,'2015-03-17 18:03:01','2015-02-15','2015-03-17','2015-03-18 17:47:07',1,'0.00000000',NULL,NULL,0,NULL,NULL,'57.96000000','0.00000000','0.00000000','0.00000000','276.00000000','333.96000000',2,3,3,NULL,NULL,NULL,NULL,1,3,'2015-02-15',NULL,NULL,'addapta',NULL,NULL);
INSERT INTO `B65362949_facture` VALUES (39,'15/0036',1,NULL,NULL,NULL,0,NULL,3,'2015-03-17 18:10:41','2015-02-20','2015-03-17','2015-03-18 17:47:02',1,'0.00000000',NULL,NULL,0,NULL,NULL,'100.80000000','0.00000000','0.00000000','0.00000000','480.00000000','580.80000000',2,3,3,NULL,NULL,NULL,NULL,1,3,'2015-02-20',NULL,NULL,'addapta',NULL,NULL);
INSERT INTO `B65362949_facture` VALUES (40,'15/0037',1,NULL,NULL,NULL,0,NULL,27,'2015-03-17 18:26:15','2015-02-28','2015-03-30','2015-03-30 17:19:46',1,'0.00000000',NULL,NULL,0,NULL,NULL,'29.82000000','0.00000000','0.00000000','0.00000000','142.00000000','171.82000000',2,3,3,NULL,NULL,NULL,NULL,1,2,'2015-02-28',NULL,NULL,'addapta',NULL,NULL);
INSERT INTO `B65362949_facture` VALUES (41,'15/0038',1,NULL,NULL,NULL,0,NULL,28,'2015-03-17 18:40:19','2015-02-28','2015-03-17','2015-04-09 10:25:20',1,'0.00000000',NULL,NULL,0,NULL,NULL,'105.00000000','0.00000000','0.00000000','0.00000000','500.00000000','605.00000000',2,3,3,NULL,NULL,NULL,NULL,1,2,'2015-02-28',NULL,NULL,'addapta',NULL,NULL);
INSERT INTO `B65362949_facture` VALUES (42,'15/0039',1,NULL,NULL,NULL,0,NULL,3,'2015-03-18 09:33:02','2015-03-01','2015-03-18','2015-03-18 17:46:47',1,'0.00000000',NULL,NULL,0,NULL,NULL,'388.50000000','0.00000000','0.00000000','0.00000000','1850.00000000','2238.50000000',2,3,3,NULL,NULL,NULL,NULL,1,3,'2015-03-01',NULL,NULL,'addapta',NULL,NULL);
INSERT INTO `B65362949_facture` VALUES (43,'15/0040',1,NULL,NULL,NULL,0,NULL,3,'2015-03-18 09:35:42','2015-03-01','2015-03-18','2015-03-18 17:46:42',1,'0.00000000',NULL,NULL,0,NULL,NULL,'76.44000000','0.00000000','0.00000000','0.00000000','364.00000000','440.44000000',2,3,3,NULL,NULL,NULL,NULL,1,3,'2015-03-01',NULL,NULL,'addapta',NULL,NULL);
INSERT INTO `B65362949_facture` VALUES (44,'15/0041',1,NULL,NULL,NULL,0,NULL,1,'2015-03-18 09:38:13','2015-03-01','2015-03-18','2015-03-18 17:46:37',1,'0.00000000',NULL,NULL,0,NULL,NULL,'36.23000000','0.00000000','0.00000000','0.00000000','172.50000000','208.73000000',2,3,3,NULL,NULL,NULL,NULL,1,3,'2015-03-01',NULL,NULL,'addapta',NULL,NULL);
INSERT INTO `B65362949_facture` VALUES (45,'15/0042',1,NULL,NULL,NULL,0,NULL,3,'2015-03-18 09:40:18','2015-03-01','2015-03-18','2015-04-07 09:43:44',1,'0.00000000',NULL,NULL,0,NULL,NULL,'168.00000000','0.00000000','0.00000000','0.00000000','800.00000000','968.00000000',2,3,3,NULL,NULL,NULL,NULL,1,3,'2015-04-01',NULL,NULL,'addapta',NULL,NULL);
INSERT INTO `B65362949_facture` VALUES (46,'15/0043',1,NULL,NULL,NULL,0,NULL,3,'2015-03-18 09:43:37','2015-03-01','2015-03-18','2015-04-07 09:43:44',1,'0.00000000',NULL,NULL,0,NULL,NULL,'231.00000000','0.00000000','0.00000000','0.00000000','1100.00000000','1331.00000000',2,3,3,NULL,NULL,NULL,NULL,1,3,'2015-04-01',NULL,NULL,'addapta',NULL,NULL);
INSERT INTO `B65362949_facture` VALUES (47,'15/0044',1,NULL,NULL,NULL,0,NULL,2,'2015-03-18 09:45:28','2015-03-01','2015-03-18','2015-04-10 11:49:52',1,'0.00000000',NULL,NULL,0,NULL,NULL,'96.39000000','0.00000000','0.00000000','0.00000000','459.00000000','555.39000000',2,3,3,NULL,NULL,NULL,NULL,1,3,'2015-03-25',NULL,NULL,'addapta',NULL,NULL);
INSERT INTO `B65362949_facture` VALUES (48,'15/0045',1,NULL,NULL,NULL,0,NULL,4,'2015-03-18 09:48:57','2015-03-01','2015-03-18','2015-03-18 17:46:18',1,'0.00000000',NULL,NULL,0,NULL,NULL,'77.55000000','0.00000000','0.00000000','0.00000000','369.30000000','446.85000000',2,3,3,NULL,NULL,NULL,NULL,1,3,'2015-03-05',NULL,NULL,'addapta',NULL,NULL);
INSERT INTO `B65362949_facture` VALUES (49,'15/0046',1,NULL,NULL,NULL,0,NULL,5,'2015-03-18 09:52:24','2015-03-01','2015-03-18','2015-04-17 12:20:52',1,'0.00000000',NULL,NULL,0,NULL,NULL,'22.63000000','0.00000000','0.00000000','0.00000000','107.75000000','130.38000000',2,3,3,NULL,NULL,NULL,NULL,1,2,'2015-03-01',NULL,NULL,'addapta',NULL,NULL);
INSERT INTO `B65362949_facture` VALUES (50,'15/0047',1,NULL,NULL,NULL,0,NULL,6,'2015-03-18 09:54:04','2015-03-01','2015-03-18','2015-05-26 14:33:36',1,'0.00000000',NULL,NULL,0,NULL,NULL,'45.39000000','0.00000000','0.00000000','0.00000000','216.15000000','261.54000000',2,3,3,NULL,NULL,NULL,NULL,4,2,'2015-05-20',NULL,NULL,'addapta',NULL,NULL);
INSERT INTO `B65362949_facture` VALUES (51,'15/0048',1,NULL,NULL,NULL,0,NULL,7,'2015-03-18 09:55:41','2015-03-01','2015-11-24','2015-11-24 12:55:42',1,'0.00000000',NULL,NULL,0,NULL,NULL,'20.95000000','0.00000000','0.00000000','0.00000000','99.75000000','120.70000000',2,3,3,NULL,NULL,NULL,NULL,1,7,'2015-03-01',NULL,NULL,'addapta',NULL,NULL);
INSERT INTO `B65362949_facture` VALUES (52,'15/0049',1,NULL,NULL,NULL,0,NULL,8,'2015-03-18 09:56:51','2015-03-01','2015-11-24','2015-11-24 12:31:24',1,'0.00000000',NULL,NULL,0,NULL,NULL,'257.62000000','0.00000000','0.00000000','0.00000000','1226.75000000','1484.37000000',2,3,3,NULL,NULL,NULL,NULL,2,2,'2015-04-01',NULL,NULL,'addapta',NULL,NULL);
INSERT INTO `B65362949_facture` VALUES (53,'15/0050',1,NULL,NULL,NULL,0,NULL,9,'2015-03-18 09:58:27','2015-03-01','2015-03-18','2015-03-18 17:45:52',1,'0.00000000',NULL,NULL,0,NULL,NULL,'58.20000000','0.00000000','0.00000000','0.00000000','277.15000000','335.35000000',2,3,3,NULL,NULL,NULL,NULL,1,2,'2015-03-01',NULL,NULL,'addapta',NULL,NULL);
INSERT INTO `B65362949_facture` VALUES (54,'15/0051',1,NULL,NULL,NULL,0,NULL,10,'2015-03-18 10:00:11','2015-03-01','2015-03-18','2015-05-29 18:00:13',1,'0.00000000',NULL,NULL,0,NULL,NULL,'1008.00000000','0.00000000','0.00000000','0.00000000','4800.00000000','5808.00000000',2,3,3,NULL,NULL,NULL,NULL,4,2,'2015-05-01',NULL,NULL,'addapta',NULL,NULL);
INSERT INTO `B65362949_facture` VALUES (55,'15/0052',1,NULL,NULL,NULL,0,NULL,10,'2015-03-18 10:02:12','2015-03-01','2015-03-18','2015-05-29 18:00:13',1,'0.00000000',NULL,NULL,0,NULL,NULL,'955.50000000','0.00000000','0.00000000','0.00000000','4550.00000000','5505.50000000',2,3,3,NULL,NULL,NULL,NULL,4,2,'2015-05-01',NULL,NULL,'addapta',NULL,NULL);
INSERT INTO `B65362949_facture` VALUES (56,'15/0053',1,NULL,NULL,NULL,0,NULL,11,'2015-03-18 10:04:02','2015-03-01','2015-03-18','2015-04-10 10:27:50',1,'0.00000000',NULL,NULL,0,NULL,NULL,'146.21000000','0.00000000','0.00000000','0.00000000','696.25000000','842.46000000',2,3,3,NULL,NULL,NULL,NULL,1,2,'2015-03-01',NULL,NULL,'addapta',NULL,NULL);
INSERT INTO `B65362949_facture` VALUES (57,'15/0054',1,NULL,NULL,NULL,0,NULL,3,'2015-03-18 10:36:23','2015-03-01','2015-03-18','2015-04-07 09:43:44',1,'0.00000000',NULL,NULL,0,NULL,NULL,'80.64000000','0.00000000','0.00000000','0.00000000','384.00000000','464.64000000',2,3,3,NULL,NULL,NULL,NULL,1,3,'2015-03-01',NULL,NULL,'addapta',NULL,NULL);
INSERT INTO `B65362949_facture` VALUES (60,'15/0055',1,NULL,NULL,NULL,0,NULL,27,'2015-03-23 19:02:28','2015-03-31','2015-03-30','2015-03-31 10:34:49',1,'0.00000000',NULL,NULL,0,NULL,NULL,'29.82000000','0.00000000','0.00000000','0.00000000','142.00000000','171.82000000',2,3,3,NULL,NULL,NULL,NULL,1,2,'2015-03-31',NULL,NULL,'addapta',NULL,NULL);
INSERT INTO `B65362949_facture` VALUES (61,'15/0056',1,NULL,NULL,NULL,0,NULL,28,'2015-03-23 19:03:35','2015-03-31','2015-04-07','2015-05-13 11:08:57',1,'0.00000000',NULL,NULL,0,NULL,NULL,'105.00000000','0.00000000','0.00000000','0.00000000','500.00000000','605.00000000',2,3,3,NULL,NULL,NULL,NULL,1,2,'2015-03-31',NULL,NULL,'addapta',NULL,NULL);
INSERT INTO `B65362949_facture` VALUES (63,'15/0057',1,NULL,NULL,NULL,0,NULL,3,'2015-03-27 14:43:31','2015-04-01','2015-03-27','2015-04-07 09:43:44',1,'0.00000000',NULL,NULL,0,NULL,NULL,'388.50000000','0.00000000','0.00000000','0.00000000','1850.00000000','2238.50000000',2,3,3,NULL,NULL,NULL,NULL,1,3,'2015-04-01',NULL,NULL,'addapta',NULL,NULL);
INSERT INTO `B65362949_facture` VALUES (64,'15/0058',1,NULL,NULL,NULL,0,NULL,3,'2015-03-27 14:45:08','2015-04-01','2015-03-27','2015-04-07 09:43:44',1,'0.00000000',NULL,NULL,0,NULL,NULL,'76.44000000','0.00000000','0.00000000','0.00000000','364.00000000','440.44000000',2,3,3,NULL,NULL,NULL,NULL,1,3,'2015-04-01',NULL,NULL,'addapta',NULL,NULL);
INSERT INTO `B65362949_facture` VALUES (65,'15/0059',1,NULL,NULL,NULL,0,NULL,1,'2015-03-27 14:51:05','2015-04-01','2015-03-27','2015-04-07 09:43:44',1,'0.00000000',NULL,NULL,0,NULL,NULL,'36.23000000','0.00000000','0.00000000','0.00000000','172.50000000','208.73000000',2,3,3,NULL,NULL,NULL,NULL,1,3,'2015-04-01',NULL,NULL,'addapta',NULL,NULL);
INSERT INTO `B65362949_facture` VALUES (66,'15/0060',1,NULL,NULL,NULL,0,NULL,2,'2015-03-27 14:54:37','2015-04-01','2015-03-30','2015-04-30 13:45:19',1,'0.00000000',NULL,NULL,0,NULL,NULL,'144.69000000','0.00000000','0.00000000','0.00000000','689.00000000','833.69000000',2,3,3,NULL,NULL,NULL,NULL,1,3,'2015-04-25',NULL,NULL,'addapta',NULL,NULL);
INSERT INTO `B65362949_facture` VALUES (67,'15/0061',1,NULL,NULL,NULL,0,NULL,4,'2015-03-27 14:58:39','2015-04-01','2015-03-27','2015-04-08 16:59:43',1,'0.00000000',NULL,NULL,0,NULL,NULL,'77.55000000','0.00000000','0.00000000','0.00000000','369.30000000','446.85000000',2,3,3,NULL,NULL,NULL,NULL,1,3,'2015-04-05',NULL,NULL,'addapta',NULL,NULL);
INSERT INTO `B65362949_facture` VALUES (68,'15/0062',1,NULL,NULL,NULL,0,NULL,5,'2015-03-27 15:00:18','2015-04-01','2015-03-27','2015-11-27 14:10:51',1,'0.00000000',NULL,NULL,0,NULL,NULL,'22.63000000','0.00000000','0.00000000','0.00000000','107.75000000','130.38000000',2,3,3,NULL,NULL,NULL,NULL,1,2,'2015-04-01',NULL,NULL,'addapta',NULL,NULL);
INSERT INTO `B65362949_facture` VALUES (69,'15/0063',1,NULL,NULL,NULL,0,NULL,6,'2015-03-27 15:07:14','2015-04-01','2015-03-27','2015-06-22 14:31:54',1,'0.00000000',NULL,NULL,0,NULL,NULL,'45.39000000','0.00000000','0.00000000','0.00000000','216.15000000','261.54000000',2,3,3,NULL,NULL,NULL,NULL,4,2,'2015-06-20',NULL,NULL,'addapta',NULL,NULL);
INSERT INTO `B65362949_facture` VALUES (70,'15/0064',1,NULL,NULL,NULL,0,NULL,7,'2015-03-27 15:09:41','2015-04-01','2015-11-24','2015-11-24 12:57:36',1,'0.00000000',NULL,NULL,0,NULL,NULL,'20.95000000','0.00000000','0.00000000','0.00000000','99.75000000','120.70000000',2,3,3,NULL,NULL,NULL,NULL,1,7,'2015-04-01',NULL,NULL,'addapta',NULL,NULL);
INSERT INTO `B65362949_facture` VALUES (71,'15/0065',1,NULL,NULL,NULL,0,NULL,8,'2015-03-27 15:11:54','2015-04-01','2015-11-24','2015-11-24 12:33:26',1,'0.00000000',NULL,NULL,0,NULL,NULL,'257.62000000','0.00000000','0.00000000','0.00000000','1226.75000000','1484.37000000',2,3,3,NULL,NULL,NULL,NULL,2,2,'2015-05-01',NULL,NULL,'addapta',NULL,NULL);
INSERT INTO `B65362949_facture` VALUES (72,'15/0066',1,NULL,NULL,NULL,0,NULL,9,'2015-03-27 15:14:02','2015-04-01','2015-03-27','2015-04-07 09:41:42',1,'0.00000000',NULL,NULL,0,NULL,NULL,'58.20000000','0.00000000','0.00000000','0.00000000','277.15000000','335.35000000',2,3,3,NULL,NULL,NULL,NULL,1,2,'2015-04-01',NULL,NULL,'addapta',NULL,NULL);
INSERT INTO `B65362949_facture` VALUES (73,'15/0067',1,NULL,NULL,NULL,0,NULL,11,'2015-03-27 15:43:10','2015-04-01','2015-03-27','2015-04-10 10:29:58',1,'0.00000000',NULL,NULL,0,NULL,NULL,'146.21000000','0.00000000','0.00000000','0.00000000','696.25000000','842.46000000',2,3,3,NULL,NULL,NULL,NULL,1,2,'2015-04-01',NULL,NULL,'addapta',NULL,NULL);
INSERT INTO `B65362949_facture` VALUES (74,'15/0068',1,NULL,NULL,NULL,0,NULL,3,'2015-03-31 11:45:35','2015-04-01','2015-03-31','2015-05-04 09:00:36',1,'0.00000000',NULL,NULL,0,NULL,NULL,'169.68000000','0.00000000','0.00000000','0.00000000','808.00000000','977.68000000',2,3,3,NULL,NULL,NULL,NULL,1,3,'2015-05-01',NULL,NULL,'addapta',NULL,NULL);
INSERT INTO `B65362949_facture` VALUES (75,'15/0069',1,NULL,NULL,NULL,0,NULL,3,'2015-03-31 11:49:13','2015-04-01','2015-03-31','2015-05-04 09:00:37',1,'0.00000000',NULL,NULL,0,NULL,NULL,'231.00000000','0.00000000','0.00000000','0.00000000','1100.00000000','1331.00000000',2,3,3,NULL,NULL,NULL,NULL,1,3,'2015-05-01',NULL,NULL,'addapta',NULL,NULL);
INSERT INTO `B65362949_facture` VALUES (76,'15/0070',1,NULL,NULL,NULL,0,NULL,10,'2015-03-31 12:34:00','2015-04-01','2015-03-31','2015-06-12 11:17:05',1,'0.00000000',NULL,NULL,0,NULL,NULL,'1002.75000000','0.00000000','0.00000000','0.00000000','4775.00000000','5777.75000000',2,3,3,NULL,NULL,NULL,NULL,4,2,'2015-05-31',NULL,NULL,'addapta',NULL,NULL);
INSERT INTO `B65362949_facture` VALUES (77,'15/0076',1,NULL,NULL,NULL,0,NULL,27,'2015-04-07 11:20:10','2015-04-30','2015-04-24','2015-05-05 14:11:06',1,'0.00000000',NULL,NULL,0,NULL,NULL,'29.82000000','0.00000000','0.00000000','0.00000000','142.00000000','171.82000000',2,3,3,NULL,NULL,NULL,NULL,1,2,'2015-04-30',NULL,NULL,'addapta',NULL,NULL);
INSERT INTO `B65362949_facture` VALUES (78,'15/0077',1,NULL,NULL,NULL,0,NULL,28,'2015-04-07 11:22:21','2015-04-30','2015-04-24','2015-05-13 11:08:57',1,'0.00000000',NULL,NULL,0,NULL,NULL,'105.00000000','0.00000000','0.00000000','0.00000000','500.00000000','605.00000000',2,3,3,NULL,NULL,NULL,NULL,1,2,'2015-04-30',NULL,NULL,'addapta',NULL,NULL);
INSERT INTO `B65362949_facture` VALUES (79,'15/0071',1,NULL,NULL,NULL,0,NULL,35,'2015-04-07 13:19:20','2015-04-07','2015-04-07','2015-04-10 10:37:14',1,'0.00000000',NULL,NULL,0,NULL,NULL,'36.75000000','0.00000000','0.00000000','0.00000000','175.00000000','211.75000000',2,3,3,NULL,NULL,NULL,NULL,1,3,'2015-04-07',NULL,NULL,'addapta',NULL,NULL);
INSERT INTO `B65362949_facture` VALUES (80,'15/0072',1,NULL,NULL,NULL,0,NULL,3,'2015-04-09 10:51:53','2015-04-09','2015-04-09','2015-04-15 11:19:50',1,'0.00000000',NULL,NULL,0,NULL,NULL,'75.60000000','0.00000000','0.00000000','0.00000000','360.00000000','435.60000000',2,3,3,NULL,NULL,NULL,NULL,1,3,'2015-04-09',NULL,NULL,'addapta',NULL,NULL);
INSERT INTO `B65362949_facture` VALUES (81,'15/0073',1,NULL,NULL,NULL,0,NULL,3,'2015-04-09 12:14:55','2015-04-09','2015-04-09','2015-04-15 11:20:06',1,'0.00000000',NULL,NULL,0,NULL,NULL,'94.50000000','0.00000000','0.00000000','0.00000000','450.00000000','544.50000000',2,3,3,NULL,NULL,NULL,NULL,1,3,'2015-04-09',NULL,NULL,'addapta',NULL,NULL);
INSERT INTO `B65362949_facture` VALUES (82,'15/0074',1,NULL,NULL,NULL,0,NULL,36,'2015-04-10 12:04:25','2015-04-13','2015-04-16','2015-04-30 13:46:44',1,'0.00000000',NULL,NULL,0,NULL,NULL,'29.40000000','0.00000000','0.00000000','0.00000000','140.00000000','169.40000000',2,3,3,NULL,NULL,NULL,NULL,1,2,'2015-04-13','Aceptado en correo del día 10/4/2015 a las 11:46',NULL,'addapta',NULL,NULL);
INSERT INTO `B65362949_facture` VALUES (83,'15/0075',1,NULL,NULL,NULL,0,NULL,3,'2015-04-24 14:42:22','2015-04-24','2015-04-24','2015-05-04 08:56:48',1,'0.00000000',NULL,NULL,0,NULL,NULL,'31.50000000','0.00000000','0.00000000','0.00000000','150.00000000','181.50000000',2,3,3,NULL,NULL,NULL,NULL,1,3,'2015-05-01',NULL,NULL,'addapta',NULL,NULL);
INSERT INTO `B65362949_facture` VALUES (85,'15/0078',1,NULL,NULL,NULL,0,NULL,3,'2015-04-24 14:46:58','2015-05-01','2015-04-24','2015-05-04 08:56:48',1,'0.00000000',NULL,NULL,0,NULL,NULL,'388.50000000','0.00000000','0.00000000','0.00000000','1850.00000000','2238.50000000',2,3,3,NULL,NULL,NULL,NULL,1,3,'2015-05-01',NULL,NULL,'addapta',NULL,NULL);
INSERT INTO `B65362949_facture` VALUES (86,'15/0079',1,NULL,NULL,NULL,0,NULL,3,'2015-04-24 14:50:12','2015-05-01','2015-04-24','2015-05-04 08:56:48',1,'0.00000000',NULL,NULL,0,NULL,NULL,'76.44000000','0.00000000','0.00000000','0.00000000','364.00000000','440.44000000',2,3,3,NULL,NULL,NULL,NULL,1,3,'2015-05-01',NULL,NULL,'addapta',NULL,NULL);
INSERT INTO `B65362949_facture` VALUES (87,'15/0080',1,NULL,NULL,NULL,0,NULL,1,'2015-04-24 14:51:29','2015-05-01','2015-04-24','2015-05-04 08:56:48',1,'0.00000000',NULL,NULL,0,NULL,NULL,'36.23000000','0.00000000','0.00000000','0.00000000','172.50000000','208.73000000',2,3,3,NULL,NULL,NULL,NULL,1,3,'2015-05-01',NULL,NULL,'addapta',NULL,NULL);
INSERT INTO `B65362949_facture` VALUES (88,'15/0081',1,NULL,NULL,NULL,0,NULL,2,'2015-04-24 14:52:13','2015-05-01','2015-05-04','2015-05-29 17:36:22',1,'0.00000000',NULL,NULL,0,NULL,NULL,'96.39000000','0.00000000','0.00000000','0.00000000','459.00000000','555.39000000',2,3,3,NULL,NULL,NULL,NULL,1,3,'2015-05-01',NULL,NULL,'addapta',NULL,NULL);
INSERT INTO `B65362949_facture` VALUES (89,'15/0082',1,NULL,NULL,NULL,0,NULL,4,'2015-04-24 14:54:40','2015-05-01','2015-05-04','2015-05-12 06:23:45',1,'0.00000000',NULL,NULL,0,NULL,NULL,'77.55000000','0.00000000','0.00000000','0.00000000','369.30000000','446.85000000',2,3,3,NULL,NULL,NULL,NULL,1,3,'2015-05-01',NULL,NULL,'addapta',NULL,NULL);
INSERT INTO `B65362949_facture` VALUES (90,'15/0083',1,NULL,NULL,NULL,0,NULL,5,'2015-04-24 15:03:55','2015-05-01','2015-05-04','2015-11-27 14:10:51',1,'0.00000000',NULL,NULL,0,NULL,NULL,'22.63000000','0.00000000','0.00000000','0.00000000','107.75000000','130.38000000',2,3,3,NULL,NULL,NULL,NULL,1,2,'2015-05-01',NULL,NULL,'addapta',NULL,NULL);
INSERT INTO `B65362949_facture` VALUES (91,'15/0084',1,NULL,NULL,NULL,0,NULL,6,'2015-04-24 15:31:36','2015-05-01','2015-05-29','2015-07-20 12:00:37',1,'0.00000000',NULL,NULL,0,NULL,NULL,'45.39000000','0.00000000','0.00000000','0.00000000','216.15000000','261.54000000',2,3,3,NULL,NULL,NULL,NULL,4,2,'2015-07-20',NULL,NULL,'addapta',NULL,NULL);
INSERT INTO `B65362949_facture` VALUES (92,'15/0085',1,NULL,NULL,NULL,0,NULL,7,'2015-04-24 15:32:36','2015-05-01','2015-11-24','2015-11-24 13:03:31',1,'0.00000000',NULL,NULL,0,NULL,NULL,'20.95000000','0.00000000','0.00000000','0.00000000','99.75000000','120.70000000',2,3,3,NULL,NULL,NULL,NULL,1,7,'2015-05-01',NULL,NULL,'addapta',NULL,NULL);
INSERT INTO `B65362949_facture` VALUES (93,'15/0086',1,NULL,NULL,NULL,0,NULL,8,'2015-04-24 15:33:36','2015-05-01','2015-11-24','2015-11-24 12:35:43',1,'0.00000000',NULL,NULL,0,NULL,NULL,'257.62000000','0.00000000','0.00000000','0.00000000','1226.75000000','1484.37000000',2,3,3,NULL,NULL,NULL,NULL,2,2,'2015-05-31',NULL,NULL,'addapta',NULL,NULL);
INSERT INTO `B65362949_facture` VALUES (94,'15/0087',1,NULL,NULL,NULL,0,NULL,9,'2015-04-24 15:47:32','2015-05-01','2015-05-04','2015-05-05 14:10:27',1,'0.00000000',NULL,NULL,0,NULL,NULL,'58.20000000','0.00000000','0.00000000','0.00000000','277.15000000','335.35000000',2,3,3,NULL,NULL,NULL,NULL,1,2,'2015-05-01',NULL,NULL,'addapta',NULL,NULL);
INSERT INTO `B65362949_facture` VALUES (95,'15/0088',1,NULL,NULL,NULL,0,NULL,11,'2015-04-24 15:48:32','2015-05-01','2015-05-04','2015-07-06 12:04:39',1,'0.00000000',NULL,NULL,0,NULL,NULL,'146.21000000','0.00000000','0.00000000','0.00000000','696.25000000','842.46000000',2,3,3,NULL,NULL,NULL,NULL,1,2,'2015-05-01',NULL,NULL,'addapta',NULL,NULL);
INSERT INTO `B65362949_facture` VALUES (96,'15/0090',1,NULL,NULL,NULL,0,NULL,3,'2015-04-24 15:49:42','2015-05-01','2015-05-04','2015-06-08 14:34:18',1,'0.00000000',NULL,NULL,0,NULL,NULL,'169.68000000','0.00000000','0.00000000','0.00000000','808.00000000','977.68000000',2,3,3,NULL,NULL,NULL,NULL,1,3,'2015-06-01',NULL,NULL,'addapta',NULL,NULL);
INSERT INTO `B65362949_facture` VALUES (97,'15/0089',1,NULL,NULL,NULL,0,NULL,3,'2015-04-24 15:51:16','2015-05-01','2015-05-04','2015-06-08 14:34:18',1,'0.00000000',NULL,NULL,0,NULL,NULL,'231.00000000','0.00000000','0.00000000','0.00000000','1100.00000000','1331.00000000',2,3,3,NULL,NULL,NULL,NULL,1,3,'2015-06-01',NULL,NULL,'addapta',NULL,NULL);
INSERT INTO `B65362949_facture` VALUES (98,'15/0092',1,NULL,NULL,NULL,0,NULL,10,'2015-04-24 15:52:16','2015-05-01','2015-05-07','2015-07-28 11:41:55',1,'0.00000000',NULL,NULL,0,NULL,NULL,'824.25000000','0.00000000','0.00000000','0.00000000','3925.00000000','4749.25000000',2,3,3,NULL,NULL,NULL,NULL,4,2,'2015-06-30',NULL,NULL,'addapta',NULL,NULL);
INSERT INTO `B65362949_facture` VALUES (99,'15/0093',1,NULL,NULL,NULL,0,NULL,10,'2015-04-24 15:53:19','2015-05-01','2015-05-07','2015-07-28 11:41:55',1,'0.00000000',NULL,NULL,0,NULL,NULL,'997.92000000','0.00000000','0.00000000','0.00000000','4752.00000000','5749.92000000',2,3,3,NULL,NULL,NULL,NULL,4,2,'2015-06-30',NULL,NULL,'addapta',NULL,NULL);
INSERT INTO `B65362949_facture` VALUES (100,'15/0098',1,NULL,NULL,NULL,0,NULL,27,'2015-04-24 15:55:51','2015-05-31','2015-05-29','2015-06-03 11:18:08',1,'0.00000000',NULL,NULL,0,NULL,NULL,'29.82000000','0.00000000','0.00000000','0.00000000','142.00000000','171.82000000',2,3,3,NULL,NULL,NULL,NULL,1,2,'2015-05-31',NULL,NULL,'addapta',NULL,NULL);
INSERT INTO `B65362949_facture` VALUES (101,'15/0099',1,NULL,NULL,NULL,0,NULL,28,'2015-04-24 15:57:21','2015-05-31','2015-05-29','2015-06-17 11:06:29',1,'0.00000000',NULL,NULL,0,NULL,NULL,'105.00000000','0.00000000','0.00000000','0.00000000','500.00000000','605.00000000',2,3,3,NULL,NULL,NULL,NULL,1,2,'2015-05-31',NULL,NULL,'addapta',NULL,NULL);
INSERT INTO `B65362949_facture` VALUES (102,'15/0091',1,NULL,NULL,NULL,0,NULL,51,'2015-05-05 14:20:17','2015-05-01','2015-06-08','2015-06-15 10:40:57',1,'0.00000000',NULL,NULL,0,NULL,NULL,'40.95000000','0.00000000','0.00000000','0.00000000','195.00000000','235.95000000',2,3,3,NULL,NULL,NULL,NULL,1,2,'2015-06-15',NULL,NULL,'addapta',NULL,NULL);
INSERT INTO `B65362949_facture` VALUES (103,'15/0094',1,NULL,NULL,NULL,0,NULL,3,'2015-05-12 06:39:10','2015-05-12','2015-05-12','2015-05-15 14:07:06',1,'0.00000000',NULL,NULL,0,NULL,NULL,'50.40000000','0.00000000','0.00000000','0.00000000','240.00000000','290.40000000',2,2,3,NULL,NULL,NULL,NULL,1,3,'2015-05-12',NULL,NULL,'addapta',NULL,NULL);
INSERT INTO `B65362949_facture` VALUES (105,'15/0097',1,NULL,NULL,NULL,0,NULL,54,'2015-05-17 11:41:28','2015-05-17','2015-05-29','2015-06-08 14:33:07',1,'0.00000000',NULL,NULL,0,NULL,NULL,'63.00000000','0.00000000','0.00000000','0.00000000','300.00000000','363.00000000',2,2,3,NULL,NULL,NULL,NULL,1,2,'2015-05-17',NULL,NULL,'addapta',NULL,NULL);
INSERT INTO `B65362949_facture` VALUES (106,'15/0095',1,NULL,NULL,NULL,0,NULL,53,'2015-05-28 19:07:47','2015-05-28','2015-05-29','2015-06-11 13:58:31',1,'0.00000000',NULL,NULL,0,NULL,NULL,'405.72000000','0.00000000','0.00000000','0.00000000','1932.00000000','2337.72000000',2,2,2,NULL,NULL,NULL,NULL,1,2,'2015-05-28',NULL,NULL,'addapta',NULL,NULL);
INSERT INTO `B65362949_facture` VALUES (107,'15/0096',1,NULL,NULL,NULL,0,NULL,51,'2015-05-29 10:39:44','2015-05-29','2015-06-08','2015-07-16 10:27:09',1,'0.00000000',NULL,NULL,0,NULL,NULL,'317.35000000','0.00000000','0.00000000','0.00000000','1511.26000000','1828.61000000',2,3,3,NULL,NULL,NULL,NULL,1,2,'2015-07-15',NULL,NULL,'addapta',NULL,NULL);
INSERT INTO `B65362949_facture` VALUES (109,'15/0100',1,NULL,NULL,NULL,0,NULL,3,'2015-05-29 15:37:53','2015-06-01','2015-05-29','2015-06-08 14:34:18',1,'0.00000000',NULL,NULL,0,NULL,NULL,'388.50000000','0.00000000','0.00000000','0.00000000','1850.00000000','2238.50000000',2,3,3,NULL,NULL,NULL,NULL,1,3,'2015-06-01',NULL,NULL,'addapta',NULL,NULL);
INSERT INTO `B65362949_facture` VALUES (110,'15/0101',1,NULL,NULL,NULL,0,NULL,3,'2015-05-29 15:40:49','2015-06-01','2015-05-29','2015-06-08 14:34:18',1,'0.00000000',NULL,NULL,0,NULL,NULL,'76.44000000','0.00000000','0.00000000','0.00000000','364.00000000','440.44000000',2,3,3,NULL,NULL,NULL,NULL,1,3,'2015-06-01',NULL,NULL,'addapta',NULL,NULL);
INSERT INTO `B65362949_facture` VALUES (111,'15/0102',1,NULL,NULL,NULL,0,NULL,1,'2015-05-29 15:42:22','2015-06-01','2015-05-29','2015-06-08 14:34:18',1,'0.00000000',NULL,NULL,0,NULL,NULL,'36.23000000','0.00000000','0.00000000','0.00000000','172.50000000','208.73000000',2,3,3,NULL,NULL,NULL,NULL,1,3,'2015-06-01',NULL,NULL,'addapta',NULL,NULL);
INSERT INTO `B65362949_facture` VALUES (112,'15/0103',1,NULL,NULL,NULL,0,NULL,2,'2015-05-29 15:43:21','2015-06-01','2015-05-29','2015-06-30 07:51:39',1,'0.00000000',NULL,NULL,0,NULL,NULL,'96.39000000','0.00000000','0.00000000','0.00000000','459.00000000','555.39000000',2,3,3,NULL,NULL,NULL,NULL,1,3,'2015-06-25',NULL,NULL,'addapta',NULL,NULL);
INSERT INTO `B65362949_facture` VALUES (113,'15/0104',1,NULL,NULL,NULL,0,NULL,4,'2015-05-29 15:44:50','2015-06-01','2015-05-29','2015-06-08 14:34:47',1,'0.00000000',NULL,NULL,0,NULL,NULL,'77.55000000','0.00000000','0.00000000','0.00000000','369.30000000','446.85000000',2,3,3,NULL,NULL,NULL,NULL,1,3,'2015-06-05',NULL,NULL,'addapta',NULL,NULL);
INSERT INTO `B65362949_facture` VALUES (114,'15/0105',1,NULL,NULL,NULL,0,NULL,5,'2015-05-29 15:46:27','2015-06-01','2015-05-29','2015-11-27 14:10:51',1,'0.00000000',NULL,NULL,0,NULL,NULL,'22.63000000','0.00000000','0.00000000','0.00000000','107.75000000','130.38000000',2,3,3,NULL,NULL,NULL,NULL,1,2,'2015-06-01',NULL,NULL,'addapta',NULL,NULL);
INSERT INTO `B65362949_facture` VALUES (115,'15/0106',1,NULL,NULL,NULL,0,NULL,6,'2015-05-29 15:48:26','2015-06-01','2015-09-29','2015-10-21 10:12:40',1,'0.00000000',NULL,NULL,0,NULL,NULL,'45.39000000','0.00000000','0.00000000','0.00000000','216.15000000','261.54000000',2,3,3,NULL,NULL,NULL,NULL,4,2,'2015-10-20',NULL,NULL,'addapta',NULL,NULL);
INSERT INTO `B65362949_facture` VALUES (116,'15/0107',1,NULL,NULL,NULL,0,NULL,7,'2015-05-29 16:05:38','2015-06-01','2015-11-24','2016-01-14 19:21:43',1,'0.00000000',NULL,NULL,0,NULL,NULL,'20.95000000','0.00000000','0.00000000','0.00000000','99.75000000','120.70000000',2,3,3,NULL,NULL,NULL,NULL,1,7,'2015-06-01',NULL,NULL,'addapta',NULL,NULL);
INSERT INTO `B65362949_facture` VALUES (117,'15/0108',1,NULL,NULL,NULL,0,NULL,8,'2015-05-29 16:07:44','2015-06-01','2015-11-24','2015-11-24 12:37:25',1,'0.00000000',NULL,NULL,0,NULL,NULL,'257.62000000','0.00000000','0.00000000','0.00000000','1226.75000000','1484.37000000',2,3,3,NULL,NULL,NULL,NULL,2,2,'2015-07-01',NULL,NULL,'addapta',NULL,NULL);
INSERT INTO `B65362949_facture` VALUES (118,'15/0109',1,NULL,NULL,NULL,0,NULL,9,'2015-05-29 16:09:36','2015-06-01','2015-05-29','2015-06-16 11:17:32',1,'0.00000000',NULL,NULL,0,NULL,NULL,'58.20000000','0.00000000','0.00000000','0.00000000','277.15000000','335.35000000',2,3,3,NULL,NULL,NULL,NULL,1,2,'2015-06-01',NULL,NULL,'addapta',NULL,NULL);
INSERT INTO `B65362949_facture` VALUES (119,'15/0110',1,NULL,NULL,NULL,0,NULL,11,'2015-05-29 16:14:15','2015-06-01','2015-05-29','2015-07-06 12:04:39',1,'0.00000000',NULL,NULL,0,NULL,NULL,'146.21000000','0.00000000','0.00000000','0.00000000','696.25000000','842.46000000',2,3,3,NULL,NULL,NULL,NULL,1,2,'2015-06-01',NULL,NULL,'addapta',NULL,NULL);
INSERT INTO `B65362949_facture` VALUES (120,'15/0111',1,NULL,NULL,NULL,0,NULL,3,'2015-05-29 16:15:23','2015-06-01','2015-05-29','2015-07-06 12:02:52',1,'0.00000000',NULL,NULL,0,NULL,NULL,'169.68000000','0.00000000','0.00000000','0.00000000','808.00000000','977.68000000',2,3,3,NULL,NULL,NULL,NULL,1,3,'2015-07-01',NULL,NULL,'addapta',NULL,NULL);
INSERT INTO `B65362949_facture` VALUES (121,'15/0112',1,NULL,NULL,NULL,0,NULL,3,'2015-05-29 16:17:01','2015-06-01','2015-05-29','2015-07-06 12:02:52',1,'0.00000000',NULL,NULL,0,NULL,NULL,'231.00000000','0.00000000','0.00000000','0.00000000','1100.00000000','1331.00000000',2,3,3,NULL,NULL,NULL,NULL,1,3,'2015-07-01',NULL,NULL,'addapta',NULL,NULL);
INSERT INTO `B65362949_facture` VALUES (122,'15/0113',1,NULL,NULL,NULL,0,NULL,10,'2015-05-29 16:18:16','2015-06-01','2015-05-29','2015-08-12 20:11:34',1,'0.00000000',NULL,NULL,0,NULL,NULL,'897.75000000','0.00000000','0.00000000','0.00000000','4275.00000000','5172.75000000',2,3,3,NULL,NULL,NULL,NULL,4,2,'2015-07-31',NULL,NULL,'addapta',NULL,NULL);
INSERT INTO `B65362949_facture` VALUES (123,'15/0114',1,NULL,NULL,NULL,0,NULL,10,'2015-05-29 16:20:49','2015-06-01','2015-05-29','2015-08-12 20:11:34',1,'0.00000000',NULL,NULL,0,NULL,NULL,'907.20000000','0.00000000','0.00000000','0.00000000','4320.00000000','5227.20000000',2,3,3,NULL,NULL,NULL,NULL,4,2,'2015-07-31',NULL,NULL,'addapta',NULL,NULL);
INSERT INTO `B65362949_facture` VALUES (124,'15/0125',1,NULL,NULL,NULL,0,NULL,2,'2015-06-15 11:21:28','2015-07-01','2015-06-30','2015-07-27 12:08:44',1,'0.00000000',NULL,NULL,0,NULL,NULL,'144.69000000','0.00000000','0.00000000','0.00000000','689.00000000','833.69000000',2,3,3,NULL,NULL,NULL,NULL,1,3,'2015-07-01',NULL,NULL,'addapta',NULL,NULL);
INSERT INTO `B65362949_facture` VALUES (125,'15/0115',1,NULL,NULL,NULL,0,NULL,51,'2015-06-15 17:19:46','2015-06-15','2015-06-15','2015-08-14 18:31:23',1,'0.00000000',NULL,NULL,0,NULL,NULL,'511.88000000','0.00000000','0.00000000','0.00000000','2437.50000000','2949.38000000',2,3,3,NULL,NULL,NULL,NULL,1,2,'2015-06-15',NULL,NULL,'addapta',NULL,NULL);
INSERT INTO `B65362949_facture` VALUES (126,'15/0116',1,NULL,NULL,NULL,0,NULL,51,'2015-06-16 14:49:09','2015-06-15','2015-06-16','2015-07-16 10:26:19',1,'0.00000000',NULL,NULL,0,NULL,NULL,'26.44000000','0.00000000','0.00000000','0.00000000','125.90000000','152.34000000',2,3,3,NULL,NULL,NULL,NULL,1,2,'2015-06-15',NULL,NULL,'addapta',NULL,NULL);
INSERT INTO `B65362949_facture` VALUES (128,'15/0117',1,NULL,NULL,NULL,0,NULL,7,'2015-06-22 12:43:15','2015-06-22','2015-11-24','2016-01-14 19:21:43',1,'0.00000000',NULL,NULL,0,NULL,NULL,'58.80000000','0.00000000','0.00000000','0.00000000','280.00000000','338.80000000',2,2,3,NULL,NULL,NULL,NULL,1,2,'2015-06-22',NULL,NULL,'addapta',NULL,NULL);
INSERT INTO `B65362949_facture` VALUES (129,'15/0118',1,NULL,NULL,NULL,0,NULL,51,'2015-06-22 16:28:28','2015-06-23','2015-06-23','2015-08-14 18:32:11',1,'0.00000000',NULL,NULL,0,NULL,NULL,'102.62000000','0.00000000','0.00000000','0.00000000','488.66000000','591.28000000',2,3,3,NULL,NULL,NULL,NULL,1,2,'2015-07-15',NULL,NULL,'addapta',NULL,NULL);
INSERT INTO `B65362949_facture` VALUES (130,'15/0121',1,NULL,NULL,NULL,0,NULL,55,'2015-06-29 10:16:39','2015-06-30','2015-06-30','2015-10-16 09:53:24',1,'0.00000000',NULL,NULL,0,NULL,NULL,'84.00000000','0.00000000','0.00000000','0.00000000','400.00000000','484.00000000',2,2,3,NULL,NULL,NULL,NULL,1,2,'2015-06-30',NULL,NULL,'addapta',NULL,NULL);
INSERT INTO `B65362949_facture` VALUES (131,'15/0119',1,NULL,NULL,NULL,0,NULL,27,'2015-06-30 07:57:19','2015-06-30','2015-06-30','2015-07-02 15:23:32',1,'0.00000000',NULL,NULL,0,NULL,NULL,'29.82000000','0.00000000','0.00000000','0.00000000','142.00000000','171.82000000',2,3,3,NULL,NULL,NULL,NULL,1,2,'2015-06-30',NULL,NULL,'addapta',NULL,NULL);
INSERT INTO `B65362949_facture` VALUES (132,'15/0120',1,NULL,NULL,NULL,0,NULL,28,'2015-06-30 07:58:50','2015-06-30','2015-06-30','2015-07-20 09:31:31',1,'0.00000000',NULL,NULL,0,NULL,NULL,'105.00000000','0.00000000','0.00000000','0.00000000','500.00000000','605.00000000',2,3,3,NULL,NULL,NULL,NULL,1,2,'2015-06-30',NULL,NULL,'addapta',NULL,NULL);
INSERT INTO `B65362949_facture` VALUES (133,'15/0122',1,NULL,NULL,NULL,0,NULL,3,'2015-06-30 08:03:03','2015-07-01','2015-06-30','2015-07-06 12:02:52',1,'0.00000000',NULL,NULL,0,NULL,NULL,'388.50000000','0.00000000','0.00000000','0.00000000','1850.00000000','2238.50000000',2,3,3,NULL,NULL,NULL,NULL,1,3,'2015-07-01',NULL,NULL,'addapta',NULL,NULL);
INSERT INTO `B65362949_facture` VALUES (134,'15/0123',1,NULL,NULL,NULL,0,NULL,3,'2015-06-30 08:05:30','2015-07-01','2015-06-30','2015-07-06 12:02:52',1,'0.00000000',NULL,NULL,0,NULL,NULL,'76.44000000','0.00000000','0.00000000','0.00000000','364.00000000','440.44000000',2,3,3,NULL,NULL,NULL,NULL,1,3,'2015-07-01',NULL,NULL,'addapta',NULL,NULL);
INSERT INTO `B65362949_facture` VALUES (135,'15/0124',1,NULL,NULL,NULL,0,NULL,1,'2015-06-30 08:06:57','2015-07-01','2015-06-30','2015-07-06 12:02:52',1,'0.00000000',NULL,NULL,0,NULL,NULL,'36.23000000','0.00000000','0.00000000','0.00000000','172.50000000','208.73000000',2,3,3,NULL,NULL,NULL,NULL,1,3,'2015-07-01',NULL,NULL,'addapta',NULL,NULL);
INSERT INTO `B65362949_facture` VALUES (136,'15/0126',1,NULL,NULL,NULL,0,NULL,4,'2015-06-30 09:08:50','2015-07-01','2015-06-30','2015-07-07 16:26:46',1,'0.00000000',NULL,NULL,0,NULL,NULL,'120.18000000','0.00000000','0.00000000','0.00000000','572.30000000','692.48000000',2,3,3,NULL,NULL,NULL,NULL,1,3,'2015-07-01',NULL,NULL,'addapta',NULL,NULL);
INSERT INTO `B65362949_facture` VALUES (137,'15/0127',1,NULL,NULL,NULL,0,NULL,5,'2015-06-30 09:14:45','2015-07-01','2015-06-30','2016-02-03 11:53:57',1,'0.00000000',NULL,NULL,0,NULL,NULL,'22.63000000','0.00000000','0.00000000','0.00000000','107.75000000','130.38000000',2,3,3,NULL,NULL,NULL,NULL,1,2,'2015-07-01',NULL,NULL,'addapta',NULL,NULL);
INSERT INTO `B65362949_facture` VALUES (138,'15/0128',1,NULL,NULL,NULL,0,NULL,6,'2015-06-30 09:26:27','2015-07-01','2015-07-20','2015-09-29 11:04:53',1,'0.00000000',NULL,NULL,0,NULL,NULL,'45.39000000','0.00000000','0.00000000','0.00000000','216.15000000','261.54000000',2,3,3,NULL,NULL,NULL,NULL,4,2,'2015-09-20',NULL,NULL,'addapta',NULL,NULL);
INSERT INTO `B65362949_facture` VALUES (139,'15/0129',1,NULL,NULL,NULL,0,NULL,8,'2015-06-30 09:32:07','2015-07-01','2015-11-24','2015-11-24 12:41:01',1,'0.00000000',NULL,NULL,0,NULL,NULL,'257.62000000','0.00000000','0.00000000','0.00000000','1226.75000000','1484.37000000',2,3,3,NULL,NULL,NULL,NULL,2,2,'2015-07-31',NULL,NULL,'addapta',NULL,NULL);
INSERT INTO `B65362949_facture` VALUES (140,'15/0130',1,NULL,NULL,NULL,0,NULL,9,'2015-06-30 09:33:28','2015-07-01','2015-07-01','2015-07-07 16:27:32',1,'0.00000000',NULL,NULL,0,NULL,NULL,'69.32000000','0.00000000','0.00000000','0.00000000','330.10000000','399.42000000',2,3,3,NULL,NULL,NULL,NULL,1,2,'2015-07-01',NULL,NULL,'addapta',NULL,NULL);
INSERT INTO `B65362949_facture` VALUES (141,'15/0131',1,NULL,NULL,NULL,0,NULL,11,'2015-06-30 09:34:24','2015-07-01','2015-06-30','2015-09-08 09:48:33',1,'0.00000000',NULL,NULL,0,NULL,NULL,'146.21000000','0.00000000','0.00000000','0.00000000','696.25000000','842.46000000',2,3,3,NULL,NULL,NULL,NULL,1,2,'2015-07-01',NULL,NULL,'addapta',NULL,NULL);
INSERT INTO `B65362949_facture` VALUES (142,'15/0132',1,NULL,NULL,NULL,0,NULL,3,'2015-06-30 09:38:54','2015-07-01','2015-06-30','2015-08-04 18:02:16',1,'0.00000000',NULL,NULL,0,NULL,NULL,'169.68000000','0.00000000','0.00000000','0.00000000','808.00000000','977.68000000',2,3,3,NULL,NULL,NULL,NULL,2,3,'2015-07-31',NULL,NULL,'addapta',NULL,NULL);
INSERT INTO `B65362949_facture` VALUES (143,'15/0133',1,NULL,NULL,NULL,0,NULL,3,'2015-06-30 09:40:42','2015-07-01','2015-06-30','2015-08-04 18:02:16',1,'0.00000000',NULL,NULL,0,NULL,NULL,'231.00000000','0.00000000','0.00000000','0.00000000','1100.00000000','1331.00000000',2,3,3,NULL,NULL,NULL,NULL,2,3,'2015-07-31',NULL,NULL,'addapta',NULL,NULL);
INSERT INTO `B65362949_facture` VALUES (144,'15/0134',1,NULL,NULL,NULL,0,NULL,10,'2015-06-30 09:42:35','2015-07-01','2015-07-02','2015-09-14 15:07:42',1,'0.00000000',NULL,NULL,0,NULL,NULL,'871.50000000','0.00000000','0.00000000','0.00000000','4150.00000000','5021.50000000',2,3,3,NULL,NULL,NULL,NULL,4,2,'2015-08-30',NULL,NULL,'addapta',NULL,NULL);
INSERT INTO `B65362949_facture` VALUES (145,'15/0135',1,NULL,NULL,NULL,0,NULL,10,'2015-06-30 09:43:46','2015-07-01','2015-06-30','2015-09-14 15:07:42',1,'0.00000000',NULL,NULL,0,NULL,NULL,'907.20000000','0.00000000','0.00000000','0.00000000','4320.00000000','5227.20000000',2,3,3,NULL,NULL,NULL,NULL,4,2,'2015-08-30',NULL,NULL,'addapta',NULL,NULL);
INSERT INTO `B65362949_facture` VALUES (146,'15/0136',1,NULL,NULL,NULL,0,NULL,56,'2015-06-30 12:36:29','2015-07-01','2015-06-30','2015-07-07 16:26:30',1,'0.00000000',NULL,NULL,0,NULL,NULL,'36.75000000','0.00000000','0.00000000','0.00000000','175.00000000','211.75000000',2,3,3,NULL,NULL,NULL,NULL,1,3,'2015-07-01',NULL,NULL,'addapta',NULL,NULL);
INSERT INTO `B65362949_facture` VALUES (147,'15/0137',1,NULL,NULL,NULL,0,NULL,7,'2015-07-20 12:06:04','2015-07-01','2015-11-24','2016-01-14 19:21:43',1,'0.00000000',NULL,NULL,0,NULL,NULL,'20.95000000','0.00000000','0.00000000','0.00000000','99.75000000','120.70000000',2,3,3,NULL,NULL,NULL,NULL,1,7,'2015-07-01',NULL,NULL,'addapta',NULL,NULL);
INSERT INTO `B65362949_facture` VALUES (148,'15/0141',1,NULL,NULL,NULL,0,NULL,1,'2015-07-20 12:08:26','2015-08-01','2015-07-24','2015-09-02 18:14:11',1,'0.00000000',NULL,NULL,0,NULL,NULL,'65.63000000','0.00000000','0.00000000','0.00000000','312.50000000','378.13000000',2,3,3,NULL,NULL,NULL,NULL,1,3,'2015-08-01',NULL,NULL,'addapta',NULL,NULL);
INSERT INTO `B65362949_facture` VALUES (149,'15/0142',1,NULL,NULL,NULL,0,NULL,2,'2015-07-20 17:23:39','2015-08-01','2015-07-24','2015-09-09 10:59:50',1,'0.00000000',NULL,NULL,0,NULL,NULL,'439.39000000','0.00000000','0.00000000','0.00000000','2092.30000000','2531.69000000',2,3,3,NULL,NULL,NULL,NULL,1,3,'2015-08-01',NULL,NULL,'addapta',NULL,NULL);
INSERT INTO `B65362949_facture` VALUES (150,'15/0147',1,NULL,NULL,NULL,0,NULL,9,'2015-07-22 14:19:53','2015-08-01','2015-07-24','2015-11-03 17:46:16',1,'0.00000000',NULL,NULL,0,NULL,NULL,'361.44000000','0.00000000','0.00000000','0.00000000','1721.15000000','2082.59000000',2,3,3,NULL,NULL,NULL,NULL,1,2,'2015-08-01',NULL,NULL,'addapta',NULL,NULL);
INSERT INTO `B65362949_facture` VALUES (151,'15/0138',1,NULL,NULL,NULL,0,NULL,28,'2015-07-22 14:40:48','2015-07-31','2015-07-22','2015-09-17 13:28:22',1,'0.00000000',NULL,NULL,0,NULL,NULL,'105.00000000','0.00000000','0.00000000','0.00000000','500.00000000','605.00000000',2,3,3,NULL,NULL,NULL,NULL,1,2,'2015-07-31',NULL,NULL,'addapta',NULL,NULL);
INSERT INTO `B65362949_facture` VALUES (152,'15/0139',1,NULL,NULL,NULL,0,NULL,3,'2015-07-24 15:59:29','2015-08-01','2015-07-24','2015-08-04 18:03:03',1,'0.00000000',NULL,NULL,0,NULL,NULL,'388.50000000','0.00000000','0.00000000','0.00000000','1850.00000000','2238.50000000',2,3,3,NULL,NULL,NULL,NULL,1,3,'2015-08-01',NULL,NULL,'addapta',NULL,NULL);
INSERT INTO `B65362949_facture` VALUES (153,'15/0140',1,NULL,NULL,NULL,0,NULL,3,'2015-07-24 16:02:14','2015-08-01','2015-07-24','2015-08-04 18:03:03',1,'0.00000000',NULL,NULL,0,NULL,NULL,'76.44000000','0.00000000','0.00000000','0.00000000','364.00000000','440.44000000',2,3,3,NULL,NULL,NULL,NULL,1,3,'2015-08-01',NULL,NULL,'addapta',NULL,NULL);
INSERT INTO `B65362949_facture` VALUES (154,'15/0143',1,NULL,NULL,NULL,0,NULL,4,'2015-07-24 16:05:05','2015-08-01','2015-07-24','2015-08-05 14:37:19',1,'0.00000000',NULL,NULL,0,NULL,NULL,'77.55000000','0.00000000','0.00000000','0.00000000','369.30000000','446.85000000',2,3,3,NULL,NULL,NULL,NULL,1,3,'2015-08-01',NULL,NULL,'addapta',NULL,NULL);
INSERT INTO `B65362949_facture` VALUES (155,'15/0144',1,NULL,NULL,NULL,0,NULL,5,'2015-07-24 16:07:46','2015-08-01','2015-07-24','2016-02-03 11:53:57',1,'0.00000000',NULL,NULL,0,NULL,NULL,'22.63000000','0.00000000','0.00000000','0.00000000','107.75000000','130.38000000',2,3,3,NULL,NULL,NULL,NULL,1,2,'2015-08-01',NULL,NULL,'addapta',NULL,NULL);
INSERT INTO `B65362949_facture` VALUES (156,'15/0145',1,NULL,NULL,NULL,0,NULL,6,'2015-07-24 16:09:23','2015-08-01','2015-07-28','2015-10-20 14:56:57',1,'0.00000000',NULL,NULL,0,NULL,NULL,'45.39000000','0.00000000','0.00000000','0.00000000','216.15000000','261.54000000',2,3,3,NULL,NULL,NULL,NULL,4,2,'2015-10-20',NULL,NULL,'addapta',NULL,NULL);
INSERT INTO `B65362949_facture` VALUES (157,'15/0146',1,NULL,NULL,NULL,0,NULL,8,'2015-07-24 16:10:41','2015-08-01','2015-11-24','2015-11-24 12:41:01',1,'0.00000000',NULL,NULL,0,NULL,NULL,'257.62000000','0.00000000','0.00000000','0.00000000','1226.75000000','1484.37000000',2,3,3,NULL,NULL,NULL,NULL,2,2,'2015-08-31',NULL,NULL,'addapta',NULL,NULL);
INSERT INTO `B65362949_facture` VALUES (158,'15/0148',1,NULL,NULL,NULL,0,NULL,11,'2015-07-24 16:14:38','2015-08-01','2015-07-24','2015-10-15 11:03:19',1,'0.00000000',NULL,NULL,0,NULL,NULL,'146.21000000','0.00000000','0.00000000','0.00000000','696.25000000','842.46000000',2,3,3,NULL,NULL,NULL,NULL,1,2,'2015-08-01',NULL,NULL,'addapta',NULL,NULL);
INSERT INTO `B65362949_facture` VALUES (159,'15/0149',1,NULL,NULL,NULL,0,NULL,3,'2015-07-24 16:17:07','2015-08-01','2015-08-27','2015-09-02 18:14:11',1,'0.00000000',NULL,NULL,0,NULL,NULL,'127.68000000','0.00000000','0.00000000','0.00000000','608.00000000','735.68000000',2,3,3,NULL,NULL,NULL,NULL,2,3,'2015-08-31',NULL,NULL,'addapta',NULL,NULL);
INSERT INTO `B65362949_facture` VALUES (160,'15/0150',1,NULL,NULL,NULL,0,NULL,3,'2015-07-24 16:18:50','2015-08-01','2015-08-27','2015-08-27 12:02:09',1,'0.00000000',NULL,NULL,0,NULL,NULL,'231.00000000','0.00000000','0.00000000','0.00000000','1100.00000000','1331.00000000',2,3,3,NULL,NULL,NULL,NULL,2,3,'2015-08-31',NULL,NULL,'addapta',NULL,NULL);
INSERT INTO `B65362949_facture` VALUES (161,'15/0151',1,NULL,NULL,NULL,0,NULL,10,'2015-07-24 16:23:06','2015-08-01','2015-07-31','2015-10-16 09:54:26',1,'0.00000000',NULL,NULL,0,NULL,NULL,'981.75000000','0.00000000','0.00000000','0.00000000','4675.00000000','5656.75000000',2,3,3,NULL,NULL,NULL,NULL,4,2,'2015-09-30',NULL,NULL,'addapta',NULL,NULL);
INSERT INTO `B65362949_facture` VALUES (162,'15/0152',1,NULL,NULL,NULL,0,NULL,10,'2015-07-24 16:24:22','2015-08-01','2015-07-31','2015-10-16 09:54:26',1,'0.00000000',NULL,NULL,0,NULL,NULL,'1043.28000000','0.00000000','0.00000000','0.00000000','4968.00000000','6011.28000000',2,3,3,NULL,NULL,NULL,NULL,4,2,'2015-09-30',NULL,NULL,'addapta',NULL,NULL);
INSERT INTO `B65362949_facture` VALUES (163,'15/0153',1,NULL,NULL,NULL,0,NULL,7,'2015-07-24 16:25:27','2015-08-01','2015-11-24','2016-01-27 13:25:26',1,'0.00000000',NULL,NULL,0,NULL,NULL,'20.95000000','0.00000000','0.00000000','0.00000000','99.75000000','120.70000000',2,3,3,NULL,NULL,NULL,NULL,1,7,'2015-08-01',NULL,NULL,'addapta',NULL,NULL);
INSERT INTO `B65362949_facture` VALUES (164,'15/0154',1,NULL,NULL,NULL,0,NULL,3,'2015-08-04 18:07:09','2015-08-01','2015-08-05','2015-08-18 23:40:55',1,'0.00000000',NULL,NULL,0,NULL,NULL,'173.88000000','0.00000000','0.00000000','0.00000000','828.00000000','1001.88000000',2,2,3,NULL,NULL,NULL,NULL,1,3,'2015-08-01','Aceptado el presupuesto por el cliente','Modo de pago:
\nSe requerirá el pago del 40% al inicio del proyecto. Otro 40% en el momento del inicio de las pruebas y un 20% en el momento de la aceptación.','addapta',NULL,NULL);
INSERT INTO `B65362949_facture` VALUES (165,'15/0155',1,NULL,NULL,NULL,0,NULL,3,'2015-08-04 18:13:22','2015-08-01','2015-08-05','2015-08-18 23:40:55',1,'0.00000000',NULL,NULL,0,NULL,NULL,'214.20000000','0.00000000','0.00000000','0.00000000','1020.00000000','1234.20000000',2,2,3,NULL,NULL,NULL,NULL,1,3,'2015-08-01','https://developers.google.com/speed/pagespeed/insights/?url=www.generaloptica.es&tab=mobile',NULL,'addapta',NULL,NULL);
INSERT INTO `B65362949_facture` VALUES (166,'15/0156',1,NULL,NULL,NULL,0,NULL,54,'2015-08-06 14:03:23','2015-08-01','2015-08-06','2015-09-08 09:47:29',1,'0.00000000',NULL,NULL,0,NULL,NULL,'100.80000000','0.00000000','0.00000000','0.00000000','480.00000000','580.80000000',2,3,3,NULL,NULL,NULL,NULL,1,2,'2015-08-01',NULL,NULL,'addapta',NULL,NULL);
INSERT INTO `B65362949_facture` VALUES (168,'15/0157',1,NULL,NULL,NULL,0,NULL,52,'2015-08-06 14:26:31','2015-08-01','2015-08-06','2015-10-01 10:40:39',1,'0.00000000',NULL,NULL,0,NULL,NULL,'176.40000000','0.00000000','0.00000000','0.00000000','840.00000000','1016.40000000',2,3,3,NULL,NULL,NULL,NULL,1,2,'2015-08-01',NULL,NULL,'addapta',NULL,NULL);
INSERT INTO `B65362949_facture` VALUES (169,'15/0158',1,NULL,NULL,NULL,0,NULL,18,'2015-08-20 09:35:03','2015-08-15','2015-08-20','2016-04-06 13:02:10',1,'0.00000000',NULL,NULL,0,NULL,NULL,'208.74000000','0.00000000','0.00000000','0.00000000','994.00000000','1202.74000000',2,3,3,NULL,NULL,NULL,NULL,1,2,'2015-08-15',NULL,NULL,'addapta',NULL,NULL);
INSERT INTO `B65362949_facture` VALUES (172,'15/0159',1,NULL,NULL,NULL,2,NULL,3,'2015-08-27 11:59:20','2015-08-01','2015-08-27','2015-08-27 12:01:27',1,'0.00000000',NULL,NULL,0,NULL,NULL,'-231.00000000','0.00000000','0.00000000','0.00000000','-1100.00000000','-1331.00000000',2,3,3,160,NULL,NULL,NULL,0,3,'2015-08-01',NULL,NULL,'addapta',NULL,NULL);
INSERT INTO `B65362949_facture` VALUES (173,'15/0160',1,NULL,NULL,NULL,0,NULL,28,'2015-08-27 13:21:30','2015-08-31','2015-08-27','2015-10-26 10:07:52',1,'0.00000000',NULL,NULL,0,NULL,NULL,'105.00000000','0.00000000','0.00000000','0.00000000','500.00000000','605.00000000',2,3,3,NULL,NULL,NULL,NULL,1,2,'2015-08-31',NULL,NULL,'addapta',NULL,NULL);
INSERT INTO `B65362949_facture` VALUES (174,'15/0161',1,NULL,NULL,NULL,0,NULL,3,'2015-08-27 14:47:23','2015-09-01','2015-08-27','2015-09-02 18:14:11',1,'0.00000000',NULL,NULL,0,NULL,NULL,'388.50000000','0.00000000','0.00000000','0.00000000','1850.00000000','2238.50000000',2,3,3,NULL,NULL,NULL,NULL,1,3,'2015-09-01',NULL,NULL,'addapta',NULL,NULL);
INSERT INTO `B65362949_facture` VALUES (175,'15/0162',1,NULL,NULL,NULL,0,NULL,3,'2015-08-27 14:48:40','2015-09-01','2015-08-27','2015-09-02 18:14:11',1,'0.00000000',NULL,NULL,0,NULL,NULL,'76.44000000','0.00000000','0.00000000','0.00000000','364.00000000','440.44000000',2,3,3,NULL,NULL,NULL,NULL,1,3,'2015-09-01',NULL,NULL,'addapta',NULL,NULL);
INSERT INTO `B65362949_facture` VALUES (176,'15/0163',1,NULL,NULL,NULL,0,NULL,1,'2015-08-27 14:49:38','2015-09-01','2015-08-27','2015-09-02 18:14:11',1,'0.00000000',NULL,NULL,0,NULL,NULL,'36.23000000','0.00000000','0.00000000','0.00000000','172.50000000','208.73000000',2,3,3,NULL,NULL,NULL,NULL,1,3,'2015-09-01',NULL,NULL,'addapta',NULL,NULL);
INSERT INTO `B65362949_facture` VALUES (177,'15/0164',1,NULL,NULL,NULL,0,NULL,4,'2015-08-27 14:51:43','2015-09-01','2015-08-27','2015-09-15 10:23:24',1,'0.00000000',NULL,NULL,0,NULL,NULL,'77.55000000','0.00000000','0.00000000','0.00000000','369.30000000','446.85000000',2,3,3,NULL,NULL,NULL,NULL,1,3,'2015-09-01',NULL,NULL,'addapta',NULL,NULL);
INSERT INTO `B65362949_facture` VALUES (178,'15/0165',1,NULL,NULL,NULL,0,NULL,5,'2015-08-27 14:52:59','2015-09-01','2015-08-27','2016-02-03 11:53:57',1,'0.00000000',NULL,NULL,0,NULL,NULL,'22.63000000','0.00000000','0.00000000','0.00000000','107.75000000','130.38000000',2,3,3,NULL,NULL,NULL,NULL,1,2,'2015-09-01',NULL,NULL,'addapta',NULL,NULL);
INSERT INTO `B65362949_facture` VALUES (179,'15/0166',1,NULL,NULL,NULL,0,NULL,6,'2015-08-27 14:54:34','2015-09-01','2015-09-29','2015-11-20 11:02:39',1,'0.00000000',NULL,NULL,0,NULL,NULL,'45.39000000','0.00000000','0.00000000','0.00000000','216.15000000','261.54000000',2,3,3,NULL,NULL,NULL,NULL,4,2,'2015-11-20',NULL,NULL,'addapta',NULL,NULL);
INSERT INTO `B65362949_facture` VALUES (180,'15/0167',1,NULL,NULL,NULL,0,NULL,8,'2015-08-27 14:56:01','2015-09-01','2015-11-24','2015-11-24 12:43:07',1,'0.00000000',NULL,NULL,0,NULL,NULL,'257.62000000','0.00000000','0.00000000','0.00000000','1226.75000000','1484.37000000',2,3,3,NULL,NULL,NULL,NULL,2,2,'2015-10-01',NULL,NULL,'addapta',NULL,NULL);
INSERT INTO `B65362949_facture` VALUES (181,'15/0168',1,NULL,NULL,NULL,0,NULL,9,'2015-08-27 14:57:31','2015-09-01','2015-08-27','2015-09-08 09:46:34',1,'0.00000000',NULL,NULL,0,NULL,NULL,'58.20000000','0.00000000','0.00000000','0.00000000','277.15000000','335.35000000',2,3,3,NULL,NULL,NULL,NULL,1,2,'2015-09-01',NULL,NULL,'addapta',NULL,NULL);
INSERT INTO `B65362949_facture` VALUES (182,'15/0169',1,NULL,NULL,NULL,0,NULL,11,'2015-08-27 15:00:02','2015-09-01','2015-08-27','2015-10-15 11:03:19',1,'0.00000000',NULL,NULL,0,NULL,NULL,'146.21000000','0.00000000','0.00000000','0.00000000','696.25000000','842.46000000',2,3,3,NULL,NULL,NULL,NULL,1,2,'2015-09-01',NULL,NULL,'addapta',NULL,NULL);
INSERT INTO `B65362949_facture` VALUES (183,'15/0170',1,NULL,NULL,NULL,0,NULL,3,'2015-08-27 15:01:44','2015-09-01','2015-09-01','2015-10-02 11:51:16',1,'0.00000000',NULL,NULL,0,NULL,NULL,'186.48000000','0.00000000','0.00000000','0.00000000','888.00000000','1074.48000000',2,3,3,NULL,NULL,NULL,NULL,2,3,'2015-10-01',NULL,NULL,'addapta',NULL,NULL);
INSERT INTO `B65362949_facture` VALUES (184,'15/0171',1,NULL,NULL,NULL,0,NULL,3,'2015-08-27 15:03:16','2015-09-01','2015-08-27','2015-10-02 11:51:16',1,'0.00000000',NULL,NULL,0,NULL,NULL,'231.00000000','0.00000000','0.00000000','0.00000000','1100.00000000','1331.00000000',2,3,3,NULL,NULL,NULL,NULL,2,3,'2015-10-01',NULL,NULL,'addapta',NULL,NULL);
INSERT INTO `B65362949_facture` VALUES (185,'15/0172',1,NULL,NULL,NULL,0,NULL,10,'2015-08-27 15:04:29','2015-09-01','2015-09-02','2015-11-12 10:09:07',1,'0.00000000',NULL,NULL,0,NULL,NULL,'467.25000000','0.00000000','0.00000000','0.00000000','2225.00000000','2692.25000000',2,3,3,NULL,NULL,NULL,NULL,4,2,'2015-10-31',NULL,NULL,'addapta',NULL,NULL);
INSERT INTO `B65362949_facture` VALUES (186,'15/0173',1,NULL,NULL,NULL,0,NULL,10,'2015-08-27 15:05:18','2015-09-01','2015-08-27','2015-11-12 10:09:07',1,'0.00000000',NULL,NULL,0,NULL,NULL,'272.16000000','0.00000000','0.00000000','0.00000000','1296.00000000','1568.16000000',2,3,3,NULL,NULL,NULL,NULL,4,2,'2015-10-31',NULL,NULL,'addapta',NULL,NULL);
INSERT INTO `B65362949_facture` VALUES (187,'15/0174',1,NULL,NULL,NULL,0,NULL,7,'2015-08-27 15:06:30','2015-09-01','2015-11-24','2015-12-02 11:02:33',1,'0.00000000',NULL,NULL,0,NULL,NULL,'20.95000000','0.00000000','0.00000000','0.00000000','99.75000000','120.70000000',2,3,3,NULL,NULL,NULL,NULL,1,7,'2015-09-01',NULL,NULL,'addapta',NULL,NULL);
INSERT INTO `B65362949_facture` VALUES (188,'15/0175',1,NULL,NULL,NULL,0,NULL,3,'2015-09-01 15:28:42','2015-09-01','2015-09-01','2015-09-08 09:49:36',1,'0.00000000',NULL,NULL,0,NULL,NULL,'113.40000000','0.00000000','0.00000000','0.00000000','540.00000000','653.40000000',2,3,3,NULL,NULL,NULL,NULL,1,3,'2015-09-01',NULL,NULL,'addapta',NULL,NULL);
INSERT INTO `B65362949_facture` VALUES (189,'15/0176',1,NULL,NULL,NULL,0,NULL,2,'2015-09-01 16:30:54','2015-09-05','2015-09-09','2015-09-25 11:56:34',1,'0.00000000',NULL,NULL,0,NULL,NULL,'91.77000000','0.00000000','0.00000000','0.00000000','437.00000000','528.77000000',2,3,3,NULL,NULL,NULL,NULL,1,3,'2015-09-25',NULL,NULL,'addapta',NULL,NULL);
INSERT INTO `B65362949_facture` VALUES (190,'15/0191',1,NULL,NULL,NULL,0,NULL,2,'2015-09-15 09:52:57','2015-10-01','2015-10-02','2015-10-26 10:03:59',1,'0.00000000',NULL,NULL,0,NULL,NULL,'48.30000000','0.00000000','0.00000000','0.00000000','230.00000000','278.30000000',2,3,3,NULL,NULL,NULL,NULL,1,3,'2015-10-25',NULL,NULL,'addapta',NULL,NULL);
INSERT INTO `B65362949_facture` VALUES (191,'15/0182',1,NULL,NULL,NULL,0,NULL,4,'2015-09-17 17:25:37','2015-10-01','2015-10-02','2015-10-05 11:24:24',1,'0.00000000',NULL,NULL,0,NULL,NULL,'112.94000000','0.00000000','0.00000000','0.00000000','537.80000000','650.74000000',2,3,3,NULL,NULL,NULL,NULL,1,3,'2015-10-01',NULL,NULL,'addapta',NULL,NULL);
INSERT INTO `B65362949_facture` VALUES (192,'15/0178',1,NULL,NULL,NULL,0,NULL,27,'2015-09-17 17:30:34','2015-09-30','2015-09-28','2015-09-30 08:04:49',1,'0.00000000',NULL,NULL,0,NULL,NULL,'29.82000000','0.00000000','0.00000000','0.00000000','142.00000000','171.82000000',2,3,3,NULL,NULL,NULL,NULL,1,2,'2015-09-30',NULL,NULL,'addapta',NULL,NULL);
INSERT INTO `B65362949_facture` VALUES (195,'15/0177',1,NULL,NULL,NULL,0,NULL,53,'2015-09-17 18:03:34','2015-09-17','2015-09-17','2016-04-27 08:15:54',1,'0.00000000',NULL,NULL,0,NULL,NULL,'406.98000000','0.00000000','0.00000000','0.00000000','1938.00000000','2344.98000000',2,3,3,NULL,NULL,NULL,NULL,1,2,'2015-09-17',NULL,NULL,'addapta',NULL,NULL);
INSERT INTO `B65362949_facture` VALUES (196,'15/0179',1,NULL,NULL,NULL,0,NULL,3,'2015-09-28 13:12:31','2015-10-01','2015-09-28','2015-10-05 11:24:24',1,'0.00000000',NULL,NULL,0,NULL,NULL,'602.88000000','0.00000000','0.00000000','0.00000000','2870.80000000','3473.68000000',2,3,3,NULL,NULL,NULL,NULL,1,3,'2015-10-01',NULL,NULL,'addapta',NULL,NULL);
INSERT INTO `B65362949_facture` VALUES (197,'15/0180',1,NULL,NULL,NULL,0,NULL,3,'2015-09-28 13:32:44','2015-10-01','2015-09-28','2015-10-02 11:51:16',1,'0.00000000',NULL,NULL,0,NULL,NULL,'76.44000000','0.00000000','0.00000000','0.00000000','364.00000000','440.44000000',2,3,3,NULL,NULL,NULL,NULL,1,3,'2015-10-01',NULL,NULL,'addapta',NULL,NULL);
INSERT INTO `B65362949_facture` VALUES (198,'15/0181',1,NULL,NULL,NULL,0,NULL,1,'2015-09-28 13:39:07','2015-10-01','2015-09-28','2015-10-02 11:51:16',1,'0.00000000',NULL,NULL,0,NULL,NULL,'36.23000000','0.00000000','0.00000000','0.00000000','172.50000000','208.73000000',2,3,3,NULL,NULL,NULL,NULL,1,3,'2015-10-01',NULL,NULL,'addapta',NULL,NULL);
INSERT INTO `B65362949_facture` VALUES (199,'15/0183',1,NULL,NULL,NULL,0,NULL,5,'2015-09-28 15:16:31','2015-10-01','2015-09-28','2016-03-18 11:11:17',1,'0.00000000',NULL,NULL,0,NULL,NULL,'22.63000000','0.00000000','0.00000000','0.00000000','107.75000000','130.38000000',2,3,3,NULL,NULL,NULL,NULL,1,2,'2015-10-01',NULL,NULL,'addapta',NULL,NULL);
INSERT INTO `B65362949_facture` VALUES (200,'15/0184',1,NULL,NULL,NULL,0,NULL,6,'2015-09-28 15:17:44','2015-10-01','2016-01-25','2016-03-03 17:46:28',1,'0.00000000',NULL,NULL,0,NULL,NULL,'45.39000000','0.00000000','0.00000000','0.00000000','216.15000000','261.54000000',2,3,3,NULL,NULL,NULL,NULL,4,2,'2016-02-20',NULL,NULL,'addapta',NULL,NULL);
INSERT INTO `B65362949_facture` VALUES (201,'15/0185',1,NULL,NULL,NULL,0,NULL,8,'2015-09-28 15:18:45','2015-10-01','2015-11-24','2015-11-24 12:45:04',1,'0.00000000',NULL,NULL,0,NULL,NULL,'257.62000000','0.00000000','0.00000000','0.00000000','1226.75000000','1484.37000000',2,3,3,NULL,NULL,NULL,NULL,2,2,'2015-10-31',NULL,NULL,'addapta',NULL,NULL);
INSERT INTO `B65362949_facture` VALUES (202,'15/0186',1,NULL,NULL,NULL,0,NULL,9,'2015-09-28 15:20:23','2015-10-01','2015-09-28','2015-10-06 09:47:35',1,'0.00000000',NULL,NULL,0,NULL,NULL,'58.20000000','0.00000000','0.00000000','0.00000000','277.15000000','335.35000000',2,3,3,NULL,NULL,NULL,NULL,1,2,'2015-10-01',NULL,NULL,'addapta',NULL,NULL);
INSERT INTO `B65362949_facture` VALUES (203,'15/0187',1,NULL,NULL,NULL,0,NULL,11,'2015-09-28 15:22:11','2015-10-01','2015-09-28','2016-02-04 11:26:24',1,'0.00000000',NULL,NULL,0,NULL,NULL,'146.21000000','0.00000000','0.00000000','0.00000000','696.25000000','842.46000000',2,3,3,NULL,NULL,NULL,NULL,1,2,'2015-10-01',NULL,NULL,'addapta',NULL,NULL);
INSERT INTO `B65362949_facture` VALUES (204,'15/0188',1,NULL,NULL,NULL,0,NULL,10,'2015-09-28 17:08:00','2015-10-01','2015-10-02','2015-12-14 12:25:34',1,'0.00000000',NULL,NULL,0,NULL,NULL,'939.75000000','0.00000000','0.00000000','0.00000000','4475.00000000','5414.75000000',2,3,3,NULL,NULL,NULL,NULL,4,2,'2015-11-30',NULL,NULL,'addapta',NULL,NULL);
INSERT INTO `B65362949_facture` VALUES (205,'15/0189',1,NULL,NULL,NULL,0,NULL,10,'2015-09-28 17:08:18','2015-10-01','2015-09-29','2015-12-14 12:25:34',1,'0.00000000',NULL,NULL,0,NULL,NULL,'907.20000000','0.00000000','0.00000000','0.00000000','4320.00000000','5227.20000000',2,3,3,NULL,NULL,NULL,NULL,4,2,'2015-11-30',NULL,NULL,'addapta',NULL,NULL);
INSERT INTO `B65362949_facture` VALUES (206,'15/0190',1,NULL,NULL,NULL,0,NULL,7,'2015-09-28 17:08:42','2015-10-01','2015-11-24','2016-03-03 17:40:21',1,'0.00000000',NULL,NULL,0,NULL,NULL,'20.95000000','0.00000000','0.00000000','0.00000000','99.75000000','120.70000000',2,3,3,NULL,NULL,NULL,NULL,1,7,'2015-10-01',NULL,NULL,'addapta',NULL,NULL);
INSERT INTO `B65362949_facture` VALUES (207,'15/0197',1,NULL,NULL,NULL,0,NULL,27,'2015-09-28 17:11:09','2015-10-31','2015-10-30','2015-11-03 16:21:02',1,'0.00000000',NULL,NULL,0,NULL,NULL,'79.46000000','0.00000000','0.00000000','0.00000000','378.38000000','457.84000000',2,3,3,NULL,NULL,NULL,NULL,1,2,'2015-10-31',NULL,NULL,'addapta',NULL,NULL);
INSERT INTO `B65362949_facture` VALUES (208,'15/0192',1,NULL,NULL,NULL,0,NULL,3,'2015-09-28 18:23:44','2015-10-01','2015-10-02','2015-11-02 14:11:49',1,'0.00000000',NULL,NULL,0,NULL,NULL,'231.00000000','0.00000000','0.00000000','0.00000000','1100.00000000','1331.00000000',2,3,3,NULL,NULL,NULL,NULL,2,3,'2015-10-31',NULL,NULL,'addapta',NULL,NULL);
INSERT INTO `B65362949_facture` VALUES (209,'15/0193',1,NULL,NULL,NULL,0,NULL,3,'2015-09-28 18:49:01','2015-10-01','2015-10-02','2015-11-02 14:11:49',1,'0.00000000',NULL,NULL,0,NULL,NULL,'169.68000000','0.00000000','0.00000000','0.00000000','808.00000000','977.68000000',2,3,3,NULL,NULL,NULL,NULL,2,3,'2015-10-31',NULL,NULL,'addapta',NULL,NULL);
INSERT INTO `B65362949_facture` VALUES (210,'15/0194',1,NULL,NULL,NULL,0,NULL,28,'2015-09-29 10:40:43','2015-09-30','2015-09-29','2015-11-09 11:46:11',1,'0.00000000',NULL,NULL,0,NULL,NULL,'105.00000000','0.00000000','0.00000000','0.00000000','500.00000000','605.00000000',2,3,3,NULL,NULL,NULL,NULL,1,2,'2015-09-30',NULL,NULL,'addapta',NULL,NULL);
INSERT INTO `B65362949_facture` VALUES (211,'15/0198',1,NULL,NULL,NULL,0,NULL,28,'2015-09-29 10:43:07','2015-10-31','2015-10-26','2015-12-14 12:11:29',1,'0.00000000',NULL,NULL,0,NULL,NULL,'105.00000000','0.00000000','0.00000000','0.00000000','500.00000000','605.00000000',2,3,3,NULL,NULL,NULL,NULL,1,2,'2015-10-31',NULL,NULL,'addapta',NULL,NULL);
INSERT INTO `B65362949_facture` VALUES (212,'15/0195',1,NULL,NULL,NULL,0,NULL,3,'2015-10-01 17:33:29','2015-10-01','2015-10-02','2015-10-19 11:55:11',1,'0.00000000',NULL,NULL,0,NULL,NULL,'204.75000000','0.00000000','0.00000000','0.00000000','975.00000000','1179.75000000',2,3,3,NULL,NULL,NULL,NULL,1,3,'2015-10-01',NULL,NULL,'addapta',NULL,NULL);
INSERT INTO `B65362949_facture` VALUES (213,'15/0196',1,NULL,NULL,NULL,0,NULL,3,'2015-10-22 11:29:19','2015-10-20','2015-10-22','2015-11-02 14:11:49',1,'0.00000000',NULL,NULL,0,NULL,NULL,'204.75000000','0.00000000','0.00000000','0.00000000','975.00000000','1179.75000000',2,3,3,NULL,NULL,NULL,NULL,1,3,'2015-10-20',NULL,NULL,'addapta',NULL,NULL);
INSERT INTO `B65362949_facture` VALUES (215,'15/0199',1,NULL,NULL,NULL,0,NULL,3,'2015-10-26 18:29:17','2015-11-01','2015-10-26','2015-11-05 17:43:32',1,'0.00000000',NULL,NULL,0,NULL,NULL,'1127.70000000','0.00000000','0.00000000','0.00000000','5370.00000000','6497.70000000',2,3,3,NULL,NULL,NULL,NULL,1,3,'2015-11-01',NULL,NULL,'addapta',NULL,NULL);
INSERT INTO `B65362949_facture` VALUES (216,'15/0200',1,NULL,NULL,NULL,0,NULL,3,'2015-10-26 18:30:04','2015-11-01','2015-10-26','2015-11-02 14:40:33',1,'0.00000000',NULL,NULL,0,NULL,NULL,'76.44000000','0.00000000','0.00000000','0.00000000','364.00000000','440.44000000',2,3,3,NULL,NULL,NULL,NULL,1,3,'2015-11-01',NULL,NULL,'addapta',NULL,NULL);
INSERT INTO `B65362949_facture` VALUES (217,'15/0201',1,NULL,NULL,NULL,0,NULL,3,'2015-10-26 18:31:04','2015-11-01','2015-11-02','2015-12-09 11:47:42',1,'0.00000000',NULL,NULL,0,NULL,NULL,'231.00000000','0.00000000','0.00000000','0.00000000','1100.00000000','1331.00000000',2,3,3,NULL,NULL,NULL,NULL,2,3,'2015-12-01',NULL,NULL,'addapta',NULL,NULL);
INSERT INTO `B65362949_facture` VALUES (218,'15/0202',1,NULL,NULL,NULL,0,NULL,3,'2015-10-26 18:31:42','2015-11-01','2015-11-03','2015-12-09 11:47:42',1,'0.00000000',NULL,NULL,0,NULL,NULL,'334.53000000','0.00000000','0.00000000','0.00000000','1593.00000000','1927.53000000',2,3,3,NULL,NULL,NULL,NULL,2,3,'2015-12-01',NULL,NULL,'addapta',NULL,NULL);
INSERT INTO `B65362949_facture` VALUES (219,'15/0203',1,NULL,NULL,NULL,0,NULL,2,'2015-10-28 16:14:37','2015-11-01','2015-11-13','2015-11-25 11:54:01',1,'0.00000000',NULL,NULL,0,NULL,NULL,'100.45000000','0.00000000','0.00000000','0.00000000','478.35000000','578.80000000',2,3,3,NULL,NULL,NULL,NULL,1,3,'2015-11-01',NULL,NULL,'addapta',NULL,NULL);
INSERT INTO `B65362949_facture` VALUES (220,'15/0205',1,NULL,NULL,NULL,0,NULL,4,'2015-10-30 10:45:48','2015-11-01','2015-10-30','2015-11-05 17:43:43',1,'0.00000000',NULL,NULL,0,NULL,NULL,'77.55000000','0.00000000','0.00000000','0.00000000','369.30000000','446.85000000',2,3,3,NULL,NULL,NULL,NULL,1,3,'2015-11-01',NULL,NULL,'addapta',NULL,NULL);
INSERT INTO `B65362949_facture` VALUES (221,'15/0204',1,NULL,NULL,NULL,0,NULL,1,'2015-10-30 10:47:50','2015-11-01','2015-10-30','2015-11-05 17:43:43',1,'0.00000000',NULL,NULL,0,NULL,NULL,'36.23000000','0.00000000','0.00000000','0.00000000','172.50000000','208.73000000',2,3,3,NULL,NULL,NULL,NULL,1,3,'2015-11-01',NULL,NULL,'addapta',NULL,NULL);
INSERT INTO `B65362949_facture` VALUES (222,'15/0206',1,NULL,NULL,NULL,0,NULL,5,'2015-10-30 10:49:09','2015-11-01','2015-10-30','2016-03-18 11:11:17',1,'0.00000000',NULL,NULL,0,NULL,NULL,'22.63000000','0.00000000','0.00000000','0.00000000','107.75000000','130.38000000',2,3,3,NULL,NULL,NULL,NULL,1,2,'2015-11-01',NULL,NULL,'addapta',NULL,NULL);
INSERT INTO `B65362949_facture` VALUES (223,'15/0207',1,NULL,NULL,NULL,0,NULL,6,'2015-10-30 10:51:01','2015-11-01','2015-11-16','2016-01-25 12:26:25',1,'0.00000000',NULL,NULL,0,NULL,NULL,'45.39000000','0.00000000','0.00000000','0.00000000','216.15000000','261.54000000',2,3,3,NULL,NULL,NULL,NULL,4,2,'2016-01-20',NULL,NULL,'addapta',NULL,NULL);
INSERT INTO `B65362949_facture` VALUES (224,'15/0208',1,NULL,NULL,NULL,0,NULL,8,'2015-10-30 10:51:56','2015-11-01','2015-11-24','2015-12-09 11:48:57',1,'0.00000000',NULL,NULL,0,NULL,NULL,'257.62000000','0.00000000','0.00000000','0.00000000','1226.75000000','1484.37000000',2,3,3,NULL,NULL,NULL,NULL,2,2,'2015-12-01',NULL,NULL,'addapta',NULL,NULL);
INSERT INTO `B65362949_facture` VALUES (225,'15/0209',1,NULL,NULL,NULL,0,NULL,9,'2015-10-30 10:53:21','2015-11-01','2015-10-30','2015-11-03 12:34:30',1,'0.00000000',NULL,NULL,0,NULL,NULL,'58.20000000','0.00000000','0.00000000','0.00000000','277.15000000','335.35000000',2,3,3,NULL,NULL,NULL,NULL,1,2,'2015-11-01',NULL,NULL,'addapta',NULL,NULL);
INSERT INTO `B65362949_facture` VALUES (226,'15/0210',1,NULL,NULL,NULL,0,NULL,11,'2015-10-30 11:00:14','2015-11-01','2015-10-30','2016-02-04 11:26:24',1,'0.00000000',NULL,NULL,0,NULL,NULL,'146.21000000','0.00000000','0.00000000','0.00000000','696.25000000','842.46000000',2,3,3,NULL,NULL,NULL,NULL,1,2,'2015-11-01',NULL,NULL,'addapta',NULL,NULL);
INSERT INTO `B65362949_facture` VALUES (227,'15/0211',1,NULL,NULL,NULL,0,NULL,10,'2015-10-30 11:01:13','2015-11-01','2015-11-05','2016-01-13 15:52:39',1,'0.00000000',NULL,NULL,0,NULL,NULL,'882.00000000','0.00000000','0.00000000','0.00000000','4200.00000000','5082.00000000',2,3,3,NULL,NULL,NULL,NULL,4,2,'2015-12-31',NULL,NULL,'addapta',NULL,NULL);
INSERT INTO `B65362949_facture` VALUES (228,'15/0212',1,NULL,NULL,NULL,0,NULL,10,'2015-10-30 11:03:16','2015-11-01','2015-10-30','2016-01-13 15:52:39',1,'0.00000000',NULL,NULL,0,NULL,NULL,'952.56000000','0.00000000','0.00000000','0.00000000','4536.00000000','5488.56000000',2,3,3,NULL,NULL,NULL,NULL,4,2,'2015-12-31',NULL,NULL,'addapta',NULL,NULL);
INSERT INTO `B65362949_facture` VALUES (229,'15/0213',1,NULL,NULL,NULL,0,NULL,7,'2015-10-30 11:03:52','2015-11-01','2015-11-24','2016-01-27 13:25:26',1,'0.00000000',NULL,NULL,0,NULL,NULL,'20.95000000','0.00000000','0.00000000','0.00000000','99.75000000','120.70000000',2,3,3,NULL,NULL,NULL,NULL,1,7,'2015-11-01',NULL,NULL,'addapta',NULL,NULL);
INSERT INTO `B65362949_facture` VALUES (230,'15/0214',1,NULL,NULL,NULL,0,NULL,3,'2015-10-30 11:04:56','2015-12-01','2015-12-01','2016-01-05 12:43:48',1,'0.00000000',NULL,NULL,0,NULL,NULL,'231.00000000','0.00000000','0.00000000','0.00000000','1100.00000000','1331.00000000',2,3,3,NULL,NULL,NULL,NULL,2,3,'2015-12-31',NULL,NULL,'addapta',NULL,NULL);
INSERT INTO `B65362949_facture` VALUES (231,'15/0215',1,NULL,NULL,NULL,0,NULL,3,'2015-10-30 11:06:01','2015-12-01','2015-12-01','2016-01-05 12:43:48',1,'0.00000000',NULL,NULL,0,NULL,NULL,'186.48000000','0.00000000','0.00000000','0.00000000','888.00000000','1074.48000000',2,3,3,NULL,NULL,NULL,NULL,2,3,'2015-12-31',NULL,NULL,'addapta',NULL,NULL);
INSERT INTO `B65362949_facture` VALUES (232,'15/0217',1,NULL,NULL,NULL,0,NULL,27,'2015-10-30 11:07:47','2015-11-30','2015-11-30','2015-12-04 10:36:13',1,'0.00000000',NULL,NULL,0,NULL,NULL,'29.82000000','0.00000000','0.00000000','0.00000000','142.00000000','171.82000000',2,3,3,NULL,NULL,NULL,NULL,1,2,'2015-11-30',NULL,NULL,'addapta',NULL,NULL);
INSERT INTO `B65362949_facture` VALUES (233,'15/0218',1,NULL,NULL,NULL,0,NULL,28,'2015-10-30 11:08:31','2015-11-30','2015-11-30','2016-02-10 16:45:48',1,'0.00000000',NULL,NULL,0,NULL,NULL,'105.00000000','0.00000000','0.00000000','0.00000000','500.00000000','605.00000000',2,3,3,NULL,NULL,NULL,NULL,1,2,'2015-11-30',NULL,NULL,'addapta',NULL,NULL);
INSERT INTO `B65362949_facture` VALUES (234,'15/0229',1,NULL,NULL,NULL,0,NULL,10,'2015-11-16 13:48:32','2015-12-01','2015-12-01','2016-02-16 19:30:16',1,'0.00000000',NULL,NULL,0,NULL,NULL,'913.50000000','0.00000000','0.00000000','0.00000000','4350.00000000','5263.50000000',2,3,3,NULL,NULL,NULL,NULL,4,2,'2016-01-30',NULL,NULL,'addapta',NULL,NULL);
INSERT INTO `B65362949_facture` VALUES (235,'15/0230',1,NULL,NULL,NULL,0,NULL,10,'2015-11-16 13:48:54','2015-12-01','2015-11-30','2016-02-16 19:30:16',1,'0.00000000',NULL,NULL,0,NULL,NULL,'952.56000000','0.00000000','0.00000000','0.00000000','4536.00000000','5488.56000000',2,3,3,NULL,NULL,NULL,NULL,4,2,'2016-01-30',NULL,NULL,'addapta',NULL,NULL);
INSERT INTO `B65362949_facture` VALUES (236,'15/0231',1,NULL,NULL,NULL,0,NULL,10,'2015-11-16 13:49:19','2015-12-01','2015-12-01','2016-02-16 19:30:16',1,'0.00000000',NULL,NULL,0,NULL,NULL,'462.00000000','0.00000000','0.00000000','0.00000000','2200.00000000','2662.00000000',2,3,3,NULL,NULL,NULL,NULL,4,2,'2016-01-30',NULL,NULL,'addapta',NULL,NULL);
INSERT INTO `B65362949_facture` VALUES (237,'15/0216',1,NULL,NULL,NULL,0,NULL,113,'2015-11-18 11:45:55','2015-11-01','2015-11-18','2015-11-24 14:35:01',1,'0.00000000',NULL,NULL,0,NULL,NULL,'36.75000000','0.00000000','0.00000000','0.00000000','175.00000000','211.75000000',2,3,3,NULL,NULL,NULL,NULL,1,0,'2015-11-01',NULL,NULL,'addapta',NULL,NULL);
INSERT INTO `B65362949_facture` VALUES (238,'15/0232',1,NULL,NULL,NULL,0,NULL,7,'2015-11-24 12:20:02','2015-12-01','2015-11-30','2016-03-03 17:40:21',1,'0.00000000',NULL,NULL,0,NULL,NULL,'20.95000000','0.00000000','0.00000000','0.00000000','99.75000000','120.70000000',2,3,3,NULL,NULL,NULL,NULL,1,7,'2015-12-01',NULL,NULL,'addapta',NULL,NULL);
INSERT INTO `B65362949_facture` VALUES (239,'15/0226',1,NULL,NULL,NULL,0,NULL,8,'2015-11-24 12:22:43','2015-12-01','2015-11-30','2015-12-28 10:50:22',1,'0.00000000',NULL,NULL,0,NULL,NULL,'257.62000000','0.00000000','0.00000000','0.00000000','1226.75000000','1484.37000000',2,3,3,NULL,NULL,NULL,NULL,2,2,'2015-12-31',NULL,NULL,'addapta',NULL,NULL);
INSERT INTO `B65362949_facture` VALUES (240,'15/0219',1,NULL,NULL,NULL,0,NULL,3,'2015-11-30 17:04:54','2015-12-01','2015-11-30','2015-12-09 11:47:42',1,'0.00000000',NULL,NULL,0,NULL,NULL,'739.20000000','0.00000000','0.00000000','0.00000000','3520.00000000','4259.20000000',2,3,3,NULL,NULL,NULL,NULL,1,3,'2015-12-01',NULL,NULL,'addapta',NULL,NULL);
INSERT INTO `B65362949_facture` VALUES (241,'15/0220',1,NULL,NULL,NULL,0,NULL,3,'2015-11-30 17:18:34','2015-12-01','2015-11-30','2015-12-09 11:47:42',1,'0.00000000',NULL,NULL,0,NULL,NULL,'76.44000000','0.00000000','0.00000000','0.00000000','364.00000000','440.44000000',2,3,3,NULL,NULL,NULL,NULL,1,3,'2015-12-01',NULL,NULL,'addapta',NULL,NULL);
INSERT INTO `B65362949_facture` VALUES (243,'15/0221',1,NULL,NULL,NULL,0,NULL,2,'2015-11-30 17:43:32','2015-12-01','2015-11-30','2016-01-13 15:50:00',1,'0.00000000',NULL,NULL,0,NULL,NULL,'9.66000000','0.00000000','0.00000000','0.00000000','46.00000000','55.66000000',2,3,3,NULL,NULL,NULL,NULL,1,3,'2015-12-25',NULL,NULL,'addapta',NULL,NULL);
INSERT INTO `B65362949_facture` VALUES (244,'15/0222',1,NULL,NULL,NULL,0,NULL,4,'2015-11-30 17:46:54','2015-12-01','2015-12-16','2015-12-16 21:58:06',1,'0.00000000',NULL,NULL,0,NULL,NULL,'77.55000000','0.00000000','0.00000000','0.00000000','369.30000000','446.85000000',2,3,3,NULL,NULL,NULL,NULL,1,3,'2015-12-05',NULL,NULL,'addapta',NULL,NULL);
INSERT INTO `B65362949_facture` VALUES (246,'15/0223',1,NULL,NULL,NULL,0,NULL,1,'2015-11-30 17:58:49','2015-12-01','2015-11-30','2015-12-09 11:47:42',1,'0.00000000',NULL,NULL,0,NULL,NULL,'36.23000000','0.00000000','0.00000000','0.00000000','172.50000000','208.73000000',2,3,3,NULL,NULL,NULL,NULL,1,3,'2015-12-01',NULL,NULL,'addapta',NULL,NULL);
INSERT INTO `B65362949_facture` VALUES (247,'15/0224',1,NULL,NULL,NULL,0,NULL,5,'2015-11-30 18:01:57','2015-12-01','2015-11-30','2016-03-18 11:11:17',1,'0.00000000',NULL,NULL,0,NULL,NULL,'22.63000000','0.00000000','0.00000000','0.00000000','107.75000000','130.38000000',2,3,3,NULL,NULL,NULL,NULL,1,2,'2015-12-01',NULL,NULL,'addapta',NULL,NULL);
INSERT INTO `B65362949_facture` VALUES (248,'15/0225',1,NULL,NULL,NULL,0,NULL,6,'2015-11-30 18:03:11','2015-12-01','2015-11-30','2016-03-03 17:47:51',1,'0.00000000',NULL,NULL,0,NULL,NULL,'45.39000000','0.00000000','0.00000000','0.00000000','216.15000000','261.54000000',2,3,3,NULL,NULL,NULL,NULL,4,2,'2016-01-30',NULL,NULL,'addapta',NULL,NULL);
INSERT INTO `B65362949_facture` VALUES (249,'15/0227',1,NULL,NULL,NULL,0,NULL,9,'2015-11-30 18:07:44','2015-12-01','2015-11-30','2015-12-04 10:41:38',1,'0.00000000',NULL,NULL,0,NULL,NULL,'58.20000000','0.00000000','0.00000000','0.00000000','277.15000000','335.35000000',2,3,3,NULL,NULL,NULL,NULL,1,2,'2015-12-01',NULL,NULL,'addapta',NULL,NULL);
INSERT INTO `B65362949_facture` VALUES (250,'15/0228',1,NULL,NULL,NULL,0,NULL,11,'2015-11-30 18:10:34','2015-12-01','2015-11-30','2016-02-04 11:26:24',1,'0.00000000',NULL,NULL,0,NULL,NULL,'146.21000000','0.00000000','0.00000000','0.00000000','696.25000000','842.46000000',2,3,3,NULL,NULL,NULL,NULL,1,2,'2015-12-01',NULL,NULL,'addapta',NULL,NULL);
INSERT INTO `B65362949_facture` VALUES (252,'15/0239',1,NULL,NULL,NULL,0,NULL,28,'2015-11-30 18:15:15','2015-12-31','2015-12-30','2016-02-10 16:45:48',1,'0.00000000',NULL,NULL,0,NULL,NULL,'105.00000000','0.00000000','0.00000000','0.00000000','500.00000000','605.00000000',2,3,3,NULL,NULL,NULL,NULL,1,2,'2015-12-31',NULL,NULL,'addapta',NULL,NULL);
INSERT INTO `B65362949_facture` VALUES (253,'15/0238',1,NULL,NULL,NULL,0,NULL,3,'2015-12-07 12:20:41','2015-12-29','2015-12-29','2016-01-08 12:14:29',1,'0.00000000',NULL,NULL,0,NULL,NULL,'149.10000000','0.00000000','0.00000000','0.00000000','710.00000000','859.10000000',2,2,3,NULL,NULL,NULL,NULL,1,3,'2015-12-29','Factura de trabajos extras que se han ido haciendo en el mes',NULL,'addapta',NULL,NULL);
INSERT INTO `B65362949_facture` VALUES (254,'15/0234',1,NULL,NULL,NULL,0,NULL,117,'2015-12-16 21:51:49','2015-12-01','2015-12-16','2016-08-04 18:33:30',1,'0.00000000',NULL,NULL,0,NULL,NULL,'77.55000000','0.00000000','0.00000000','0.00000000','369.30000000','446.85000000',2,3,3,NULL,NULL,NULL,NULL,1,3,'2015-12-05',NULL,NULL,'addapta',NULL,NULL);
INSERT INTO `B65362949_facture` VALUES (255,'15/0233',1,NULL,NULL,NULL,2,NULL,4,'2015-12-16 21:57:42','2015-12-01','2015-12-16','2015-12-28 17:21:09',1,'0.00000000',NULL,NULL,0,NULL,NULL,'-77.55000000','0.00000000','0.00000000','0.00000000','-369.30000000','-446.85000000',2,3,3,244,NULL,NULL,NULL,0,3,'2015-12-01','Devolución cliente por cambio de sociedad a fra. 15/0234',NULL,'addapta',NULL,NULL);
INSERT INTO `B65362949_facture` VALUES (256,'15/0235',1,NULL,NULL,NULL,0,NULL,118,'2015-12-24 12:05:56','2015-12-01','2015-12-24','2016-02-01 15:54:49',1,'0.00000000',NULL,NULL,0,NULL,NULL,'37.80000000','0.00000000','0.00000000','0.00000000','180.00000000','217.80000000',2,3,3,NULL,NULL,NULL,NULL,1,3,'2015-12-01',NULL,NULL,'addapta',NULL,NULL);
INSERT INTO `B65362949_facture` VALUES (257,'15/0236',1,NULL,NULL,NULL,0,NULL,3,'2015-12-28 17:18:33','2015-12-28','2015-12-28','2016-01-08 12:14:29',1,'0.00000000',NULL,NULL,0,NULL,NULL,'321.30000000','0.00000000','0.00000000','0.00000000','1530.00000000','1851.30000000',2,3,3,NULL,NULL,NULL,NULL,1,3,'2015-12-28',NULL,NULL,'addapta',NULL,NULL);
INSERT INTO `B65362949_facture` VALUES (258,'15/0237',1,NULL,NULL,NULL,0,NULL,3,'2015-12-28 17:26:54','2015-12-28','2015-12-28','2016-01-08 12:14:29',1,'0.00000000',NULL,NULL,0,NULL,NULL,'260.82000000','0.00000000','0.00000000','0.00000000','1242.00000000','1502.82000000',2,3,3,NULL,NULL,NULL,NULL,1,3,'2015-12-28','Aceptado el presupuesto por el cliente','Modo de pago:
\nSe requerirá el pago del 40% al inicio del proyecto. Otro 40% en el momento del inicio de las pruebas y un 20% en el momento de la aceptación.','addapta',NULL,NULL);
INSERT INTO `B65362949_facture` VALUES (259,'16/0001',1,NULL,NULL,NULL,0,NULL,1,'2015-12-28 17:59:50','2016-01-01','2016-01-04','2016-01-13 15:50:00',1,'0.00000000',NULL,NULL,0,NULL,NULL,'36.23000000','0.00000000','0.00000000','0.00000000','172.50000000','208.73000000',2,3,3,NULL,NULL,NULL,NULL,1,3,'2016-01-01',NULL,NULL,'addapta',NULL,NULL);
INSERT INTO `B65362949_facture` VALUES (260,'16/0002',1,NULL,NULL,NULL,0,NULL,3,'2016-01-05 11:56:32','2016-01-01','2016-01-05','2017-01-03 08:48:55',1,'0.00000000',NULL,NULL,0,NULL,NULL,'231.00000000','0.00000000','0.00000000','0.00000000','1100.00000000','1331.00000000',2,3,3,NULL,NULL,NULL,NULL,2,3,'2016-02-01',NULL,NULL,'addapta',NULL,NULL);
INSERT INTO `B65362949_facture` VALUES (261,'16/0003',1,NULL,NULL,NULL,0,NULL,3,'2016-01-05 11:59:26','2016-01-01','2016-01-05','2016-02-01 12:21:23',1,'0.00000000',NULL,NULL,0,NULL,NULL,'186.48000000','0.00000000','0.00000000','0.00000000','888.00000000','1074.48000000',2,3,3,NULL,NULL,NULL,NULL,2,3,'2016-02-01',NULL,NULL,'addapta',NULL,NULL);
INSERT INTO `B65362949_facture` VALUES (262,'16/0004',1,NULL,NULL,NULL,0,NULL,7,'2016-01-05 12:00:42','2016-01-01','2016-01-05','2016-04-01 17:48:19',1,'0.00000000',NULL,NULL,0,NULL,NULL,'20.95000000','0.00000000','0.00000000','0.00000000','99.75000000','120.70000000',2,3,3,NULL,NULL,NULL,NULL,1,7,'2016-01-01',NULL,NULL,'addapta',NULL,NULL);
INSERT INTO `B65362949_facture` VALUES (263,'16/0005',1,NULL,NULL,NULL,0,NULL,8,'2016-01-05 12:06:12','2016-01-01','2016-01-05','2016-02-01 12:15:41',1,'0.00000000',NULL,NULL,0,NULL,NULL,'257.62000000','0.00000000','0.00000000','0.00000000','1226.75000000','1484.37000000',2,3,3,NULL,NULL,NULL,NULL,2,2,'2016-02-01',NULL,NULL,'addapta',NULL,NULL);
INSERT INTO `B65362949_facture` VALUES (264,'16/0006',1,NULL,NULL,NULL,0,NULL,2,'2016-01-05 12:39:38','2016-01-01','2016-01-05','2016-01-28 14:50:28',1,'0.00000000',NULL,NULL,0,NULL,NULL,'42.63000000','0.00000000','0.00000000','0.00000000','203.00000000','245.63000000',2,3,3,NULL,NULL,NULL,NULL,1,3,'2016-01-01',NULL,NULL,'addapta',NULL,NULL);
INSERT INTO `B65362949_facture` VALUES (265,'16/0007',1,NULL,NULL,NULL,0,NULL,5,'2016-01-05 12:44:57','2016-01-01','2016-01-05','2016-06-03 10:54:23',1,'0.00000000',NULL,NULL,0,NULL,NULL,'22.63000000','0.00000000','0.00000000','0.00000000','107.75000000','130.38000000',2,3,3,NULL,NULL,NULL,NULL,1,2,'2016-01-01',NULL,NULL,'addapta',NULL,NULL);
INSERT INTO `B65362949_facture` VALUES (266,'16/0008',1,NULL,NULL,NULL,0,NULL,6,'2016-01-05 12:46:27','2016-01-01','2016-01-05','2016-05-20 10:44:16',1,'0.00000000',NULL,NULL,0,NULL,NULL,'45.39000000','0.00000000','0.00000000','0.00000000','216.15000000','261.54000000',2,3,3,NULL,NULL,NULL,NULL,4,2,'2016-03-01',NULL,NULL,'addapta',NULL,NULL);
INSERT INTO `B65362949_facture` VALUES (267,'16/0009',1,NULL,NULL,NULL,0,NULL,9,'2016-01-05 12:48:08','2016-01-01','2016-01-05','2016-01-13 15:50:45',1,'0.00000000',NULL,NULL,0,NULL,NULL,'58.20000000','0.00000000','0.00000000','0.00000000','277.15000000','335.35000000',2,3,3,NULL,NULL,NULL,NULL,1,2,'2016-01-01',NULL,NULL,'addapta',NULL,NULL);
INSERT INTO `B65362949_facture` VALUES (268,'16/0010',1,NULL,NULL,NULL,0,NULL,11,'2016-01-05 12:49:46','2016-01-01','2016-01-05','2016-06-21 12:05:35',1,'0.00000000',NULL,NULL,0,NULL,NULL,'146.21000000','0.00000000','0.00000000','0.00000000','696.25000000','842.46000000',2,3,3,NULL,NULL,NULL,NULL,1,2,'2016-01-01',NULL,NULL,'addapta',NULL,NULL);
INSERT INTO `B65362949_facture` VALUES (269,'16/0011',1,NULL,NULL,NULL,0,NULL,117,'2016-01-05 12:50:57','2016-01-01','2016-01-05','2016-08-04 18:33:30',1,'0.00000000',NULL,NULL,0,NULL,NULL,'77.55000000','0.00000000','0.00000000','0.00000000','369.30000000','446.85000000',2,3,3,NULL,NULL,NULL,NULL,1,3,'2016-01-01',NULL,NULL,'addapta',NULL,NULL);
INSERT INTO `B65362949_facture` VALUES (270,'16/0012',1,NULL,NULL,NULL,0,NULL,10,'2016-01-05 13:03:14','2016-01-01','2016-01-05','2017-01-03 11:09:02',1,'0.00000000',NULL,NULL,0,NULL,NULL,'698.25000000','0.00000000','0.00000000','0.00000000','3325.00000000','4023.25000000',2,3,3,NULL,NULL,NULL,NULL,4,2,'2016-03-01',NULL,NULL,'addapta',NULL,NULL);
INSERT INTO `B65362949_facture` VALUES (271,'16/0013',1,NULL,NULL,NULL,0,NULL,10,'2016-01-05 13:05:20','2016-01-01','2016-01-05','2016-03-14 10:18:37',1,'0.00000000',NULL,NULL,0,NULL,NULL,'725.76000000','0.00000000','0.00000000','0.00000000','3456.00000000','4181.76000000',2,3,3,NULL,NULL,NULL,NULL,4,2,'2016-03-01',NULL,NULL,'addapta',NULL,NULL);
INSERT INTO `B65362949_facture` VALUES (272,'16/0014',1,NULL,NULL,NULL,0,NULL,10,'2016-01-05 13:08:14','2016-01-01','2016-01-05','2016-03-14 10:18:37',1,'0.00000000',NULL,NULL,0,NULL,NULL,'882.00000000','0.00000000','0.00000000','0.00000000','4200.00000000','5082.00000000',2,3,3,NULL,NULL,NULL,NULL,4,2,'2016-03-01',NULL,NULL,'addapta',NULL,NULL);
INSERT INTO `B65362949_facture` VALUES (273,'16/0015',1,NULL,NULL,NULL,0,NULL,12,'2016-01-05 13:25:26','2016-01-01','2016-01-05','2016-03-03 17:48:50',1,'0.00000000',NULL,NULL,0,NULL,NULL,'36.75000000','0.00000000','0.00000000','0.00000000','175.00000000','211.75000000',2,3,3,NULL,NULL,NULL,NULL,1,3,'2016-01-01',NULL,NULL,'addapta',NULL,NULL);
INSERT INTO `B65362949_facture` VALUES (274,'16/0038',1,NULL,NULL,NULL,0,NULL,3,'2016-01-19 18:45:31','2016-02-01','2016-02-04','2016-03-14 10:20:34',1,'0.00000000',NULL,NULL,0,NULL,NULL,'25.20000000','0.00000000','0.00000000','0.00000000','120.00000000','145.20000000',2,2,3,NULL,NULL,NULL,NULL,1,3,'2016-02-01',NULL,NULL,'addapta',NULL,NULL);
INSERT INTO `B65362949_facture` VALUES (275,'16/0016',1,NULL,NULL,NULL,0,NULL,28,'2016-01-25 10:36:48','2016-01-25','2016-01-25','2016-02-10 16:45:48',1,'0.00000000',NULL,NULL,0,NULL,NULL,'72.24000000','0.00000000','0.00000000','0.00000000','343.98000000','416.22000000',2,3,3,NULL,NULL,NULL,NULL,1,2,'2016-01-25',NULL,NULL,'addapta',NULL,NULL);
INSERT INTO `B65362949_facture` VALUES (276,'16/0017',1,NULL,NULL,NULL,0,NULL,51,'2016-01-25 13:23:10','2016-01-25','2016-01-27','2016-02-16 19:28:54',1,'0.00000000',NULL,NULL,0,NULL,NULL,'322.35000000','0.00000000','0.00000000','0.00000000','1535.00000000','1857.35000000',2,3,3,NULL,NULL,NULL,NULL,1,2,'2016-03-15',NULL,NULL,'addapta',NULL,NULL);
INSERT INTO `B65362949_facture` VALUES (277,'16/0018',1,NULL,NULL,NULL,0,NULL,3,'2016-01-25 15:17:23','2016-01-25','2016-01-25','2016-02-01 12:21:13',1,'0.00000000',NULL,NULL,0,NULL,NULL,'739.20000000','0.00000000','0.00000000','0.00000000','3520.00000000','4259.20000000',2,3,3,NULL,NULL,NULL,NULL,1,3,'2016-01-25',NULL,NULL,'addapta',NULL,NULL);
INSERT INTO `B65362949_facture` VALUES (278,'16/0021',1,NULL,NULL,NULL,0,NULL,3,'2016-01-25 15:26:21','2016-02-01','2016-02-01','2016-02-05 08:29:30',1,'0.00000000',NULL,NULL,0,NULL,NULL,'915.20000000','0.00000000','0.00000000','0.00000000','4358.10000000','5273.30000000',2,3,3,NULL,NULL,NULL,NULL,1,3,'2016-02-01',NULL,NULL,'addapta',NULL,NULL);
INSERT INTO `B65362949_facture` VALUES (279,'16/0019',1,NULL,NULL,NULL,0,NULL,25,'2016-01-27 14:44:57','2016-01-24','2016-01-27','2016-02-01 12:21:38',1,'0.00000000',NULL,NULL,0,NULL,NULL,'36.75000000','0.00000000','0.00000000','0.00000000','175.00000000','211.75000000',2,3,3,NULL,NULL,NULL,NULL,1,3,'2016-01-24',NULL,NULL,'addapta',NULL,NULL);
INSERT INTO `B65362949_facture` VALUES (281,'16/0020',1,NULL,NULL,NULL,2,NULL,2,'2016-01-28 15:04:18','2016-01-28','2016-01-28','2016-01-28 15:06:29',1,'0.00000000',NULL,NULL,0,NULL,NULL,'-9.66000000','0.00000000','0.00000000','0.00000000','-46.00000000','-55.66000000',2,3,3,264,NULL,NULL,NULL,0,2,'2016-01-28',NULL,NULL,'addapta',NULL,NULL);
INSERT INTO `B65362949_facture` VALUES (282,'16/0022',1,NULL,NULL,NULL,0,NULL,1,'2016-02-01 13:25:24','2016-02-01','2016-02-01','2016-02-05 08:29:30',1,'0.00000000',NULL,NULL,0,NULL,NULL,'36.23000000','0.00000000','0.00000000','0.00000000','172.50000000','208.73000000',2,3,3,NULL,NULL,NULL,NULL,1,3,'2016-02-01',NULL,NULL,'addapta',NULL,NULL);
INSERT INTO `B65362949_facture` VALUES (283,'16/0023',1,NULL,NULL,NULL,0,NULL,3,'2016-02-01 13:26:29','2016-02-01','2016-02-01','2016-03-14 10:20:35',1,'0.00000000',NULL,NULL,0,NULL,NULL,'231.00000000','0.00000000','0.00000000','0.00000000','1100.00000000','1331.00000000',2,3,3,NULL,NULL,NULL,NULL,2,3,'2016-03-02',NULL,NULL,'addapta',NULL,NULL);
INSERT INTO `B65362949_facture` VALUES (284,'16/0024',1,NULL,NULL,NULL,0,NULL,3,'2016-02-01 13:27:40','2016-02-01','2016-02-01','2016-03-14 10:20:35',1,'0.00000000',NULL,NULL,0,NULL,NULL,'186.48000000','0.00000000','0.00000000','0.00000000','888.00000000','1074.48000000',2,3,3,NULL,NULL,NULL,NULL,2,3,'2016-03-02',NULL,NULL,'addapta',NULL,NULL);
INSERT INTO `B65362949_facture` VALUES (285,'16/0025',1,NULL,NULL,NULL,0,NULL,8,'2016-02-01 13:29:21','2016-02-01','2016-02-01','2016-03-03 17:51:36',1,'0.00000000',NULL,NULL,0,NULL,NULL,'257.62000000','0.00000000','0.00000000','0.00000000','1226.75000000','1484.37000000',2,3,3,NULL,NULL,NULL,NULL,2,2,'2016-03-02',NULL,NULL,'addapta',NULL,NULL);
INSERT INTO `B65362949_facture` VALUES (286,'16/0026',1,NULL,NULL,NULL,0,NULL,5,'2016-02-01 13:32:04','2016-02-01','2016-02-01','2016-06-03 10:54:23',1,'0.00000000',NULL,NULL,0,NULL,NULL,'22.63000000','0.00000000','0.00000000','0.00000000','107.75000000','130.38000000',2,3,3,NULL,NULL,NULL,NULL,1,2,'2016-02-01',NULL,NULL,'addapta',NULL,NULL);
INSERT INTO `B65362949_facture` VALUES (287,'16/0027',1,NULL,NULL,NULL,0,NULL,6,'2016-02-01 13:33:43','2016-02-01','2016-02-01','2016-04-21 11:53:16',1,'0.00000000',NULL,NULL,0,NULL,NULL,'45.39000000','0.00000000','0.00000000','0.00000000','216.15000000','261.54000000',2,3,3,NULL,NULL,NULL,NULL,4,2,'2016-04-01',NULL,NULL,'addapta',NULL,NULL);
INSERT INTO `B65362949_facture` VALUES (288,'16/0028',1,NULL,NULL,NULL,0,NULL,9,'2016-02-01 13:36:02','2016-02-01','2016-02-01','2016-02-10 16:50:28',1,'0.00000000',NULL,NULL,0,NULL,NULL,'58.20000000','0.00000000','0.00000000','0.00000000','277.15000000','335.35000000',2,3,3,NULL,NULL,NULL,NULL,1,2,'2016-02-01',NULL,NULL,'addapta',NULL,NULL);
INSERT INTO `B65362949_facture` VALUES (289,'16/0029',1,NULL,NULL,NULL,0,NULL,11,'2016-02-01 13:36:55','2016-02-01','2016-02-01','2016-06-21 12:12:02',1,'0.00000000',NULL,NULL,0,NULL,NULL,'146.21000000','0.00000000','0.00000000','0.00000000','696.25000000','842.46000000',2,3,3,NULL,NULL,NULL,NULL,1,2,'2016-02-01',NULL,NULL,'addapta',NULL,NULL);
INSERT INTO `B65362949_facture` VALUES (290,'16/0030',1,NULL,NULL,NULL,0,NULL,3,'2016-02-01 13:42:01','2016-02-01','2016-02-01','2016-02-05 08:29:30',1,'0.00000000',NULL,NULL,0,NULL,NULL,'152.88000000','0.00000000','0.00000000','0.00000000','728.00000000','880.88000000',2,3,3,NULL,NULL,NULL,NULL,1,3,'2016-02-01',NULL,NULL,'addapta',NULL,NULL);
INSERT INTO `B65362949_facture` VALUES (291,'16/0031',1,NULL,NULL,NULL,0,NULL,117,'2016-02-01 14:04:20','2016-02-01','2016-02-01','2016-08-04 18:33:30',1,'0.00000000',NULL,NULL,0,NULL,NULL,'77.55000000','0.00000000','0.00000000','0.00000000','369.30000000','446.85000000',2,3,3,NULL,NULL,NULL,NULL,1,3,'2016-02-01',NULL,NULL,'addapta',NULL,NULL);
INSERT INTO `B65362949_facture` VALUES (292,'16/0032',1,NULL,NULL,NULL,0,NULL,3,'2016-02-01 14:06:05','2016-02-01','2016-02-01','2016-02-05 08:29:30',1,'0.00000000',NULL,NULL,0,NULL,NULL,'23.52000000','0.00000000','0.00000000','0.00000000','112.00000000','135.52000000',2,3,3,NULL,NULL,NULL,NULL,1,3,'2016-02-01',NULL,NULL,'addapta',NULL,NULL);
INSERT INTO `B65362949_facture` VALUES (293,'16/0033',1,NULL,NULL,NULL,0,NULL,10,'2016-02-01 14:10:27','2016-02-01','2016-02-01','2016-04-13 15:27:22',1,'0.00000000',NULL,NULL,0,NULL,NULL,'682.50000000','0.00000000','0.00000000','0.00000000','3250.00000000','3932.50000000',2,3,3,NULL,NULL,NULL,NULL,4,2,'2016-04-01',NULL,NULL,'addapta',NULL,NULL);
INSERT INTO `B65362949_facture` VALUES (294,'16/0034',1,NULL,NULL,NULL,0,NULL,10,'2016-02-01 14:11:11','2016-02-01','2016-02-01','2016-04-13 15:27:22',1,'0.00000000',NULL,NULL,0,NULL,NULL,'861.84000000','0.00000000','0.00000000','0.00000000','4104.00000000','4965.84000000',2,3,3,NULL,NULL,NULL,NULL,4,2,'2016-04-01',NULL,NULL,'addapta',NULL,NULL);
INSERT INTO `B65362949_facture` VALUES (295,'16/0035',1,NULL,NULL,NULL,0,NULL,10,'2016-02-01 14:11:38','2016-02-01','2016-02-01','2016-04-13 15:27:22',1,'0.00000000',NULL,NULL,0,NULL,NULL,'798.00000000','0.00000000','0.00000000','0.00000000','3800.00000000','4598.00000000',2,3,3,NULL,NULL,NULL,NULL,4,2,'2016-04-01',NULL,NULL,'addapta',NULL,NULL);
INSERT INTO `B65362949_facture` VALUES (296,'16/0037',1,NULL,NULL,NULL,0,NULL,139,'2016-02-02 09:30:27','2016-02-01','2016-02-03','2016-03-18 11:00:49',1,'0.00000000',NULL,NULL,0,NULL,NULL,'453.60000000','0.00000000','0.00000000','0.00000000','2160.00000000','2613.60000000',2,3,3,NULL,NULL,NULL,NULL,1,7,'2016-07-01',NULL,NULL,'addapta',NULL,NULL);
INSERT INTO `B65362949_facture` VALUES (297,'16/0036',1,NULL,NULL,NULL,0,NULL,6,'2016-02-02 15:35:47','2016-02-01','2016-02-02','2016-04-21 11:53:16',1,'0.00000000',NULL,NULL,0,NULL,NULL,'20.79000000','0.00000000','0.00000000','0.00000000','99.00000000','119.79000000',2,3,3,NULL,NULL,NULL,NULL,4,2,'2016-04-02',NULL,NULL,'addapta',NULL,NULL);
INSERT INTO `B65362949_facture` VALUES (298,'14/0001',1,NULL,NULL,NULL,0,NULL,140,'2016-02-04 19:39:36','2014-01-31','2016-02-04','2016-02-05 08:34:23',1,'0.00000000',NULL,NULL,0,NULL,NULL,'5360.74000000','0.00000000','0.00000000','0.00000000','25527.32000000','30888.06000000',2,3,3,NULL,NULL,NULL,NULL,1,1,'2014-01-31',NULL,NULL,'addapta',NULL,NULL);
INSERT INTO `B65362949_facture` VALUES (299,'14/0002',1,NULL,NULL,NULL,0,NULL,140,'2016-02-04 19:43:04','2014-02-28','2016-02-04','2016-02-05 08:34:23',1,'0.00000000',NULL,NULL,0,NULL,NULL,'2287.08000000','0.00000000','0.00000000','0.00000000','10890.87000000','13177.95000000',2,3,3,NULL,NULL,NULL,NULL,1,1,'2014-02-28',NULL,NULL,'addapta',NULL,NULL);
INSERT INTO `B65362949_facture` VALUES (300,'14/0003',1,NULL,NULL,NULL,0,NULL,140,'2016-02-04 19:43:54','2014-03-31','2016-02-04','2016-02-05 08:34:23',1,'0.00000000',NULL,NULL,0,NULL,NULL,'2220.84000000','0.00000000','0.00000000','0.00000000','10575.45000000','12796.29000000',2,3,3,NULL,NULL,NULL,NULL,1,1,'2014-03-31',NULL,NULL,'addapta',NULL,NULL);
INSERT INTO `B65362949_facture` VALUES (301,'14/0004',1,NULL,NULL,NULL,0,NULL,140,'2016-02-04 19:45:57','2014-04-30','2016-02-04','2016-02-05 08:34:23',1,'0.00000000',NULL,NULL,0,NULL,NULL,'1627.63000000','0.00000000','0.00000000','0.00000000','7750.63000000','9378.26000000',2,3,3,NULL,NULL,NULL,NULL,1,1,'2014-04-30',NULL,NULL,'addapta',NULL,NULL);
INSERT INTO `B65362949_facture` VALUES (302,'14/0005',1,NULL,NULL,NULL,0,NULL,140,'2016-02-04 19:47:43','2014-05-31','2016-02-04','2016-02-05 08:34:23',1,'0.00000000',NULL,NULL,0,NULL,NULL,'2631.52000000','0.00000000','0.00000000','0.00000000','12531.05000000','15162.57000000',2,3,3,NULL,NULL,NULL,NULL,1,1,'2014-05-31',NULL,NULL,'addapta',NULL,NULL);
INSERT INTO `B65362949_facture` VALUES (303,'14/0006',1,NULL,NULL,NULL,0,NULL,140,'2016-02-04 19:52:42','2014-06-30','2016-02-04','2016-02-05 08:34:23',1,'0.00000000',NULL,NULL,0,NULL,NULL,'3064.61000000','0.00000000','0.00000000','0.00000000','14593.40000000','17658.01000000',2,3,3,NULL,NULL,NULL,NULL,1,1,'2014-06-30',NULL,NULL,'addapta',NULL,NULL);
INSERT INTO `B65362949_facture` VALUES (304,'14/0007',1,NULL,NULL,NULL,0,NULL,140,'2016-02-04 19:53:39','2014-07-31','2016-02-04','2016-02-05 08:34:23',1,'0.00000000',NULL,NULL,0,NULL,NULL,'3129.97000000','0.00000000','0.00000000','0.00000000','14904.60000000','18034.57000000',2,3,3,NULL,NULL,NULL,NULL,1,1,'2014-07-31',NULL,NULL,'addapta',NULL,NULL);
INSERT INTO `B65362949_facture` VALUES (305,'14/0008',1,NULL,NULL,NULL,0,NULL,140,'2016-02-04 19:54:36','2014-08-31','2016-02-04','2016-02-05 08:34:23',1,'0.00000000',NULL,NULL,0,NULL,NULL,'2417.48000000','0.00000000','0.00000000','0.00000000','11511.80000000','13929.28000000',2,3,3,NULL,NULL,NULL,NULL,1,1,'2014-08-31',NULL,NULL,'addapta',NULL,NULL);
INSERT INTO `B65362949_facture` VALUES (306,'14/0009',1,NULL,NULL,NULL,0,NULL,140,'2016-02-04 19:55:32','2014-09-30','2016-02-04','2016-02-05 08:34:23',1,'0.00000000',NULL,NULL,0,NULL,NULL,'1674.50000000','0.00000000','0.00000000','0.00000000','7973.80000000','9648.30000000',2,3,3,NULL,NULL,NULL,NULL,1,1,'2014-09-30',NULL,NULL,'addapta',NULL,NULL);
INSERT INTO `B65362949_facture` VALUES (307,'14/0010',1,NULL,NULL,NULL,0,NULL,140,'2016-02-04 19:56:20','2014-10-31','2016-02-04','2016-02-05 08:34:23',1,'0.00000000',NULL,NULL,0,NULL,NULL,'3379.72000000','0.00000000','0.00000000','0.00000000','16093.91000000','19473.63000000',2,3,3,NULL,NULL,NULL,NULL,1,1,'2014-10-31',NULL,NULL,'addapta',NULL,NULL);
INSERT INTO `B65362949_facture` VALUES (308,'14/0011',1,NULL,NULL,NULL,0,NULL,140,'2016-02-04 19:57:19','2014-11-30','2016-02-04','2016-02-05 08:34:23',1,'0.00000000',NULL,NULL,0,NULL,NULL,'3305.63000000','0.00000000','0.00000000','0.00000000','15741.10000000','19046.73000000',2,3,3,NULL,NULL,NULL,NULL,1,1,'2014-11-30',NULL,NULL,'addapta',NULL,NULL);
INSERT INTO `B65362949_facture` VALUES (309,'14/0012',1,NULL,NULL,NULL,0,NULL,140,'2016-02-04 19:58:11','2014-12-31','2016-02-04','2016-02-05 08:34:23',1,'0.00000000',NULL,NULL,0,NULL,NULL,'3483.43000000','0.00000000','0.00000000','0.00000000','16587.75000000','20071.18000000',2,3,3,NULL,NULL,NULL,NULL,1,1,'2014-12-31',NULL,NULL,'addapta',NULL,NULL);
INSERT INTO `B65362949_facture` VALUES (310,'12/0001',1,NULL,NULL,NULL,0,NULL,140,'2016-02-04 20:03:05','2012-01-31','2016-02-04','2016-02-05 08:34:23',1,'0.00000000',NULL,NULL,0,NULL,NULL,'10190.84000000','0.00000000','0.00000000','0.00000000','48527.80000000','58718.64000000',2,3,3,NULL,NULL,NULL,NULL,1,1,'2012-01-31',NULL,NULL,'addapta',NULL,NULL);
INSERT INTO `B65362949_facture` VALUES (311,'12/0002',1,NULL,NULL,NULL,0,NULL,140,'2016-02-04 20:03:50','2012-02-28','2016-02-04','2016-02-05 08:41:50',1,'0.00000000',NULL,NULL,0,NULL,NULL,'14954.56000000','0.00000000','0.00000000','0.00000000','71212.21000000','86166.77000000',2,3,3,NULL,NULL,NULL,NULL,1,1,'2012-02-28',NULL,NULL,'addapta',NULL,NULL);
INSERT INTO `B65362949_facture` VALUES (312,'12/0003',1,NULL,NULL,NULL,0,NULL,140,'2016-02-04 20:04:30','2012-03-31','2016-02-04','2016-02-05 08:34:23',1,'0.00000000',NULL,NULL,0,NULL,NULL,'3828.92000000','0.00000000','0.00000000','0.00000000','18232.95000000','22061.87000000',2,3,3,NULL,NULL,NULL,NULL,1,1,'2012-03-31',NULL,NULL,'addapta',NULL,NULL);
INSERT INTO `B65362949_facture` VALUES (313,'12/0004',1,NULL,NULL,NULL,0,NULL,140,'2016-02-04 20:05:03','2012-04-30','2016-02-04','2016-02-05 08:34:23',1,'0.00000000',NULL,NULL,0,NULL,NULL,'5410.85000000','0.00000000','0.00000000','0.00000000','25765.94000000','31176.79000000',2,3,3,NULL,NULL,NULL,NULL,1,1,'2012-04-30',NULL,NULL,'addapta',NULL,NULL);
INSERT INTO `B65362949_facture` VALUES (314,'12/0005',1,NULL,NULL,NULL,0,NULL,140,'2016-02-04 20:06:31','2012-05-31','2016-02-04','2016-02-05 08:34:23',1,'0.00000000',NULL,NULL,0,NULL,NULL,'11814.95000000','0.00000000','0.00000000','0.00000000','56261.65000000','68076.60000000',2,3,3,NULL,NULL,NULL,NULL,1,1,'2012-05-31',NULL,NULL,'addapta',NULL,NULL);
INSERT INTO `B65362949_facture` VALUES (315,'12/0006',1,NULL,NULL,NULL,0,NULL,140,'2016-02-04 20:07:02','2012-06-30','2016-02-04','2016-02-05 08:34:23',1,'0.00000000',NULL,NULL,0,NULL,NULL,'2095.22000000','0.00000000','0.00000000','0.00000000','9977.25000000','12072.47000000',2,3,3,NULL,NULL,NULL,NULL,1,1,'2012-06-30',NULL,NULL,'addapta',NULL,NULL);
INSERT INTO `B65362949_facture` VALUES (316,'12/0007',1,NULL,NULL,NULL,0,NULL,140,'2016-02-04 20:07:35','2012-07-31','2016-02-04','2016-02-05 08:34:23',1,'0.00000000',NULL,NULL,0,NULL,NULL,'10991.15000000','0.00000000','0.00000000','0.00000000','52338.79000000','63329.94000000',2,3,3,NULL,NULL,NULL,NULL,1,1,'2012-07-31',NULL,NULL,'addapta',NULL,NULL);
INSERT INTO `B65362949_facture` VALUES (317,'12/0008',1,NULL,NULL,NULL,0,NULL,140,'2016-02-04 20:08:13','2012-08-31','2016-02-04','2016-02-05 08:34:23',1,'0.00000000',NULL,NULL,0,NULL,NULL,'8171.28000000','0.00000000','0.00000000','0.00000000','38910.87000000','47082.15000000',2,3,3,NULL,NULL,NULL,NULL,1,1,'2012-08-31',NULL,NULL,'addapta',NULL,NULL);
INSERT INTO `B65362949_facture` VALUES (318,'12/0009',1,NULL,NULL,NULL,0,NULL,140,'2016-02-04 20:08:49','2012-09-30','2016-02-04','2016-02-05 08:34:23',1,'0.00000000',NULL,NULL,0,NULL,NULL,'1561.72000000','0.00000000','0.00000000','0.00000000','7436.75000000','8998.47000000',2,3,3,NULL,NULL,NULL,NULL,1,1,'2012-09-30',NULL,NULL,'addapta',NULL,NULL);
INSERT INTO `B65362949_facture` VALUES (319,'12/0010',1,NULL,NULL,NULL,0,NULL,140,'2016-02-04 20:09:21','2012-10-31','2016-02-04','2016-02-05 08:34:23',1,'0.00000000',NULL,NULL,0,NULL,NULL,'3322.43000000','0.00000000','0.00000000','0.00000000','15821.11000000','19143.54000000',2,3,3,NULL,NULL,NULL,NULL,1,1,'2012-10-31',NULL,NULL,'addapta',NULL,NULL);
INSERT INTO `B65362949_facture` VALUES (320,'12/0011',1,NULL,NULL,NULL,0,NULL,140,'2016-02-04 20:10:03','2012-11-30','2016-02-04','2016-02-05 08:34:23',1,'0.00000000',NULL,NULL,0,NULL,NULL,'2088.36000000','0.00000000','0.00000000','0.00000000','9944.55000000','12032.91000000',2,3,3,NULL,NULL,NULL,NULL,1,1,'2012-11-30',NULL,NULL,'addapta',NULL,NULL);
INSERT INTO `B65362949_facture` VALUES (321,'12/0012',1,NULL,NULL,NULL,0,NULL,140,'2016-02-04 20:10:39','2012-12-31','2016-02-04','2016-02-05 08:34:23',1,'0.00000000',NULL,NULL,0,NULL,NULL,'7392.98000000','0.00000000','0.00000000','0.00000000','35204.65000000','42597.63000000',2,3,3,NULL,NULL,NULL,NULL,1,1,'2012-12-31',NULL,NULL,'addapta',NULL,NULL);
INSERT INTO `B65362949_facture` VALUES (322,'13/0001',1,NULL,NULL,NULL,0,NULL,140,'2016-02-04 20:27:04','2013-01-31','2016-02-04','2016-02-05 08:34:23',1,'0.00000000',NULL,NULL,0,NULL,NULL,'2721.72000000','0.00000000','0.00000000','0.00000000','12960.55000000','15682.27000000',2,3,3,NULL,NULL,NULL,NULL,1,1,'2013-01-31',NULL,NULL,'addapta',NULL,NULL);
INSERT INTO `B65362949_facture` VALUES (323,'13/0002',1,NULL,NULL,NULL,0,NULL,140,'2016-02-04 20:29:43','2013-02-28','2016-02-04','2016-02-05 08:34:23',1,'0.00000000',NULL,NULL,0,NULL,NULL,'2495.38000000','0.00000000','0.00000000','0.00000000','11882.76000000','14378.14000000',2,3,3,NULL,NULL,NULL,NULL,1,1,'2013-02-28',NULL,NULL,'addapta',NULL,NULL);
INSERT INTO `B65362949_facture` VALUES (324,'13/0003',1,NULL,NULL,NULL,0,NULL,140,'2016-02-04 20:31:15','2013-03-31','2016-02-04','2016-02-05 08:34:23',1,'0.00000000',NULL,NULL,0,NULL,NULL,'1945.40000000','0.00000000','0.00000000','0.00000000','9263.81000000','11209.21000000',2,3,3,NULL,NULL,NULL,NULL,1,1,'2013-03-31',NULL,NULL,'addapta',NULL,NULL);
INSERT INTO `B65362949_facture` VALUES (325,'13/0004',1,NULL,NULL,NULL,0,NULL,140,'2016-02-04 20:32:52','2013-04-30','2016-02-04','2016-02-05 08:34:23',1,'0.00000000',NULL,NULL,0,NULL,NULL,'2982.31000000','0.00000000','0.00000000','0.00000000','14201.49000000','17183.80000000',2,3,3,NULL,NULL,NULL,NULL,1,1,'2013-04-30',NULL,NULL,'addapta',NULL,NULL);
INSERT INTO `B65362949_facture` VALUES (326,'13/0005',1,NULL,NULL,NULL,0,NULL,140,'2016-02-04 20:33:55','2013-05-31','2016-02-04','2016-02-05 08:34:23',1,'0.00000000',NULL,NULL,0,NULL,NULL,'3069.30000000','0.00000000','0.00000000','0.00000000','14615.73000000','17685.03000000',2,3,3,NULL,NULL,NULL,NULL,1,1,'2013-05-31',NULL,NULL,'addapta',NULL,NULL);
INSERT INTO `B65362949_facture` VALUES (327,'13/0006',1,NULL,NULL,NULL,0,NULL,140,'2016-02-04 20:35:03','2013-06-30','2016-02-04','2016-02-05 08:34:23',1,'0.00000000',NULL,NULL,0,NULL,NULL,'1409.21000000','0.00000000','0.00000000','0.00000000','6710.51000000','8119.72000000',2,3,3,NULL,NULL,NULL,NULL,1,1,'2013-06-30',NULL,NULL,'addapta',NULL,NULL);
INSERT INTO `B65362949_facture` VALUES (328,'13/0007',1,NULL,NULL,NULL,0,NULL,140,'2016-02-04 20:36:05','2013-07-31','2016-02-04','2016-02-05 08:34:23',1,'0.00000000',NULL,NULL,0,NULL,NULL,'3720.54000000','0.00000000','0.00000000','0.00000000','17716.87000000','21437.41000000',2,3,3,NULL,NULL,NULL,NULL,1,1,'2013-07-31',NULL,NULL,'addapta',NULL,NULL);
INSERT INTO `B65362949_facture` VALUES (329,'13/0008',1,NULL,NULL,NULL,0,NULL,140,'2016-02-04 20:37:10','2013-08-31','2016-02-04','2016-02-05 08:34:23',1,'0.00000000',NULL,NULL,0,NULL,NULL,'1012.56000000','0.00000000','0.00000000','0.00000000','4821.72000000','5834.28000000',2,3,3,NULL,NULL,NULL,NULL,1,1,'2013-08-31',NULL,NULL,'addapta',NULL,NULL);
INSERT INTO `B65362949_facture` VALUES (330,'13/0009',1,NULL,NULL,NULL,0,NULL,140,'2016-02-04 20:38:05','2013-09-30','2016-02-04','2016-02-05 08:34:23',1,'0.00000000',NULL,NULL,0,NULL,NULL,'940.20000000','0.00000000','0.00000000','0.00000000','4477.16000000','5417.36000000',2,3,3,NULL,NULL,NULL,NULL,1,1,'2013-09-30',NULL,NULL,'addapta',NULL,NULL);
INSERT INTO `B65362949_facture` VALUES (331,'13/0010',1,NULL,NULL,NULL,0,NULL,140,'2016-02-04 20:40:31','2013-10-31','2016-02-04','2016-02-05 08:34:23',1,'0.00000000',NULL,NULL,0,NULL,NULL,'6190.30000000','0.00000000','0.00000000','0.00000000','29477.64000000','35667.94000000',2,3,3,NULL,NULL,NULL,NULL,1,1,'2013-10-31',NULL,NULL,'addapta',NULL,NULL);
INSERT INTO `B65362949_facture` VALUES (332,'13/0011',1,NULL,NULL,NULL,0,NULL,140,'2016-02-04 20:41:34','2013-11-30','2016-02-04','2016-02-05 08:34:23',1,'0.00000000',NULL,NULL,0,NULL,NULL,'2240.45000000','0.00000000','0.00000000','0.00000000','10668.79000000','12909.24000000',2,3,3,NULL,NULL,NULL,NULL,1,1,'2013-11-30',NULL,NULL,'addapta',NULL,NULL);
INSERT INTO `B65362949_facture` VALUES (333,'13/0012',1,NULL,NULL,NULL,0,NULL,140,'2016-02-04 20:42:37','2013-12-31','2016-02-04','2016-02-05 08:34:23',1,'0.00000000',NULL,NULL,0,NULL,NULL,'4024.62000000','0.00000000','0.00000000','0.00000000','19164.87000000','23189.49000000',2,3,3,NULL,NULL,NULL,NULL,1,1,'2013-12-31',NULL,NULL,'addapta',NULL,NULL);
INSERT INTO `B65362949_facture` VALUES (334,'16/0039',1,NULL,NULL,NULL,0,NULL,6,'2016-02-08 15:56:16','2016-02-08','2016-02-11','2016-04-21 11:53:16',1,'0.00000000',NULL,NULL,0,NULL,NULL,'604.80000000','0.00000000','0.00000000','0.00000000','2880.00000000','3484.80000000',2,2,3,NULL,NULL,NULL,NULL,4,3,'2016-04-08',NULL,NULL,'addapta',NULL,NULL);
INSERT INTO `B65362949_facture` VALUES (335,'16/0042',1,NULL,NULL,NULL,0,NULL,3,'2016-02-17 20:02:46','2016-03-01','2016-03-04','2016-03-14 10:20:35',1,'0.00000000',NULL,NULL,0,NULL,NULL,'25.20000000','0.00000000','0.00000000','0.00000000','120.00000000','145.20000000',2,2,3,NULL,NULL,NULL,NULL,1,3,'2016-03-01',NULL,NULL,'addapta',NULL,NULL);
INSERT INTO `B65362949_facture` VALUES (336,'16/0040',1,NULL,NULL,NULL,0,NULL,1,'2016-03-04 15:33:16','2016-03-01','2016-03-04','2016-03-14 10:20:35',1,'0.00000000',NULL,NULL,0,NULL,NULL,'36.23000000','0.00000000','0.00000000','0.00000000','172.50000000','208.73000000',2,3,3,NULL,NULL,NULL,NULL,1,3,'2016-03-01',NULL,NULL,'addapta',NULL,NULL);
INSERT INTO `B65362949_facture` VALUES (337,'16/0041',1,NULL,NULL,NULL,0,NULL,3,'2016-03-04 15:35:12','2016-03-01','2016-03-04','2016-03-14 10:20:35',1,'0.00000000',NULL,NULL,0,NULL,NULL,'1478.40000000','0.00000000','0.00000000','0.00000000','7040.00000000','8518.40000000',2,3,3,NULL,NULL,NULL,NULL,1,3,'2016-03-01',NULL,NULL,'addapta',NULL,NULL);
INSERT INTO `B65362949_facture` VALUES (338,'16/0043',1,NULL,NULL,NULL,0,NULL,3,'2016-03-04 15:41:15','2016-03-01','2016-03-04','2016-04-13 16:21:53',1,'0.00000000',NULL,NULL,0,NULL,NULL,'231.00000000','0.00000000','0.00000000','0.00000000','1100.00000000','1331.00000000',2,3,3,NULL,NULL,NULL,NULL,2,3,'2016-04-01',NULL,NULL,'addapta',NULL,NULL);
INSERT INTO `B65362949_facture` VALUES (340,'16/0044',1,NULL,NULL,NULL,0,NULL,3,'2016-03-04 15:51:48','2016-03-01','2016-03-04','2016-04-13 16:21:53',1,'0.00000000',NULL,NULL,0,NULL,NULL,'206.64000000','0.00000000','0.00000000','0.00000000','984.00000000','1190.64000000',2,3,3,NULL,NULL,NULL,NULL,2,3,'2016-04-01',NULL,NULL,'addapta',NULL,NULL);
INSERT INTO `B65362949_facture` VALUES (341,'16/0045',1,NULL,NULL,NULL,0,NULL,3,'2016-03-04 15:59:06','2016-03-01','2016-03-04','2016-03-14 10:20:35',1,'0.00000000',NULL,NULL,0,NULL,NULL,'76.44000000','0.00000000','0.00000000','0.00000000','364.00000000','440.44000000',2,3,3,NULL,NULL,NULL,NULL,1,3,'2016-03-01',NULL,NULL,'addapta',NULL,NULL);
INSERT INTO `B65362949_facture` VALUES (342,'16/0046',1,NULL,NULL,NULL,0,NULL,3,'2016-03-04 16:04:23','2016-03-01','2016-04-08','2016-04-08 10:19:03',1,'0.00000000',NULL,NULL,0,NULL,NULL,'104.16000000','0.00000000','0.00000000','0.00000000','496.00000000','600.16000000',2,3,3,NULL,NULL,NULL,NULL,1,3,'2016-03-01',NULL,NULL,'addapta',NULL,NULL);
INSERT INTO `B65362949_facture` VALUES (343,'16/0047',1,NULL,NULL,NULL,0,NULL,27,'2016-03-04 16:52:57','2016-03-01','2016-03-04','2016-03-09 11:21:57',1,'0.00000000',NULL,NULL,0,NULL,NULL,'29.82000000','0.00000000','0.00000000','0.00000000','142.00000000','171.82000000',2,3,3,NULL,NULL,NULL,NULL,1,2,'2016-03-01',NULL,NULL,'addapta',NULL,NULL);
INSERT INTO `B65362949_facture` VALUES (344,'16/0048',1,NULL,NULL,NULL,0,NULL,8,'2016-03-04 17:14:37','2016-03-01','2016-03-04','2016-04-04 12:28:56',1,'0.00000000',NULL,NULL,0,NULL,NULL,'257.62000000','0.00000000','0.00000000','0.00000000','1226.75000000','1484.37000000',2,3,3,NULL,NULL,NULL,NULL,2,2,'2016-04-01',NULL,NULL,'addapta',NULL,NULL);
INSERT INTO `B65362949_facture` VALUES (345,'16/0049',1,NULL,NULL,NULL,0,NULL,5,'2016-03-04 17:17:56','2016-03-01','2016-03-04','2016-06-03 10:54:23',1,'0.00000000',NULL,NULL,0,NULL,NULL,'22.63000000','0.00000000','0.00000000','0.00000000','107.75000000','130.38000000',2,3,3,NULL,NULL,NULL,NULL,1,2,'2016-03-01',NULL,NULL,'addapta',NULL,NULL);
INSERT INTO `B65362949_facture` VALUES (346,'16/0050',1,NULL,NULL,NULL,0,NULL,6,'2016-03-04 17:33:52','2016-03-01','2016-03-04','2016-05-20 10:42:38',1,'0.00000000',NULL,NULL,0,NULL,NULL,'45.39000000','0.00000000','0.00000000','0.00000000','216.15000000','261.54000000',2,3,3,NULL,NULL,NULL,NULL,4,2,'2016-05-01',NULL,NULL,'addapta',NULL,NULL);
INSERT INTO `B65362949_facture` VALUES (347,'16/0051',1,NULL,NULL,NULL,0,NULL,9,'2016-03-04 17:35:25','2016-03-01','2016-03-04','2016-03-09 11:22:32',1,'0.00000000',NULL,NULL,0,NULL,NULL,'58.20000000','0.00000000','0.00000000','0.00000000','277.15000000','335.35000000',2,3,3,NULL,NULL,NULL,NULL,1,2,'2016-03-01',NULL,NULL,'addapta',NULL,NULL);
INSERT INTO `B65362949_facture` VALUES (348,'16/0052',1,NULL,NULL,NULL,0,NULL,11,'2016-03-04 18:52:25','2016-03-01','2016-03-04','2016-06-21 12:10:27',1,'0.00000000',NULL,NULL,0,NULL,NULL,'146.21000000','0.00000000','0.00000000','0.00000000','696.25000000','842.46000000',2,3,3,NULL,NULL,NULL,NULL,1,2,'2016-03-01',NULL,NULL,'addapta',NULL,NULL);
INSERT INTO `B65362949_facture` VALUES (349,'16/0053',1,NULL,NULL,NULL,0,NULL,4,'2016-03-04 18:53:35','2016-03-01','2016-03-07','2016-03-07 11:22:03',1,'0.00000000',NULL,NULL,0,NULL,NULL,'0.00000000','0.00000000','0.00000000','0.00000000','0.00000000','0.00000000',2,3,3,NULL,NULL,NULL,NULL,1,2,'2016-03-01',NULL,NULL,'addapta',NULL,NULL);
INSERT INTO `B65362949_facture` VALUES (350,'16/0054',1,NULL,NULL,NULL,0,NULL,10,'2016-03-04 18:56:01','2016-03-01','2016-03-04','2016-05-11 12:19:05',1,'0.00000000',NULL,NULL,0,NULL,NULL,'409.50000000','0.00000000','0.00000000','0.00000000','1950.00000000','2359.50000000',2,3,3,NULL,NULL,NULL,NULL,4,2,'2016-05-01',NULL,NULL,'addapta',NULL,NULL);
INSERT INTO `B65362949_facture` VALUES (351,'16/0055',1,NULL,NULL,NULL,0,NULL,10,'2016-03-04 18:58:41','2016-03-01','2016-03-04','2016-05-11 12:19:05',1,'0.00000000',NULL,NULL,0,NULL,NULL,'907.20000000','0.00000000','0.00000000','0.00000000','4320.00000000','5227.20000000',2,3,3,NULL,NULL,NULL,NULL,4,2,'2016-05-01',NULL,NULL,'addapta',NULL,NULL);
INSERT INTO `B65362949_facture` VALUES (352,'16/0056',1,NULL,NULL,NULL,0,NULL,10,'2016-03-04 19:00:27','2016-03-01','2016-03-08','2016-05-11 12:19:05',1,'0.00000000',NULL,NULL,0,NULL,NULL,'840.00000000','0.00000000','0.00000000','0.00000000','4000.00000000','4840.00000000',2,3,3,NULL,NULL,NULL,NULL,4,2,'2016-05-01',NULL,NULL,'addapta',NULL,NULL);
INSERT INTO `B65362949_facture` VALUES (353,'16/0057',1,NULL,NULL,NULL,0,NULL,117,'2016-03-07 11:10:27','2016-03-01','2016-03-08','2016-08-04 18:33:30',1,'0.00000000',NULL,NULL,0,NULL,NULL,'77.55000000','0.00000000','0.00000000','0.00000000','369.30000000','446.85000000',2,3,3,NULL,NULL,NULL,NULL,1,3,'2016-03-01',NULL,NULL,'addapta',NULL,NULL);
INSERT INTO `B65362949_facture` VALUES (354,'16/0058',1,NULL,NULL,NULL,0,NULL,26,'2016-03-07 11:38:48','2016-03-01','2016-03-07','2016-03-14 10:20:07',1,'0.00000000',NULL,NULL,0,NULL,NULL,'36.75000000','0.00000000','0.00000000','0.00000000','175.00000000','211.75000000',2,3,3,NULL,NULL,NULL,NULL,1,3,'2016-03-01',NULL,NULL,'addapta',NULL,NULL);
INSERT INTO `B65362949_facture` VALUES (357,'16/0059',1,NULL,NULL,NULL,0,NULL,91,'2016-03-08 12:24:33','2016-03-01','2016-05-23','2016-06-07 13:48:01',1,'0.00000000',NULL,NULL,0,NULL,NULL,'307.13000000','0.00000000','0.00000000','0.00000000','1462.50000000','1769.63000000',2,3,3,NULL,NULL,NULL,NULL,1,2,'2016-03-01',NULL,NULL,'addapta',NULL,NULL);
INSERT INTO `B65362949_facture` VALUES (358,'16/0079',1,NULL,NULL,NULL,0,NULL,91,'2016-03-08 15:04:34','2016-04-01','2016-05-23','2016-06-15 13:15:57',1,'0.00000000',NULL,NULL,0,NULL,NULL,'1097.27000000','0.00000000','0.00000000','0.00000000','5225.10000000','6322.37000000',2,3,3,NULL,NULL,NULL,NULL,1,2,'2016-04-01',NULL,NULL,'addapta',NULL,NULL);
INSERT INTO `B65362949_facture` VALUES (359,'16/0060',1,NULL,NULL,NULL,0,NULL,54,'2016-03-09 10:38:32','2016-03-09','2016-03-12','2016-03-17 12:39:51',1,'0.00000000',NULL,NULL,0,NULL,NULL,'44.10000000','0.00000000','0.00000000','0.00000000','210.00000000','254.10000000',2,2,2,NULL,NULL,NULL,NULL,1,2,'2016-03-09',NULL,NULL,'addapta',NULL,NULL);
INSERT INTO `B65362949_facture` VALUES (360,'16/0061',1,NULL,NULL,NULL,0,NULL,54,'2016-03-12 09:06:43','2016-03-12','2016-03-12','2016-03-17 12:39:51',1,'0.00000000',NULL,NULL,0,NULL,NULL,'18.90000000','0.00000000','0.00000000','0.00000000','90.00000000','108.90000000',2,2,2,NULL,NULL,NULL,NULL,1,2,'2016-03-12',NULL,NULL,'addapta',NULL,NULL);
INSERT INTO `B65362949_facture` VALUES (361,'16/0077',1,NULL,NULL,NULL,0,NULL,11,'2016-03-20 12:48:46','2016-04-01','2016-04-04','2016-06-21 12:10:27',1,'0.00000000',NULL,NULL,0,NULL,NULL,'58.49000000','0.00000000','0.00000000','0.00000000','278.50000000','336.99000000',2,2,3,NULL,NULL,NULL,NULL,1,2,'2016-04-01',NULL,NULL,'addapta',NULL,NULL);
INSERT INTO `B65362949_facture` VALUES (362,'16/0076',1,NULL,NULL,NULL,0,NULL,3,'2016-03-22 12:52:42','2016-04-01','2016-04-04','2016-04-13 16:21:53',1,'0.00000000',NULL,NULL,0,NULL,NULL,'126.00000000','0.00000000','0.00000000','0.00000000','600.00000000','726.00000000',2,2,3,NULL,NULL,NULL,NULL,1,3,'2017-04-01',NULL,NULL,'addapta',NULL,NULL);
INSERT INTO `B65362949_facture` VALUES (363,'16/0062',1,NULL,NULL,NULL,0,NULL,1,'2016-04-04 12:43:37','2016-04-01','2016-04-04','2016-04-13 16:21:53',1,'0.00000000',NULL,NULL,0,NULL,NULL,'36.23000000','0.00000000','0.00000000','0.00000000','172.50000000','208.73000000',2,3,3,NULL,NULL,NULL,NULL,1,3,'2016-04-01',NULL,NULL,'addapta',NULL,NULL);
INSERT INTO `B65362949_facture` VALUES (364,'16/0063',1,NULL,NULL,NULL,0,NULL,27,'2016-04-04 12:45:42','2016-04-01','2016-04-04','2016-04-05 18:45:28',1,'0.00000000',NULL,NULL,0,NULL,NULL,'29.82000000','0.00000000','0.00000000','0.00000000','142.00000000','171.82000000',2,3,3,NULL,NULL,NULL,NULL,1,2,'2016-04-01',NULL,NULL,'addapta',NULL,NULL);
INSERT INTO `B65362949_facture` VALUES (365,'16/0064',1,NULL,NULL,NULL,0,NULL,8,'2016-04-04 12:47:30','2016-04-01','2016-04-04','2016-05-09 12:29:52',1,'0.00000000',NULL,NULL,0,NULL,NULL,'257.62000000','0.00000000','0.00000000','0.00000000','1226.75000000','1484.37000000',2,3,3,NULL,NULL,NULL,NULL,2,2,'2016-05-01',NULL,NULL,'addapta',NULL,NULL);
INSERT INTO `B65362949_facture` VALUES (366,'16/0065',1,NULL,NULL,NULL,0,NULL,5,'2016-04-04 12:49:08','2016-04-01','2016-04-04','2016-06-03 10:54:23',1,'0.00000000',NULL,NULL,0,NULL,NULL,'22.63000000','0.00000000','0.00000000','0.00000000','107.75000000','130.38000000',2,3,3,NULL,NULL,NULL,NULL,1,2,'2016-04-01',NULL,NULL,'addapta',NULL,NULL);
INSERT INTO `B65362949_facture` VALUES (367,'16/0066',1,NULL,NULL,NULL,0,NULL,6,'2016-04-04 12:50:27','2016-04-01','2016-04-04','2016-06-22 09:36:43',1,'0.00000000',NULL,NULL,0,NULL,NULL,'45.39000000','0.00000000','0.00000000','0.00000000','216.15000000','261.54000000',2,3,3,NULL,NULL,NULL,NULL,4,2,'2016-06-01',NULL,NULL,'addapta',NULL,NULL);
INSERT INTO `B65362949_facture` VALUES (368,'16/0067',1,NULL,NULL,NULL,0,NULL,9,'2016-04-04 12:51:40','2016-04-01','2016-04-04','2016-04-04 12:38:42',1,'0.00000000',NULL,NULL,0,NULL,NULL,'58.20000000','0.00000000','0.00000000','0.00000000','277.15000000','335.35000000',2,3,3,NULL,NULL,NULL,NULL,1,2,'2016-04-01',NULL,NULL,'addapta',NULL,NULL);
INSERT INTO `B65362949_facture` VALUES (369,'16/0068',1,NULL,NULL,NULL,0,NULL,11,'2016-04-04 12:54:03','2016-04-01','2016-04-04','2016-07-06 11:17:53',1,'0.00000000',NULL,NULL,0,NULL,NULL,'146.21000000','0.00000000','0.00000000','0.00000000','696.25000000','842.46000000',2,3,3,NULL,NULL,NULL,NULL,1,2,'2016-04-01',NULL,NULL,'addapta',NULL,NULL);
INSERT INTO `B65362949_facture` VALUES (370,'16/0069',1,NULL,NULL,NULL,0,NULL,117,'2016-04-04 12:55:37','2016-04-01','2016-04-04','2016-08-04 18:33:30',1,'0.00000000',NULL,NULL,0,NULL,NULL,'77.55000000','0.00000000','0.00000000','0.00000000','369.30000000','446.85000000',2,3,3,NULL,NULL,NULL,NULL,1,3,'2016-04-01',NULL,NULL,'addapta',NULL,NULL);
INSERT INTO `B65362949_facture` VALUES (371,'16/0070',1,NULL,NULL,NULL,0,NULL,10,'2016-04-04 12:59:04','2016-04-01','2016-04-04','2016-06-13 10:36:33',1,'0.00000000',NULL,NULL,0,NULL,NULL,'952.56000000','0.00000000','0.00000000','0.00000000','4536.00000000','5488.56000000',2,3,3,NULL,NULL,NULL,NULL,4,2,'2016-06-01',NULL,NULL,'addapta',NULL,NULL);
INSERT INTO `B65362949_facture` VALUES (372,'16/0071',1,NULL,NULL,NULL,0,NULL,10,'2016-04-04 13:17:45','2016-04-01','2016-04-04','2016-06-13 10:36:33',1,'0.00000000',NULL,NULL,0,NULL,NULL,'840.00000000','0.00000000','0.00000000','0.00000000','4000.00000000','4840.00000000',2,3,3,NULL,NULL,NULL,NULL,4,2,'2016-06-01',NULL,NULL,'addapta',NULL,NULL);
INSERT INTO `B65362949_facture` VALUES (373,'16/0072',1,NULL,NULL,NULL,0,NULL,3,'2016-04-04 13:29:28','2016-04-01','2016-04-04','2016-04-13 16:21:53',1,'0.00000000',NULL,NULL,0,NULL,NULL,'1478.40000000','0.00000000','0.00000000','0.00000000','7040.00000000','8518.40000000',2,3,3,NULL,NULL,NULL,NULL,1,3,'2016-04-01',NULL,NULL,'addapta',NULL,NULL);
INSERT INTO `B65362949_facture` VALUES (374,'16/0073',1,NULL,NULL,NULL,0,NULL,3,'2016-04-04 13:32:11','2016-04-01','2016-04-07','2016-04-07 23:24:23',1,'0.00000000',NULL,NULL,0,NULL,NULL,'0.00000000','0.00000000','0.00000000','0.00000000','0.00000000','0.00000000',2,3,3,NULL,NULL,NULL,NULL,2,3,'2016-05-01',NULL,NULL,'addapta',NULL,NULL);
INSERT INTO `B65362949_facture` VALUES (375,'16/0074',1,NULL,NULL,NULL,0,NULL,3,'2016-04-04 13:34:23','2016-04-01','2016-04-07','2016-04-07 23:24:48',1,'0.00000000',NULL,NULL,0,NULL,NULL,'0.00000000','0.00000000','0.00000000','0.00000000','0.00000000','0.00000000',2,3,3,NULL,NULL,NULL,NULL,2,3,'2016-05-01',NULL,NULL,'addapta',NULL,NULL);
INSERT INTO `B65362949_facture` VALUES (376,'16/0075',1,NULL,NULL,NULL,0,NULL,3,'2016-04-04 13:37:52','2016-04-01','2016-04-04','2016-04-13 16:21:53',1,'0.00000000',NULL,NULL,0,NULL,NULL,'76.44000000','0.00000000','0.00000000','0.00000000','364.00000000','440.44000000',2,3,3,NULL,NULL,NULL,NULL,1,3,'2016-04-01',NULL,NULL,'addapta',NULL,NULL);
INSERT INTO `B65362949_facture` VALUES (377,'16/0078',1,NULL,NULL,NULL,0,NULL,8,'2016-04-05 10:54:23','2016-04-05','2016-04-05','2016-05-09 12:29:52',1,'0.00000000',NULL,NULL,0,NULL,NULL,'151.20000000','0.00000000','0.00000000','0.00000000','720.00000000','871.20000000',2,2,2,NULL,NULL,NULL,NULL,1,2,'2016-04-05',NULL,NULL,'addapta',NULL,NULL);
INSERT INTO `B65362949_facture` VALUES (378,'16/0080',1,NULL,NULL,NULL,0,NULL,91,'2016-04-06 12:02:18','2016-04-01','2016-05-23','2016-06-15 13:15:57',1,'0.00000000',NULL,NULL,0,NULL,NULL,'430.92000000','0.00000000','0.00000000','0.00000000','2052.00000000','2482.92000000',2,3,3,NULL,NULL,NULL,NULL,1,2,'2016-04-01','La información sobre el proyecto del Tablón de Anuncios es el siguiente para realizar la facturación.
\ngenerali_code para el “Tablón de anuncios”: AUT2016001308
\n
\nLos códigos de hitos en el caso de ADDAPTA para el Tablón de Anuncios son los hitos siguientes, que corresponderán a los diferentes pagos:
\n
\nCODIGO DE HITOS     FECHA ESTIMADA
\ninicioproyecto                31/03/2016
\niniciopruebasusuario     30/04/2016
\nfinproyecto	             31/05/2016',NULL,'addapta',NULL,NULL);
INSERT INTO `B65362949_facture` VALUES (379,'16/0081',1,NULL,NULL,NULL,0,NULL,18,'2016-04-06 13:00:31','2016-04-01','2016-04-06','2016-05-10 09:56:16',1,'0.00000000',NULL,NULL,0,NULL,NULL,'100.80000000','0.00000000','0.00000000','0.00000000','480.00000000','580.80000000',2,3,3,NULL,NULL,NULL,NULL,1,2,'2016-04-01',NULL,NULL,'addapta',NULL,NULL);
INSERT INTO `B65362949_facture` VALUES (383,'16/0082',1,NULL,NULL,NULL,2,NULL,18,'2016-04-06 13:10:09','2016-04-01','2016-04-06','2016-04-06 13:02:57',1,'0.00000000',NULL,NULL,0,NULL,NULL,'-208.74000000','0.00000000','0.00000000','0.00000000','-994.00000000','-1202.74000000',2,3,3,169,NULL,NULL,NULL,0,2,'2016-04-01',NULL,NULL,'addapta',NULL,NULL);
INSERT INTO `B65362949_facture` VALUES (384,'16/0083',1,NULL,NULL,NULL,2,NULL,3,'2016-04-07 23:31:17','2016-04-01','2016-04-07','2016-04-07 23:57:09',1,'0.00000000',NULL,NULL,0,NULL,NULL,'-23.52000000','0.00000000','0.00000000','0.00000000','-112.00000000','-135.52000000',2,3,3,292,NULL,NULL,NULL,0,2,'2016-04-01',NULL,NULL,'addapta',NULL,NULL);
INSERT INTO `B65362949_facture` VALUES (385,'16/0084',1,NULL,NULL,NULL,2,NULL,3,'2016-04-08 10:29:35','2016-04-01','2016-04-08','2016-04-08 10:19:38',1,'0.00000000',NULL,NULL,0,NULL,NULL,'-104.16000000','0.00000000','0.00000000','0.00000000','-496.00000000','-600.16000000',2,3,3,342,NULL,NULL,NULL,0,3,'2016-04-01',NULL,NULL,'addapta',NULL,NULL);
INSERT INTO `B65362949_facture` VALUES (386,'16/0085',1,NULL,NULL,NULL,0,NULL,147,'2016-04-25 07:13:30','2016-04-25','2016-05-03','2016-06-16 14:34:14',1,'0.00000000',NULL,NULL,0,NULL,NULL,'665.28000000','0.00000000','0.00000000','0.00000000','3168.00000000','3833.28000000',2,2,3,NULL,NULL,NULL,NULL,1,2,'2016-04-25',NULL,NULL,'addapta',NULL,NULL);
INSERT INTO `B65362949_facture` VALUES (387,'16/0086',1,NULL,NULL,NULL,0,NULL,3,'2016-05-02 12:23:42','2016-05-01','2016-05-02','2016-05-05 11:48:15',1,'0.00000000',NULL,NULL,0,NULL,NULL,'983.14000000','0.00000000','0.00000000','0.00000000','4681.60000000','5664.74000000',2,3,3,NULL,NULL,NULL,NULL,1,3,'2016-05-01',NULL,NULL,'addapta',NULL,NULL);
INSERT INTO `B65362949_facture` VALUES (388,'16/0087',1,NULL,NULL,NULL,0,NULL,3,'2016-05-02 12:33:52','2016-05-01','2016-05-02','2016-05-05 11:48:15',1,'0.00000000',NULL,NULL,0,NULL,NULL,'76.44000000','0.00000000','0.00000000','0.00000000','364.00000000','440.44000000',2,3,3,NULL,NULL,NULL,NULL,1,3,'2016-05-01',NULL,NULL,'addapta',NULL,NULL);
INSERT INTO `B65362949_facture` VALUES (389,'16/0088',1,NULL,NULL,NULL,0,NULL,1,'2016-05-02 12:40:28','2016-05-01','2016-05-02','2016-06-27 08:52:14',1,'0.00000000',NULL,NULL,0,NULL,NULL,'36.23000000','0.00000000','0.00000000','0.00000000','172.50000000','208.73000000',2,3,3,NULL,NULL,NULL,NULL,1,3,'2016-05-01',NULL,NULL,'addapta',NULL,NULL);
INSERT INTO `B65362949_facture` VALUES (390,'16/0089',1,NULL,NULL,NULL,0,NULL,9,'2016-05-02 12:42:18','2016-05-01','2016-05-02','2016-05-05 11:47:38',1,'0.00000000',NULL,NULL,0,NULL,NULL,'58.20000000','0.00000000','0.00000000','0.00000000','277.15000000','335.35000000',2,3,3,NULL,NULL,NULL,NULL,1,2,'2016-05-01',NULL,NULL,'addapta',NULL,NULL);
INSERT INTO `B65362949_facture` VALUES (391,'16/0090',1,NULL,NULL,NULL,0,NULL,11,'2016-05-03 14:45:21','2016-05-01','2016-05-03','2016-07-06 11:17:53',1,'0.00000000',NULL,NULL,0,NULL,NULL,'146.21000000','0.00000000','0.00000000','0.00000000','696.25000000','842.46000000',2,3,3,NULL,NULL,NULL,NULL,1,2,'2016-05-01',NULL,NULL,'addapta',NULL,NULL);
INSERT INTO `B65362949_facture` VALUES (392,'16/0091',1,NULL,NULL,NULL,0,NULL,11,'2016-05-03 14:46:16','2016-05-01','2016-05-03','2016-07-06 11:17:53',1,'0.00000000',NULL,NULL,0,NULL,NULL,'58.49000000','0.00000000','0.00000000','0.00000000','278.50000000','336.99000000',2,3,3,NULL,NULL,NULL,NULL,1,2,'2016-05-01',NULL,NULL,'addapta',NULL,NULL);
INSERT INTO `B65362949_facture` VALUES (393,'16/0092',1,NULL,NULL,NULL,0,NULL,8,'2016-05-03 14:47:55','2016-05-01','2016-05-03','2016-06-30 09:36:17',1,'0.00000000',NULL,NULL,0,NULL,NULL,'257.62000000','0.00000000','0.00000000','0.00000000','1226.75000000','1484.37000000',2,3,3,NULL,NULL,NULL,NULL,2,2,'2016-06-01',NULL,NULL,'addapta',NULL,NULL);
INSERT INTO `B65362949_facture` VALUES (394,'16/0093',1,NULL,NULL,NULL,0,NULL,5,'2016-05-03 14:49:11','2016-05-01','2016-05-03','2016-05-03 14:34:32',0,'0.00000000',NULL,NULL,0,NULL,NULL,'22.63000000','0.00000000','0.00000000','0.00000000','107.75000000','130.38000000',1,3,3,NULL,NULL,NULL,NULL,1,2,'2016-05-01',NULL,NULL,'addapta',NULL,NULL);
INSERT INTO `B65362949_facture` VALUES (395,'16/0094',1,NULL,NULL,NULL,0,NULL,6,'2016-05-03 14:51:19','2016-05-01','2016-05-03','2016-08-01 15:00:53',1,'0.00000000',NULL,NULL,0,NULL,NULL,'45.39000000','0.00000000','0.00000000','0.00000000','216.15000000','261.54000000',2,3,3,NULL,NULL,NULL,NULL,4,2,'2016-07-01',NULL,NULL,'addapta',NULL,NULL);
INSERT INTO `B65362949_facture` VALUES (396,'16/0095',1,NULL,NULL,NULL,0,NULL,117,'2016-05-03 14:56:19','2016-05-01','2016-05-03','2016-08-04 18:33:30',1,'0.00000000',NULL,NULL,0,NULL,NULL,'77.55000000','0.00000000','0.00000000','0.00000000','369.30000000','446.85000000',2,3,3,NULL,NULL,NULL,NULL,1,3,'2016-05-01',NULL,NULL,'addapta',NULL,NULL);
INSERT INTO `B65362949_facture` VALUES (397,'16/0096',1,NULL,NULL,NULL,0,NULL,10,'2016-05-03 15:04:58','2016-05-01','2016-05-03','2016-07-13 13:13:59',1,'0.00000000',NULL,NULL,0,NULL,NULL,'952.56000000','0.00000000','0.00000000','0.00000000','4536.00000000','5488.56000000',2,3,3,NULL,NULL,NULL,NULL,4,2,'2016-07-01',NULL,NULL,'addapta',NULL,NULL);
INSERT INTO `B65362949_facture` VALUES (398,'16/0097',1,NULL,NULL,NULL,0,NULL,10,'2016-05-03 15:10:53','2016-05-01','2016-05-03','2016-07-13 13:13:59',1,'0.00000000',NULL,NULL,0,NULL,NULL,'939.75000000','0.00000000','0.00000000','0.00000000','4475.00000000','5414.75000000',2,3,3,NULL,NULL,NULL,NULL,4,2,'2016-07-01',NULL,NULL,'addapta',NULL,NULL);
INSERT INTO `B65362949_facture` VALUES (399,'16/0098',1,NULL,NULL,NULL,0,NULL,91,'2016-05-03 15:22:02','2016-05-01','2016-05-23','2016-06-15 13:15:57',1,'0.00000000',NULL,NULL,0,NULL,NULL,'725.57000000','0.00000000','0.00000000','0.00000000','3455.10000000','4180.67000000',2,3,3,NULL,NULL,NULL,NULL,1,2,'2016-05-01',NULL,NULL,'addapta',NULL,NULL);
INSERT INTO `B65362949_facture` VALUES (400,'16/0099',1,NULL,NULL,NULL,0,NULL,35,'2016-05-10 14:16:12','2016-05-01','2016-05-10','2016-05-19 12:54:05',1,'0.00000000',NULL,NULL,0,NULL,NULL,'36.75000000','0.00000000','0.00000000','0.00000000','175.00000000','211.75000000',2,3,3,NULL,NULL,NULL,NULL,1,3,'2016-05-01',NULL,NULL,'addapta',NULL,NULL);
INSERT INTO `B65362949_facture` VALUES (401,'16/0102',1,NULL,NULL,NULL,0,NULL,139,'2016-05-12 11:01:03','2016-05-12','2016-05-17','2016-08-01 15:02:54',1,'0.00000000',NULL,NULL,0,NULL,NULL,'743.40000000','0.00000000','0.00000000','0.00000000','3540.00000000','4283.40000000',2,3,2,NULL,NULL,NULL,NULL,1,7,'2016-05-12',NULL,NULL,'addapta',NULL,NULL);
INSERT INTO `B65362949_facture` VALUES (402,'16/0112',1,NULL,NULL,NULL,0,NULL,5,'2016-05-12 13:29:14','2016-06-01','2016-05-31','2016-05-31 19:14:19',0,'0.00000000',NULL,NULL,0,NULL,NULL,'25.13000000','0.00000000','0.00000000','0.00000000','119.65000000','144.78000000',1,3,3,NULL,NULL,NULL,NULL,1,2,'2016-06-01',NULL,NULL,'addapta',NULL,NULL);
INSERT INTO `B65362949_facture` VALUES (403,'16/0100',1,NULL,NULL,NULL,0,NULL,56,'2016-05-12 16:10:27','2016-05-01','2016-05-12','2016-05-19 12:54:05',1,'0.00000000',NULL,NULL,0,NULL,NULL,'36.75000000','0.00000000','0.00000000','0.00000000','175.00000000','211.75000000',2,3,3,NULL,NULL,NULL,NULL,1,3,'2016-05-12',NULL,NULL,'addapta',NULL,NULL);
INSERT INTO `B65362949_facture` VALUES (404,'16/0101',1,NULL,NULL,NULL,0,NULL,8,'2016-05-13 13:00:24','2016-05-13','2016-05-13','2016-06-15 13:16:41',1,'0.00000000',NULL,NULL,0,NULL,NULL,'50.40000000','0.00000000','0.00000000','0.00000000','240.00000000','290.40000000',2,2,2,NULL,NULL,NULL,NULL,1,2,'2016-05-13',NULL,NULL,'addapta',NULL,NULL);
INSERT INTO `B65362949_facture` VALUES (408,'16/0103',1,NULL,NULL,NULL,0,NULL,10,'2016-05-31 15:46:44','2016-06-01','2016-05-31','2016-08-12 12:58:44',1,'0.00000000',NULL,NULL,0,NULL,NULL,'952.56000000','0.00000000','0.00000000','0.00000000','4536.00000000','5488.56000000',2,3,3,NULL,NULL,NULL,NULL,4,2,'2016-08-01',NULL,NULL,'addapta',NULL,NULL);
INSERT INTO `B65362949_facture` VALUES (409,'16/0104',1,NULL,NULL,NULL,0,NULL,10,'2016-05-31 15:49:16','2016-06-01','2016-05-31','2016-08-12 12:58:44',1,'0.00000000',NULL,NULL,0,NULL,NULL,'882.00000000','0.00000000','0.00000000','0.00000000','4200.00000000','5082.00000000',2,3,3,NULL,NULL,NULL,NULL,4,2,'2016-08-01',NULL,NULL,'addapta',NULL,NULL);
INSERT INTO `B65362949_facture` VALUES (410,'16/0105',1,NULL,NULL,NULL,0,NULL,10,'2016-05-31 15:53:23','2016-06-01','2016-05-31','2016-08-12 12:58:44',1,'0.00000000',NULL,NULL,0,NULL,NULL,'204.98000000','0.00000000','0.00000000','0.00000000','976.08000000','1181.06000000',2,3,3,NULL,NULL,NULL,NULL,4,2,'2016-08-01',NULL,NULL,'addapta',NULL,NULL);
INSERT INTO `B65362949_facture` VALUES (411,'16/0120',1,NULL,NULL,NULL,0,NULL,10,'2016-05-31 16:22:14','2016-07-01','2016-06-27','2016-09-13 17:59:05',1,'0.00000000',NULL,NULL,0,NULL,NULL,'952.56000000','0.00000000','0.00000000','0.00000000','4536.00000000','5488.56000000',2,3,3,NULL,NULL,NULL,NULL,4,2,'2016-09-01',NULL,NULL,'addapta',NULL,NULL);
INSERT INTO `B65362949_facture` VALUES (412,'16/0124',1,NULL,NULL,NULL,0,NULL,10,'2016-05-31 16:23:17','2016-07-01','2016-06-30','2016-09-13 17:59:05',1,'0.00000000',NULL,NULL,0,NULL,NULL,'944.58000000','0.00000000','0.00000000','0.00000000','4498.00000000','5442.58000000',2,3,3,NULL,NULL,NULL,NULL,4,2,'2016-09-01',NULL,NULL,'addapta',NULL,NULL);
INSERT INTO `B65362949_facture` VALUES (413,'16/0125',1,NULL,NULL,NULL,0,NULL,10,'2016-05-31 16:24:02','2016-07-01','2016-06-30','2016-09-13 17:59:05',1,'0.00000000',NULL,NULL,0,NULL,NULL,'644.21000000','0.00000000','0.00000000','0.00000000','3067.68000000','3711.89000000',2,3,3,NULL,NULL,NULL,NULL,4,2,'2016-09-01',NULL,NULL,'addapta',NULL,NULL);
INSERT INTO `B65362949_facture` VALUES (414,'16/0106',1,NULL,NULL,NULL,0,NULL,3,'2016-05-31 18:46:24','2016-06-01','2016-05-31','2016-06-06 11:22:07',1,'0.00000000',NULL,NULL,0,NULL,NULL,'1249.25000000','0.00000000','0.00000000','0.00000000','5948.80000000','7198.05000000',2,3,3,NULL,NULL,NULL,NULL,1,3,'2016-06-01',NULL,NULL,'addapta',NULL,NULL);
INSERT INTO `B65362949_facture` VALUES (415,'16/0107',1,NULL,NULL,NULL,0,NULL,3,'2016-05-31 18:51:43','2016-06-01','2016-05-31','2016-06-06 11:22:07',1,'0.00000000',NULL,NULL,0,NULL,NULL,'76.44000000','0.00000000','0.00000000','0.00000000','364.00000000','440.44000000',2,3,3,NULL,NULL,NULL,NULL,1,3,'2016-06-01',NULL,NULL,'addapta',NULL,NULL);
INSERT INTO `B65362949_facture` VALUES (416,'16/0108',1,NULL,NULL,NULL,0,NULL,1,'2016-05-31 18:53:09','2016-06-01','2016-05-31','2016-06-27 08:52:14',1,'0.00000000',NULL,NULL,0,NULL,NULL,'36.23000000','0.00000000','0.00000000','0.00000000','172.50000000','208.73000000',2,3,3,NULL,NULL,NULL,NULL,1,3,'2016-06-01',NULL,NULL,'addapta',NULL,NULL);
INSERT INTO `B65362949_facture` VALUES (417,'16/0109',1,NULL,NULL,NULL,0,NULL,9,'2016-05-31 19:00:04','2016-06-01','2016-05-31','2016-06-03 10:53:10',1,'0.00000000',NULL,NULL,0,NULL,NULL,'58.20000000','0.00000000','0.00000000','0.00000000','277.15000000','335.35000000',2,3,3,NULL,NULL,NULL,NULL,1,2,'2016-06-01',NULL,NULL,'addapta',NULL,NULL);
INSERT INTO `B65362949_facture` VALUES (418,'16/0110',1,NULL,NULL,NULL,0,NULL,11,'2016-05-31 19:06:55','2016-06-01','2016-05-31','2016-08-08 09:40:06',1,'0.00000000',NULL,NULL,0,NULL,NULL,'146.21000000','0.00000000','0.00000000','0.00000000','696.25000000','842.46000000',2,3,3,NULL,NULL,NULL,NULL,1,2,'2016-06-01',NULL,NULL,'addapta',NULL,NULL);
INSERT INTO `B65362949_facture` VALUES (419,'16/0111',1,NULL,NULL,NULL,0,NULL,8,'2016-05-31 19:22:15','2016-06-01','2016-05-31','2016-07-06 11:21:11',1,'0.00000000',NULL,NULL,0,NULL,NULL,'257.62000000','0.00000000','0.00000000','0.00000000','1226.75000000','1484.37000000',2,3,3,NULL,NULL,NULL,NULL,2,2,'2016-07-01',NULL,NULL,'addapta',NULL,NULL);
INSERT INTO `B65362949_facture` VALUES (420,'16/0113',1,NULL,NULL,NULL,0,NULL,6,'2016-05-31 19:29:23','2016-06-01','2016-05-31','2016-08-22 11:05:41',1,'0.00000000',NULL,NULL,0,NULL,NULL,'45.39000000','0.00000000','0.00000000','0.00000000','216.15000000','261.54000000',2,3,3,NULL,NULL,NULL,NULL,4,2,'2016-08-01',NULL,NULL,'addapta',NULL,NULL);
INSERT INTO `B65362949_facture` VALUES (421,'16/0114',1,NULL,NULL,NULL,0,NULL,117,'2016-05-31 19:31:19','2016-06-01','2016-05-31','2016-08-04 18:33:30',1,'0.00000000',NULL,NULL,0,NULL,NULL,'77.55000000','0.00000000','0.00000000','0.00000000','369.30000000','446.85000000',2,3,3,NULL,NULL,NULL,NULL,1,3,'2016-06-01',NULL,NULL,'addapta',NULL,NULL);
INSERT INTO `B65362949_facture` VALUES (422,'16/0115',1,NULL,NULL,NULL,0,NULL,91,'2016-05-31 19:39:02','2016-06-01','2016-05-31','2016-08-01 15:16:15',1,'0.00000000',NULL,NULL,0,NULL,NULL,'751.78000000','0.00000000','0.00000000','0.00000000','3579.90000000','4331.68000000',2,3,3,NULL,NULL,NULL,NULL,1,2,'2016-06-01',NULL,NULL,'addapta',NULL,NULL);
INSERT INTO `B65362949_facture` VALUES (423,'16/0116',1,NULL,NULL,NULL,2,NULL,91,'2016-06-07 14:01:01','2016-04-01','2016-06-07','2016-06-14 15:17:16',1,'0.00000000',NULL,NULL,0,NULL,NULL,'-307.13000000','0.00000000','0.00000000','0.00000000','-1462.50000000','-1769.63000000',2,3,3,357,NULL,NULL,NULL,0,2,'2016-04-01',NULL,NULL,'addapta',NULL,NULL);
INSERT INTO `B65362949_facture` VALUES (424,'16/0117',1,NULL,NULL,NULL,0,NULL,91,'2016-06-10 14:45:10','2016-06-01','2016-06-10','2016-08-01 15:16:15',1,'0.00000000',NULL,NULL,0,NULL,NULL,'430.92000000','0.00000000','0.00000000','0.00000000','2052.00000000','2482.92000000',2,3,3,NULL,NULL,NULL,NULL,1,2,'2016-06-01','La información sobre el proyecto del Tablón de Anuncios es el siguiente para realizar la facturación.
\ngenerali_code para el “Tablón de anuncios”: AUT2016001308
\n
\nLos códigos de hitos en el caso de ADDAPTA para el Tablón de Anuncios son los hitos siguientes, que corresponderán a los diferentes pagos:
\n
\nCODIGO DE HITOS     FECHA ESTIMADA
\ninicioproyecto                31/03/2016
\niniciopruebasusuario     30/04/2016
\nfinproyecto	             31/05/2016',NULL,'addapta',NULL,NULL);
INSERT INTO `B65362949_facture` VALUES (425,'16/0118',1,NULL,NULL,NULL,0,NULL,149,'2016-06-14 15:05:27','2016-06-15','2016-06-14','2016-06-23 10:36:04',1,'0.00000000',NULL,NULL,0,NULL,NULL,'1353.35000000','0.00000000','0.00000000','0.00000000','6444.50000000','7797.85000000',2,3,3,NULL,NULL,NULL,NULL,1,2,'2016-06-15',NULL,NULL,'addapta',NULL,NULL);
INSERT INTO `B65362949_facture` VALUES (427,'16/0119',1,NULL,NULL,NULL,2,NULL,147,'2016-06-16 14:47:05','2016-04-25','2016-06-16','2016-06-16 14:33:33',1,'0.00000000',NULL,NULL,0,NULL,NULL,'-665.28000000','0.00000000','0.00000000','0.00000000','-3168.00000000','-3833.28000000',2,3,3,386,NULL,NULL,NULL,0,2,'2016-04-25',NULL,NULL,'addapta',NULL,NULL);
INSERT INTO `B65362949_facture` VALUES (428,'16/0121',1,NULL,NULL,NULL,0,NULL,3,'2016-06-29 14:19:43','2016-07-01','2016-06-29','2016-07-06 11:18:24',1,'0.00000000',NULL,NULL,0,NULL,NULL,'76.44000000','0.00000000','0.00000000','0.00000000','364.00000000','440.44000000',2,3,3,NULL,NULL,NULL,NULL,1,3,'2016-07-01',NULL,NULL,'addapta',NULL,NULL);
INSERT INTO `B65362949_facture` VALUES (429,'16/0122',1,NULL,NULL,NULL,0,NULL,3,'2016-06-29 14:20:59','2016-07-01','2016-06-29','2016-07-06 11:18:24',1,'0.00000000',NULL,NULL,0,NULL,NULL,'1160.55000000','0.00000000','0.00000000','0.00000000','5526.40000000','6686.95000000',2,3,3,NULL,NULL,NULL,NULL,1,3,'2016-07-01',NULL,NULL,'addapta',NULL,NULL);
INSERT INTO `B65362949_facture` VALUES (430,'16/0123',1,NULL,NULL,NULL,0,NULL,1,'2016-06-29 14:33:03','2016-07-01','2016-07-05','2016-07-06 11:18:24',1,'0.00000000',NULL,NULL,0,NULL,NULL,'65.63000000','0.00000000','0.00000000','0.00000000','312.50000000','378.13000000',2,3,3,NULL,NULL,NULL,NULL,1,3,'2016-07-01',NULL,NULL,'addapta',NULL,NULL);
INSERT INTO `B65362949_facture` VALUES (431,'16/0126',1,NULL,NULL,NULL,0,NULL,9,'2016-06-30 11:37:01','2016-07-01','2016-06-30','2016-07-06 11:10:38',1,'0.00000000',NULL,NULL,0,NULL,NULL,'58.20000000','0.00000000','0.00000000','0.00000000','277.15000000','335.35000000',2,3,3,NULL,NULL,NULL,NULL,1,2,'2016-07-01',NULL,NULL,'addapta',NULL,NULL);
INSERT INTO `B65362949_facture` VALUES (432,'16/0127',1,NULL,NULL,NULL,0,NULL,11,'2016-06-30 11:38:31','2016-06-30','2016-07-01','2016-09-13 17:55:59',1,'0.00000000',NULL,NULL,0,NULL,NULL,'146.21000000','0.00000000','0.00000000','0.00000000','696.25000000','842.46000000',2,3,3,NULL,NULL,NULL,NULL,1,2,'2016-06-30',NULL,NULL,'addapta',NULL,NULL);
INSERT INTO `B65362949_facture` VALUES (433,'16/0128',1,NULL,NULL,NULL,0,NULL,8,'2016-06-30 11:39:31','2016-07-01','2016-06-30','2016-08-03 18:00:56',1,'0.00000000',NULL,NULL,0,NULL,NULL,'257.62000000','0.00000000','0.00000000','0.00000000','1226.75000000','1484.37000000',2,3,3,NULL,NULL,NULL,NULL,2,2,'2016-08-01',NULL,NULL,'addapta',NULL,NULL);
INSERT INTO `B65362949_facture` VALUES (434,'16/0129',1,NULL,NULL,NULL,0,NULL,5,'2016-06-30 11:44:27','2016-07-01','2016-07-01','2016-07-01 19:55:00',0,'0.00000000',NULL,NULL,0,NULL,NULL,'22.63000000','0.00000000','0.00000000','0.00000000','107.75000000','130.38000000',1,3,3,NULL,NULL,NULL,NULL,1,2,'2016-07-01',NULL,NULL,'addapta',NULL,NULL);
INSERT INTO `B65362949_facture` VALUES (435,'16/0130',1,NULL,NULL,NULL,0,NULL,6,'2016-06-30 11:45:34','2016-07-01','2016-06-30','2016-09-27 17:17:34',1,'0.00000000',NULL,NULL,0,NULL,NULL,'45.39000000','0.00000000','0.00000000','0.00000000','216.15000000','261.54000000',2,3,3,NULL,NULL,NULL,NULL,4,2,'2016-08-30',NULL,NULL,'addapta',NULL,NULL);
INSERT INTO `B65362949_facture` VALUES (436,'16/0131',1,NULL,NULL,NULL,0,NULL,117,'2016-06-30 11:46:40','2016-07-01','2016-06-30','2016-08-04 18:33:30',1,'0.00000000',NULL,NULL,0,NULL,NULL,'77.55000000','0.00000000','0.00000000','0.00000000','369.30000000','446.85000000',2,3,3,NULL,NULL,NULL,NULL,1,3,'2016-07-01',NULL,NULL,'addapta',NULL,NULL);
INSERT INTO `B65362949_facture` VALUES (437,'16/0132',1,NULL,NULL,NULL,0,NULL,91,'2016-06-30 11:47:36','2016-07-01','2016-06-30','2016-10-02 16:58:53',1,'0.00000000',NULL,NULL,0,NULL,NULL,'1059.98000000','0.00000000','0.00000000','0.00000000','5047.50000000','6107.48000000',2,3,3,NULL,NULL,NULL,NULL,1,2,'2016-07-01',NULL,NULL,'addapta',NULL,NULL);
INSERT INTO `B65362949_facture` VALUES (438,'16/0134',1,NULL,NULL,NULL,0,NULL,11,'2016-07-01 19:25:22','2016-07-31','2016-08-01','2016-10-06 10:16:00',1,'0.00000000',NULL,NULL,0,NULL,NULL,'146.21000000','0.00000000','0.00000000','0.00000000','696.25000000','842.46000000',2,3,3,NULL,NULL,NULL,NULL,1,2,'2016-07-31',NULL,NULL,'addapta',NULL,NULL);
INSERT INTO `B65362949_facture` VALUES (439,'16/0138',1,NULL,NULL,NULL,0,NULL,3,'2016-07-05 13:18:02','2016-08-01','2016-08-03','2016-08-09 10:46:17',1,'0.00000000',NULL,NULL,0,NULL,NULL,'76.44000000','0.00000000','0.00000000','0.00000000','364.00000000','440.44000000',2,3,3,NULL,NULL,NULL,NULL,1,3,'2016-08-01',NULL,NULL,'addapta',NULL,NULL);
INSERT INTO `B65362949_facture` VALUES (440,'16/0137',1,NULL,NULL,NULL,0,NULL,3,'2016-07-05 13:18:36','2016-08-01','2016-08-03','2016-08-09 10:46:17',1,'0.00000000',NULL,NULL,0,NULL,NULL,'1005.31000000','0.00000000','0.00000000','0.00000000','4787.20000000','5792.51000000',2,3,3,NULL,NULL,NULL,NULL,1,3,'2016-08-01',NULL,NULL,'addapta',NULL,NULL);
INSERT INTO `B65362949_facture` VALUES (441,'16/0140',1,NULL,NULL,NULL,0,NULL,10,'2016-07-05 13:44:24','2016-08-01','2016-08-04','2016-10-17 18:06:20',1,'0.00000000',NULL,NULL,0,NULL,NULL,'277.83000000','0.00000000','0.00000000','0.00000000','1323.00000000','1600.83000000',2,3,3,NULL,NULL,NULL,NULL,4,2,'2016-09-30',NULL,NULL,'addapta',NULL,NULL);
INSERT INTO `B65362949_facture` VALUES (442,'16/0141',1,NULL,NULL,NULL,0,NULL,10,'2016-07-05 14:04:27','2016-08-01','2016-08-04','2016-10-17 18:07:13',1,'0.00000000',NULL,NULL,0,NULL,NULL,'917.28000000','0.00000000','0.00000000','0.00000000','4368.00000000','5285.28000000',2,3,3,NULL,NULL,NULL,NULL,4,2,'2016-09-30',NULL,NULL,'addapta',NULL,NULL);
INSERT INTO `B65362949_facture` VALUES (443,'16/0142',1,NULL,NULL,NULL,0,NULL,10,'2016-07-05 14:04:59','2016-08-01','2016-08-04','2016-10-17 18:07:13',1,'0.00000000',NULL,NULL,0,NULL,NULL,'614.93000000','0.00000000','0.00000000','0.00000000','2928.24000000','3543.17000000',2,3,3,NULL,NULL,NULL,NULL,4,2,'2016-09-30',NULL,NULL,'addapta',NULL,NULL);
INSERT INTO `B65362949_facture` VALUES (444,'16/0139',1,NULL,NULL,NULL,0,NULL,1,'2016-07-05 14:06:02','2016-08-01','2016-08-03','2016-08-09 10:46:17',1,'0.00000000',NULL,NULL,0,NULL,NULL,'36.23000000','0.00000000','0.00000000','0.00000000','172.50000000','208.73000000',2,3,3,NULL,NULL,NULL,NULL,1,3,'2016-08-01',NULL,NULL,'addapta',NULL,NULL);
INSERT INTO `B65362949_facture` VALUES (445,'16/0143',1,NULL,NULL,NULL,0,NULL,9,'2016-07-05 14:08:39','2016-08-01','2016-08-04','2016-08-08 09:37:58',1,'0.00000000',NULL,NULL,0,NULL,NULL,'58.20000000','0.00000000','0.00000000','0.00000000','277.15000000','335.35000000',2,3,3,NULL,NULL,NULL,NULL,1,2,'2016-08-01',NULL,NULL,'addapta',NULL,NULL);
INSERT INTO `B65362949_facture` VALUES (446,'16/0144',1,NULL,NULL,NULL,0,NULL,8,'2016-07-05 14:09:12','2016-08-01','2016-08-04','2016-09-13 17:57:56',1,'0.00000000',NULL,NULL,0,NULL,NULL,'257.62000000','0.00000000','0.00000000','0.00000000','1226.75000000','1484.37000000',2,3,3,NULL,NULL,NULL,NULL,2,2,'2016-08-31',NULL,NULL,'addapta',NULL,NULL);
INSERT INTO `B65362949_facture` VALUES (447,'16/0145',1,NULL,NULL,NULL,0,NULL,5,'2016-07-05 14:09:38','2016-08-01','2016-08-04','2016-08-04 14:07:22',0,'0.00000000',NULL,NULL,0,NULL,NULL,'22.63000000','0.00000000','0.00000000','0.00000000','107.75000000','130.38000000',1,3,3,NULL,NULL,NULL,NULL,1,2,'2016-08-01',NULL,NULL,'addapta',NULL,NULL);
INSERT INTO `B65362949_facture` VALUES (448,'16/0146',1,NULL,NULL,NULL,0,NULL,6,'2016-07-05 14:10:11','2016-08-01','2016-08-04','2016-10-24 19:46:09',1,'0.00000000',NULL,NULL,0,NULL,NULL,'45.39000000','0.00000000','0.00000000','0.00000000','216.15000000','261.54000000',2,3,3,NULL,NULL,NULL,NULL,4,2,'2016-09-30',NULL,NULL,'addapta',NULL,NULL);
INSERT INTO `B65362949_facture` VALUES (450,'16/0147',1,NULL,NULL,NULL,0,NULL,91,'2016-07-05 14:11:18','2016-08-01','2016-08-04','2016-10-02 16:58:53',1,'0.00000000',NULL,NULL,0,NULL,NULL,'289.80000000','0.00000000','0.00000000','0.00000000','1380.00000000','1669.80000000',2,3,3,NULL,NULL,NULL,NULL,1,2,'2016-08-01',NULL,NULL,'addapta',NULL,NULL);
INSERT INTO `B65362949_facture` VALUES (451,'16/0164',1,NULL,NULL,NULL,0,NULL,91,'2016-07-05 14:11:41','2016-09-01','2016-09-02','2016-10-24 19:35:54',1,'0.00000000',NULL,NULL,0,NULL,NULL,'252.00000000','0.00000000','0.00000000','0.00000000','1200.00000000','1452.00000000',2,3,3,NULL,NULL,NULL,NULL,1,2,'2016-09-01',NULL,NULL,'addapta',NULL,NULL);
INSERT INTO `B65362949_facture` VALUES (452,'16/0153',1,NULL,NULL,NULL,0,NULL,11,'2016-07-05 14:12:21','2016-08-31','2016-08-26','2017-03-15 10:21:01',1,'0.00000000',NULL,NULL,0,NULL,NULL,'146.21000000','0.00000000','0.00000000','0.00000000','696.25000000','842.46000000',2,3,3,NULL,NULL,NULL,NULL,1,2,'2016-08-31',NULL,NULL,'addapta',NULL,NULL);
INSERT INTO `B65362949_facture` VALUES (453,'16/0135',1,NULL,NULL,NULL,0,NULL,91,'2016-07-05 14:30:20','2016-07-31','2016-08-01','2016-10-24 19:35:54',1,'0.00000000',NULL,NULL,0,NULL,NULL,'215.46000000','0.00000000','0.00000000','0.00000000','1026.00000000','1241.46000000',2,3,3,NULL,NULL,NULL,NULL,1,2,'2016-07-31','La información sobre el proyecto del Tablón de Anuncios es el siguiente para realizar la facturación.
\ngenerali_code para el “Tablón de anuncios”: AUT2016001308
\n
\nLos códigos de hitos en el caso de ADDAPTA para el Tablón de Anuncios son los hitos siguientes, que corresponderán a los diferentes pagos:
\n
\nCODIGO DE HITOS     FECHA ESTIMADA
\ninicioproyecto                31/03/2016
\niniciopruebasusuario     30/04/2016
\nfinproyecto	             31/05/2016',NULL,'addapta',NULL,NULL);
INSERT INTO `B65362949_facture` VALUES (454,'16/0133',1,NULL,NULL,NULL,0,NULL,154,'2016-07-11 13:25:45','2016-07-11','2016-08-03','2016-08-03 17:57:00',1,'0.00000000',NULL,NULL,0,NULL,NULL,'3715.95000000','0.00000000','0.00000000','0.00000000','17695.00000000','21410.95000000',2,2,2,NULL,NULL,NULL,NULL,1,2,'2016-07-11',NULL,NULL,'addapta',NULL,NULL);
INSERT INTO `B65362949_facture` VALUES (455,'16/0136',1,NULL,NULL,NULL,0,NULL,27,'2016-08-01 18:06:46','2016-07-31','2016-08-03','2016-12-09 09:57:42',1,'0.00000000',NULL,NULL,0,NULL,NULL,'51.87000000','0.00000000','0.00000000','0.00000000','247.00000000','298.87000000',2,3,3,NULL,NULL,NULL,NULL,1,2,'2016-07-31',NULL,NULL,'addapta',NULL,NULL);
INSERT INTO `B65362949_facture` VALUES (457,'16/0152',1,NULL,NULL,NULL,0,NULL,27,'2016-08-03 15:20:27','2016-08-31','2016-08-24','2016-10-03 18:01:10',1,'0.00000000',NULL,NULL,0,NULL,NULL,'313.46000000','0.00000000','0.00000000','0.00000000','1492.64000000','1806.10000000',2,3,3,NULL,NULL,NULL,NULL,1,2,'2016-08-31',NULL,NULL,'addapta',NULL,NULL);
INSERT INTO `B65362949_facture` VALUES (458,'16/0148',1,NULL,NULL,NULL,2,NULL,117,'2016-08-04 18:37:41','2016-08-01','2016-08-04','2016-08-04 18:31:40',1,'0.00000000',NULL,NULL,0,NULL,NULL,'-620.40000000','0.00000000','0.00000000','0.00000000','-2954.30000000','-3574.70000000',2,3,3,254,NULL,NULL,NULL,0,3,'2016-08-01',NULL,NULL,'addapta',NULL,NULL);
INSERT INTO `B65362949_facture` VALUES (459,'16/0149',1,NULL,NULL,NULL,0,NULL,154,'2016-08-05 10:08:47','2016-08-05','2016-08-05','2016-09-19 19:08:58',1,'0.00000000',NULL,NULL,0,NULL,NULL,'3715.95000000','0.00000000','0.00000000','0.00000000','17695.00000000','21410.95000000',2,2,2,NULL,NULL,NULL,NULL,1,2,'2016-08-05',NULL,NULL,'addapta',NULL,NULL);
INSERT INTO `B65362949_facture` VALUES (460,'16/0150',1,NULL,NULL,NULL,0,NULL,154,'2016-08-09 12:23:51','2016-08-08','2016-08-09','2016-10-06 10:02:02',1,'0.00000000',NULL,NULL,0,NULL,NULL,'812.01000000','0.00000000','0.00000000','0.00000000','3866.70000000','4678.71000000',2,3,3,NULL,NULL,NULL,NULL,1,2,'2016-08-09',NULL,NULL,'addapta',NULL,NULL);
INSERT INTO `B65362949_facture` VALUES (461,'16/0165',1,NULL,NULL,NULL,0,NULL,91,'2016-08-09 17:49:03','2016-09-01','2016-09-02','2016-10-24 19:35:54',1,'0.00000000',NULL,NULL,0,NULL,NULL,'623.70000000','0.00000000','0.00000000','0.00000000','2970.00000000','3593.70000000',2,3,3,NULL,NULL,NULL,NULL,1,2,'2016-09-01',NULL,NULL,'addapta',NULL,NULL);
INSERT INTO `B65362949_facture` VALUES (462,'16/0151',1,NULL,NULL,NULL,0,NULL,154,'2016-08-17 20:46:32','2016-08-17','2016-08-31','2016-10-06 10:02:02',1,'0.00000000',NULL,NULL,0,NULL,NULL,'302.40000000','0.00000000','0.00000000','0.00000000','1440.00000000','1742.40000000',2,2,3,NULL,NULL,NULL,NULL,1,2,'2016-08-17',NULL,NULL,'addapta',NULL,NULL);
INSERT INTO `B65362949_facture` VALUES (463,'16/0154',1,NULL,NULL,NULL,0,NULL,3,'2016-08-26 13:47:10','2016-09-01','2016-08-26','2016-09-02 15:28:42',1,'0.00000000',NULL,NULL,0,NULL,NULL,'76.44000000','0.00000000','0.00000000','0.00000000','364.00000000','440.44000000',2,3,3,NULL,NULL,NULL,NULL,1,3,'2016-09-01',NULL,NULL,'addapta',NULL,NULL);
INSERT INTO `B65362949_facture` VALUES (464,'16/0155',1,NULL,NULL,NULL,0,NULL,3,'2016-08-26 13:49:13','2016-09-01','2016-08-26','2016-09-02 15:28:42',1,'0.00000000',NULL,NULL,0,NULL,NULL,'1249.25000000','0.00000000','0.00000000','0.00000000','5948.80000000','7198.05000000',2,3,3,NULL,NULL,NULL,NULL,1,3,'2016-09-01',NULL,NULL,'addapta',NULL,NULL);
INSERT INTO `B65362949_facture` VALUES (465,'16/0156',1,NULL,NULL,NULL,0,NULL,1,'2016-08-26 13:50:54','2016-09-01','2016-08-26','2016-09-02 15:28:42',1,'0.00000000',NULL,NULL,0,NULL,NULL,'36.23000000','0.00000000','0.00000000','0.00000000','172.50000000','208.73000000',2,3,3,NULL,NULL,NULL,NULL,1,3,'2016-09-01',NULL,NULL,'addapta',NULL,NULL);
INSERT INTO `B65362949_facture` VALUES (466,'16/0157',1,NULL,NULL,NULL,0,NULL,10,'2016-08-26 13:52:15','2016-09-01','2016-09-07','2016-11-15 20:05:01',1,'0.00000000',NULL,NULL,0,NULL,NULL,'829.92000000','0.00000000','0.00000000','0.00000000','3952.00000000','4781.92000000',2,3,3,NULL,NULL,NULL,NULL,4,2,'2016-10-31',NULL,NULL,'addapta',NULL,NULL);
INSERT INTO `B65362949_facture` VALUES (467,'16/0158',1,NULL,NULL,NULL,0,NULL,10,'2016-08-26 14:41:08','2016-09-01','2016-09-02','2016-11-15 20:04:23',1,'0.00000000',NULL,NULL,0,NULL,NULL,'585.65000000','0.00000000','0.00000000','0.00000000','2788.80000000','3374.45000000',2,3,3,NULL,NULL,NULL,NULL,4,2,'2016-10-31',NULL,NULL,'addapta',NULL,NULL);
INSERT INTO `B65362949_facture` VALUES (468,'16/0159',1,NULL,NULL,NULL,0,NULL,9,'2016-08-26 14:43:41','2016-09-01','2016-08-26','2016-09-13 17:54:43',1,'0.00000000',NULL,NULL,0,NULL,NULL,'58.20000000','0.00000000','0.00000000','0.00000000','277.15000000','335.35000000',2,3,3,NULL,NULL,NULL,NULL,1,2,'2016-09-01',NULL,NULL,'addapta',NULL,NULL);
INSERT INTO `B65362949_facture` VALUES (469,'16/0160',1,NULL,NULL,NULL,0,NULL,8,'2016-08-26 15:11:11','2016-09-01','2016-08-26','2016-10-04 18:18:40',1,'0.00000000',NULL,NULL,0,NULL,NULL,'257.62000000','0.00000000','0.00000000','0.00000000','1226.75000000','1484.37000000',2,3,3,NULL,NULL,NULL,NULL,2,2,'2016-10-01',NULL,NULL,'addapta',NULL,NULL);
INSERT INTO `B65362949_facture` VALUES (470,'16/0161',1,NULL,NULL,NULL,0,NULL,5,'2016-08-29 17:36:19','2016-09-01','2016-08-29','2016-08-29 17:18:36',0,'0.00000000',NULL,NULL,0,NULL,NULL,'22.63000000','0.00000000','0.00000000','0.00000000','107.75000000','130.38000000',1,3,3,NULL,NULL,NULL,NULL,1,2,'2016-09-01',NULL,NULL,'addapta',NULL,NULL);
INSERT INTO `B65362949_facture` VALUES (471,'16/0162',1,NULL,NULL,NULL,0,NULL,6,'2016-08-29 17:37:58','2016-09-01','2016-08-29','2016-11-21 12:07:51',1,'0.00000000',NULL,NULL,0,NULL,NULL,'45.39000000','0.00000000','0.00000000','0.00000000','216.15000000','261.54000000',2,3,3,NULL,NULL,NULL,NULL,4,2,'2016-10-31',NULL,NULL,'addapta',NULL,NULL);
INSERT INTO `B65362949_facture` VALUES (472,'16/0167',1,NULL,NULL,NULL,0,NULL,11,'2016-08-29 17:39:14','2016-09-30','2016-09-27','2016-12-09 10:07:00',1,'0.00000000',NULL,NULL,0,NULL,NULL,'146.21000000','0.00000000','0.00000000','0.00000000','696.25000000','842.46000000',2,3,3,NULL,NULL,NULL,NULL,1,2,'2016-09-30',NULL,NULL,'addapta',NULL,NULL);
INSERT INTO `B65362949_facture` VALUES (473,'16/0163',1,NULL,NULL,NULL,0,NULL,3,'2016-08-30 16:15:18','2016-09-01','2016-08-30','2016-09-19 19:10:42',1,'0.00000000',NULL,NULL,0,NULL,NULL,'99.96000000','0.00000000','0.00000000','0.00000000','476.00000000','575.96000000',2,3,3,NULL,NULL,NULL,NULL,1,3,'2016-09-01',NULL,NULL,'addapta',NULL,NULL);
INSERT INTO `B65362949_facture` VALUES (474,'16/0166',1,NULL,NULL,NULL,0,NULL,27,'2016-09-27 17:48:52','2016-09-30','2016-09-27','2016-10-13 20:24:21',1,'0.00000000',NULL,NULL,0,NULL,NULL,'12.92000000','0.00000000','0.00000000','0.00000000','61.50000000','74.42000000',2,3,3,NULL,NULL,NULL,NULL,1,2,'2016-09-30',NULL,NULL,'addapta',NULL,NULL);
INSERT INTO `B65362949_facture` VALUES (475,'16/0173',1,NULL,NULL,NULL,0,NULL,91,'2016-09-27 18:01:53','2016-10-01','2016-10-02','2016-10-24 19:35:54',1,'0.00000000',NULL,NULL,0,NULL,NULL,'1160.78000000','0.00000000','0.00000000','0.00000000','5527.50000000','6688.28000000',2,3,3,NULL,NULL,NULL,NULL,1,2,'2016-10-01',NULL,NULL,'addapta',NULL,NULL);
INSERT INTO `B65362949_facture` VALUES (476,'16/0168',1,NULL,NULL,NULL,0,NULL,3,'2016-09-28 18:30:14','2016-10-01','2016-09-28','2016-10-04 18:19:14',1,'0.00000000',NULL,NULL,0,NULL,NULL,'76.44000000','0.00000000','0.00000000','0.00000000','364.00000000','440.44000000',2,3,3,NULL,NULL,NULL,NULL,1,3,'2016-10-01',NULL,NULL,'addapta',NULL,NULL);
INSERT INTO `B65362949_facture` VALUES (477,'16/0169',1,NULL,NULL,NULL,0,NULL,3,'2016-09-28 18:31:52','2016-10-01','2016-09-28','2016-10-04 18:19:14',1,'0.00000000',NULL,NULL,0,NULL,NULL,'1249.25000000','0.00000000','0.00000000','0.00000000','5948.80000000','7198.05000000',2,3,3,NULL,NULL,NULL,NULL,1,3,'2016-10-01',NULL,NULL,'addapta',NULL,NULL);
INSERT INTO `B65362949_facture` VALUES (478,'16/0170',1,NULL,NULL,NULL,0,NULL,1,'2016-09-28 18:34:59','2016-10-01','2016-09-28','2016-11-23 11:26:48',1,'0.00000000',NULL,NULL,0,NULL,NULL,'36.23000000','0.00000000','0.00000000','0.00000000','172.50000000','208.73000000',2,3,3,NULL,NULL,NULL,NULL,1,3,'2016-10-01',NULL,NULL,'addapta',NULL,NULL);
INSERT INTO `B65362949_facture` VALUES (479,'16/0171',1,NULL,NULL,NULL,0,NULL,10,'2016-09-28 18:36:27','2016-10-01','2016-09-28','2016-12-15 11:09:14',1,'0.00000000',NULL,NULL,0,NULL,NULL,'655.20000000','0.00000000','0.00000000','0.00000000','3120.00000000','3775.20000000',2,3,3,NULL,NULL,NULL,NULL,4,2,'2016-11-30',NULL,NULL,'addapta',NULL,NULL);
INSERT INTO `B65362949_facture` VALUES (480,'16/0172',1,NULL,NULL,NULL,0,NULL,10,'2016-09-28 18:38:36','2016-10-01','2016-10-02','2016-12-15 11:09:52',1,'0.00000000',NULL,NULL,0,NULL,NULL,'644.21000000','0.00000000','0.00000000','0.00000000','3067.68000000','3711.89000000',2,3,3,NULL,NULL,NULL,NULL,4,2,'2016-11-30',NULL,NULL,'addapta',NULL,NULL);
INSERT INTO `B65362949_facture` VALUES (482,'16/0174',1,NULL,NULL,NULL,0,NULL,91,'2016-10-02 20:59:07','2016-10-01','2016-10-02','2016-10-24 19:35:54',1,'0.00000000',NULL,NULL,0,NULL,NULL,'893.03000000','0.00000000','0.00000000','0.00000000','4252.50000000','5145.53000000',2,3,3,NULL,NULL,NULL,NULL,1,2,'2016-10-01',NULL,NULL,'addapta',NULL,NULL);
INSERT INTO `B65362949_facture` VALUES (483,'16/0175',1,NULL,NULL,NULL,0,NULL,9,'2016-10-02 22:24:39','2016-10-01','2016-10-02','2016-10-06 10:03:11',1,'0.00000000',NULL,NULL,0,NULL,NULL,'58.20000000','0.00000000','0.00000000','0.00000000','277.15000000','335.35000000',2,3,3,NULL,NULL,NULL,NULL,1,2,'2016-10-01',NULL,NULL,'addapta',NULL,NULL);
INSERT INTO `B65362949_facture` VALUES (484,'16/0176',1,NULL,NULL,NULL,0,NULL,8,'2016-10-02 22:26:57','2016-10-01','2016-10-02','2016-10-31 16:17:08',1,'0.00000000',NULL,NULL,0,NULL,NULL,'257.62000000','0.00000000','0.00000000','0.00000000','1226.75000000','1484.37000000',2,3,3,NULL,NULL,NULL,NULL,2,2,'2016-11-01',NULL,NULL,'addapta',NULL,NULL);
INSERT INTO `B65362949_facture` VALUES (485,'16/0177',1,NULL,NULL,NULL,0,NULL,5,'2016-10-02 22:28:43','2016-10-01','2016-10-02','2016-10-02 22:12:42',0,'0.00000000',NULL,NULL,0,NULL,NULL,'22.63000000','0.00000000','0.00000000','0.00000000','107.75000000','130.38000000',1,3,3,NULL,NULL,NULL,NULL,1,2,'2016-10-01',NULL,NULL,'addapta',NULL,NULL);
INSERT INTO `B65362949_facture` VALUES (486,'16/0178',1,NULL,NULL,NULL,0,NULL,6,'2016-10-02 22:33:08','2016-10-01','2016-10-02','2016-12-20 11:15:48',1,'0.00000000',NULL,NULL,0,NULL,NULL,'45.39000000','0.00000000','0.00000000','0.00000000','216.15000000','261.54000000',2,3,3,NULL,NULL,NULL,NULL,4,2,'2016-12-01',NULL,NULL,'addapta',NULL,NULL);
INSERT INTO `B65362949_facture` VALUES (487,'16/0181',1,NULL,NULL,NULL,0,NULL,11,'2016-10-02 22:37:56','2016-10-31','2016-11-01','2016-12-09 10:07:33',1,'0.00000000',NULL,NULL,0,NULL,NULL,'146.21000000','0.00000000','0.00000000','0.00000000','696.25000000','842.46000000',2,3,3,NULL,NULL,NULL,NULL,1,2,'2016-10-31',NULL,NULL,'addapta',NULL,NULL);
INSERT INTO `B65362949_facture` VALUES (488,'16/0180',1,NULL,NULL,NULL,0,NULL,154,'2016-10-28 20:05:24','2016-10-28','2016-11-01','2016-11-16 16:10:01',1,'0.00000000',NULL,NULL,0,NULL,NULL,'541.34000000','0.00000000','0.00000000','0.00000000','2577.80000000','3119.14000000',2,2,3,NULL,NULL,NULL,NULL,1,2,'2016-10-28',NULL,NULL,'addapta',NULL,NULL);
INSERT INTO `B65362949_facture` VALUES (489,'16/0179',1,NULL,NULL,NULL,0,NULL,154,'2016-10-28 20:07:27','2016-10-28','2016-11-01','2016-11-16 16:10:01',1,'0.00000000',NULL,NULL,0,NULL,NULL,'302.40000000','0.00000000','0.00000000','0.00000000','1440.00000000','1742.40000000',2,2,3,NULL,NULL,NULL,NULL,1,2,'2016-10-28',NULL,NULL,'addapta',NULL,NULL);
INSERT INTO `B65362949_facture` VALUES (490,'16/0182',1,NULL,NULL,NULL,0,NULL,3,'2016-11-01 12:07:05','2016-11-01','2016-11-01','2016-11-07 18:59:56',1,'0.00000000',NULL,NULL,0,NULL,NULL,'76.44000000','0.00000000','0.00000000','0.00000000','364.00000000','440.44000000',2,3,3,NULL,NULL,NULL,NULL,1,3,'2016-11-01',NULL,NULL,'addapta',NULL,NULL);
INSERT INTO `B65362949_facture` VALUES (491,'16/0183',1,NULL,NULL,NULL,0,NULL,3,'2016-11-01 12:07:54','2016-11-01','2016-11-01','2016-11-07 18:59:57',1,'0.00000000',NULL,NULL,0,NULL,NULL,'1249.25000000','0.00000000','0.00000000','0.00000000','5948.80000000','7198.05000000',2,3,3,NULL,NULL,NULL,NULL,1,3,'2016-11-01',NULL,NULL,'addapta',NULL,NULL);
INSERT INTO `B65362949_facture` VALUES (492,'16/0184',1,NULL,NULL,NULL,0,NULL,1,'2016-11-01 12:13:24','2016-11-01','2016-11-01','2016-11-23 11:26:48',1,'0.00000000',NULL,NULL,0,NULL,NULL,'36.23000000','0.00000000','0.00000000','0.00000000','172.50000000','208.73000000',2,3,3,NULL,NULL,NULL,NULL,1,3,'2016-11-01',NULL,NULL,'addapta',NULL,NULL);
INSERT INTO `B65362949_facture` VALUES (493,'16/0185',1,NULL,NULL,NULL,0,NULL,10,'2016-11-01 12:14:40','2016-11-01','2016-11-03','2017-01-12 13:40:19',1,'0.00000000',NULL,NULL,0,NULL,NULL,'873.60000000','0.00000000','0.00000000','0.00000000','4160.00000000','5033.60000000',2,3,3,NULL,NULL,NULL,NULL,4,2,'2016-12-31',NULL,NULL,'addapta',NULL,NULL);
INSERT INTO `B65362949_facture` VALUES (494,'16/0186',1,NULL,NULL,NULL,0,NULL,10,'2016-11-01 12:24:39','2016-11-01','2016-11-01','2017-01-12 13:40:19',1,'0.00000000',NULL,NULL,0,NULL,NULL,'377.01000000','0.00000000','0.00000000','0.00000000','1795.29000000','2172.30000000',2,3,3,NULL,NULL,NULL,NULL,4,2,'2016-12-31',NULL,NULL,'addapta',NULL,NULL);
INSERT INTO `B65362949_facture` VALUES (495,'16/0187',1,NULL,NULL,NULL,0,NULL,91,'2016-11-01 13:00:38','2016-11-01','2016-11-01','2016-12-30 10:46:02',1,'0.00000000',NULL,NULL,0,NULL,NULL,'1100.93000000','0.00000000','0.00000000','0.00000000','5242.50000000','6343.43000000',2,3,3,NULL,NULL,NULL,NULL,1,2,'2016-11-01',NULL,NULL,'addapta',NULL,NULL);
INSERT INTO `B65362949_facture` VALUES (496,'16/0188',1,NULL,NULL,NULL,0,NULL,91,'2016-11-01 13:02:19','2016-11-01','2016-11-01','2016-12-30 10:46:02',1,'0.00000000',NULL,NULL,0,NULL,NULL,'935.55000000','0.00000000','0.00000000','0.00000000','4455.00000000','5390.55000000',2,3,3,NULL,NULL,NULL,NULL,1,2,'2016-11-01',NULL,NULL,'addapta',NULL,NULL);
INSERT INTO `B65362949_facture` VALUES (497,'16/0189',1,NULL,NULL,NULL,0,NULL,91,'2016-11-01 13:15:40','2016-11-01','2016-11-01','2016-12-30 10:46:02',1,'0.00000000',NULL,NULL,0,NULL,NULL,'110.25000000','0.00000000','0.00000000','0.00000000','525.00000000','635.25000000',2,3,3,NULL,NULL,NULL,NULL,1,2,'2016-11-01',NULL,NULL,'addapta',NULL,NULL);
INSERT INTO `B65362949_facture` VALUES (498,'16/0190',1,NULL,NULL,NULL,0,NULL,9,'2016-11-01 13:23:56','2016-11-01','2016-11-01','2016-11-03 18:31:29',1,'0.00000000',NULL,NULL,0,NULL,NULL,'58.20000000','0.00000000','0.00000000','0.00000000','277.15000000','335.35000000',2,3,3,NULL,NULL,NULL,NULL,1,2,'2016-11-01',NULL,NULL,'addapta',NULL,NULL);
INSERT INTO `B65362949_facture` VALUES (499,'16/0191',1,NULL,NULL,NULL,0,NULL,8,'2016-11-01 13:26:48','2016-11-01','2016-11-01','2016-12-02 13:35:02',1,'0.00000000',NULL,NULL,0,NULL,NULL,'264.61000000','0.00000000','0.00000000','0.00000000','1260.00000000','1524.61000000',2,3,3,NULL,NULL,NULL,NULL,2,2,'2016-12-01',NULL,NULL,'addapta',NULL,NULL);
INSERT INTO `B65362949_facture` VALUES (500,'16/0192',1,NULL,NULL,NULL,0,NULL,5,'2016-11-01 13:36:33','2016-11-01','2016-11-01','2016-11-01 13:17:07',0,'0.00000000',NULL,NULL,0,NULL,NULL,'22.63000000','0.00000000','0.00000000','0.00000000','107.75000000','130.38000000',1,3,3,NULL,NULL,NULL,NULL,1,2,'2016-11-01',NULL,NULL,'addapta',NULL,NULL);
INSERT INTO `B65362949_facture` VALUES (501,'16/0193',1,NULL,NULL,NULL,0,NULL,6,'2016-11-01 13:39:40','2016-11-01','2016-11-01','2017-01-23 12:03:17',1,'0.00000000',NULL,NULL,0,NULL,NULL,'45.39000000','0.00000000','0.00000000','0.00000000','216.15000000','261.54000000',2,3,3,NULL,NULL,NULL,NULL,4,2,'2016-12-31',NULL,NULL,'addapta',NULL,NULL);
INSERT INTO `B65362949_facture` VALUES (502,'16/0199',1,NULL,NULL,NULL,0,NULL,11,'2016-11-01 13:41:18','2016-11-30','2016-11-24','2017-03-15 10:19:25',1,'0.00000000',NULL,NULL,0,NULL,NULL,'146.21000000','0.00000000','0.00000000','0.00000000','696.25000000','842.46000000',2,3,3,NULL,NULL,NULL,NULL,1,2,'2016-11-30',NULL,NULL,'addapta',NULL,NULL);
INSERT INTO `B65362949_facture` VALUES (503,'16/0194',1,NULL,NULL,NULL,0,NULL,154,'2016-11-08 12:57:35','2016-11-08','2016-11-08','2016-11-24 20:05:49',1,'0.00000000',NULL,NULL,0,NULL,NULL,'3100.86000000','0.00000000','0.00000000','0.00000000','14766.00000000','17866.86000000',2,2,2,NULL,NULL,NULL,NULL,1,2,'2016-11-08',NULL,NULL,'addapta',NULL,NULL);
INSERT INTO `B65362949_facture` VALUES (504,'16/0195',1,NULL,NULL,NULL,0,NULL,154,'2016-11-15 10:23:50','2016-11-15','2016-11-15','2016-11-24 20:07:08',1,'0.00000000',NULL,NULL,0,NULL,NULL,'3100.86000000','0.00000000','0.00000000','0.00000000','14766.00000000','17866.86000000',2,2,2,NULL,NULL,NULL,NULL,1,2,'2016-11-15',NULL,NULL,'addapta',NULL,NULL);
INSERT INTO `B65362949_facture` VALUES (505,'16/0196',1,NULL,NULL,NULL,0,NULL,159,'2016-11-16 15:19:50','2016-11-16','2016-12-20','2017-03-23 18:27:02',1,'0.00000000',NULL,NULL,0,NULL,NULL,'323.40000000','0.00000000','0.00000000','0.00000000','1540.00000000','1863.40000000',2,2,2,NULL,NULL,NULL,NULL,1,2,'2017-01-16','Validado correo del día 16/11/2016','VENCIMIENTOS:
\n1 VTO 50%: FF
\n2 VTO 50%: 30/11/2016 
\nEl entorno de desarrollo se entregará 1 semana y media después de disponer de la maquina vitual correcta, y las mejoras solicitadas 2 días más tarde si se dispone del servicio y la información necesaria para su acceso y uso.','addapta',NULL,NULL);
INSERT INTO `B65362949_facture` VALUES (506,'16/0197',1,NULL,NULL,NULL,2,NULL,154,'2016-11-23 14:13:19','2016-11-25','2016-11-23','2016-11-24 20:06:34',1,'0.00000000',NULL,NULL,0,NULL,NULL,'-3100.86000000','0.00000000','0.00000000','0.00000000','-14766.00000000','-17866.86000000',2,3,3,503,NULL,NULL,NULL,0,2,'2016-11-25',NULL,NULL,'addapta',NULL,NULL);
INSERT INTO `B65362949_facture` VALUES (507,'16/0198',1,NULL,NULL,NULL,2,NULL,154,'2016-11-23 14:14:24','2016-11-25','2016-11-23','2016-11-24 20:07:46',1,'0.00000000',NULL,NULL,0,NULL,NULL,'-3100.86000000','0.00000000','0.00000000','0.00000000','-14766.00000000','-17866.86000000',2,3,3,504,NULL,NULL,NULL,0,2,'2016-11-25',NULL,NULL,'addapta',NULL,NULL);
INSERT INTO `B65362949_facture` VALUES (508,'16/0200',1,NULL,NULL,NULL,0,NULL,27,'2016-11-24 20:34:33','2016-11-30','2016-11-24','2016-12-09 09:58:12',1,'0.00000000',NULL,NULL,0,NULL,NULL,'29.82000000','0.00000000','0.00000000','0.00000000','142.00000000','171.82000000',2,3,3,NULL,NULL,NULL,NULL,1,2,'2016-11-30',NULL,NULL,'addapta',NULL,NULL);
INSERT INTO `B65362949_facture` VALUES (509,'16/0201',1,NULL,NULL,NULL,0,NULL,113,'2016-11-24 22:04:37','2016-11-30','2016-11-25','2016-11-29 13:08:36',1,'0.00000000',NULL,NULL,0,NULL,NULL,'36.75000000','0.00000000','0.00000000','0.00000000','175.00000000','211.75000000',2,3,3,NULL,NULL,NULL,NULL,1,3,'2016-11-30',NULL,NULL,'addapta',NULL,NULL);
INSERT INTO `B65362949_facture` VALUES (510,'16/0202',1,NULL,NULL,NULL,0,NULL,118,'2016-11-24 22:07:16','2016-11-30','2016-11-25','2017-01-03 10:25:23',1,'0.00000000',NULL,NULL,0,NULL,NULL,'36.75000000','0.00000000','0.00000000','0.00000000','175.00000000','211.75000000',2,3,3,NULL,NULL,NULL,NULL,1,3,'2016-12-01',NULL,NULL,'addapta',NULL,NULL);
INSERT INTO `B65362949_facture` VALUES (511,'16/0203',1,NULL,NULL,NULL,0,NULL,3,'2016-11-25 21:43:38','2016-12-01','2016-11-28','2016-12-02 21:56:37',1,'0.00000000',NULL,NULL,0,NULL,NULL,'76.44000000','0.00000000','0.00000000','0.00000000','364.00000000','440.44000000',2,3,3,NULL,NULL,NULL,NULL,1,3,'2016-12-01',NULL,NULL,'addapta',NULL,NULL);
INSERT INTO `B65362949_facture` VALUES (512,'16/0204',1,NULL,NULL,NULL,0,NULL,3,'2016-11-25 21:44:41','2016-12-01','2016-11-28','2016-12-02 21:56:37',1,'0.00000000',NULL,NULL,0,NULL,NULL,'1249.25000000','0.00000000','0.00000000','0.00000000','5948.80000000','7198.05000000',2,3,3,NULL,NULL,NULL,NULL,1,3,'2016-12-01',NULL,NULL,'addapta',NULL,NULL);
INSERT INTO `B65362949_facture` VALUES (513,'16/0205',1,NULL,NULL,NULL,0,NULL,1,'2016-11-25 21:46:01','2016-12-01','2016-11-28','2016-12-16 13:33:23',1,'0.00000000',NULL,NULL,0,NULL,NULL,'36.23000000','0.00000000','0.00000000','0.00000000','172.50000000','208.73000000',2,3,3,NULL,NULL,NULL,NULL,1,3,'2016-12-01',NULL,NULL,'addapta',NULL,NULL);
INSERT INTO `B65362949_facture` VALUES (514,'16/0206',1,NULL,NULL,NULL,0,NULL,10,'2016-11-25 21:46:53','2016-12-01','2016-11-28','2017-02-13 10:43:53',1,'0.00000000',NULL,NULL,0,NULL,NULL,'349.44000000','0.00000000','0.00000000','0.00000000','1664.00000000','2013.44000000',2,3,3,NULL,NULL,NULL,NULL,4,2,'2017-01-30',NULL,NULL,'addapta',NULL,NULL);
INSERT INTO `B65362949_facture` VALUES (515,'16/0207',1,NULL,NULL,NULL,0,NULL,91,'2016-11-28 18:10:15','2016-12-01','2016-11-28','2017-02-22 11:45:03',1,'0.00000000',NULL,NULL,0,NULL,NULL,'305.55000000','0.00000000','0.00000000','0.00000000','1455.00000000','1760.55000000',2,3,3,NULL,NULL,NULL,NULL,1,2,'2016-12-01',NULL,NULL,'addapta',NULL,NULL);
INSERT INTO `B65362949_facture` VALUES (516,'16/0208',1,NULL,NULL,NULL,0,NULL,91,'2016-11-28 18:11:58','2016-12-01','2016-11-28','2017-01-10 14:37:10',1,'0.00000000',NULL,NULL,0,NULL,NULL,'904.05000000','0.00000000','0.00000000','0.00000000','4305.00000000','5209.05000000',2,3,3,NULL,NULL,NULL,NULL,1,2,'2016-12-01',NULL,NULL,'addapta',NULL,NULL);
INSERT INTO `B65362949_facture` VALUES (517,'16/0209',1,NULL,NULL,NULL,0,NULL,91,'2016-11-28 18:14:21','2016-12-01','2016-12-01','2017-02-22 11:45:03',1,'0.00000000',NULL,NULL,0,NULL,NULL,'1264.73000000','0.00000000','0.00000000','0.00000000','6022.50000000','7287.23000000',2,3,3,NULL,NULL,NULL,NULL,1,2,'2016-12-01',NULL,NULL,'addapta',NULL,NULL);
INSERT INTO `B65362949_facture` VALUES (518,'16/0210',1,NULL,NULL,NULL,0,NULL,9,'2016-11-28 18:17:06','2016-12-01','2016-11-28','2016-12-02 11:58:43',1,'0.00000000',NULL,NULL,0,NULL,NULL,'58.20000000','0.00000000','0.00000000','0.00000000','277.15000000','335.35000000',2,3,3,NULL,NULL,NULL,NULL,1,2,'2016-12-01',NULL,NULL,'addapta',NULL,NULL);
INSERT INTO `B65362949_facture` VALUES (519,'16/0211',1,NULL,NULL,NULL,0,NULL,8,'2016-11-28 18:20:23','2016-12-01','2016-11-28','2016-12-27 10:59:28',1,'0.00000000',NULL,NULL,0,NULL,NULL,'264.61000000','0.00000000','0.00000000','0.00000000','1260.00000000','1524.61000000',2,3,3,NULL,NULL,NULL,NULL,2,2,'2016-12-31',NULL,NULL,'addapta',NULL,NULL);
INSERT INTO `B65362949_facture` VALUES (520,'16/0212',1,NULL,NULL,NULL,0,NULL,5,'2016-11-28 18:24:43','2016-12-01','2016-11-28','2016-11-28 18:03:16',0,'0.00000000',NULL,NULL,0,NULL,NULL,'22.63000000','0.00000000','0.00000000','0.00000000','107.75000000','130.38000000',1,3,3,NULL,NULL,NULL,NULL,1,2,'2016-12-01',NULL,NULL,'addapta',NULL,NULL);
INSERT INTO `B65362949_facture` VALUES (521,'16/0213',1,NULL,NULL,NULL,0,NULL,6,'2016-11-28 18:25:41','2016-12-01','2016-11-28','2017-02-21 17:37:59',1,'0.00000000',NULL,NULL,0,NULL,NULL,'45.39000000','0.00000000','0.00000000','0.00000000','216.15000000','261.54000000',2,3,3,NULL,NULL,NULL,NULL,4,2,'2017-01-30',NULL,NULL,'addapta',NULL,NULL);
INSERT INTO `B65362949_facture` VALUES (522,'16/0215',1,NULL,NULL,NULL,0,NULL,11,'2016-11-28 18:27:55','2016-12-31','2016-12-28','2017-03-15 10:16:15',1,'0.00000000',NULL,NULL,0,NULL,NULL,'146.21000000','0.00000000','0.00000000','0.00000000','696.25000000','842.46000000',2,3,3,NULL,NULL,NULL,NULL,1,2,'2016-12-31',NULL,NULL,'addapta',NULL,NULL);
INSERT INTO `B65362949_facture` VALUES (523,'16/0214',1,NULL,NULL,NULL,0,NULL,27,'2016-12-15 14:33:41','2016-12-31','2016-12-28','2017-01-09 11:30:56',1,'0.00000000',NULL,NULL,0,NULL,NULL,'29.82000000','0.00000000','0.00000000','0.00000000','142.00000000','171.82000000',2,3,3,NULL,NULL,NULL,NULL,1,2,'2016-12-31',NULL,NULL,'addapta',NULL,NULL);
INSERT INTO `B65362949_facture` VALUES (524,'17/0025',1,NULL,NULL,NULL,0,NULL,166,'2016-12-27 11:55:21','2017-02-01','2017-02-14','2017-02-14 16:38:53',1,'0.00000000',NULL,NULL,0,NULL,NULL,'39.25000000','0.00000000','0.00000000','0.00000000','186.90000000','226.15000000',2,3,3,NULL,NULL,NULL,NULL,1,2,'2017-02-01',NULL,NULL,'addapta',NULL,NULL);
INSERT INTO `B65362949_facture` VALUES (525,'17/0001',1,NULL,NULL,NULL,0,NULL,3,'2016-12-27 14:24:11','2017-01-01','2016-12-28','2017-03-23 15:49:13',1,'0.00000000',NULL,NULL,0,NULL,NULL,'76.44000000','0.00000000','0.00000000','0.00000000','364.00000000','440.44000000',2,3,3,NULL,NULL,NULL,NULL,1,3,'2017-01-01',NULL,NULL,'addapta',NULL,NULL);
INSERT INTO `B65362949_facture` VALUES (526,'17/0002',1,NULL,NULL,NULL,0,NULL,3,'2016-12-27 14:26:49','2017-01-01','2016-12-28','2017-01-03 12:47:46',1,'0.00000000',NULL,NULL,0,NULL,NULL,'1249.25000000','0.00000000','0.00000000','0.00000000','5948.80000000','7198.05000000',2,3,3,NULL,NULL,NULL,NULL,1,3,'2017-01-01',NULL,NULL,'addapta',NULL,NULL);
INSERT INTO `B65362949_facture` VALUES (527,'17/0003',1,NULL,NULL,NULL,0,NULL,1,'2016-12-27 14:29:33','2017-01-01','2016-12-28','2017-01-10 10:15:31',1,'0.00000000',NULL,NULL,0,NULL,NULL,'36.23000000','0.00000000','0.00000000','0.00000000','172.50000000','208.73000000',2,3,3,NULL,NULL,NULL,NULL,1,3,'2017-01-01',NULL,NULL,'addapta',NULL,NULL);
INSERT INTO `B65362949_facture` VALUES (528,'17/0004',1,NULL,NULL,NULL,0,NULL,91,'2016-12-27 14:33:56','2017-01-01','2017-01-03','2017-02-22 11:45:03',1,'0.00000000',NULL,NULL,0,NULL,NULL,'176.40000000','0.00000000','0.00000000','0.00000000','840.00000000','1016.40000000',2,3,2,NULL,NULL,NULL,NULL,1,2,'2017-01-01',NULL,NULL,'addapta',NULL,NULL);
INSERT INTO `B65362949_facture` VALUES (529,'17/0005',1,NULL,NULL,NULL,0,NULL,91,'2016-12-27 14:37:37','2017-01-01','2017-01-03','2017-04-19 12:54:37',1,'0.00000000',NULL,NULL,0,NULL,NULL,'921.38000000','0.00000000','0.00000000','0.00000000','4387.50000000','5308.88000000',2,3,3,NULL,NULL,NULL,NULL,1,2,'2017-01-01',NULL,NULL,'addapta',NULL,NULL);
INSERT INTO `B65362949_facture` VALUES (530,'17/0006',1,NULL,NULL,NULL,0,NULL,91,'2016-12-27 14:39:47','2017-01-01','2017-01-03','2017-02-22 11:45:03',1,'0.00000000',NULL,NULL,0,NULL,NULL,'700.88000000','0.00000000','0.00000000','0.00000000','3337.50000000','4038.38000000',2,3,3,NULL,NULL,NULL,NULL,1,2,'2017-01-01',NULL,NULL,'addapta',NULL,NULL);
INSERT INTO `B65362949_facture` VALUES (531,'17/0007',1,NULL,NULL,NULL,0,NULL,9,'2016-12-27 14:41:05','2017-01-01','2016-12-30','2017-01-10 10:15:03',1,'0.00000000',NULL,NULL,0,NULL,NULL,'58.20000000','0.00000000','0.00000000','0.00000000','277.15000000','335.35000000',2,3,3,NULL,NULL,NULL,NULL,1,2,'2017-01-01',NULL,NULL,'addapta',NULL,NULL);
INSERT INTO `B65362949_facture` VALUES (532,'17/0008',1,NULL,NULL,NULL,0,NULL,8,'2016-12-27 14:44:22','2017-01-01','2016-12-30','2017-02-07 10:15:15',1,'0.00000000',NULL,NULL,0,NULL,NULL,'264.61000000','0.00000000','0.00000000','0.00000000','1260.00000000','1524.61000000',2,3,3,NULL,NULL,NULL,NULL,2,2,'2017-01-31',NULL,NULL,'addapta',NULL,NULL);
INSERT INTO `B65362949_facture` VALUES (533,'17/0009',1,NULL,NULL,NULL,0,NULL,5,'2016-12-27 14:45:49','2017-01-01','2016-12-30','2016-12-30 17:25:03',0,'0.00000000',NULL,NULL,0,NULL,NULL,'22.63000000','0.00000000','0.00000000','0.00000000','107.75000000','130.38000000',1,3,3,NULL,NULL,NULL,NULL,1,2,'2017-01-01',NULL,NULL,'addapta',NULL,NULL);
INSERT INTO `B65362949_facture` VALUES (534,'17/0010',1,NULL,NULL,NULL,0,NULL,6,'2016-12-27 14:46:46','2017-01-01','2016-12-30','2017-03-20 11:48:38',1,'0.00000000',NULL,NULL,0,NULL,NULL,'45.39000000','0.00000000','0.00000000','0.00000000','216.15000000','261.54000000',2,3,3,NULL,NULL,NULL,NULL,4,2,'2017-03-02',NULL,NULL,'addapta',NULL,NULL);
INSERT INTO `B65362949_facture` VALUES (535,'16/0217',1,NULL,NULL,NULL,0,NULL,91,'2017-01-10 14:54:14','2016-12-01','2017-01-10','2017-02-22 11:45:03',1,'0.00000000',NULL,NULL,0,NULL,NULL,'652.05000000','0.00000000','0.00000000','0.00000000','3105.00000000','3757.05000000',2,3,3,NULL,NULL,NULL,NULL,1,2,'2016-12-01',NULL,NULL,'addapta',NULL,NULL);
INSERT INTO `B65362949_facture` VALUES (536,'16/0218',1,NULL,NULL,NULL,0,NULL,91,'2017-01-10 14:54:33','2016-12-01','2017-01-10','2017-02-22 11:45:03',1,'0.00000000',NULL,NULL,0,NULL,NULL,'252.00000000','0.00000000','0.00000000','0.00000000','1200.00000000','1452.00000000',2,3,3,NULL,NULL,NULL,NULL,1,2,'2016-12-01',NULL,NULL,'addapta',NULL,NULL);
INSERT INTO `B65362949_facture` VALUES (537,'16/0216',1,NULL,NULL,NULL,2,NULL,91,'2017-01-10 14:55:47','2016-12-01','2017-01-10','2017-01-10 14:36:26',1,'0.00000000',NULL,NULL,0,NULL,NULL,'-904.05000000','0.00000000','0.00000000','0.00000000','-4305.00000000','-5209.05000000',2,3,3,516,NULL,NULL,NULL,0,2,'2016-12-01',NULL,NULL,'addapta',NULL,NULL);
INSERT INTO `B65362949_facture` VALUES (538,'17/0014',1,NULL,NULL,NULL,0,NULL,6,'2017-01-16 14:26:57','2017-02-01','2017-01-31','2017-06-20 10:52:45',1,'0.00000000',NULL,NULL,0,NULL,NULL,'20.79000000','0.00000000','0.00000000','0.00000000','99.00000000','119.79000000',2,3,3,NULL,NULL,NULL,NULL,4,2,'2017-04-02',NULL,NULL,'addapta',NULL,NULL);
INSERT INTO `B65362949_facture` VALUES (539,'17/0011',1,NULL,NULL,NULL,0,NULL,3,'2017-01-30 13:53:37','2017-02-01','2017-01-30','2017-02-07 13:38:32',1,'0.00000000',NULL,NULL,0,NULL,NULL,'76.44000000','0.00000000','0.00000000','0.00000000','364.00000000','440.44000000',2,3,3,NULL,NULL,NULL,NULL,1,3,'2017-02-01',NULL,NULL,'addapta',NULL,NULL);
INSERT INTO `B65362949_facture` VALUES (540,'17/0012',1,NULL,NULL,NULL,0,NULL,3,'2017-01-30 13:54:10','2017-02-01','2017-01-31','2017-02-07 13:38:32',1,'0.00000000',NULL,NULL,0,NULL,NULL,'1128.16000000','0.00000000','0.00000000','0.00000000','5372.20000000','6500.36000000',2,3,3,NULL,NULL,NULL,NULL,1,3,'2017-02-01',NULL,NULL,'addapta',NULL,NULL);
INSERT INTO `B65362949_facture` VALUES (541,'17/0018',1,NULL,NULL,NULL,0,NULL,1,'2017-01-30 14:45:53','2017-02-01','2017-02-03','2017-02-08 18:12:27',1,'0.00000000',NULL,NULL,0,NULL,NULL,'36.23000000','0.00000000','0.00000000','0.00000000','172.50000000','208.73000000',2,3,3,NULL,NULL,NULL,NULL,1,3,'2017-02-01',NULL,NULL,'addapta',NULL,NULL);
INSERT INTO `B65362949_facture` VALUES (542,'17/0015',1,NULL,NULL,NULL,0,NULL,91,'2017-01-30 14:46:30','2017-02-01','2017-01-31','2017-03-27 12:36:55',1,'0.00000000',NULL,NULL,0,NULL,NULL,'787.50000000','0.00000000','0.00000000','0.00000000','3750.00000000','4537.50000000',2,3,3,NULL,NULL,NULL,NULL,1,2,'2017-02-01',NULL,NULL,'addapta',NULL,NULL);
INSERT INTO `B65362949_facture` VALUES (543,'17/0016',1,NULL,NULL,NULL,0,NULL,91,'2017-01-30 14:47:05','2017-02-01','2017-02-03','2017-04-20 12:25:40',1,'0.00000000',NULL,NULL,0,NULL,NULL,'390.60000000','0.00000000','0.00000000','0.00000000','1860.00000000','2250.60000000',2,3,3,NULL,NULL,NULL,NULL,1,2,'2017-02-01',NULL,NULL,'addapta',NULL,NULL);
INSERT INTO `B65362949_facture` VALUES (544,'17/0017',1,NULL,NULL,NULL,0,NULL,91,'2017-01-30 14:47:35','2017-02-01','2017-02-03','2017-04-20 12:25:40',1,'0.00000000',NULL,NULL,0,NULL,NULL,'866.25000000','0.00000000','0.00000000','0.00000000','4125.00000000','4991.25000000',2,3,3,NULL,NULL,NULL,NULL,1,2,'2017-02-01',NULL,NULL,'addapta',NULL,NULL);
INSERT INTO `B65362949_facture` VALUES (545,'17/0019',1,NULL,NULL,NULL,0,NULL,9,'2017-01-30 14:48:05','2017-02-01','2017-02-03','2017-02-07 10:13:34',1,'0.00000000',NULL,NULL,0,NULL,NULL,'58.20000000','0.00000000','0.00000000','0.00000000','277.15000000','335.35000000',2,3,3,NULL,NULL,NULL,NULL,1,2,'2017-02-01',NULL,NULL,'addapta',NULL,NULL);
INSERT INTO `B65362949_facture` VALUES (546,'17/0020',1,NULL,NULL,NULL,0,NULL,8,'2017-01-30 14:48:40','2017-02-01','2017-02-03','2017-03-01 15:17:19',1,'0.00000000',NULL,NULL,0,NULL,NULL,'264.61000000','0.00000000','0.00000000','0.00000000','1260.00000000','1524.61000000',2,3,3,NULL,NULL,NULL,NULL,2,2,'2017-03-03',NULL,NULL,'addapta',NULL,NULL);
INSERT INTO `B65362949_facture` VALUES (547,'17/0021',1,NULL,NULL,NULL,0,NULL,5,'2017-01-30 14:49:15','2017-02-01','2017-02-03','2017-02-03 09:10:17',0,'0.00000000',NULL,NULL,0,NULL,NULL,'22.63000000','0.00000000','0.00000000','0.00000000','107.75000000','130.38000000',1,3,3,NULL,NULL,NULL,NULL,1,2,'2017-02-01',NULL,NULL,'addapta',NULL,NULL);
INSERT INTO `B65362949_facture` VALUES (548,'17/0013',1,NULL,NULL,NULL,0,NULL,6,'2017-01-30 14:49:45','2017-02-01','2017-01-31','2017-06-20 10:52:45',1,'0.00000000',NULL,NULL,0,NULL,NULL,'45.39000000','0.00000000','0.00000000','0.00000000','216.15000000','261.54000000',2,3,3,NULL,NULL,NULL,NULL,4,2,'2017-04-02',NULL,NULL,'addapta',NULL,NULL);
INSERT INTO `B65362949_facture` VALUES (549,'17/0022',1,NULL,NULL,NULL,0,NULL,11,'2017-01-31 11:45:11','2017-02-01','2017-02-03','2017-04-04 11:55:07',1,'0.00000000',NULL,NULL,0,NULL,NULL,'199.50000000','0.00000000','0.00000000','0.00000000','950.00000000','1149.50000000',2,2,3,NULL,NULL,NULL,NULL,1,2,'2017-02-01',NULL,NULL,'addapta',NULL,NULL);
INSERT INTO `B65362949_facture` VALUES (550,'17/0023',1,NULL,NULL,NULL,0,NULL,91,'2017-02-03 10:20:34','2017-02-01','2017-02-07','2017-03-27 12:36:55',1,'0.00000000',NULL,NULL,0,NULL,NULL,'530.78000000','0.00000000','0.00000000','0.00000000','2527.50000000','3058.28000000',2,3,3,NULL,NULL,NULL,NULL,1,2,'2017-02-01',NULL,NULL,'addapta',NULL,NULL);
INSERT INTO `B65362949_facture` VALUES (552,'17/0024',1,NULL,NULL,NULL,0,NULL,25,'2017-02-07 12:06:58','2017-02-01','2017-02-07','2017-02-08 18:12:40',1,'0.00000000',NULL,NULL,0,NULL,NULL,'36.75000000','0.00000000','0.00000000','0.00000000','175.00000000','211.75000000',2,3,3,NULL,NULL,NULL,NULL,1,3,'2017-02-01',NULL,NULL,'addapta',NULL,NULL);
INSERT INTO `B65362949_facture` VALUES (553,'17/0027',1,NULL,NULL,NULL,0,NULL,26,'2017-02-14 16:44:48','2017-02-20','2017-02-24','2017-02-27 13:54:17',1,'0.00000000',NULL,NULL,0,NULL,NULL,'17.64000000','0.00000000','0.00000000','0.00000000','84.00000000','101.64000000',2,3,3,NULL,NULL,NULL,NULL,1,3,'2017-02-20',NULL,NULL,'addapta',NULL,NULL);
INSERT INTO `B65362949_facture` VALUES (554,'17/0026',1,NULL,NULL,NULL,0,NULL,54,'2017-02-20 12:19:23','2017-02-20','2017-02-24','2017-03-20 11:47:49',1,'0.00000000',NULL,NULL,0,NULL,NULL,'332.91000000','0.00000000','0.00000000','0.00000000','1585.26000000','1918.17000000',2,3,3,NULL,NULL,NULL,NULL,1,2,'2017-02-20',NULL,NULL,'addapta',NULL,NULL);
INSERT INTO `B65362949_facture` VALUES (555,'17/0028',1,NULL,NULL,NULL,0,NULL,35,'2017-02-27 14:21:14','2017-02-28','2017-02-27','2017-03-09 15:39:19',1,'0.00000000',NULL,NULL,0,NULL,NULL,'220.50000000','0.00000000','0.00000000','0.00000000','1050.00000000','1270.50000000',2,3,3,NULL,NULL,NULL,NULL,1,3,'2017-02-28',NULL,NULL,'addapta',NULL,NULL);
INSERT INTO `B65362949_facture` VALUES (556,'17/0029',1,NULL,NULL,NULL,0,NULL,3,'2017-02-27 14:38:21','2017-03-01','2017-02-27','2017-03-01 15:16:09',1,'0.00000000',NULL,NULL,0,NULL,NULL,'76.44000000','0.00000000','0.00000000','0.00000000','364.00000000','440.44000000',2,3,3,NULL,NULL,NULL,NULL,1,3,'2017-03-01',NULL,NULL,'addapta',NULL,NULL);
INSERT INTO `B65362949_facture` VALUES (557,'17/0030',1,NULL,NULL,NULL,0,NULL,3,'2017-02-27 14:45:13','2017-03-01','2017-02-27','2017-03-13 13:15:47',1,'0.00000000',NULL,NULL,0,NULL,NULL,'1232.00000000','0.00000000','0.00000000','0.00000000','5866.67000000','7098.67000000',2,3,3,NULL,NULL,NULL,NULL,1,3,'2017-03-01',NULL,NULL,'addapta',NULL,NULL);
INSERT INTO `B65362949_facture` VALUES (558,'17/0031',1,NULL,NULL,NULL,0,NULL,1,'2017-02-27 15:05:32','2017-03-01','2017-03-01','2017-03-03 11:24:14',1,'0.00000000',NULL,NULL,0,NULL,NULL,'36.23000000','0.00000000','0.00000000','0.00000000','172.50000000','208.73000000',2,3,3,NULL,NULL,NULL,NULL,1,3,'2017-03-01',NULL,NULL,'addapta',NULL,NULL);
INSERT INTO `B65362949_facture` VALUES (559,'17/0034',1,NULL,NULL,NULL,0,NULL,91,'2017-02-27 15:08:52','2017-03-01','2017-03-01','2017-03-27 12:36:55',1,'0.00000000',NULL,NULL,0,NULL,NULL,'500.85000000','0.00000000','0.00000000','0.00000000','2385.00000000','2885.85000000',2,3,3,NULL,NULL,NULL,NULL,1,2,'2017-03-01',NULL,NULL,'addapta',NULL,NULL);
INSERT INTO `B65362949_facture` VALUES (560,'17/0036',1,NULL,NULL,NULL,0,NULL,91,'2017-02-27 15:09:11','2017-03-01','2017-03-01','2017-03-27 12:36:55',1,'0.00000000',NULL,NULL,0,NULL,NULL,'245.70000000','0.00000000','0.00000000','0.00000000','1170.00000000','1415.70000000',2,3,3,NULL,NULL,NULL,NULL,1,2,'2017-03-01',NULL,NULL,'addapta',NULL,NULL);
INSERT INTO `B65362949_facture` VALUES (561,'17/0038',1,NULL,NULL,NULL,0,NULL,91,'2017-02-27 15:09:30','2017-03-01','2017-03-01','2017-04-20 12:25:40',1,'0.00000000',NULL,NULL,0,NULL,NULL,'1025.33000000','0.00000000','0.00000000','0.00000000','4882.50000000','5907.83000000',2,3,3,NULL,NULL,NULL,NULL,1,2,'2017-03-01',NULL,NULL,'addapta',NULL,NULL);
INSERT INTO `B65362949_facture` VALUES (563,'17/0032',1,NULL,NULL,NULL,0,NULL,9,'2017-02-27 15:11:40','2017-03-01','2017-03-01','2017-03-07 12:46:14',1,'0.00000000',NULL,NULL,0,NULL,NULL,'58.20000000','0.00000000','0.00000000','0.00000000','277.15000000','335.35000000',2,3,3,NULL,NULL,NULL,NULL,1,2,'2017-03-01',NULL,NULL,'addapta',NULL,NULL);
INSERT INTO `B65362949_facture` VALUES (564,'17/0033',1,NULL,NULL,NULL,0,NULL,8,'2017-02-27 15:12:45','2017-03-01','2017-03-01','2017-03-30 17:59:31',1,'0.00000000',NULL,NULL,0,NULL,NULL,'264.61000000','0.00000000','0.00000000','0.00000000','1260.00000000','1524.61000000',2,3,3,NULL,NULL,NULL,NULL,2,2,'2017-03-31',NULL,NULL,'addapta',NULL,NULL);
INSERT INTO `B65362949_facture` VALUES (565,'17/0035',1,NULL,NULL,NULL,0,NULL,91,'2017-03-01 16:09:15','2017-03-01','2017-03-01','2017-04-20 12:25:40',1,'0.00000000',NULL,NULL,0,NULL,NULL,'1171.80000000','0.00000000','0.00000000','0.00000000','5580.00000000','6751.80000000',2,3,3,NULL,NULL,NULL,NULL,1,2,'2017-03-01',NULL,NULL,'addapta',NULL,NULL);
INSERT INTO `B65362949_facture` VALUES (566,'17/0037',1,NULL,NULL,NULL,0,NULL,91,'2017-03-01 16:14:57','2017-03-01','2017-03-01','2017-04-20 12:25:40',1,'0.00000000',NULL,NULL,0,NULL,NULL,'445.73000000','0.00000000','0.00000000','0.00000000','2122.50000000','2568.23000000',2,3,3,NULL,NULL,NULL,NULL,1,2,'2017-03-01',NULL,NULL,'addapta',NULL,NULL);
INSERT INTO `B65362949_facture` VALUES (567,'17/0039',1,NULL,NULL,NULL,0,NULL,5,'2017-03-01 16:23:32','2017-03-01','2017-03-01','2017-03-01 16:04:00',0,'0.00000000',NULL,NULL,0,NULL,NULL,'22.63000000','0.00000000','0.00000000','0.00000000','107.75000000','130.38000000',1,3,3,NULL,NULL,NULL,NULL,1,2,'2017-03-01',NULL,NULL,'addapta',NULL,NULL);
INSERT INTO `B65362949_facture` VALUES (568,'17/0040',1,NULL,NULL,NULL,0,NULL,6,'2017-03-01 16:25:20','2017-03-01','2017-03-01','2017-05-22 14:47:06',1,'0.00000000',NULL,NULL,0,NULL,NULL,'45.39000000','0.00000000','0.00000000','0.00000000','216.15000000','261.54000000',2,3,3,NULL,NULL,NULL,NULL,4,2,'2017-04-30',NULL,NULL,'addapta',NULL,NULL);
INSERT INTO `B65362949_facture` VALUES (570,'17/0041',1,NULL,NULL,NULL,0,NULL,26,'2017-03-06 17:24:21','2017-03-01','2017-03-06','2017-03-23 18:19:18',1,'0.00000000',NULL,NULL,0,NULL,NULL,'36.75000000','0.00000000','0.00000000','0.00000000','175.00000000','211.75000000',2,3,3,NULL,NULL,NULL,NULL,1,3,'2017-03-01','',NULL,'addapta',NULL,NULL);
INSERT INTO `B65362949_facture` VALUES (573,'17/0043',1,NULL,NULL,NULL,0,NULL,3,'2017-03-13 13:33:50','2017-04-01','2017-03-29','2017-04-03 13:26:43',1,'0.00000000',NULL,NULL,0,NULL,NULL,'1564.65000000','0.00000000','0.00000000','0.00000000','7450.71000000','9015.36000000',2,3,3,NULL,NULL,NULL,NULL,1,3,'2017-04-01',NULL,NULL,'addapta',NULL,NULL);
INSERT INTO `B65362949_facture` VALUES (574,'17/0044',1,NULL,NULL,NULL,0,NULL,3,'2017-03-13 13:42:36','2017-04-01','2017-03-29','2017-04-03 13:26:43',1,'0.00000000',NULL,NULL,0,NULL,NULL,'76.44000000','0.00000000','0.00000000','0.00000000','364.00000000','440.44000000',2,3,3,NULL,NULL,NULL,NULL,1,3,'2017-04-01',NULL,NULL,'addapta',NULL,NULL);
INSERT INTO `B65362949_facture` VALUES (575,'17/0046',1,NULL,NULL,NULL,0,NULL,5,'2017-03-13 13:44:30','2017-04-01','2017-03-29','2017-03-29 15:05:06',0,'0.00000000',NULL,NULL,0,NULL,NULL,'25.13000000','0.00000000','0.00000000','0.00000000','119.65000000','144.78000000',1,3,3,NULL,NULL,NULL,NULL,1,2,'2017-04-01',NULL,NULL,'addapta',NULL,NULL);
INSERT INTO `B65362949_facture` VALUES (576,'17/0042',1,NULL,NULL,NULL,0,NULL,54,'2017-03-20 11:52:01','2017-03-20','2017-03-23','2017-04-06 15:19:59',1,'0.00000000',NULL,NULL,0,NULL,NULL,'117.23000000','0.00000000','0.00000000','0.00000000','558.24000000','675.47000000',2,3,3,NULL,NULL,NULL,NULL,1,2,'2017-03-20',NULL,NULL,'addapta',NULL,NULL);
INSERT INTO `B65362949_facture` VALUES (577,'17/0045',1,NULL,NULL,'NN7NSI3875',0,NULL,159,'2017-03-23 18:57:16','2017-04-01','2017-06-27','2017-07-17 11:35:16',1,'0.00000000',NULL,NULL,0,NULL,NULL,'1161.30000000','0.00000000','0.00000000','0.00000000','5530.00000000','6691.30000000',2,3,2,NULL,NULL,NULL,NULL,2,2,'2017-05-01','Aceptado 22/03/2017 mediante correo de Borja Delgado Amor.',NULL,'addapta',NULL,NULL);
INSERT INTO `B65362949_facture` VALUES (578,'17/0047',1,NULL,NULL,NULL,0,NULL,1,'2017-03-29 14:54:11','2017-04-01','2017-03-31','2017-04-06 15:21:35',1,'0.00000000',NULL,NULL,0,NULL,NULL,'36.23000000','0.00000000','0.00000000','0.00000000','172.50000000','208.73000000',2,3,3,NULL,NULL,NULL,NULL,1,3,'2017-04-01',NULL,NULL,'addapta',NULL,NULL);
INSERT INTO `B65362949_facture` VALUES (579,'17/0048',1,NULL,NULL,NULL,0,NULL,9,'2017-03-29 14:55:01','2017-04-01','2017-03-31','2017-04-07 12:27:47',1,'0.00000000',NULL,NULL,0,NULL,NULL,'58.20000000','0.00000000','0.00000000','0.00000000','277.15000000','335.35000000',2,3,3,NULL,NULL,NULL,NULL,1,2,'2017-04-01',NULL,NULL,'addapta',NULL,NULL);
INSERT INTO `B65362949_facture` VALUES (580,'17/0049',1,NULL,NULL,NULL,0,NULL,8,'2017-03-29 14:56:40','2017-04-01','2017-03-31','2017-05-02 15:25:28',1,'0.00000000',NULL,NULL,0,NULL,NULL,'264.61000000','0.00000000','0.00000000','0.00000000','1260.00000000','1524.61000000',2,3,3,NULL,NULL,NULL,NULL,2,2,'2017-05-01',NULL,NULL,'addapta',NULL,NULL);
INSERT INTO `B65362949_facture` VALUES (581,'17/0050',1,NULL,NULL,NULL,0,NULL,6,'2017-03-29 14:59:14','2017-04-01','2017-03-31','2017-06-20 10:53:21',1,'0.00000000',NULL,NULL,0,NULL,NULL,'45.39000000','0.00000000','0.00000000','0.00000000','216.15000000','261.54000000',2,3,3,NULL,NULL,NULL,NULL,4,2,'2017-05-31',NULL,NULL,'addapta',NULL,NULL);
INSERT INTO `B65362949_facture` VALUES (582,'17/0053',1,NULL,NULL,NULL,0,NULL,91,'2017-03-29 15:02:32','2017-04-01','2017-04-03','2017-05-15 15:21:32',1,'0.00000000',NULL,NULL,0,NULL,NULL,'648.90000000','0.00000000','0.00000000','0.00000000','3090.00000000','3738.90000000',2,3,3,NULL,NULL,NULL,NULL,1,2,'2017-04-01',NULL,NULL,'addapta',NULL,NULL);
INSERT INTO `B65362949_facture` VALUES (583,'17/0054',1,NULL,NULL,NULL,0,NULL,91,'2017-03-29 15:03:39','2017-04-01','2017-04-03','2017-05-22 09:57:49',1,'0.00000000',NULL,NULL,0,NULL,NULL,'801.68000000','0.00000000','0.00000000','0.00000000','3817.50000000','4619.18000000',2,3,3,NULL,NULL,NULL,NULL,1,2,'2017-04-01',NULL,NULL,'addapta',NULL,NULL);
INSERT INTO `B65362949_facture` VALUES (584,'17/0055',1,NULL,NULL,NULL,0,NULL,91,'2017-03-29 15:06:06','2017-04-01','2017-04-03','2017-05-15 15:22:14',1,'0.00000000',NULL,NULL,0,NULL,NULL,'962.33000000','0.00000000','0.00000000','0.00000000','4582.50000000','5544.83000000',2,3,3,NULL,NULL,NULL,NULL,1,2,'2017-04-01',NULL,NULL,'addapta',NULL,NULL);
INSERT INTO `B65362949_facture` VALUES (585,'17/0051',1,NULL,NULL,NULL,0,NULL,91,'2017-04-03 19:03:16','2017-04-01','2017-04-03','2017-05-22 09:57:49',1,'0.00000000',NULL,NULL,0,NULL,NULL,'75.60000000','0.00000000','0.00000000','0.00000000','360.00000000','435.60000000',2,3,3,NULL,NULL,NULL,NULL,1,2,'2017-04-01',NULL,NULL,'addapta',NULL,NULL);
INSERT INTO `B65362949_facture` VALUES (586,'17/0052',1,NULL,NULL,NULL,0,NULL,91,'2017-04-03 19:05:20','2017-04-01','2017-04-03','2017-05-22 09:57:49',1,'0.00000000',NULL,NULL,0,NULL,NULL,'37.80000000','0.00000000','0.00000000','0.00000000','180.00000000','217.80000000',2,3,3,NULL,NULL,NULL,NULL,1,2,'2017-04-01',NULL,NULL,'addapta',NULL,NULL);
INSERT INTO `B65362949_facture` VALUES (587,'17/0056',1,NULL,NULL,NULL,0,NULL,91,'2017-04-06 15:10:30','2017-04-01','2017-04-06','2017-07-31 12:28:44',1,'0.00000000',NULL,NULL,0,NULL,NULL,'731.33000000','0.00000000','0.00000000','0.00000000','3482.50000000','4213.83000000',2,3,3,NULL,NULL,NULL,NULL,1,2,'2017-04-01',NULL,NULL,'addapta',NULL,NULL);
INSERT INTO `B65362949_facture` VALUES (588,'17/0065',1,NULL,NULL,NULL,0,NULL,9,'2017-04-07 12:54:16','2017-05-01','2017-04-27','2017-05-11 09:50:03',1,'0.00000000',NULL,NULL,0,NULL,NULL,'67.02000000','0.00000000','0.00000000','0.00000000','319.15000000','386.17000000',2,3,3,NULL,NULL,NULL,NULL,1,2,'2017-05-01',NULL,NULL,'addapta',NULL,NULL);
INSERT INTO `B65362949_facture` VALUES (589,'17/0057',1,NULL,NULL,NULL,0,NULL,178,'2017-04-19 15:56:19','2017-04-15','2017-04-19','2017-05-22 09:56:16',1,'0.00000000',NULL,NULL,0,NULL,NULL,'17.64000000','0.00000000','0.00000000','0.00000000','84.00000000','101.64000000',2,3,3,NULL,NULL,NULL,NULL,2,3,'2017-05-15',NULL,NULL,'addapta',NULL,NULL);
INSERT INTO `B65362949_facture` VALUES (590,'17/0058',1,NULL,NULL,NULL,0,NULL,27,'2017-04-21 13:10:06','2017-04-30','2017-04-21','2017-05-08 09:51:07',1,'0.00000000',NULL,NULL,0,NULL,NULL,'31.71000000','0.00000000','0.00000000','0.00000000','151.00000000','182.71000000',2,3,3,NULL,NULL,NULL,NULL,1,2,'2017-04-30',NULL,NULL,'addapta',NULL,NULL);
INSERT INTO `B65362949_facture` VALUES (591,'17/0060',1,NULL,NULL,NULL,0,NULL,3,'2017-04-24 13:07:54','2017-05-01','2017-04-27','2017-05-02 15:17:52',1,'0.00000000',NULL,NULL,0,NULL,NULL,'76.44000000','0.00000000','0.00000000','0.00000000','364.00000000','440.44000000',2,3,3,NULL,NULL,NULL,NULL,1,3,'2017-05-01',NULL,NULL,'addapta',NULL,NULL);
INSERT INTO `B65362949_facture` VALUES (592,'17/0059',1,NULL,NULL,NULL,0,NULL,3,'2017-04-25 13:54:52','2017-05-01','2017-04-27','2017-05-02 15:17:52',1,'0.00000000',NULL,NULL,0,NULL,NULL,'1481.76000000','0.00000000','0.00000000','0.00000000','7056.00000000','8537.76000000',2,3,3,NULL,NULL,NULL,NULL,1,3,'2017-05-01',NULL,NULL,'addapta',NULL,NULL);
INSERT INTO `B65362949_facture` VALUES (593,'17/0061',1,NULL,NULL,NULL,0,NULL,5,'2017-04-27 11:16:49','2017-05-01','2017-04-27','2017-04-27 11:11:12',0,'0.00000000',NULL,NULL,0,NULL,NULL,'22.63000000','0.00000000','0.00000000','0.00000000','107.75000000','130.38000000',1,3,3,NULL,NULL,NULL,NULL,1,2,'2017-05-01',NULL,NULL,'addapta',NULL,NULL);
INSERT INTO `B65362949_facture` VALUES (594,'17/0062',1,NULL,NULL,NULL,0,NULL,1,'2017-04-27 11:18:09','2017-05-01','2017-04-27','2017-05-09 14:24:44',1,'0.00000000',NULL,NULL,0,NULL,NULL,'36.23000000','0.00000000','0.00000000','0.00000000','172.50000000','208.73000000',2,3,3,NULL,NULL,NULL,NULL,1,3,'2017-05-01',NULL,NULL,'addapta',NULL,NULL);
INSERT INTO `B65362949_facture` VALUES (595,'17/0063',1,NULL,NULL,NULL,0,NULL,8,'2017-04-27 11:24:38','2017-05-01','2017-04-27','2017-06-06 09:18:25',1,'0.00000000',NULL,NULL,0,NULL,NULL,'264.61000000','0.00000000','0.00000000','0.00000000','1260.00000000','1524.61000000',2,3,3,NULL,NULL,NULL,NULL,2,2,'2017-05-31',NULL,NULL,'addapta',NULL,NULL);
INSERT INTO `B65362949_facture` VALUES (596,'17/0064',1,NULL,NULL,NULL,0,NULL,6,'2017-04-27 11:30:52','2017-05-01','2017-04-27','2017-07-20 12:01:09',1,'0.00000000',NULL,NULL,0,NULL,NULL,'45.39000000','0.00000000','0.00000000','0.00000000','216.15000000','261.54000000',2,3,3,NULL,NULL,NULL,NULL,4,2,'2017-06-30',NULL,NULL,'addapta',NULL,NULL);
INSERT INTO `B65362949_facture` VALUES (597,'17/0066',1,NULL,NULL,NULL,0,NULL,91,'2017-04-27 13:32:24','2017-05-01','2017-04-28','2017-07-31 12:28:44',1,'0.00000000',NULL,NULL,0,NULL,NULL,'1363.95000000','0.00000000','0.00000000','0.00000000','6495.00000000','7858.95000000',2,3,3,NULL,NULL,NULL,NULL,1,2,'2017-05-01',NULL,NULL,'addapta',NULL,NULL);
INSERT INTO `B65362949_facture` VALUES (598,'17/0067',1,NULL,NULL,NULL,0,NULL,91,'2017-04-27 13:32:51','2017-05-01','2017-05-02','2017-07-31 12:28:44',1,'0.00000000',NULL,NULL,0,NULL,NULL,'1187.55000000','0.00000000','0.00000000','0.00000000','5655.00000000','6842.55000000',2,3,3,NULL,NULL,NULL,NULL,1,2,'2017-05-01',NULL,NULL,'addapta',NULL,NULL);
INSERT INTO `B65362949_facture` VALUES (599,'17/0068',1,NULL,NULL,NULL,0,NULL,91,'2017-04-27 13:33:13','2017-05-01','2017-04-28','2017-07-31 12:28:44',1,'0.00000000',NULL,NULL,0,NULL,NULL,'1092.55000000','0.00000000','0.00000000','0.00000000','5202.60000000','6295.15000000',2,3,3,NULL,NULL,NULL,NULL,1,2,'2017-05-01',NULL,NULL,'addapta',NULL,NULL);
INSERT INTO `B65362949_facture` VALUES (600,'17/0069',1,NULL,NULL,NULL,0,NULL,91,'2017-04-27 13:33:46','2017-05-01','2017-04-27','2017-07-31 12:28:44',1,'0.00000000',NULL,NULL,0,NULL,NULL,'1659.26000000','0.00000000','0.00000000','0.00000000','7901.25000000','9560.51000000',2,3,3,NULL,NULL,NULL,NULL,1,2,'2017-05-01',NULL,NULL,'addapta',NULL,NULL);
INSERT INTO `B65362949_facture` VALUES (601,'17/0080',1,NULL,NULL,NULL,0,NULL,5,'2017-05-08 12:08:11','2017-06-01','2017-06-01','2017-06-01 13:48:45',0,'0.00000000',NULL,NULL,0,NULL,NULL,'25.13000000','0.00000000','0.00000000','0.00000000','119.65000000','144.78000000',1,3,3,NULL,NULL,NULL,NULL,1,2,'2017-06-01',NULL,NULL,'addapta',NULL,NULL);
INSERT INTO `B65362949_facture` VALUES (603,'17/0070',1,NULL,NULL,NULL,2,NULL,91,'2017-05-15 15:40:52','2017-04-01','2017-05-15','2017-05-15 15:19:31',1,'0.00000000',NULL,NULL,0,NULL,NULL,'-648.90000000','0.00000000','0.00000000','0.00000000','-3090.00000000','-3738.90000000',2,3,3,582,NULL,NULL,NULL,0,2,'2017-04-01',NULL,NULL,'addapta',NULL,NULL);
INSERT INTO `B65362949_facture` VALUES (604,'17/0071',1,NULL,NULL,NULL,2,NULL,91,'2017-05-15 15:43:23','2017-04-01','2017-05-15','2017-05-15 15:20:25',1,'0.00000000',NULL,NULL,0,NULL,NULL,'-962.33000000','0.00000000','0.00000000','0.00000000','-4582.50000000','-5544.83000000',2,3,3,584,NULL,NULL,NULL,0,2,'2017-04-01',NULL,NULL,'addapta',NULL,NULL);
INSERT INTO `B65362949_facture` VALUES (605,'17/0072',1,NULL,NULL,NULL,0,NULL,91,'2017-05-15 15:51:16','2017-04-01','2017-05-15','2017-06-14 10:52:07',1,'0.00000000',NULL,NULL,0,NULL,NULL,'510.30000000','0.00000000','0.00000000','0.00000000','2430.00000000','2940.30000000',2,3,3,NULL,NULL,NULL,NULL,1,2,'2017-04-01',NULL,NULL,'addapta',NULL,NULL);
INSERT INTO `B65362949_facture` VALUES (606,'17/0073',1,NULL,NULL,NULL,0,NULL,91,'2017-05-15 15:52:22','2017-04-01','2017-05-15','2017-06-14 10:52:07',1,'0.00000000',NULL,NULL,0,NULL,NULL,'637.88000000','0.00000000','0.00000000','0.00000000','3037.50000000','3675.38000000',2,3,3,NULL,NULL,NULL,NULL,1,2,'2017-04-01',NULL,NULL,'addapta',NULL,NULL);
INSERT INTO `B65362949_facture` VALUES (607,'17/0074',1,NULL,NULL,NULL,0,NULL,179,'2017-05-16 11:05:53','2017-05-15','2017-05-16','2017-05-18 10:36:05',1,'0.00000000',NULL,NULL,0,NULL,NULL,'2.60000000','0.00000000','0.00000000','0.00000000','12.40000000','15.00000000',2,3,3,NULL,NULL,NULL,NULL,1,2,'2017-05-15',NULL,NULL,'addapta',NULL,NULL);
INSERT INTO `B65362949_facture` VALUES (608,'17/0081',1,NULL,NULL,NULL,0,NULL,9,'2017-05-24 13:53:33','2017-06-01','2017-06-01','2017-06-08 07:48:55',1,'0.00000000',NULL,NULL,0,NULL,NULL,'84.66000000','0.00000000','0.00000000','0.00000000','403.15000000','487.81000000',2,3,3,NULL,NULL,NULL,NULL,1,2,'2017-06-01',NULL,NULL,'addapta',NULL,NULL);
INSERT INTO `B65362949_facture` VALUES (609,'17/0075',1,NULL,NULL,NULL,0,NULL,3,'2017-05-24 14:00:27','2017-06-01','2017-05-26','2017-05-29 13:15:23',1,'0.00000000',NULL,NULL,0,NULL,NULL,'76.44000000','0.00000000','0.00000000','0.00000000','364.00000000','440.44000000',2,3,3,NULL,NULL,NULL,NULL,1,2,'2017-06-01',NULL,NULL,'addapta',NULL,NULL);
INSERT INTO `B65362949_facture` VALUES (610,'17/0076',1,NULL,NULL,NULL,0,NULL,3,'2017-05-24 14:01:29','2017-06-01','2017-05-26','2017-05-29 13:15:23',1,'0.00000000',NULL,NULL,0,NULL,NULL,'1481.76000000','0.00000000','0.00000000','0.00000000','7056.00000000','8537.76000000',2,3,3,NULL,NULL,NULL,NULL,1,2,'2017-06-01',NULL,NULL,'addapta',NULL,NULL);
INSERT INTO `B65362949_facture` VALUES (611,'17/0079',1,NULL,NULL,NULL,0,NULL,1,'2017-05-24 14:03:52','2017-06-01','2017-06-01','2017-06-19 17:11:12',1,'0.00000000',NULL,NULL,0,NULL,NULL,'36.23000000','0.00000000','0.00000000','0.00000000','172.50000000','208.73000000',2,3,3,NULL,NULL,NULL,NULL,1,3,'2017-06-01',NULL,NULL,'addapta',NULL,NULL);
INSERT INTO `B65362949_facture` VALUES (612,'17/0082',1,NULL,NULL,NULL,0,NULL,8,'2017-05-24 14:05:06','2017-06-01','2017-06-01','2017-07-04 12:09:37',1,'0.00000000',NULL,NULL,0,NULL,NULL,'264.61000000','0.00000000','0.00000000','0.00000000','1260.00000000','1524.61000000',2,3,3,NULL,NULL,NULL,NULL,2,2,'2017-07-01',NULL,NULL,'addapta',NULL,NULL);
INSERT INTO `B65362949_facture` VALUES (613,'17/0083',1,NULL,NULL,NULL,0,NULL,6,'2017-05-24 14:06:20','2017-06-01','2017-06-01','2017-08-28 10:44:59',1,'0.00000000',NULL,NULL,0,NULL,NULL,'45.39000000','0.00000000','0.00000000','0.00000000','216.15000000','261.54000000',2,3,3,NULL,NULL,NULL,NULL,4,2,'2017-07-31',NULL,NULL,'addapta',NULL,NULL);
INSERT INTO `B65362949_facture` VALUES (614,'17/0084',1,NULL,NULL,NULL,0,NULL,91,'2017-05-24 14:08:20','2017-06-01','2017-06-01','2017-07-31 12:28:44',1,'0.00000000',NULL,NULL,0,NULL,NULL,'869.40000000','0.00000000','0.00000000','0.00000000','4140.00000000','5009.40000000',2,3,3,NULL,NULL,NULL,NULL,1,2,'2017-06-01',NULL,NULL,'addapta',NULL,NULL);
INSERT INTO `B65362949_facture` VALUES (615,'17/0085',1,NULL,NULL,NULL,0,NULL,91,'2017-05-24 14:09:04','2017-06-01','2017-06-01','2017-07-31 12:28:44',1,'0.00000000',NULL,NULL,0,NULL,NULL,'1694.70000000','0.00000000','0.00000000','0.00000000','8070.00000000','9764.70000000',2,3,3,NULL,NULL,NULL,NULL,1,2,'2017-06-01',NULL,NULL,'addapta',NULL,NULL);
INSERT INTO `B65362949_facture` VALUES (616,'17/0086',1,NULL,NULL,NULL,0,NULL,91,'2017-05-24 14:10:10','2017-06-01','2017-06-01','2017-07-31 12:28:44',1,'0.00000000',NULL,NULL,0,NULL,NULL,'1477.35000000','0.00000000','0.00000000','0.00000000','7035.00000000','8512.35000000',2,3,3,NULL,NULL,NULL,NULL,1,2,'2017-06-01',NULL,NULL,'addapta',NULL,NULL);
INSERT INTO `B65362949_facture` VALUES (617,'17/0087',1,NULL,NULL,NULL,0,NULL,91,'2017-05-24 14:10:47','2017-06-01','2017-06-01','2017-07-31 12:28:44',1,'0.00000000',NULL,NULL,0,NULL,NULL,'859.95000000','0.00000000','0.00000000','0.00000000','4095.00000000','4954.95000000',2,3,3,NULL,NULL,NULL,NULL,1,2,'2017-06-01',NULL,NULL,'addapta',NULL,NULL);
INSERT INTO `B65362949_facture` VALUES (618,'17/0077',1,NULL,NULL,NULL,0,NULL,3,'2017-05-25 12:55:41','2017-06-01','2017-05-26','2017-05-29 13:15:23',1,'0.00000000',NULL,NULL,0,NULL,NULL,'1481.76000000','0.00000000','0.00000000','0.00000000','7056.00000000','8537.76000000',2,3,3,NULL,NULL,NULL,NULL,1,2,'2017-06-01',NULL,NULL,'addapta',NULL,NULL);
INSERT INTO `B65362949_facture` VALUES (619,'17/0078',1,NULL,NULL,NULL,0,NULL,3,'2017-05-25 12:57:20','2017-06-20','2017-06-19','2017-07-04 12:01:44',1,'0.00000000',NULL,NULL,0,NULL,NULL,'336.00000000','0.00000000','0.00000000','0.00000000','1600.00000000','1936.00000000',2,3,3,NULL,NULL,NULL,NULL,1,2,'2017-06-20',NULL,NULL,'addapta',NULL,NULL);
INSERT INTO `B65362949_facture` VALUES (620,'17/0088',1,NULL,NULL,NULL,0,NULL,91,'2017-06-01 14:57:24','2017-06-01','2017-06-01','2017-07-31 12:28:44',1,'0.00000000',NULL,NULL,0,NULL,NULL,'37.80000000','0.00000000','0.00000000','0.00000000','180.00000000','217.80000000',2,3,3,NULL,NULL,NULL,NULL,1,2,'2017-06-01',NULL,NULL,'addapta',NULL,NULL);
INSERT INTO `B65362949_facture` VALUES (621,'17/0094',1,NULL,NULL,NULL,0,NULL,9,'2017-06-06 18:21:31','2017-07-01','2017-06-30','2017-07-11 16:11:54',1,'0.00000000',NULL,NULL,0,NULL,NULL,'80.67000000','0.00000000','0.00000000','0.00000000','384.15000000','464.82000000',2,3,3,NULL,NULL,NULL,NULL,1,2,'2017-07-01',NULL,NULL,'addapta',NULL,NULL);
INSERT INTO `B65362949_facture` VALUES (622,'17/0089',1,NULL,NULL,NULL,0,NULL,178,'2017-06-14 11:04:10','2017-06-01','2017-06-14','2017-06-21 11:11:35',1,'0.00000000',NULL,NULL,0,NULL,NULL,'151.62000000','0.00000000','0.00000000','0.00000000','722.00000000','873.62000000',2,3,3,NULL,NULL,NULL,NULL,2,3,'2017-06-20',NULL,NULL,'addapta',NULL,NULL);
INSERT INTO `B65362949_facture` VALUES (623,'17/0090',1,NULL,NULL,NULL,0,NULL,183,'2017-06-20 11:36:32','2017-06-12','2017-06-20','2017-07-21 11:49:57',1,'0.00000000',NULL,NULL,0,NULL,NULL,'136.50000000','0.00000000','0.00000000','0.00000000','650.00000000','786.50000000',2,3,3,NULL,NULL,NULL,NULL,2,3,'2017-07-15',NULL,NULL,'addapta',NULL,NULL);
INSERT INTO `B65362949_facture` VALUES (624,'17/0091',1,NULL,NULL,NULL,0,NULL,3,'2017-06-26 10:52:53','2017-07-01','2017-06-26','2017-06-30 10:29:34',1,'0.00000000',NULL,NULL,0,NULL,NULL,'1481.76000000','0.00000000','0.00000000','0.00000000','7056.00000000','8537.76000000',2,3,3,NULL,NULL,NULL,NULL,1,2,'2017-07-01',NULL,NULL,'addapta',NULL,NULL);
INSERT INTO `B65362949_facture` VALUES (625,'17/0092',1,NULL,NULL,NULL,0,NULL,183,'2017-06-28 16:00:16','2017-06-30','2017-06-28','2017-07-21 11:50:09',1,'0.00000000',NULL,NULL,0,NULL,NULL,'3.12000000','0.00000000','0.00000000','0.00000000','14.84000000','17.96000000',2,3,3,NULL,NULL,NULL,NULL,2,3,'2017-07-15',NULL,NULL,'addapta',NULL,NULL);
INSERT INTO `B65362949_facture` VALUES (626,'17/0093',1,NULL,NULL,NULL,0,NULL,1,'2017-06-30 11:35:21','2017-07-01','2017-06-30','2017-07-06 12:28:21',1,'0.00000000',NULL,NULL,0,NULL,NULL,'36.23000000','0.00000000','0.00000000','0.00000000','172.50000000','208.73000000',2,3,3,NULL,NULL,NULL,NULL,1,3,'2017-07-01',NULL,NULL,'addapta',NULL,NULL);
INSERT INTO `B65362949_facture` VALUES (627,'17/0095',1,NULL,NULL,NULL,0,NULL,5,'2017-06-30 11:38:19','2017-07-01','2017-07-24','2017-07-24 16:12:24',0,'0.00000000',NULL,NULL,0,NULL,NULL,'22.63000000','0.00000000','0.00000000','0.00000000','107.75000000','130.38000000',1,3,3,NULL,NULL,NULL,NULL,1,2,'2017-07-01',NULL,NULL,'addapta',NULL,NULL);
INSERT INTO `B65362949_facture` VALUES (628,'17/0096',1,NULL,NULL,NULL,0,NULL,8,'2017-06-30 11:39:26','2017-07-01','2017-06-30','2017-08-13 09:34:54',1,'0.00000000',NULL,NULL,0,NULL,NULL,'264.61000000','0.00000000','0.00000000','0.00000000','1260.00000000','1524.61000000',2,3,3,NULL,NULL,NULL,NULL,2,2,'2017-07-31',NULL,NULL,'addapta',NULL,NULL);
INSERT INTO `B65362949_facture` VALUES (629,'17/0097',1,NULL,NULL,NULL,0,NULL,6,'2017-06-30 11:41:04','2017-07-01','2017-06-30','2017-09-20 13:23:22',1,'0.00000000',NULL,NULL,0,NULL,NULL,'45.39000000','0.00000000','0.00000000','0.00000000','216.15000000','261.54000000',2,3,3,NULL,NULL,NULL,NULL,4,2,'2017-08-30',NULL,NULL,'addapta',NULL,NULL);
INSERT INTO `B65362949_facture` VALUES (630,'17/0098',1,NULL,NULL,NULL,0,NULL,91,'2017-06-30 11:43:44','2017-07-01','2017-06-30','2017-07-31 12:28:44',1,'0.00000000',NULL,NULL,0,NULL,NULL,'1001.70000000','0.00000000','0.00000000','0.00000000','4770.00000000','5771.70000000',2,3,3,NULL,NULL,NULL,NULL,1,2,'2017-07-01',NULL,NULL,'addapta',NULL,NULL);
INSERT INTO `B65362949_facture` VALUES (631,'17/0099',1,NULL,NULL,NULL,0,NULL,91,'2017-06-30 11:44:30','2017-07-01','2017-06-30','2017-07-31 12:28:44',1,'0.00000000',NULL,NULL,0,NULL,NULL,'787.50000000','0.00000000','0.00000000','0.00000000','3750.00000000','4537.50000000',2,3,3,NULL,NULL,NULL,NULL,1,2,'2017-07-01',NULL,NULL,'addapta',NULL,NULL);
INSERT INTO `B65362949_facture` VALUES (632,'17/0100',1,NULL,NULL,NULL,0,NULL,91,'2017-06-30 11:45:18','2017-07-01','2017-07-04','2017-07-31 12:28:44',1,'0.00000000',NULL,NULL,0,NULL,NULL,'617.40000000','0.00000000','0.00000000','0.00000000','2940.00000000','3557.40000000',2,3,3,NULL,NULL,NULL,NULL,1,2,'2017-07-01',NULL,NULL,'addapta',NULL,NULL);
INSERT INTO `B65362949_facture` VALUES (633,'17/0101',1,NULL,NULL,NULL,0,NULL,91,'2017-06-30 11:46:19','2017-07-01','2017-07-04','2017-07-31 12:28:44',1,'0.00000000',NULL,NULL,0,NULL,NULL,'1598.63000000','0.00000000','0.00000000','0.00000000','7612.50000000','9211.13000000',2,3,3,NULL,NULL,NULL,NULL,1,2,'2017-07-01',NULL,NULL,'addapta',NULL,NULL);
INSERT INTO `B65362949_facture` VALUES (634,'17/0102',1,NULL,NULL,NULL,0,NULL,27,'2017-07-06 13:01:58','2017-07-05','2017-07-18','2017-07-20 15:55:11',1,'0.00000000',NULL,NULL,0,NULL,NULL,'63.42000000','0.00000000','0.00000000','0.00000000','302.00000000','365.42000000',2,3,3,NULL,NULL,NULL,NULL,1,2,'2017-07-06',NULL,NULL,'addapta',NULL,NULL);
INSERT INTO `B65362949_facture` VALUES (635,'17/0103',1,NULL,NULL,NULL,0,NULL,3,'2017-07-24 16:10:24','2017-08-01','2017-07-31','2017-08-01 08:59:00',1,'0.00000000',NULL,NULL,0,NULL,NULL,'987.84000000','0.00000000','0.00000000','0.00000000','4704.00000000','5691.84000000',2,3,3,NULL,NULL,NULL,NULL,1,2,'2017-08-01',NULL,NULL,'addapta',NULL,NULL);
INSERT INTO `B65362949_facture` VALUES (637,'17/0104',1,NULL,NULL,NULL,0,NULL,1,'2017-07-24 16:12:19','2017-08-01','2017-08-01','2017-08-13 09:33:46',1,'0.00000000',NULL,NULL,0,NULL,NULL,'65.63000000','0.00000000','0.00000000','0.00000000','312.50000000','378.13000000',2,3,3,NULL,NULL,NULL,NULL,1,3,'2017-08-01',NULL,NULL,'addapta',NULL,NULL);
INSERT INTO `B65362949_facture` VALUES (638,'17/0105',1,NULL,NULL,NULL,0,NULL,9,'2017-07-24 16:32:50','2017-08-01','2017-08-01','2017-08-13 09:36:10',1,'0.00000000',NULL,NULL,0,NULL,NULL,'58.20000000','0.00000000','0.00000000','0.00000000','277.15000000','335.35000000',2,3,3,NULL,NULL,NULL,NULL,1,2,'2017-08-01',NULL,NULL,'addapta',NULL,NULL);
INSERT INTO `B65362949_facture` VALUES (639,'17/0106',1,NULL,NULL,NULL,0,NULL,5,'2017-07-24 16:36:05','2017-08-01','2017-08-01','2017-08-01 09:20:59',0,'0.00000000',NULL,NULL,0,NULL,NULL,'22.63000000','0.00000000','0.00000000','0.00000000','107.75000000','130.38000000',1,3,3,NULL,NULL,NULL,NULL,1,2,'2017-08-01',NULL,NULL,'addapta',NULL,NULL);
INSERT INTO `B65362949_facture` VALUES (640,'17/0107',1,NULL,NULL,NULL,0,NULL,8,'2017-07-24 16:48:46','2017-08-01','2017-08-01','2017-09-12 15:16:48',1,'0.00000000',NULL,NULL,0,NULL,NULL,'264.61000000','0.00000000','0.00000000','0.00000000','1260.00000000','1524.61000000',2,3,3,NULL,NULL,NULL,NULL,2,2,'2017-08-31',NULL,NULL,'addapta',NULL,NULL);
INSERT INTO `B65362949_facture` VALUES (641,'17/0108',1,NULL,NULL,NULL,0,NULL,6,'2017-07-24 16:53:11','2017-08-01','2017-08-01','2017-10-23 11:45:05',1,'0.00000000',NULL,NULL,0,NULL,NULL,'45.39000000','0.00000000','0.00000000','0.00000000','216.15000000','261.54000000',2,3,3,NULL,NULL,NULL,NULL,4,2,'2017-09-30',NULL,NULL,'addapta',NULL,NULL);
INSERT INTO `B65362949_facture` VALUES (642,'17/0119',1,NULL,NULL,NULL,0,NULL,27,'2017-07-24 16:55:35','2017-09-30','2017-09-28','2017-10-06 12:35:31',1,'0.00000000',NULL,NULL,0,NULL,NULL,'40.74000000','0.00000000','0.00000000','0.00000000','194.00000000','234.74000000',2,3,3,NULL,NULL,NULL,NULL,1,2,'2017-09-30',NULL,NULL,'addapta',NULL,NULL);
INSERT INTO `B65362949_facture` VALUES (643,'17/0109',1,NULL,NULL,NULL,0,NULL,91,'2017-08-01 10:14:02','2017-08-01','2017-08-01','2017-09-15 14:13:27',1,'0.00000000',NULL,NULL,0,NULL,NULL,'888.30000000','0.00000000','0.00000000','0.00000000','4230.00000000','5118.30000000',2,3,3,NULL,NULL,NULL,NULL,1,2,'2017-08-01',NULL,NULL,'addapta',NULL,NULL);
INSERT INTO `B65362949_facture` VALUES (644,'17/0110',1,NULL,NULL,NULL,0,NULL,91,'2017-08-01 10:14:40','2017-08-01','2017-08-01','2017-09-15 14:13:27',1,'0.00000000',NULL,NULL,0,NULL,NULL,'663.08000000','0.00000000','0.00000000','0.00000000','3157.50000000','3820.58000000',2,3,3,NULL,NULL,NULL,NULL,1,2,'2017-08-01',NULL,NULL,'addapta',NULL,NULL);
INSERT INTO `B65362949_facture` VALUES (645,'17/0111',1,NULL,NULL,NULL,0,NULL,3,'2017-08-29 14:05:38','2017-09-01','2017-08-29','2017-09-01 10:17:23',1,'0.00000000',NULL,NULL,0,NULL,NULL,'1234.80000000','0.00000000','0.00000000','0.00000000','5880.00000000','7114.80000000',2,3,3,NULL,NULL,NULL,NULL,1,2,'2017-09-01',NULL,NULL,'addapta',NULL,NULL);
INSERT INTO `B65362949_facture` VALUES (646,'17/0112',1,NULL,NULL,NULL,0,NULL,1,'2017-08-31 11:41:19','2017-09-01','2017-08-31','2017-09-06 12:40:29',1,'0.00000000',NULL,NULL,0,NULL,NULL,'36.23000000','0.00000000','0.00000000','0.00000000','172.50000000','208.73000000',2,3,3,NULL,NULL,NULL,NULL,1,3,'2017-09-01',NULL,NULL,'addapta',NULL,NULL);
INSERT INTO `B65362949_facture` VALUES (647,'17/0113',1,NULL,NULL,NULL,0,NULL,9,'2017-08-31 11:42:06','2017-09-01','2017-08-31','2017-09-07 13:04:24',1,'0.00000000',NULL,NULL,0,NULL,NULL,'58.20000000','0.00000000','0.00000000','0.00000000','277.15000000','335.35000000',2,3,3,NULL,NULL,NULL,NULL,1,2,'2017-09-01',NULL,NULL,'addapta',NULL,NULL);
INSERT INTO `B65362949_facture` VALUES (648,'17/0114',1,NULL,NULL,NULL,0,NULL,5,'2017-08-31 11:42:36','2017-09-01','2017-08-31','2017-08-31 11:26:30',0,'0.00000000',NULL,NULL,0,NULL,NULL,'22.63000000','0.00000000','0.00000000','0.00000000','107.75000000','130.38000000',1,3,3,NULL,NULL,NULL,NULL,1,2,'2017-09-01',NULL,NULL,'addapta',NULL,NULL);
INSERT INTO `B65362949_facture` VALUES (649,'17/0115',1,NULL,NULL,NULL,0,NULL,8,'2017-08-31 11:43:08','2017-09-01','2017-08-31','2017-10-02 17:00:05',1,'0.00000000',NULL,NULL,0,NULL,NULL,'264.61000000','0.00000000','0.00000000','0.00000000','1260.00000000','1524.61000000',2,3,3,NULL,NULL,NULL,NULL,2,2,'2017-10-01',NULL,NULL,'addapta',NULL,NULL);
INSERT INTO `B65362949_facture` VALUES (650,'17/0116',1,NULL,NULL,NULL,0,NULL,6,'2017-08-31 11:43:47','2017-09-01','2017-08-31','2017-11-21 08:55:05',1,'0.00000000',NULL,NULL,0,NULL,NULL,'45.39000000','0.00000000','0.00000000','0.00000000','216.15000000','261.54000000',2,3,3,NULL,NULL,NULL,NULL,4,2,'2017-11-29',NULL,NULL,'addapta',NULL,NULL);
INSERT INTO `B65362949_facture` VALUES (651,'17/0117',1,NULL,NULL,NULL,0,NULL,91,'2017-09-01 14:56:32','2017-09-01','2017-09-01','2017-10-26 12:34:26',1,'0.00000000',NULL,NULL,0,NULL,NULL,'308.70000000','0.00000000','0.00000000','0.00000000','1470.00000000','1778.70000000',2,3,3,NULL,NULL,NULL,NULL,1,2,'2017-09-01',NULL,NULL,'addapta',NULL,NULL);
INSERT INTO `B65362949_facture` VALUES (652,'17/0118',1,NULL,NULL,NULL,0,NULL,91,'2017-09-01 14:57:02','2017-09-01','2017-09-01','2017-10-26 12:34:26',1,'0.00000000',NULL,NULL,0,NULL,NULL,'233.10000000','0.00000000','0.00000000','0.00000000','1110.00000000','1343.10000000',2,3,3,NULL,NULL,NULL,NULL,1,2,'2017-09-01',NULL,NULL,'addapta',NULL,NULL);
INSERT INTO `B65362949_facture` VALUES (653,'17/0120',1,NULL,NULL,NULL,0,NULL,159,'2017-09-13 15:31:11','2017-09-15','2017-09-19','2017-11-21 08:56:20',1,'0.00000000',NULL,NULL,0,NULL,NULL,'109.20000000','0.00000000','0.00000000','0.00000000','520.00000000','629.20000000',2,3,3,NULL,NULL,NULL,NULL,1,2,'2017-09-15','Aceptado ayer mediante correo de Borja Delgado Amor.',NULL,'addapta',NULL,NULL);
INSERT INTO `B65362949_facture` VALUES (654,'17/0121',1,NULL,NULL,NULL,0,NULL,178,'2017-09-14 12:22:18','2017-09-15','2017-09-14','2017-10-17 17:10:01',1,'0.00000000',NULL,NULL,0,NULL,NULL,'22.26000000','0.00000000','0.00000000','0.00000000','106.00000000','128.26000000',2,3,3,NULL,NULL,NULL,NULL,2,3,'2017-10-15',NULL,NULL,'addapta',NULL,NULL);
INSERT INTO `B65362949_facture` VALUES (655,'17/0122',1,NULL,NULL,NULL,0,NULL,3,'2017-09-18 11:08:08','2017-09-18','2017-09-18','2017-09-26 11:23:34',1,'0.00000000',NULL,NULL,0,NULL,NULL,'22.05000000','0.00000000','0.00000000','0.00000000','105.00000000','127.05000000',2,3,3,NULL,NULL,NULL,NULL,1,3,'2017-09-18',NULL,NULL,'addapta',NULL,NULL);
INSERT INTO `B65362949_facture` VALUES (656,'17/0123',1,NULL,NULL,NULL,0,NULL,174,'2017-09-28 15:43:52','2017-10-01','2017-10-12','2017-11-08 10:00:44',1,'0.00000000',NULL,NULL,0,NULL,NULL,'283.50000000','0.00000000','0.00000000','0.00000000','1350.00000000','1633.50000000',2,3,3,NULL,NULL,NULL,NULL,1,2,'2017-10-01','Forma de pago: 50% al inicio de proyecto 50% con la aceptación del cliente.',NULL,'addapta',NULL,NULL);
INSERT INTO `B65362949_facture` VALUES (657,'17/0124',1,NULL,NULL,NULL,0,NULL,1,'2017-09-29 13:45:19','2017-10-01','2017-09-29','2017-10-09 10:58:52',1,'0.00000000',NULL,NULL,0,NULL,NULL,'36.23000000','0.00000000','0.00000000','0.00000000','172.50000000','208.73000000',2,3,3,NULL,NULL,NULL,NULL,1,3,'2017-10-01',NULL,NULL,'addapta',NULL,NULL);
INSERT INTO `B65362949_facture` VALUES (658,'17/0125',1,NULL,NULL,NULL,0,NULL,9,'2017-09-29 13:46:53','2017-10-01','2017-09-29','2017-10-09 10:57:46',1,'0.00000000',NULL,NULL,0,NULL,NULL,'58.20000000','0.00000000','0.00000000','0.00000000','277.15000000','335.35000000',2,3,3,NULL,NULL,NULL,NULL,1,2,'2017-10-01',NULL,NULL,'addapta',NULL,NULL);
INSERT INTO `B65362949_facture` VALUES (659,'17/0126',1,NULL,NULL,NULL,0,NULL,5,'2017-09-29 13:48:10','2017-10-01','2017-09-29','2017-10-03 14:26:34',1,'0.00000000',NULL,NULL,0,NULL,NULL,'22.63000000','0.00000000','0.00000000','0.00000000','107.75000000','130.38000000',2,3,3,NULL,NULL,NULL,NULL,1,2,'2017-10-01',NULL,NULL,'addapta',NULL,NULL);
INSERT INTO `B65362949_facture` VALUES (660,'17/0127',1,NULL,NULL,NULL,0,NULL,8,'2017-09-29 13:49:58','2017-10-01','2017-09-29','2017-10-30 14:06:51',1,'0.00000000',NULL,NULL,0,NULL,NULL,'264.61000000','0.00000000','0.00000000','0.00000000','1260.00000000','1524.61000000',2,3,3,NULL,NULL,NULL,NULL,2,2,'2017-10-31',NULL,NULL,'addapta',NULL,NULL);
INSERT INTO `B65362949_facture` VALUES (661,'17/0128',1,NULL,NULL,NULL,0,NULL,6,'2017-09-29 13:52:50','2017-10-01','2017-09-29','2017-12-21 13:33:59',1,'0.00000000',NULL,NULL,0,NULL,NULL,'45.39000000','0.00000000','0.00000000','0.00000000','216.15000000','261.54000000',2,3,3,NULL,NULL,NULL,NULL,4,2,'2017-11-30',NULL,NULL,'addapta',NULL,NULL);
INSERT INTO `B65362949_facture` VALUES (662,'17/0129',1,NULL,NULL,NULL,0,NULL,178,'2017-09-29 13:53:45','2017-10-02','2017-10-02','2017-10-17 17:10:13',1,'0.00000000',NULL,NULL,0,NULL,NULL,'39.90000000','0.00000000','0.00000000','0.00000000','190.00000000','229.90000000',2,3,3,NULL,NULL,NULL,NULL,2,3,'2017-11-01',NULL,NULL,'addapta',NULL,NULL);
INSERT INTO `B65362949_facture` VALUES (663,'17/0130',1,NULL,NULL,NULL,0,NULL,91,'2017-10-02 17:21:57','2017-10-01','2017-10-02','2017-11-02 11:30:30',1,'0.00000000',NULL,NULL,0,NULL,NULL,'900.90000000','0.00000000','0.00000000','0.00000000','4290.00000000','5190.90000000',2,3,3,NULL,NULL,NULL,NULL,1,2,'2017-10-02',NULL,NULL,'addapta',NULL,NULL);
INSERT INTO `B65362949_facture` VALUES (664,'17/0131',1,NULL,NULL,NULL,0,NULL,91,'2017-10-02 17:23:33','2017-10-01','2017-10-02','2017-11-02 11:30:30',1,'0.00000000',NULL,NULL,0,NULL,NULL,'1183.33000000','0.00000000','0.00000000','0.00000000','5634.90000000','6818.23000000',2,3,3,NULL,NULL,NULL,NULL,1,2,'2017-10-01',NULL,NULL,'addapta',NULL,NULL);
INSERT INTO `B65362949_facture` VALUES (665,'17/0135',1,NULL,NULL,NULL,0,NULL,27,'2017-10-09 12:02:43','2017-10-31','2017-10-30','2017-11-06 10:08:46',1,'0.00000000',NULL,NULL,0,NULL,NULL,'9.03000000','0.00000000','0.00000000','0.00000000','43.00000000','52.03000000',2,3,3,NULL,NULL,NULL,NULL,1,2,'2017-10-31',NULL,NULL,'addapta',NULL,NULL);
INSERT INTO `B65362949_facture` VALUES (666,'17/0132',1,NULL,NULL,NULL,0,NULL,54,'2017-10-17 18:01:16','2017-10-17','2017-10-18','2017-10-24 12:28:23',1,'0.00000000',NULL,NULL,0,NULL,NULL,'36.12000000','0.00000000','0.00000000','0.00000000','172.00000000','208.12000000',2,3,3,NULL,NULL,NULL,NULL,1,2,'2017-10-17',NULL,NULL,'addapta',NULL,NULL);
INSERT INTO `B65362949_facture` VALUES (667,'17/0133',1,NULL,NULL,NULL,0,NULL,91,'2017-10-19 19:37:14','2017-10-01','2017-10-19','2017-12-05 06:34:25',1,'0.00000000',NULL,NULL,0,NULL,NULL,'330.75000000','0.00000000','0.00000000','0.00000000','1575.00000000','1905.75000000',2,3,3,NULL,NULL,NULL,NULL,1,2,'2017-10-01',NULL,NULL,'addapta',NULL,NULL);
INSERT INTO `B65362949_facture` VALUES (668,'17/0134',1,NULL,NULL,NULL,0,NULL,91,'2017-10-19 19:39:37','2017-10-01','2017-10-19','2017-12-05 06:34:25',1,'0.00000000',NULL,NULL,0,NULL,NULL,'1462.65000000','0.00000000','0.00000000','0.00000000','6965.00000000','8427.65000000',2,3,3,NULL,NULL,NULL,NULL,1,2,'2017-10-01',NULL,NULL,'addapta',NULL,NULL);
INSERT INTO `B65362949_facture` VALUES (669,'17/0136',1,NULL,NULL,NULL,0,NULL,1,'2017-10-30 10:47:04','2017-11-01','2017-10-30','2017-11-21 08:55:44',1,'0.00000000',NULL,NULL,0,NULL,NULL,'36.23000000','0.00000000','0.00000000','0.00000000','172.50000000','208.73000000',2,3,3,NULL,NULL,NULL,NULL,1,3,'2017-11-01',NULL,NULL,'addapta',NULL,NULL);
INSERT INTO `B65362949_facture` VALUES (670,'17/0137',1,NULL,NULL,NULL,0,NULL,9,'2017-10-30 10:48:21','2017-11-01','2017-10-30','2017-11-07 10:20:21',1,'0.00000000',NULL,NULL,0,NULL,NULL,'58.20000000','0.00000000','0.00000000','0.00000000','277.15000000','335.35000000',2,3,3,NULL,NULL,NULL,NULL,1,2,'2017-11-01',NULL,NULL,'addapta',NULL,NULL);
INSERT INTO `B65362949_facture` VALUES (671,'17/0138',1,NULL,NULL,NULL,0,NULL,5,'2017-10-30 10:49:15','2017-11-01','2017-10-30','2017-11-02 11:32:08',1,'0.00000000',NULL,NULL,0,NULL,NULL,'22.63000000','0.00000000','0.00000000','0.00000000','107.75000000','130.38000000',2,3,3,NULL,NULL,NULL,NULL,1,2,'2017-11-01',NULL,NULL,'addapta',NULL,NULL);
INSERT INTO `B65362949_facture` VALUES (672,'17/0139',1,NULL,NULL,NULL,0,NULL,8,'2017-10-30 10:50:21','2017-11-01','2017-10-30','2017-12-05 23:47:17',1,'0.00000000',NULL,NULL,0,NULL,NULL,'264.61000000','0.00000000','0.00000000','0.00000000','1260.00000000','1524.61000000',2,3,3,NULL,NULL,NULL,NULL,2,2,'2017-12-01',NULL,NULL,'addapta',NULL,NULL);
INSERT INTO `B65362949_facture` VALUES (673,'17/0140',1,NULL,NULL,NULL,0,NULL,6,'2017-10-30 10:51:31','2017-11-01','2017-10-30','2018-01-23 13:51:02',1,'0.00000000',NULL,NULL,0,NULL,NULL,'45.39000000','0.00000000','0.00000000','0.00000000','216.15000000','261.54000000',2,3,3,NULL,NULL,NULL,NULL,4,2,'2017-12-31',NULL,NULL,'addapta',NULL,NULL);
INSERT INTO `B65362949_facture` VALUES (674,'17/0149',1,NULL,NULL,NULL,0,NULL,174,'2017-10-30 10:53:56','2017-11-15','2017-11-23','2018-02-19 14:15:28',1,'0.00000000',NULL,NULL,0,NULL,NULL,'283.50000000','0.00000000','0.00000000','0.00000000','1350.00000000','1633.50000000',2,3,3,NULL,NULL,NULL,NULL,4,2,'2018-01-14','Forma de pago: 50% al inicio de proyecto 50% con la aceptación del cliente.',NULL,'addapta',NULL,NULL);
INSERT INTO `B65362949_facture` VALUES (675,'17/0141',1,NULL,NULL,NULL,0,NULL,91,'2017-10-31 16:29:31','2017-11-01','2017-10-31','2017-12-05 06:34:25',1,'0.00000000',NULL,NULL,0,NULL,NULL,'303.19000000','0.00000000','0.00000000','0.00000000','1443.75000000','1746.94000000',2,3,3,NULL,NULL,NULL,NULL,1,2,'2017-11-01',NULL,NULL,'addapta',NULL,NULL);
INSERT INTO `B65362949_facture` VALUES (676,'17/0142',1,NULL,NULL,NULL,0,NULL,91,'2017-10-31 16:35:55','2017-11-01','2017-10-31','2017-12-05 06:34:25',1,'0.00000000',NULL,NULL,0,NULL,NULL,'7.35000000','0.00000000','0.00000000','0.00000000','35.00000000','42.35000000',2,3,3,NULL,NULL,NULL,NULL,1,2,'2017-11-01',NULL,NULL,'addapta',NULL,NULL);
INSERT INTO `B65362949_facture` VALUES (677,'17/0143',1,NULL,NULL,NULL,0,NULL,54,'2017-10-31 17:46:30','2017-11-01','2017-10-31','2017-11-23 09:41:04',1,'0.00000000',NULL,NULL,0,NULL,NULL,'9.03000000','0.00000000','0.00000000','0.00000000','43.00000000','52.03000000',2,3,3,NULL,NULL,NULL,NULL,1,2,'2017-11-01',NULL,NULL,'addapta',NULL,NULL);
INSERT INTO `B65362949_facture` VALUES (678,'17/0144',1,NULL,NULL,NULL,0,NULL,91,'2017-10-31 17:50:38','2017-11-01','2017-10-31','2017-12-05 06:34:25',1,'0.00000000',NULL,NULL,0,NULL,NULL,'604.80000000','0.00000000','0.00000000','0.00000000','2880.00000000','3484.80000000',2,3,3,NULL,NULL,NULL,NULL,1,2,'2017-11-01',NULL,NULL,'addapta',NULL,NULL);
INSERT INTO `B65362949_facture` VALUES (679,'17/0145',1,NULL,NULL,NULL,0,NULL,91,'2017-10-31 17:52:40','2017-11-01','2017-10-31','2017-11-06 13:20:48',1,'0.00000000',NULL,NULL,0,NULL,NULL,'1233.73000000','0.00000000','0.00000000','0.00000000','5874.90000000','7108.63000000',2,3,3,NULL,NULL,NULL,NULL,1,2,'2017-11-01',NULL,NULL,'addapta',NULL,NULL);
INSERT INTO `B65362949_facture` VALUES (680,'18/0008',1,NULL,NULL,NULL,0,NULL,113,'2017-11-06 11:14:39','2018-01-01','2018-01-09','2018-01-11 15:06:56',1,'0.00000000',NULL,NULL,0,NULL,NULL,'36.75000000','0.00000000','0.00000000','0.00000000','175.00000000','211.75000000',2,3,3,NULL,NULL,NULL,NULL,1,3,'2018-01-01',NULL,NULL,'addapta',NULL,NULL);
INSERT INTO `B65362949_facture` VALUES (681,'17/0152',1,NULL,NULL,NULL,0,NULL,118,'2017-11-06 11:17:50','2017-11-30','2017-11-30','2017-12-19 13:12:49',1,'0.00000000',NULL,NULL,0,NULL,NULL,'36.75000000','0.00000000','0.00000000','0.00000000','175.00000000','211.75000000',2,3,3,NULL,NULL,NULL,NULL,1,3,'2017-11-30',NULL,NULL,'addapta',NULL,NULL);
INSERT INTO `B65362949_facture` VALUES (683,'17/0146',1,NULL,NULL,NULL,2,NULL,91,'2017-11-06 13:37:03','2017-11-01','2017-11-06','2017-11-06 13:20:10',1,'0.00000000',NULL,NULL,0,NULL,NULL,'-1233.73000000','0.00000000','0.00000000','0.00000000','-5874.90000000','-7108.63000000',2,3,3,679,NULL,NULL,NULL,0,2,'2017-11-01',NULL,NULL,'addapta',NULL,NULL);
INSERT INTO `B65362949_facture` VALUES (684,'17/0147',1,NULL,NULL,NULL,0,NULL,91,'2017-11-06 13:44:55','2017-11-01','2017-11-06','2017-12-05 06:34:26',1,'0.00000000',NULL,NULL,0,NULL,NULL,'320.23000000','0.00000000','0.00000000','0.00000000','1524.90000000','1845.13000000',2,3,3,NULL,NULL,NULL,NULL,1,2,'2017-11-01',NULL,NULL,'addapta',NULL,NULL);
INSERT INTO `B65362949_facture` VALUES (685,'17/0148',1,NULL,NULL,NULL,0,NULL,91,'2017-11-06 13:46:47','2017-11-01','2017-11-06','2017-12-05 06:34:26',1,'0.00000000',NULL,NULL,0,NULL,NULL,'913.50000000','0.00000000','0.00000000','0.00000000','4350.00000000','5263.50000000',2,3,3,NULL,NULL,NULL,NULL,1,2,'2017-11-01',NULL,NULL,'addapta',NULL,NULL);
INSERT INTO `B65362949_facture` VALUES (686,'17/0154',1,NULL,NULL,NULL,0,NULL,35,'2017-11-08 17:33:01','2017-11-30','2017-11-30','2017-12-06 22:34:33',1,'0.00000000',NULL,NULL,0,NULL,NULL,'459.43000000','0.00000000','0.00000000','0.00000000','2187.77000000','2647.20000000',2,3,3,NULL,NULL,NULL,NULL,1,3,'2017-11-30',NULL,NULL,'addapta',NULL,NULL);
INSERT INTO `B65362949_facture` VALUES (687,'17/0153',1,NULL,NULL,NULL,0,NULL,35,'2017-11-24 09:14:18','2017-11-30','2017-11-30','2017-12-06 22:34:33',1,'0.00000000',NULL,NULL,0,NULL,NULL,'36.75000000','0.00000000','0.00000000','0.00000000','175.00000000','211.75000000',2,3,3,NULL,NULL,NULL,NULL,1,3,'2017-11-30',NULL,NULL,'addapta',NULL,NULL);
INSERT INTO `B65362949_facture` VALUES (688,'18/0025',1,NULL,NULL,NULL,0,NULL,35,'2017-11-24 09:19:19','2018-02-28','2018-02-28','2018-02-28 08:52:38',0,'0.00000000',NULL,NULL,0,NULL,NULL,'36.75000000','0.00000000','0.00000000','0.00000000','175.00000000','211.75000000',1,3,3,NULL,NULL,NULL,NULL,1,3,'2018-02-28',NULL,NULL,'addapta',NULL,NULL);
INSERT INTO `B65362949_facture` VALUES (689,'17/0150',1,NULL,NULL,NULL,0,NULL,27,'2017-11-28 23:58:33','2017-11-30','2017-11-28','2017-12-14 12:36:34',1,'0.00000000',NULL,NULL,0,NULL,NULL,'40.74000000','0.00000000','0.00000000','0.00000000','194.00000000','234.74000000',2,3,3,NULL,NULL,NULL,NULL,1,2,'2017-11-30',NULL,NULL,'addapta',NULL,NULL);
INSERT INTO `B65362949_facture` VALUES (690,'17/0151',1,NULL,NULL,NULL,0,NULL,191,'2017-11-29 11:19:16','2017-12-04','2017-12-07','2018-01-16 10:08:45',1,'0.00000000',NULL,NULL,0,NULL,NULL,'114.39000000','0.00000000','0.00000000','0.00000000','544.65000000','659.04000000',2,3,3,NULL,NULL,NULL,NULL,1,2,'2017-12-04',NULL,NULL,'addapta',NULL,NULL);
INSERT INTO `B65362949_facture` VALUES (691,'17/0155',1,NULL,NULL,NULL,0,NULL,5,'2017-11-30 23:15:34','2017-12-01','2017-11-30','2017-12-04 09:56:18',1,'0.00000000',NULL,NULL,0,NULL,NULL,'22.63000000','0.00000000','0.00000000','0.00000000','107.75000000','130.38000000',2,3,3,NULL,NULL,NULL,NULL,1,2,'2017-12-01',NULL,NULL,'addapta',NULL,NULL);
INSERT INTO `B65362949_facture` VALUES (692,'17/0156',1,NULL,NULL,NULL,0,NULL,1,'2017-11-30 23:37:50','2017-12-01','2017-11-30','2017-12-05 06:34:51',1,'0.00000000',NULL,NULL,0,NULL,NULL,'36.23000000','0.00000000','0.00000000','0.00000000','172.50000000','208.73000000',2,3,3,NULL,NULL,NULL,NULL,1,3,'2017-12-01',NULL,NULL,'addapta',NULL,NULL);
INSERT INTO `B65362949_facture` VALUES (693,'17/0157',1,NULL,NULL,NULL,0,NULL,9,'2017-11-30 23:39:17','2017-12-01','2017-11-30','2017-12-07 19:40:31',1,'0.00000000',NULL,NULL,0,NULL,NULL,'58.20000000','0.00000000','0.00000000','0.00000000','277.15000000','335.35000000',2,3,3,NULL,NULL,NULL,NULL,1,2,'2017-12-01',NULL,NULL,'addapta',NULL,NULL);
INSERT INTO `B65362949_facture` VALUES (694,'17/0158',1,NULL,NULL,NULL,0,NULL,8,'2017-11-30 23:40:23','2017-12-01','2017-11-30','2017-12-27 11:28:20',1,'0.00000000',NULL,NULL,0,NULL,NULL,'264.61000000','0.00000000','0.00000000','0.00000000','1260.00000000','1524.61000000',2,3,3,NULL,NULL,NULL,NULL,2,2,'2017-12-31',NULL,NULL,'addapta',NULL,NULL);
INSERT INTO `B65362949_facture` VALUES (695,'17/0159',1,NULL,NULL,NULL,0,NULL,6,'2017-11-30 23:42:03','2017-12-01','2017-11-30','2018-02-20 11:46:28',1,'0.00000000',NULL,NULL,0,NULL,NULL,'45.39000000','0.00000000','0.00000000','0.00000000','216.15000000','261.54000000',2,3,3,NULL,NULL,NULL,NULL,4,2,'2018-01-30',NULL,NULL,'addapta',NULL,NULL);
INSERT INTO `B65362949_facture` VALUES (696,'17/0160',1,NULL,NULL,NULL,0,NULL,91,'2017-11-30 23:46:40','2017-12-01','2017-12-05','2018-01-02 10:51:21',1,'0.00000000',NULL,NULL,0,NULL,NULL,'40.95000000','0.00000000','0.00000000','0.00000000','195.00000000','235.95000000',2,3,3,NULL,NULL,NULL,NULL,1,2,'2017-12-01',NULL,NULL,'addapta',NULL,NULL);
INSERT INTO `B65362949_facture` VALUES (697,'17/0161',1,NULL,NULL,NULL,0,NULL,91,'2017-11-30 23:47:45','2017-12-01','2017-12-05','2018-01-02 10:51:21',1,'0.00000000',NULL,NULL,0,NULL,NULL,'1058.40000000','0.00000000','0.00000000','0.00000000','5040.00000000','6098.40000000',2,3,3,NULL,NULL,NULL,NULL,1,2,'2017-12-01',NULL,NULL,'addapta',NULL,NULL);
INSERT INTO `B65362949_facture` VALUES (698,'17/0162',1,NULL,NULL,NULL,0,NULL,91,'2017-11-30 23:50:21','2017-12-01','2017-12-05','2018-01-02 10:51:21',1,'0.00000000',NULL,NULL,0,NULL,NULL,'1786.05000000','0.00000000','0.00000000','0.00000000','8505.00000000','10291.05000000',2,3,3,NULL,NULL,NULL,NULL,1,2,'2017-12-01',NULL,NULL,'addapta',NULL,NULL);
INSERT INTO `B65362949_facture` VALUES (699,'17/0164',1,NULL,NULL,NULL,0,NULL,35,'2017-12-01 00:05:05','2017-12-31','2017-12-27','2017-12-27 11:19:48',0,'0.00000000',NULL,NULL,0,NULL,NULL,'804.01000000','0.00000000','0.00000000','0.00000000','3828.60000000','4632.61000000',1,3,3,NULL,NULL,NULL,NULL,1,3,'2017-12-31',NULL,NULL,'addapta',NULL,NULL);
INSERT INTO `B65362949_facture` VALUES (701,'17/0163',1,NULL,NULL,NULL,2,NULL,118,'2017-12-19 13:35:15','2017-11-30','2017-12-19','2017-12-19 13:12:15',1,'0.00000000',NULL,NULL,0,NULL,NULL,'-36.75000000','0.00000000','0.00000000','0.00000000','-175.00000000','-211.75000000',2,3,3,681,NULL,NULL,NULL,0,0,'2017-11-30',NULL,NULL,'addapta',NULL,NULL);
INSERT INTO `B65362949_facture` VALUES (702,'17/0165',1,NULL,NULL,NULL,0,NULL,193,'2017-12-27 15:19:48','2017-12-31','2017-12-27','2018-01-02 10:52:27',1,'0.00000000',NULL,NULL,0,NULL,NULL,'66.77000000','0.00000000','0.00000000','0.00000000','317.99000000','384.76000000',2,3,3,NULL,NULL,NULL,NULL,1,2,'2017-12-31',NULL,NULL,'addapta',NULL,NULL);
INSERT INTO `B65362949_facture` VALUES (703,'18/0001',1,NULL,NULL,NULL,0,NULL,5,'2017-12-28 16:01:42','2018-01-01','2018-01-02','2018-01-03 10:22:01',1,'0.00000000',NULL,NULL,0,NULL,NULL,'22.63000000','0.00000000','0.00000000','0.00000000','107.75000000','130.38000000',2,3,3,NULL,NULL,NULL,NULL,1,2,'2018-01-01',NULL,NULL,'addapta',NULL,NULL);
INSERT INTO `B65362949_facture` VALUES (704,'18/0002',1,NULL,NULL,NULL,0,NULL,1,'2017-12-28 16:03:07','2018-01-01','2018-01-02','2018-01-03 10:22:01',1,'0.00000000',NULL,NULL,0,NULL,NULL,'36.23000000','0.00000000','0.00000000','0.00000000','172.50000000','208.73000000',2,3,3,NULL,NULL,NULL,NULL,1,3,'2018-01-01',NULL,NULL,'addapta',NULL,NULL);
INSERT INTO `B65362949_facture` VALUES (705,'18/0003',1,NULL,NULL,NULL,0,NULL,9,'2017-12-28 16:04:24','2018-01-01','2018-01-02','2018-01-05 10:21:33',1,'0.00000000',NULL,NULL,0,NULL,NULL,'58.20000000','0.00000000','0.00000000','0.00000000','277.15000000','335.35000000',2,3,3,NULL,NULL,NULL,NULL,1,2,'2018-01-01',NULL,NULL,'addapta',NULL,NULL);
INSERT INTO `B65362949_facture` VALUES (706,'18/0004',1,NULL,NULL,NULL,0,NULL,8,'2017-12-28 16:05:10','2018-01-01','2018-01-02','2018-02-01 17:58:53',1,'0.00000000',NULL,NULL,0,NULL,NULL,'264.61000000','0.00000000','0.00000000','0.00000000','1260.00000000','1524.61000000',2,3,3,NULL,NULL,NULL,NULL,2,2,'2018-01-31',NULL,NULL,'addapta',NULL,NULL);
INSERT INTO `B65362949_facture` VALUES (707,'18/0005',1,NULL,NULL,NULL,0,NULL,6,'2017-12-28 16:06:21','2018-01-01','2018-01-02','2018-01-02 11:08:59',0,'0.00000000',NULL,NULL,0,NULL,NULL,'45.39000000','0.00000000','0.00000000','0.00000000','216.15000000','261.54000000',1,3,3,NULL,NULL,NULL,NULL,4,2,'2018-03-02',NULL,NULL,'addapta',NULL,NULL);
INSERT INTO `B65362949_facture` VALUES (708,'18/0009',1,NULL,NULL,NULL,0,NULL,35,'2017-12-28 16:07:15','2018-01-31','2018-01-29','2018-01-29 10:13:56',0,'0.00000000',NULL,NULL,0,NULL,NULL,'804.01000000','0.00000000','0.00000000','0.00000000','3828.60000000','4632.61000000',1,3,3,NULL,NULL,NULL,NULL,1,3,'2018-01-31',NULL,NULL,'addapta',NULL,NULL);
INSERT INTO `B65362949_facture` VALUES (709,'18/0006',1,NULL,NULL,NULL,0,NULL,91,'2018-01-02 11:43:17','2018-01-01','2018-01-03','2018-02-28 07:20:47',1,'0.00000000',NULL,NULL,0,NULL,NULL,'359.10000000','0.00000000','0.00000000','0.00000000','1710.00000000','2069.10000000',2,3,3,NULL,NULL,NULL,NULL,1,2,'2018-01-01',NULL,NULL,'addapta',NULL,NULL);
INSERT INTO `B65362949_facture` VALUES (710,'18/0007',1,NULL,NULL,NULL,0,NULL,91,'2018-01-02 11:44:08','2018-01-01','2018-02-01','2018-02-28 07:20:48',1,'0.00000000',NULL,NULL,0,NULL,NULL,'477.75000000','0.00000000','0.00000000','0.00000000','2275.00000000','2752.75000000',2,3,3,NULL,NULL,NULL,NULL,1,2,'2018-01-01',NULL,NULL,'addapta',NULL,NULL);
INSERT INTO `B65362949_facture` VALUES (711,'18/0011',1,NULL,NULL,NULL,0,NULL,10,'2018-01-16 14:23:50','2018-02-01','2018-01-29','2018-01-29 10:14:58',0,'0.00000000',NULL,NULL,0,NULL,NULL,'506.69000000','0.00000000','0.00000000','0.00000000','2412.80000000','2919.49000000',1,3,3,NULL,NULL,NULL,NULL,4,2,'2018-04-02',NULL,NULL,'addapta',NULL,NULL);
INSERT INTO `B65362949_facture` VALUES (712,'18/0019',1,NULL,NULL,NULL,0,NULL,91,'2018-01-16 15:14:14','2018-02-01','2018-01-31','2018-02-28 07:20:48',1,'0.00000000',NULL,NULL,0,NULL,NULL,'126.00000000','0.00000000','0.00000000','0.00000000','600.00000000','726.00000000',2,3,3,NULL,NULL,NULL,NULL,1,2,'2018-02-01',NULL,NULL,'addapta',NULL,NULL);
INSERT INTO `B65362949_facture` VALUES (713,'18/0020',1,NULL,NULL,NULL,0,NULL,91,'2018-01-16 15:14:46','2018-02-01','2018-01-31','2018-02-28 07:20:48',1,'0.00000000',NULL,NULL,0,NULL,NULL,'1719.90000000','0.00000000','0.00000000','0.00000000','8190.00000000','9909.90000000',2,3,3,NULL,NULL,NULL,NULL,1,2,'2018-02-01',NULL,NULL,'addapta',NULL,NULL);
INSERT INTO `B65362949_facture` VALUES (714,'18/0016',1,NULL,NULL,NULL,0,NULL,6,'2018-01-18 13:45:58','2018-02-01','2018-01-29','2018-01-29 14:07:15',0,'0.00000000',NULL,NULL,0,NULL,NULL,'45.39000000','0.00000000','0.00000000','0.00000000','216.15000000','261.54000000',1,3,3,NULL,NULL,NULL,NULL,4,2,'2018-04-02',NULL,NULL,'addapta',NULL,NULL);
INSERT INTO `B65362949_facture` VALUES (715,'18/0017',1,NULL,NULL,NULL,0,NULL,6,'2018-01-18 13:46:32','2018-02-01','2018-01-29','2018-01-29 14:07:38',0,'0.00000000',NULL,NULL,0,NULL,NULL,'20.79000000','0.00000000','0.00000000','0.00000000','99.00000000','119.79000000',1,3,3,NULL,NULL,NULL,NULL,4,2,'2018-04-02',NULL,NULL,'addapta',NULL,NULL);
INSERT INTO `B65362949_facture` VALUES (716,'18/0010',1,NULL,NULL,NULL,0,NULL,27,'2018-01-24 20:10:05','2018-01-31','2018-01-29','2018-02-01 09:39:57',1,'0.00000000',NULL,NULL,0,NULL,NULL,'85.89000000','0.00000000','0.00000000','0.00000000','409.00000000','494.89000000',2,3,3,NULL,NULL,NULL,NULL,1,2,'2018-01-31',NULL,NULL,'addapta',NULL,NULL);
INSERT INTO `B65362949_facture` VALUES (717,'18/0012',1,NULL,NULL,NULL,0,NULL,5,'2018-01-29 14:27:51','2018-02-01','2018-01-29','2018-02-07 11:27:45',1,'0.00000000',NULL,NULL,0,NULL,NULL,'22.63000000','0.00000000','0.00000000','0.00000000','107.75000000','130.38000000',2,3,3,NULL,NULL,NULL,NULL,1,2,'2018-02-01',NULL,NULL,'addapta',NULL,NULL);
INSERT INTO `B65362949_facture` VALUES (718,'18/0013',1,NULL,NULL,NULL,0,NULL,1,'2018-01-29 14:29:11','2018-02-01','2018-01-29','2018-02-08 10:57:25',1,'0.00000000',NULL,NULL,0,NULL,NULL,'36.23000000','0.00000000','0.00000000','0.00000000','172.50000000','208.73000000',2,3,3,NULL,NULL,NULL,NULL,1,3,'2018-02-01',NULL,NULL,'addapta',NULL,NULL);
INSERT INTO `B65362949_facture` VALUES (719,'18/0014',1,NULL,NULL,NULL,0,NULL,9,'2018-01-29 14:30:03','2018-02-01','2018-01-29','2018-02-06 09:27:13',1,'0.00000000',NULL,NULL,0,NULL,NULL,'58.20000000','0.00000000','0.00000000','0.00000000','277.15000000','335.35000000',2,3,3,NULL,NULL,NULL,NULL,1,2,'2018-02-01',NULL,NULL,'addapta',NULL,NULL);
INSERT INTO `B65362949_facture` VALUES (720,'18/0015',1,NULL,NULL,NULL,0,NULL,8,'2018-01-29 14:31:13','2018-02-01','2018-01-29','2018-03-06 13:55:41',1,'0.00000000',NULL,NULL,0,NULL,NULL,'264.61000000','0.00000000','0.00000000','0.00000000','1260.00000000','1524.61000000',2,3,3,NULL,NULL,NULL,NULL,2,2,'2018-03-03',NULL,NULL,'addapta',NULL,NULL);
INSERT INTO `B65362949_facture` VALUES (721,'18/0026',1,NULL,NULL,NULL,0,NULL,35,'2018-01-29 14:34:10','2018-02-28','2018-02-28','2018-02-28 08:52:57',0,'0.00000000',NULL,NULL,0,NULL,NULL,'804.01000000','0.00000000','0.00000000','0.00000000','3828.60000000','4632.61000000',1,3,3,NULL,NULL,NULL,NULL,1,3,'2018-02-28',NULL,NULL,'addapta',NULL,NULL);
INSERT INTO `B65362949_facture` VALUES (722,'18/0018',1,NULL,NULL,NULL,0,NULL,25,'2018-01-30 11:25:12','2018-02-01','2018-01-30','2018-02-01 09:43:17',1,'0.00000000',NULL,NULL,0,NULL,NULL,'36.75000000','0.00000000','0.00000000','0.00000000','175.00000000','211.75000000',2,3,3,NULL,NULL,NULL,NULL,1,3,'2018-02-01',NULL,NULL,'addapta',NULL,NULL);
INSERT INTO `B65362949_facture` VALUES (723,'18/0021',1,NULL,NULL,NULL,0,NULL,91,'2018-01-31 16:12:19','2018-02-01','2018-01-31','2018-02-28 07:20:48',1,'0.00000000',NULL,NULL,0,NULL,NULL,'1234.80000000','0.00000000','0.00000000','0.00000000','5880.00000000','7114.80000000',2,3,3,NULL,NULL,NULL,NULL,1,2,'2018-02-01',NULL,NULL,'addapta',NULL,NULL);
INSERT INTO `B65362949_facture` VALUES (724,'18/0022',1,NULL,NULL,NULL,0,NULL,91,'2018-01-31 16:17:14','2018-02-01','2018-01-31','2018-02-28 07:20:48',1,'0.00000000',NULL,NULL,0,NULL,NULL,'176.40000000','0.00000000','0.00000000','0.00000000','840.00000000','1016.40000000',2,3,3,NULL,NULL,NULL,NULL,1,2,'2018-02-01',NULL,NULL,'addapta',NULL,NULL);
INSERT INTO `B65362949_facture` VALUES (725,'18/0023',1,NULL,NULL,NULL,0,NULL,91,'2018-01-31 16:20:55','2018-02-01','2018-02-01','2018-02-28 07:20:48',1,'0.00000000',NULL,NULL,0,NULL,NULL,'1036.35000000','0.00000000','0.00000000','0.00000000','4935.00000000','5971.35000000',2,3,3,NULL,NULL,NULL,NULL,1,2,'2018-02-01',NULL,NULL,'addapta',NULL,NULL);
INSERT INTO `B65362949_facture` VALUES (726,'18/0024',1,NULL,NULL,NULL,0,NULL,27,'2018-02-21 11:34:52','2018-02-28','2018-02-28','2018-03-06 10:47:15',1,'0.00000000',NULL,NULL,0,NULL,NULL,'31.71000000','0.00000000','0.00000000','0.00000000','151.00000000','182.71000000',2,3,3,NULL,NULL,NULL,NULL,1,2,'2018-02-28',NULL,NULL,'addapta',NULL,NULL);
INSERT INTO `B65362949_facture` VALUES (727,'18/0027',1,NULL,NULL,NULL,0,NULL,10,'2018-02-21 11:36:56','2018-03-01','2018-02-28','2018-02-28 13:02:29',0,'0.00000000',NULL,NULL,0,NULL,NULL,'779.52000000','0.00000000','0.00000000','0.00000000','3712.00000000','4491.52000000',1,3,3,NULL,NULL,NULL,NULL,4,2,'2018-04-30',NULL,NULL,'addapta',NULL,NULL);
INSERT INTO `B65362949_facture` VALUES (728,'18/0033',1,NULL,NULL,NULL,0,NULL,91,'2018-02-21 11:38:51','2018-03-01','2018-03-01','2018-03-01 12:07:42',0,'0.00000000',NULL,NULL,0,NULL,NULL,'793.80000000','0.00000000','0.00000000','0.00000000','3780.00000000','4573.80000000',1,3,3,NULL,NULL,NULL,NULL,1,2,'2018-03-01',NULL,NULL,'addapta',NULL,NULL);
INSERT INTO `B65362949_facture` VALUES (729,'18/0034',1,NULL,NULL,NULL,0,NULL,91,'2018-02-21 11:39:36','2018-03-01','2018-02-28','2018-02-28 13:35:51',0,'0.00000000',NULL,NULL,0,NULL,NULL,'882.00000000','0.00000000','0.00000000','0.00000000','4200.00000000','5082.00000000',1,3,3,NULL,NULL,NULL,NULL,1,2,'2018-03-01',NULL,NULL,'addapta',NULL,NULL);
INSERT INTO `B65362949_facture` VALUES (730,'18/0028',1,NULL,NULL,NULL,0,NULL,6,'2018-02-21 11:40:48','2018-03-01','2018-02-28','2018-02-28 13:28:22',0,'0.00000000',NULL,NULL,0,NULL,NULL,'46.29000000','0.00000000','0.00000000','0.00000000','220.45000000','266.74000000',1,3,3,NULL,NULL,NULL,NULL,4,2,'2018-04-30',NULL,NULL,'addapta',NULL,NULL);
INSERT INTO `B65362949_facture` VALUES (731,'18/0029',1,NULL,NULL,NULL,0,NULL,5,'2018-02-21 11:41:58','2018-03-01','2018-02-28','2018-03-01 15:32:00',1,'0.00000000',NULL,NULL,0,NULL,NULL,'23.08000000','0.00000000','0.00000000','0.00000000','109.90000000','132.98000000',2,3,3,NULL,NULL,NULL,NULL,1,2,'2018-03-01',NULL,NULL,'addapta',NULL,NULL);
INSERT INTO `B65362949_facture` VALUES (732,'18/0030',1,NULL,NULL,NULL,0,NULL,1,'2018-02-21 11:42:39','2018-03-01','2018-02-28','2018-03-08 09:44:07',1,'0.00000000',NULL,NULL,0,NULL,NULL,'36.95000000','0.00000000','0.00000000','0.00000000','175.95000000','212.90000000',2,3,3,NULL,NULL,NULL,NULL,1,3,'2018-03-01',NULL,NULL,'addapta',NULL,NULL);
INSERT INTO `B65362949_facture` VALUES (733,'18/0031',1,NULL,NULL,NULL,0,NULL,9,'2018-02-21 13:31:58','2018-03-01','2018-02-28','2018-03-08 10:14:43',1,'0.00000000',NULL,NULL,0,NULL,NULL,'59.36000000','0.00000000','0.00000000','0.00000000','282.65000000','342.01000000',2,3,3,NULL,NULL,NULL,NULL,1,2,'2018-03-01',NULL,NULL,'addapta',NULL,NULL);
INSERT INTO `B65362949_facture` VALUES (734,'18/0032',1,NULL,NULL,NULL,0,NULL,8,'2018-02-21 13:32:49','2018-03-01','2018-02-28','2018-02-28 13:30:23',0,'0.00000000',NULL,NULL,0,NULL,NULL,'269.87000000','0.00000000','0.00000000','0.00000000','1285.05000000','1554.92000000',1,3,3,NULL,NULL,NULL,NULL,2,2,'2018-03-31',NULL,NULL,'addapta',NULL,NULL);
INSERT INTO `B65362949_facture` VALUES (735,'(PROV735)',1,NULL,NULL,NULL,0,NULL,35,'2018-02-21 13:33:50','2018-03-31',NULL,'2018-02-21 13:07:19',0,'0.00000000',NULL,NULL,0,NULL,NULL,'804.01000000','0.00000000','0.00000000','0.00000000','3828.60000000','4632.61000000',0,3,NULL,NULL,NULL,NULL,NULL,1,3,'2018-03-31',NULL,NULL,'addapta',NULL,NULL);
INSERT INTO `B65362949_facture` VALUES (736,'18/0035',1,NULL,NULL,NULL,0,NULL,26,'2018-03-01 16:51:25','2018-03-01','2018-03-05','2018-03-07 12:47:11',1,'0.00000000',NULL,NULL,0,NULL,NULL,'37.49000000','0.00000000','0.00000000','0.00000000','178.50000000','215.99000000',2,3,3,NULL,NULL,NULL,NULL,1,3,'2018-03-01',NULL,NULL,'addapta',NULL,NULL);
INSERT INTO `B65362949_facture` VALUES (737,'(PROV737)',1,NULL,NULL,NULL,0,NULL,5,'2018-03-02 10:28:35','2018-04-01',NULL,'2018-03-02 10:02:04',0,'0.00000000',NULL,NULL,0,NULL,NULL,'25.58000000','0.00000000','0.00000000','0.00000000','121.80000000','147.38000000',0,3,NULL,NULL,NULL,NULL,NULL,1,2,'2018-04-01',NULL,NULL,'addapta',NULL,NULL);
INSERT INTO `B65362949_facture` VALUES (738,'(PROV738)',1,NULL,NULL,NULL,0,NULL,10,'2018-03-02 18:49:26','2018-04-01',NULL,'2018-03-05 12:36:51',0,'0.00000000',NULL,NULL,0,NULL,NULL,'1176.00000000','0.00000000','0.00000000','0.00000000','5600.00000000','6776.00000000',0,3,NULL,NULL,NULL,NULL,NULL,4,2,'2018-05-31',NULL,NULL,'addapta',NULL,NULL);
INSERT INTO `B65362949_facture` VALUES (739,'(PROV739)',1,NULL,NULL,NULL,0,NULL,10,'2018-03-05 13:02:52','2018-04-01',NULL,'2018-03-05 12:37:25',0,'0.00000000',NULL,NULL,0,NULL,NULL,'779.52000000','0.00000000','0.00000000','0.00000000','3712.00000000','4491.52000000',0,3,NULL,NULL,NULL,NULL,NULL,4,2,'2018-05-31',NULL,NULL,'addapta',NULL,NULL);
INSERT INTO `B65362949_facture` VALUES (740,'(PROV740)',1,NULL,NULL,NULL,0,NULL,91,'2018-03-09 10:42:50','2018-04-01',NULL,'2018-03-09 10:15:43',0,'0.00000000',NULL,NULL,0,NULL,NULL,'793.80000000','0.00000000','0.00000000','0.00000000','3780.00000000','4573.80000000',0,3,NULL,NULL,NULL,NULL,NULL,1,2,'2018-04-01',NULL,NULL,'addapta',NULL,NULL);
INSERT INTO `B65362949_facture` VALUES (741,'(PROV741)',1,NULL,NULL,NULL,0,NULL,91,'2018-03-09 10:43:23','2018-04-01',NULL,'2018-03-09 10:16:15',0,'0.00000000',NULL,NULL,0,NULL,NULL,'882.00000000','0.00000000','0.00000000','0.00000000','4200.00000000','5082.00000000',0,3,NULL,NULL,NULL,NULL,NULL,1,2,'2018-04-01',NULL,NULL,'addapta',NULL,NULL);
INSERT INTO `B65362949_facture` VALUES (742,'(PROV742)',1,NULL,NULL,NULL,0,NULL,6,'2018-03-09 10:44:15','2018-04-01',NULL,'2018-03-09 10:17:05',0,'0.00000000',NULL,NULL,0,NULL,NULL,'46.29000000','0.00000000','0.00000000','0.00000000','220.45000000','266.74000000',0,3,NULL,NULL,NULL,NULL,NULL,4,2,'2018-05-31',NULL,NULL,'addapta',NULL,NULL);
INSERT INTO `B65362949_facture` VALUES (744,'(PROV744)',1,NULL,NULL,NULL,0,NULL,1,'2018-03-09 10:45:34','2018-04-01',NULL,'2018-03-09 10:18:24',0,'0.00000000',NULL,NULL,0,NULL,NULL,'36.95000000','0.00000000','0.00000000','0.00000000','175.95000000','212.90000000',0,3,NULL,NULL,NULL,NULL,NULL,1,3,'2018-04-01',NULL,NULL,'addapta',NULL,NULL);
INSERT INTO `B65362949_facture` VALUES (745,'(PROV745)',1,NULL,NULL,NULL,0,NULL,9,'2018-03-09 10:46:04','2018-04-01',NULL,'2018-03-09 10:18:56',0,'0.00000000',NULL,NULL,0,NULL,NULL,'59.36000000','0.00000000','0.00000000','0.00000000','282.65000000','342.01000000',0,3,NULL,NULL,NULL,NULL,NULL,1,2,'2018-04-01',NULL,NULL,'addapta',NULL,NULL);
INSERT INTO `B65362949_facture` VALUES (746,'(PROV746)',1,NULL,NULL,NULL,0,NULL,8,'2018-03-09 10:46:27','2018-04-01',NULL,'2018-03-09 10:19:19',0,'0.00000000',NULL,NULL,0,NULL,NULL,'269.87000000','0.00000000','0.00000000','0.00000000','1285.05000000','1554.92000000',0,3,NULL,NULL,NULL,NULL,NULL,2,2,'2018-05-01',NULL,NULL,'addapta',NULL,NULL);
INSERT INTO `B65362949_facture` VALUES (747,'(PROV747)',1,NULL,NULL,NULL,0,NULL,35,'2018-03-09 10:47:00','2018-04-30',NULL,'2018-03-09 10:19:51',0,'0.00000000',NULL,NULL,0,NULL,NULL,'804.01000000','0.00000000','0.00000000','0.00000000','3828.60000000','4632.61000000',0,3,NULL,NULL,NULL,NULL,NULL,1,3,'2018-04-30',NULL,NULL,'addapta',NULL,NULL);




--
