-- Table structure for table `B65362949_payment_salary`
--
CREATE TABLE `B65362949_payment_salary` (
  `rowid` int(11) NOT NULL AUTO_INCREMENT,
  `tms` timestamp NOT NULL DEFAULT CURRENT_TIMESTAMP ON UPDATE CURRENT_TIMESTAMP,
  `fk_user` int(11) NOT NULL,
  `datep` date DEFAULT NULL,
  `datev` date DEFAULT NULL,
  `amount` double NOT NULL DEFAULT '0',
  `fk_typepayment` int(11) NOT NULL,
  `num_payment` varchar(50) DEFAULT NULL,
  `label` varchar(255) DEFAULT NULL,
  `datesp` date DEFAULT NULL,
  `dateep` date DEFAULT NULL,
  `entity` int(11) NOT NULL DEFAULT '1',
  `note` text,
  `fk_bank` int(11) DEFAULT NULL,
  `fk_user_creat` int(11) DEFAULT NULL,
  `fk_user_modif` int(11) DEFAULT NULL,
  PRIMARY KEY (`rowid`)
) ENGINE=InnoDB AUTO_INCREMENT=213 DEFAULT CHARSET=utf8;

--
-- Dumping data for table `B65362949_payment_salary`
--
INSERT INTO `B65362949_payment_salary` VALUES (2,'2016-06-15 17:29:22',4,'2015-02-03','2015-02-03',1384.52,2,'','Nómina ENE 2015','2015-01-01','2015-01-31',1,NULL,108,3,NULL);
INSERT INTO `B65362949_payment_salary` VALUES (6,'2016-06-15 17:29:22',4,'2015-04-01','2015-04-01',1384.52,2,'','Nómina MAR 2015','2015-03-01','2015-03-31',1,NULL,149,3,NULL);
INSERT INTO `B65362949_payment_salary` VALUES (7,'2016-06-15 17:29:22',5,'2015-04-01','2015-04-01',108.04,2,'','Nómina MAR 2015','2015-03-30','2015-03-31',1,NULL,150,3,NULL);
INSERT INTO `B65362949_payment_salary` VALUES (9,'2016-06-15 17:29:22',4,'2015-03-03','2015-03-03',1484.52,2,'','Nómina FEB 2015','2015-02-01','2015-02-28',1,NULL,234,3,NULL);
INSERT INTO `B65362949_payment_salary` VALUES (10,'2016-06-15 17:29:22',4,'2015-04-30','2015-04-30',1384.52,2,'','Nómina ABR 2015','2015-04-01','2015-04-30',1,NULL,281,3,NULL);
INSERT INTO `B65362949_payment_salary` VALUES (11,'2016-06-15 17:29:22',5,'2015-04-30','2015-04-30',1586.83,2,'','Nómina ABR 2015','2015-04-01','2015-04-30',1,NULL,282,3,NULL);
INSERT INTO `B65362949_payment_salary` VALUES (12,'2016-06-15 17:29:22',4,'2015-06-01','2015-06-01',1384.52,2,'','Nómina MAY 2015','2015-05-01','2015-05-31',1,NULL,312,3,NULL);
INSERT INTO `B65362949_payment_salary` VALUES (13,'2016-06-15 17:29:22',5,'2015-06-01','2015-06-01',1586.83,2,'','Nómina MAY 2015','2015-05-01','2015-05-31',1,NULL,313,3,NULL);
INSERT INTO `B65362949_payment_salary` VALUES (15,'2016-06-15 17:29:22',5,'2015-08-04','2015-08-04',1683.23,2,'','Nómina JUL 2015','2015-07-01','2015-07-31',1,NULL,423,3,NULL);
INSERT INTO `B65362949_payment_salary` VALUES (16,'2016-06-15 17:29:22',7,'2015-08-04','2015-08-04',1282.67,2,'','Nómina JUL 2015','2015-07-01','2015-07-31',1,NULL,424,3,NULL);
INSERT INTO `B65362949_payment_salary` VALUES (17,'2016-06-15 17:29:22',5,'2015-07-03','2015-07-03',1683.23,2,'','Nómina JUN 2015','2015-06-01','2015-06-30',1,NULL,425,3,NULL);
INSERT INTO `B65362949_payment_salary` VALUES (18,'2016-06-15 17:29:22',5,'2015-07-03','2015-07-03',462.94,2,'','Extra JUN 2015','2015-01-01','2015-06-30',1,NULL,426,3,NULL);
INSERT INTO `B65362949_payment_salary` VALUES (19,'2015-08-04 17:16:18',4,'2015-06-26','2015-06-26',4186.97,2,'','Finiquito','2015-06-01','2015-06-26',1,NULL,427,3,NULL);
INSERT INTO `B65362949_payment_salary` VALUES (20,'2016-06-15 17:29:22',7,'2015-09-03','2015-08-31',1282.67,2,'','Nómina AGO 2015','2015-08-01','2015-08-31',1,NULL,472,3,NULL);
INSERT INTO `B65362949_payment_salary` VALUES (21,'2016-06-15 17:29:22',5,'2015-09-03','2015-08-31',1683.23,2,'','Nómina AGO 2015','2015-08-01','2015-08-31',1,NULL,473,3,NULL);
INSERT INTO `B65362949_payment_salary` VALUES (22,'2016-06-15 17:29:22',5,'2015-10-01','2015-09-30',1683.23,2,'','Nómina SEP 2015','2015-09-01','2015-09-30',1,NULL,572,3,NULL);
INSERT INTO `B65362949_payment_salary` VALUES (23,'2016-06-15 17:29:22',7,'2015-10-01','2015-09-30',1747.67,2,'','Nómina SEP 2015','2015-09-01','2015-09-30',1,NULL,573,3,NULL);
INSERT INTO `B65362949_payment_salary` VALUES (24,'2016-06-15 17:29:22',7,'2015-11-03','2015-10-31',1282.67,2,'','Nómina OCT 2015','2015-10-01','2015-10-31',1,NULL,758,3,NULL);
INSERT INTO `B65362949_payment_salary` VALUES (25,'2016-06-15 17:29:22',5,'2015-11-03','2015-10-31',1683.23,2,'','Nómina OCT 2015','2015-10-01','2015-10-31',1,NULL,759,3,NULL);
INSERT INTO `B65362949_payment_salary` VALUES (27,'2016-06-15 17:29:22',8,'2015-12-01','2015-11-30',452.67,2,'','Nómina NOV 2015','2015-11-01','2015-11-30',1,NULL,761,3,NULL);
INSERT INTO `B65362949_payment_salary` VALUES (28,'2016-06-15 17:29:22',9,'2015-12-01','2015-11-30',819.1,2,'','Nómina NOV 2015','2015-11-01','2015-11-30',1,NULL,762,3,NULL);
INSERT INTO `B65362949_payment_salary` VALUES (29,'2016-06-15 17:29:22',7,'2015-12-01','2015-11-30',1282.67,2,'','Nómina NOV 2015','2015-11-01','2015-11-30',1,NULL,763,3,NULL);
INSERT INTO `B65362949_payment_salary` VALUES (30,'2016-06-15 17:29:22',5,'2015-12-01','2015-11-30',1683.23,2,'','Nómina NOV 2015','2015-11-01','2015-11-30',1,NULL,764,3,NULL);
INSERT INTO `B65362949_payment_salary` VALUES (31,'2016-06-15 17:29:22',5,'2016-01-05','2015-12-31',1683.23,2,'','Nómina DIC 2015','2015-12-01','2015-12-31',1,NULL,765,3,NULL);
INSERT INTO `B65362949_payment_salary` VALUES (32,'2016-06-15 17:29:22',7,'2016-01-05','2015-12-31',1282.67,2,'','Nómina DIC 2015','2015-12-01','2015-12-31',1,NULL,766,3,NULL);
INSERT INTO `B65362949_payment_salary` VALUES (33,'2016-06-15 17:29:22',8,'2016-01-05','2015-12-31',646.67,2,'','Nómina DIC 2015','2015-12-01','2015-12-31',1,NULL,767,3,NULL);
INSERT INTO `B65362949_payment_salary` VALUES (34,'2016-06-15 17:29:22',9,'2016-01-05','2015-12-31',1293.33,2,'','Nómina DIC 2015','2015-12-01','2015-12-31',1,NULL,768,3,NULL);
INSERT INTO `B65362949_payment_salary` VALUES (35,'2016-06-15 17:29:22',5,'2016-01-05','2015-12-31',1383.72,2,'','Extra DIC 2015','2015-07-01','2015-12-31',1,NULL,769,3,NULL);
INSERT INTO `B65362949_payment_salary` VALUES (36,'2016-06-15 17:29:22',7,'2016-01-05','2015-12-31',700,2,'','Extra DIC 2015','2015-07-01','2015-12-31',1,NULL,770,3,NULL);
INSERT INTO `B65362949_payment_salary` VALUES (37,'2016-06-15 17:29:22',8,'2016-01-05','2015-12-31',99.17,2,'','Extra DIC 2015','2015-07-01','2015-12-31',1,NULL,771,3,NULL);
INSERT INTO `B65362949_payment_salary` VALUES (38,'2016-06-15 17:29:22',9,'2016-01-05','2015-12-31',190.55,2,'','Extra DIC 2015','2015-07-01','2015-12-31',1,NULL,772,3,NULL);
INSERT INTO `B65362949_payment_salary` VALUES (39,'2016-06-15 17:26:42',5,'2016-02-01','2016-02-01',1613.83,2,'','Nómina ENE 2016','2016-01-01','2016-01-31',1,NULL,831,3,NULL);
INSERT INTO `B65362949_payment_salary` VALUES (40,'2016-06-15 17:26:42',7,'2016-02-01','2016-02-01',1293.33,2,'','Nómina ENE 2016','2016-01-01','2016-01-31',1,NULL,832,3,NULL);
INSERT INTO `B65362949_payment_salary` VALUES (41,'2016-06-15 17:26:42',8,'2016-02-01','2016-02-01',646.67,2,'','Nómina ENE 2016','2016-01-01','2016-01-31',1,NULL,833,3,NULL);
INSERT INTO `B65362949_payment_salary` VALUES (42,'2016-06-15 17:26:42',9,'2016-02-01','2016-02-01',1159.76,2,'','Nómina ENE 2016','2016-01-01','2016-01-31',1,NULL,834,3,NULL);
INSERT INTO `B65362949_payment_salary` VALUES (43,'2016-06-15 17:26:42',8,'2016-03-03','2016-03-03',301.77,2,'','Nómina FEB 2016','2016-02-01','2016-02-29',1,NULL,915,3,NULL);
INSERT INTO `B65362949_payment_salary` VALUES (44,'2016-06-15 17:26:42',8,'2016-03-03','2016-03-03',780.46,2,'','Nómina FEB 2016','2016-02-01','2016-02-29',1,NULL,916,3,NULL);
INSERT INTO `B65362949_payment_salary` VALUES (45,'2016-06-15 17:26:42',9,'2016-03-03','2016-03-03',1159.76,2,'','Nómina FEB 2016','2016-02-01','2016-02-29',1,NULL,917,3,NULL);
INSERT INTO `B65362949_payment_salary` VALUES (46,'2016-06-15 17:26:42',7,'2016-03-03','2016-03-03',1293.33,2,'','Nómina FEB 2016','2016-02-01','2016-02-29',1,NULL,918,3,NULL);
INSERT INTO `B65362949_payment_salary` VALUES (47,'2016-06-15 17:26:42',5,'2016-03-03','2016-03-03',1613.83,2,'','Nómina FEB 2016','2016-02-01','2016-02-29',1,NULL,919,3,NULL);
INSERT INTO `B65362949_payment_salary` VALUES (48,'2016-06-15 17:25:50',5,'2016-04-04','2016-04-04',1613.83,2,'','Nómina MAR 2016','2016-03-01','2016-03-31',1,NULL,1032,3,NULL);
INSERT INTO `B65362949_payment_salary` VALUES (49,'2016-06-15 17:25:50',7,'2016-04-04','2016-04-04',1293.33,2,'','Nómina MAR 2016','2016-03-01','2016-03-31',1,NULL,1033,3,NULL);
INSERT INTO `B65362949_payment_salary` VALUES (50,'2016-06-15 17:25:50',8,'2016-04-04','2016-04-04',1293.36,2,'','Nómina MAR 2016','2016-03-01','2016-03-31',1,NULL,1034,3,NULL);
INSERT INTO `B65362949_payment_salary` VALUES (51,'2016-06-15 17:25:50',9,'2016-04-04','2016-04-04',1159.76,2,'','Nómina MAR 2016','2016-03-01','2016-03-31',1,NULL,1035,3,NULL);
INSERT INTO `B65362949_payment_salary` VALUES (58,'2016-06-15 17:04:03',5,'2016-05-02','2016-05-02',1613.83,2,'','Nómina ABR 2016','2016-04-01','2016-04-30',1,NULL,1182,3,NULL);
INSERT INTO `B65362949_payment_salary` VALUES (59,'2016-06-15 17:06:12',7,'2016-05-02','2016-05-02',948.44,2,'','Nómina ABR 2016','2016-04-01','2016-04-30',1,NULL,1183,3,NULL);
INSERT INTO `B65362949_payment_salary` VALUES (60,'2016-06-15 17:07:08',7,'2016-05-02','2016-05-02',279.88,2,'','Nómina ABR 2016','2016-04-01','2016-04-30',1,NULL,1184,3,NULL);
INSERT INTO `B65362949_payment_salary` VALUES (61,'2016-06-15 17:08:00',8,'2016-05-02','2016-05-02',1134.78,2,'','Nómina ABR 2016','2016-04-01','2016-04-30',1,NULL,1185,3,NULL);
INSERT INTO `B65362949_payment_salary` VALUES (62,'2016-06-15 17:10:15',9,'2016-05-02','2016-05-02',1159.76,2,'','Nómina ABR 2016','2016-04-01','2016-04-30',1,NULL,1186,3,NULL);
INSERT INTO `B65362949_payment_salary` VALUES (65,'2016-06-15 17:13:11',5,'2016-06-03','2016-06-03',1613.83,2,'','Nómina MAY 2016','2016-05-01','2016-05-31',1,NULL,1189,3,NULL);
INSERT INTO `B65362949_payment_salary` VALUES (66,'2016-06-15 17:13:43',7,'2016-06-03','2016-06-03',955.96,2,'','Nómina MAY 2016','2016-05-01','2016-05-31',1,NULL,1190,3,NULL);
INSERT INTO `B65362949_payment_salary` VALUES (67,'2016-06-15 17:14:12',8,'2016-06-03','2016-06-03',1134.78,2,'','Nómina MAY 2016','2016-05-01','2016-05-31',1,NULL,1191,3,NULL);
INSERT INTO `B65362949_payment_salary` VALUES (68,'2016-06-15 17:14:49',9,'2016-06-03','2016-06-03',1303.17,2,'','Nómina MAY 2016','2016-05-01','2016-05-31',1,NULL,1192,3,NULL);
INSERT INTO `B65362949_payment_salary` VALUES (70,'2016-07-01 17:36:05',5,'2016-07-01','2016-07-01',1613.83,2,'','Nómina JUN 2016','2016-06-01','2016-06-30',1,NULL,1237,3,NULL);
INSERT INTO `B65362949_payment_salary` VALUES (71,'2016-07-01 17:37:30',7,'2016-07-01','2016-07-01',955.96,2,'','Nómina JUN 2016','2016-06-01','2016-06-30',1,NULL,1238,3,NULL);
INSERT INTO `B65362949_payment_salary` VALUES (72,'2016-07-01 17:38:10',8,'2016-07-01','2016-07-01',1134.77,2,'','Nómina JUN 2016','2016-06-01','2016-06-30',1,NULL,1239,3,NULL);
INSERT INTO `B65362949_payment_salary` VALUES (73,'2016-07-01 17:38:52',9,'2016-07-01','2016-07-01',1303.17,2,'','Nómina JUN 2016','2016-06-01','2016-06-30',1,NULL,1240,3,NULL);
INSERT INTO `B65362949_payment_salary` VALUES (75,'2016-07-01 17:41:34',5,'2016-07-15','2016-07-15',1762,2,'','Extra JUN 2016','2016-06-01','2016-06-30',1,NULL,1242,3,NULL);
INSERT INTO `B65362949_payment_salary` VALUES (77,'2016-07-01 17:43:12',8,'2016-07-15','2016-07-15',1241.39,2,'','Extra JUN 2016','2016-06-01','2016-06-30',1,NULL,1244,3,NULL);
INSERT INTO `B65362949_payment_salary` VALUES (78,'2016-07-01 17:44:10',9,'2016-07-15','2016-07-15',1425.84,2,'','Extra JUN 2016','2016-06-01','2016-06-30',1,NULL,1245,3,NULL);
INSERT INTO `B65362949_payment_salary` VALUES (80,'2016-08-08 09:48:12',5,'2016-08-08','2016-08-08',1613.83,2,'','Nómina JUL 2016','2016-07-01','2016-07-31',1,NULL,1425,3,NULL);
INSERT INTO `B65362949_payment_salary` VALUES (82,'2016-08-08 09:50:08',8,'2016-08-08','2016-08-08',1134.77,2,'','Nómina JUL 2016','2016-07-01','2016-07-31',1,NULL,1427,3,NULL);
INSERT INTO `B65362949_payment_salary` VALUES (83,'2016-08-08 09:50:52',9,'2016-08-08','2016-08-08',1303.17,2,'','Nómina JUL 2016','2016-07-01','2016-07-31',1,NULL,1428,3,NULL);
INSERT INTO `B65362949_payment_salary` VALUES (84,'2016-08-09 13:05:21',7,'2016-08-09','2016-08-09',324.07,2,'','Finiquito','2016-07-01','2016-07-18',1,NULL,1443,3,NULL);
INSERT INTO `B65362949_payment_salary` VALUES (85,'2016-09-02 16:49:57',5,'2016-09-02','2016-09-02',1613.83,2,'','Nómina AGO 2016','2016-08-01','2016-08-31',1,NULL,1494,3,NULL);
INSERT INTO `B65362949_payment_salary` VALUES (86,'2016-09-02 16:49:57',8,'2016-09-02','2016-09-02',302.62,2,'','Nómina AGO 2016','2016-08-01','2016-08-31',1,NULL,1495,3,NULL);
INSERT INTO `B65362949_payment_salary` VALUES (87,'2016-09-02 16:49:57',8,'2016-09-02','2016-09-02',832.79,2,'','Nómina AGO 2016','2016-08-01','2016-08-31',1,NULL,1496,3,NULL);
INSERT INTO `B65362949_payment_salary` VALUES (88,'2016-09-02 16:49:57',9,'2016-09-02','2016-09-02',1303.17,2,'','Nómina AGO 2016','2016-08-01','2016-08-31',1,NULL,1497,3,NULL);
INSERT INTO `B65362949_payment_salary` VALUES (90,'2016-09-02 16:49:57',11,'2016-09-02','2016-09-02',794.99,2,'','Nómina AGO 2016','2016-08-01','2016-08-31',1,NULL,1499,3,NULL);
INSERT INTO `B65362949_payment_salary` VALUES (91,'2016-10-02 19:01:18',5,'2016-09-30','2016-09-30',1613.83,2,'','Nómina SEP 2016','2016-09-01','2016-09-30',1,NULL,1550,3,NULL);
INSERT INTO `B65362949_payment_salary` VALUES (92,'2016-10-02 19:03:41',8,'2016-09-30','2016-09-30',1604.78,2,'','Nómina SEP 2016','2016-09-01','2016-09-30',1,NULL,1551,3,NULL);
INSERT INTO `B65362949_payment_salary` VALUES (93,'2016-10-02 19:04:27',9,'2016-09-30','2016-09-30',1303.17,2,'','Nómina SEP 2016','2016-09-01','2016-09-30',1,NULL,1552,3,NULL);
INSERT INTO `B65362949_payment_salary` VALUES (95,'2016-10-02 19:06:06',11,'2016-09-30','2016-09-30',971.78,2,'','Nómina SEP 2016','2016-09-01','2016-09-30',1,NULL,1554,3,NULL);
INSERT INTO `B65362949_payment_salary` VALUES (96,'2016-11-21 20:08:53',7,'2016-08-09','2016-08-09',1099.21,4,'','Extra JUN 2016','2016-06-01','2016-06-30',1,NULL,1732,3,NULL);
INSERT INTO `B65362949_payment_salary` VALUES (98,'2016-12-02 16:08:41',5,'2016-11-02','2016-11-02',1613.83,2,'','Nómina OCT 2016','2016-10-01','2016-10-31',1,NULL,1759,3,NULL);
INSERT INTO `B65362949_payment_salary` VALUES (99,'2016-12-02 16:09:59',8,'2016-11-02','2016-11-02',1135.19,2,'','Nómina OCT 2016','2016-10-01','2016-10-31',1,NULL,1760,3,NULL);
INSERT INTO `B65362949_payment_salary` VALUES (100,'2016-12-02 16:11:21',9,'2016-11-02','2016-11-02',1303.17,2,'','Nómina OCT 2016','2016-10-01','2016-10-31',1,NULL,1761,3,NULL);
INSERT INTO `B65362949_payment_salary` VALUES (102,'2016-12-02 16:14:34',11,'2016-11-02','2016-11-02',851.78,2,'','Nómina OCT 2016','2016-10-01','2016-10-31',1,NULL,1763,3,NULL);
INSERT INTO `B65362949_payment_salary` VALUES (103,'2016-12-02 16:19:22',12,'2016-11-02','2016-11-02',41.55,2,'','Nómina OCT 2016','2016-10-31','2016-10-31',1,NULL,1764,3,NULL);
INSERT INTO `B65362949_payment_salary` VALUES (104,'2016-12-02 16:23:28',9,'2016-11-16','2016-11-16',2141.95,2,'','Finiquito','2016-11-01','2016-11-11',1,NULL,1765,3,NULL);
INSERT INTO `B65362949_payment_salary` VALUES (105,'2016-12-02 18:20:28',5,'2016-12-02','2016-12-02',1613.83,2,'','Nómina NOV 2016','2016-11-01','2016-11-30',1,NULL,1766,3,NULL);
INSERT INTO `B65362949_payment_salary` VALUES (106,'2016-12-02 18:20:28',8,'2016-12-02','2016-12-02',1135.19,2,'','Nómina NOV 2016','2016-11-01','2016-11-30',1,NULL,1767,3,NULL);
INSERT INTO `B65362949_payment_salary` VALUES (107,'2016-12-02 18:20:28',11,'2016-12-02','2016-12-02',851.78,2,'','Nómina NOV 2016','2016-11-01','2016-11-30',1,NULL,1768,3,NULL);
INSERT INTO `B65362949_payment_salary` VALUES (108,'2016-12-02 18:20:28',12,'2016-12-02','2016-12-02',1246.5,2,'','Nómina NOV 2016','2016-11-01','2016-11-30',1,NULL,1769,3,NULL);
INSERT INTO `B65362949_payment_salary` VALUES (109,'2016-12-21 16:06:12',8,'2016-12-21','2016-12-21',1006.56,2,'','Extra DIC 2016','2016-11-01','2016-11-30',1,NULL,1844,3,NULL);
INSERT INTO `B65362949_payment_salary` VALUES (110,'2016-12-21 16:07:06',5,'2016-12-21','2016-12-21',1762,2,'','Extra DIC 2016','2016-11-01','2016-11-30',1,NULL,1845,3,NULL);
INSERT INTO `B65362949_payment_salary` VALUES (111,'2016-12-21 16:07:38',11,'2016-12-21','2016-12-21',764.69,2,'','Extra DIC 2016','2016-11-01','2016-11-30',1,NULL,1846,3,NULL);
INSERT INTO `B65362949_payment_salary` VALUES (112,'2017-03-28 18:00:13',2,'2016-12-31','2016-12-31',11250,2,'','Nómina DIC 2016','2016-12-01','2016-12-31',1,NULL,2138,3,NULL);
INSERT INTO `B65362949_payment_salary` VALUES (113,'2017-03-28 18:01:23',3,'2016-12-31','2016-12-31',11250,2,'','Nómina DIC 2016','2016-12-01','2016-12-31',1,NULL,2139,3,NULL);
INSERT INTO `B65362949_payment_salary` VALUES (114,'2017-03-28 18:03:24',5,'2016-12-31','2016-12-31',1613.83,2,'','Nómina DIC 2016','2016-12-01','2016-12-31',1,NULL,2140,3,NULL);
INSERT INTO `B65362949_payment_salary` VALUES (115,'2017-03-28 18:04:36',8,'2016-12-31','2016-12-31',1135.19,2,'','Nómina DIC 2016','2016-12-01','2016-12-31',1,NULL,2141,3,NULL);
INSERT INTO `B65362949_payment_salary` VALUES (116,'2017-03-28 18:07:09',11,'2016-12-31','2016-12-31',851.78,2,'','Nómina DIC 2016','2016-12-01','2016-12-31',1,NULL,2142,3,NULL);
INSERT INTO `B65362949_payment_salary` VALUES (117,'2017-03-28 18:08:15',12,'2016-12-31','2016-12-31',1246.5,2,'','Nómina DIC 2016','2016-12-01','2016-12-31',1,NULL,2143,3,NULL);
INSERT INTO `B65362949_payment_salary` VALUES (118,'2017-03-28 19:14:47',2,'2017-01-31','2017-01-31',2000,2,'','Nómina ENE 2017','2017-01-01','2017-01-31',1,NULL,2177,3,NULL);
INSERT INTO `B65362949_payment_salary` VALUES (119,'2017-03-28 19:15:36',3,'2017-01-31','2017-01-31',2000,2,'','Nómina ENE 2017','2017-01-01','2017-01-31',1,NULL,2178,3,NULL);
INSERT INTO `B65362949_payment_salary` VALUES (120,'2017-03-28 19:17:47',5,'2017-01-31','2017-01-31',1907.5,2,'','Nómina ENE 2017','2017-01-01','2017-01-31',1,NULL,2179,3,NULL);
INSERT INTO `B65362949_payment_salary` VALUES (121,'2017-03-28 19:19:06',8,'2017-01-31','2017-01-31',1355,2,'','Nómina ENE 2017','2017-01-01','2017-01-31',1,NULL,2180,3,NULL);
INSERT INTO `B65362949_payment_salary` VALUES (122,'2017-03-28 19:20:32',11,'2017-01-31','2017-01-31',1005.75,2,'','Nómina ENE 2017','2017-01-01','2017-01-31',1,NULL,2181,3,NULL);
INSERT INTO `B65362949_payment_salary` VALUES (123,'2017-03-28 19:21:31',12,'2017-01-31','2017-01-31',1246.5,2,'','Nómina ENE 2017','2017-01-01','2017-01-31',1,NULL,2182,3,NULL);
INSERT INTO `B65362949_payment_salary` VALUES (124,'2017-03-28 19:43:40',14,'2016-03-31','2016-03-31',1139.35,2,'','Nómina MAR 2016','2016-03-01','2016-03-31',1,NULL,2183,3,NULL);
INSERT INTO `B65362949_payment_salary` VALUES (125,'2017-03-28 19:55:05',14,'2016-05-02','2016-05-02',1172.13,2,'','Nómina ABR 2016','2016-04-01','2016-04-30',1,NULL,2184,3,NULL);
INSERT INTO `B65362949_payment_salary` VALUES (126,'2017-03-28 19:57:59',14,'2016-06-03','2016-06-03',1155.74,2,'','Nómina MAY 2016','2016-05-01','2016-05-31',1,NULL,2185,3,NULL);
INSERT INTO `B65362949_payment_salary` VALUES (127,'2017-03-28 20:01:18',14,'2016-07-01','2016-07-01',1155.74,2,'','Nómina JUN 2016','2016-06-01','2016-06-30',1,NULL,2186,3,NULL);
INSERT INTO `B65362949_payment_salary` VALUES (128,'2017-03-28 20:03:48',14,'2016-07-26','2016-07-26',841.05,2,'','Extra JUN 2016','2016-06-01','2016-06-30',1,NULL,2187,3,NULL);
INSERT INTO `B65362949_payment_salary` VALUES (129,'2017-03-28 20:11:32',14,'2016-08-08','2016-08-08',1155.74,2,'','Nómina JUL 2016','2016-07-01','2016-07-31',1,NULL,2188,3,NULL);
INSERT INTO `B65362949_payment_salary` VALUES (130,'2017-03-28 20:13:53',14,'2016-09-02','2016-09-02',1155.74,2,'','Nómina AGO 2016','2016-08-01','2016-08-31',1,NULL,2189,3,NULL);
INSERT INTO `B65362949_payment_salary` VALUES (131,'2017-03-28 20:16:01',14,'2016-09-30','2016-09-30',1155.74,2,'','Nómina SEP 2016','2016-09-01','2016-09-30',1,NULL,2190,3,NULL);
INSERT INTO `B65362949_payment_salary` VALUES (132,'2017-03-28 20:17:44',14,'2016-11-02','2016-11-02',1155.74,2,'','Nómina OCT 2016','2016-10-01','2016-10-31',1,NULL,2191,3,NULL);
INSERT INTO `B65362949_payment_salary` VALUES (133,'2017-03-28 20:21:44',14,'2016-11-23','2016-11-23',4031.96,2,'','Finiquito','2016-11-01','2016-11-23',1,NULL,2192,3,NULL);
INSERT INTO `B65362949_payment_salary` VALUES (134,'2017-03-28 21:12:49',11,'2017-02-20','2017-02-20',810.97,2,'','Finiquito','2017-02-01','2017-02-20',1,NULL,2193,3,NULL);
INSERT INTO `B65362949_payment_salary` VALUES (135,'2017-03-28 21:15:44',3,'2017-02-27','2017-02-27',2000,2,'','Nómina FEB 2017','2017-02-01','2017-02-28',1,NULL,2194,3,NULL);
INSERT INTO `B65362949_payment_salary` VALUES (136,'2017-03-28 21:17:37',5,'2017-03-01','2017-03-01',1907.5,2,'','Nómina FEB 2017','2017-02-01','2017-02-28',1,NULL,2195,3,NULL);
INSERT INTO `B65362949_payment_salary` VALUES (137,'2017-03-28 21:18:46',8,'2017-03-01','2017-03-01',1355,2,'','Nómina FEB 2017','2017-02-01','2017-02-28',1,NULL,2196,3,NULL);
INSERT INTO `B65362949_payment_salary` VALUES (138,'2017-03-28 21:19:53',12,'2017-03-01','2017-03-01',1246.5,2,'','Nómina FEB 2017','2017-02-01','2017-02-28',1,NULL,2197,3,NULL);
INSERT INTO `B65362949_payment_salary` VALUES (139,'2017-03-28 21:21:06',13,'2017-03-02','2017-03-02',789.92,2,'','Nómina FEB 2017','2017-02-01','2017-02-28',1,NULL,2198,3,NULL);
INSERT INTO `B65362949_payment_salary` VALUES (140,'2017-03-28 21:22:40',2,'2017-03-02','2017-03-02',2000,2,'','Nómina FEB 2017','2017-02-01','2017-02-28',1,NULL,2199,3,NULL);
INSERT INTO `B65362949_payment_salary` VALUES (141,'2017-03-28 21:24:28',3,'2017-03-28','2017-03-28',2000,2,'','Nómina MAR 2017','2017-03-01','2017-03-31',1,NULL,2200,3,NULL);
INSERT INTO `B65362949_payment_salary` VALUES (142,'2017-03-28 21:25:17',2,'2017-03-28','2017-03-28',2000,2,'','Nómina MAR 2017','2017-03-01','2017-03-31',1,NULL,2201,3,NULL);
INSERT INTO `B65362949_payment_salary` VALUES (143,'2017-03-28 21:50:40',5,'2017-03-31','2017-03-31',1907.5,2,'','Nómina MAR 2017','2017-03-01','2017-03-31',1,NULL,2202,3,NULL);
INSERT INTO `B65362949_payment_salary` VALUES (144,'2017-03-28 21:51:45',8,'2017-03-31','2017-03-31',1355,2,'','Nómina MAR 2017','2017-03-01','2017-03-31',1,NULL,2203,3,NULL);
INSERT INTO `B65362949_payment_salary` VALUES (145,'2017-03-28 21:52:44',12,'2017-03-31','2017-03-31',1246.5,2,'','Nómina MAR 2017','2017-03-01','2017-03-31',1,NULL,2204,3,NULL);
INSERT INTO `B65362949_payment_salary` VALUES (146,'2017-03-28 21:53:42',13,'2017-03-31','2017-03-31',1247.25,2,'','Nómina MAR 2017','2017-03-01','2017-03-31',1,NULL,2205,3,NULL);
INSERT INTO `B65362949_payment_salary` VALUES (147,'2017-04-25 11:06:12',3,'2017-04-25','2017-04-25',2000,2,'','Nómina ABR 2017','2017-03-01','2017-03-31',1,NULL,2291,3,NULL);
INSERT INTO `B65362949_payment_salary` VALUES (148,'2017-05-02 14:28:35',2,'2017-05-02','2017-05-02',2000,2,'','Nómina ABR 2017','2017-04-01','2017-04-30',1,NULL,2304,3,NULL);
INSERT INTO `B65362949_payment_salary` VALUES (149,'2017-05-02 14:29:19',5,'2017-05-02','2017-05-02',1907.5,2,'','Nómina ABR 2017','2017-04-01','2017-04-30',1,NULL,2305,3,NULL);
INSERT INTO `B65362949_payment_salary` VALUES (150,'2017-05-02 14:30:25',8,'2017-05-02','2017-05-02',1355,2,'','Nómina ABR 2017','2017-04-01','2017-04-30',1,NULL,2306,3,NULL);
INSERT INTO `B65362949_payment_salary` VALUES (151,'2017-05-02 14:30:57',12,'2017-05-02','2017-05-02',1246.5,2,'','Nómina ABR 2017','2017-04-01','2017-04-30',1,NULL,2307,3,NULL);
INSERT INTO `B65362949_payment_salary` VALUES (152,'2017-05-02 14:31:39',13,'2017-05-02','2017-05-02',1247.25,2,'','Nómina ABR 2017','2017-04-01','2017-04-30',1,NULL,2308,3,NULL);
INSERT INTO `B65362949_payment_salary` VALUES (153,'2017-07-20 13:48:39',8,'2017-07-20','2017-07-20',1482,2,'','Extra JUN 2017','2017-06-01','2017-06-30',1,NULL,2441,3,NULL);
INSERT INTO `B65362949_payment_salary` VALUES (154,'2017-07-20 13:56:18',2,'2017-06-05','2017-06-05',2000,2,'','Nómina MAY 2017','2017-05-01','2017-05-31',1,NULL,2442,3,NULL);
INSERT INTO `B65362949_payment_salary` VALUES (155,'2017-07-20 13:57:18',3,'2017-05-29','2017-05-29',2000,2,'','Nómina MAY 2017','2017-05-01','2017-05-31',1,NULL,2443,3,NULL);
INSERT INTO `B65362949_payment_salary` VALUES (156,'2017-07-20 13:58:44',5,'2017-06-01','2017-06-01',1907.5,2,'','Nómina MAY 2017','2017-05-01','2017-05-31',1,NULL,2444,3,NULL);
INSERT INTO `B65362949_payment_salary` VALUES (157,'2017-07-20 14:00:04',8,'2017-06-01','2017-06-01',1355,2,'','Nómina MAY 2017','2017-05-01','2017-05-31',1,NULL,2445,3,NULL);
INSERT INTO `B65362949_payment_salary` VALUES (158,'2017-07-20 14:01:11',12,'2017-06-01','2017-06-01',1247.25,2,'','Nómina MAY 2017','2017-05-01','2017-05-31',1,NULL,2446,3,NULL);
INSERT INTO `B65362949_payment_salary` VALUES (159,'2017-07-20 14:02:19',13,'2017-06-01','2017-06-01',1247.25,2,'','Nómina MAY 2017','2017-05-01','2017-05-31',1,NULL,2447,3,NULL);
INSERT INTO `B65362949_payment_salary` VALUES (160,'2017-07-20 14:04:09',3,'2017-06-30','2017-06-30',2000,2,'','Nómina JUN 2017','2017-06-01','2017-06-30',1,NULL,2448,3,NULL);
INSERT INTO `B65362949_payment_salary` VALUES (161,'2017-07-20 14:04:35',2,'2017-06-30','2017-06-30',2000,2,'','Nómina JUN 2017','2017-06-01','2017-06-30',1,NULL,2449,3,NULL);
INSERT INTO `B65362949_payment_salary` VALUES (162,'2017-07-20 14:06:14',5,'2017-07-03','2017-07-03',1907.5,2,'','Nómina JUN 2017','2017-06-01','2017-06-30',1,NULL,2450,3,NULL);
INSERT INTO `B65362949_payment_salary` VALUES (163,'2017-07-20 14:06:58',8,'2017-07-03','2017-07-03',1355,2,'','Nómina JUN 2017','2017-06-01','2017-06-30',1,NULL,2451,3,NULL);
INSERT INTO `B65362949_payment_salary` VALUES (164,'2017-07-20 14:07:52',12,'2017-07-03','2017-07-03',1247.25,2,'','Nómina JUN 2017','2017-06-01','2017-06-30',1,NULL,2452,3,NULL);
INSERT INTO `B65362949_payment_salary` VALUES (165,'2017-07-20 14:08:34',13,'2017-07-03','2017-07-03',1247.25,2,'','Nómina JUN 2017','2017-06-01','2017-06-30',1,NULL,2453,3,NULL);
INSERT INTO `B65362949_payment_salary` VALUES (166,'2018-01-25 14:42:41',2,'2017-12-31','2017-12-31',2000,2,'','Nómina DIC 2017','2017-12-01','2017-12-31',1,NULL,2741,3,NULL);
INSERT INTO `B65362949_payment_salary` VALUES (167,'2018-01-25 14:42:41',12,'2017-12-31','2017-12-31',1247.25,2,'','Nómina DIC 2017','2017-12-01','2017-12-31',1,NULL,2742,3,NULL);
INSERT INTO `B65362949_payment_salary` VALUES (168,'2018-01-25 14:42:41',15,'2017-12-31','2017-12-31',1050,2,'','Nómina DIC 2017','2017-12-01','2017-12-31',1,NULL,2743,3,NULL);
INSERT INTO `B65362949_payment_salary` VALUES (169,'2018-01-25 14:42:41',8,'2017-12-31','2017-12-31',1355,2,'','Nómina DIC 2017','2017-12-01','2017-12-31',1,NULL,2744,3,NULL);
INSERT INTO `B65362949_payment_salary` VALUES (170,'2018-01-25 12:42:42',3,'2017-12-28','2017-12-28',2000,2,'','Nómina DIC 2017','2017-12-01','2017-12-31',1,NULL,2745,3,NULL);
INSERT INTO `B65362949_payment_salary` VALUES (171,'2018-01-25 12:43:38',8,'2017-12-28','2017-12-28',1482,2,'','Extra DIC 2017','2017-12-01','2017-12-31',1,NULL,2746,3,NULL);
INSERT INTO `B65362949_payment_salary` VALUES (172,'2018-01-25 12:55:30',12,'2017-12-05','2017-12-05',1247.25,2,'','Nómina NOV 2017','2017-11-01','2017-11-30',1,NULL,2747,3,NULL);
INSERT INTO `B65362949_payment_salary` VALUES (173,'2018-01-25 12:55:30',15,'2017-12-05','2017-12-05',560,2,'','Nómina NOV 2017','2017-11-01','2017-11-30',1,NULL,2748,3,NULL);
INSERT INTO `B65362949_payment_salary` VALUES (174,'2018-01-25 12:55:30',8,'2017-12-05','2017-12-05',1355,2,'','Nómina NOV 2017','2017-11-01','2017-11-30',1,NULL,2749,3,NULL);
INSERT INTO `B65362949_payment_salary` VALUES (175,'2018-01-25 12:55:30',3,'2017-12-05','2017-12-05',2000,2,'','Nómina NOV 2017','2017-11-01','2017-11-30',1,NULL,2750,3,NULL);
INSERT INTO `B65362949_payment_salary` VALUES (176,'2018-01-25 12:55:30',2,'2017-11-27','2017-11-27',2000,2,'','Nómina NOV 2017','2017-11-01','2017-11-30',1,NULL,2751,3,NULL);
INSERT INTO `B65362949_payment_salary` VALUES (177,'2018-01-25 12:51:22',13,'2017-11-02','2017-11-02',2238.52,2,'','Finiquito','2017-10-01','2017-10-31',1,NULL,2752,3,NULL);
INSERT INTO `B65362949_payment_salary` VALUES (178,'2018-01-25 12:57:42',12,'2017-11-02','2017-11-02',1247.25,2,'','Nómina OCT 2017','2017-10-01','2017-10-31',1,NULL,2753,3,NULL);
INSERT INTO `B65362949_payment_salary` VALUES (179,'2018-01-25 12:58:43',8,'2017-11-02','2017-11-02',1355,2,'','Nómina OCT 2017','2017-10-01','2017-10-31',1,NULL,2754,3,NULL);
INSERT INTO `B65362949_payment_salary` VALUES (180,'2018-01-25 12:59:34',2,'2017-10-30','2017-10-30',2000,2,'','Nómina OCT 2017','2017-10-01','2017-10-31',1,NULL,2755,3,NULL);
INSERT INTO `B65362949_payment_salary` VALUES (181,'2018-01-25 13:01:55',3,'2017-10-27','2017-10-27',2000,2,'','Nómina OCT 2017','2017-10-01','2017-10-31',1,NULL,2756,3,NULL);
INSERT INTO `B65362949_payment_salary` VALUES (182,'2018-01-25 13:05:04',13,'2017-10-02','2017-10-02',1247.25,2,'','Nómina SEP 2017','2017-09-01','2017-09-30',1,NULL,2757,3,NULL);
INSERT INTO `B65362949_payment_salary` VALUES (183,'2018-01-25 13:05:56',12,'2017-10-02','2017-10-02',1247.25,2,'','Nómina SEP 2017','2017-09-01','2017-09-30',1,NULL,2758,3,NULL);
INSERT INTO `B65362949_payment_salary` VALUES (184,'2018-01-25 13:06:50',8,'2017-10-02','2017-10-02',1355,2,'','Nómina SEP 2017','2017-09-01','2017-09-30',1,NULL,2759,3,NULL);
INSERT INTO `B65362949_payment_salary` VALUES (185,'2018-01-25 13:46:09',5,'2017-10-02','2017-10-02',1907.5,2,'','Nómina SEP 2017','2017-09-01','2017-09-30',1,NULL,2760,3,NULL);
INSERT INTO `B65362949_payment_salary` VALUES (186,'2018-01-25 13:11:46',2,'2017-10-02','2017-10-02',2000,2,'','Nómina SEP 2017','2017-09-01','2017-09-30',1,NULL,2761,3,NULL);
INSERT INTO `B65362949_payment_salary` VALUES (187,'2018-01-25 13:12:26',3,'2017-09-29','2017-09-29',2000,2,'','Nómina SEP 2017','2017-09-01','2017-09-30',1,NULL,2762,3,NULL);
INSERT INTO `B65362949_payment_salary` VALUES (188,'2018-01-25 13:38:52',13,'2017-09-01','2017-09-01',1247.25,2,'','Nómina AGO 2017','2017-08-01','2017-08-31',1,NULL,2763,3,NULL);
INSERT INTO `B65362949_payment_salary` VALUES (189,'2018-01-25 13:39:51',12,'2017-09-01','2017-09-01',1247.25,2,'','Nómina AGO 2017','2017-08-01','2017-08-31',1,NULL,2764,3,NULL);
INSERT INTO `B65362949_payment_salary` VALUES (190,'2018-01-25 13:40:53',8,'2017-09-01','2017-09-01',1355,2,'','Nómina AGO 2017','2017-08-01','2017-08-31',1,NULL,2765,3,NULL);
INSERT INTO `B65362949_payment_salary` VALUES (191,'2018-01-25 13:41:34',5,'2017-09-01','2017-09-01',1907.5,2,'','Nómina AGO 2017','2017-08-01','2017-08-31',1,NULL,2766,3,NULL);
INSERT INTO `B65362949_payment_salary` VALUES (192,'2018-01-25 13:42:32',3,'2017-08-28','2017-08-28',2000,2,'','Nómina AGO 2017','2017-08-01','2017-08-31',1,NULL,2767,3,NULL);
INSERT INTO `B65362949_payment_salary` VALUES (193,'2018-01-25 13:43:01',2,'2017-08-28','2017-08-28',2000,2,'','Nómina AGO 2017','2017-08-01','2017-08-31',1,NULL,2768,3,NULL);
INSERT INTO `B65362949_payment_salary` VALUES (194,'2018-01-25 13:49:15',5,'2017-10-06','2017-10-06',3963.74,2,'','Finiquito','2017-09-01','2017-10-01',1,NULL,2769,3,NULL);
INSERT INTO `B65362949_payment_salary` VALUES (195,'2018-01-25 13:50:52',13,'2017-08-01','2017-08-01',1247.25,2,'','Nómina JUL 2017','2017-07-01','2017-07-31',1,NULL,2770,3,NULL);
INSERT INTO `B65362949_payment_salary` VALUES (196,'2018-01-25 13:51:32',12,'2017-08-01','2017-08-01',1247.25,2,'','Nómina JUL 2017','2017-07-01','2017-07-31',1,NULL,2771,3,NULL);
INSERT INTO `B65362949_payment_salary` VALUES (197,'2018-01-25 13:52:10',8,'2017-08-01','2017-08-01',1355,2,'','Nómina JUL 2017','2017-07-01','2017-07-31',1,NULL,2772,3,NULL);
INSERT INTO `B65362949_payment_salary` VALUES (198,'2018-01-25 13:52:58',5,'2017-08-01','2017-08-01',1907.5,2,'','Nómina JUL 2017','2017-07-01','2017-07-31',1,NULL,2773,3,NULL);
INSERT INTO `B65362949_payment_salary` VALUES (199,'2018-01-25 13:53:43',3,'2017-07-28','2017-07-28',2000,2,'','Nómina JUL 2017','2017-07-01','2017-07-31',1,NULL,2774,3,NULL);
INSERT INTO `B65362949_payment_salary` VALUES (200,'2018-01-25 13:54:50',2,'2017-07-28','2017-07-28',2000,2,'','Nómina JUL 2017','2017-07-01','2017-07-31',1,NULL,2775,3,NULL);
INSERT INTO `B65362949_payment_salary` VALUES (201,'2018-01-25 13:56:12',2,'2017-07-28','2017-07-28',2000,2,'','Extra JUN 2017','2017-07-01','2017-07-31',1,NULL,2776,3,NULL);
INSERT INTO `B65362949_payment_salary` VALUES (202,'2018-01-25 13:57:02',3,'2017-07-28','2017-07-28',2000,2,'','Extra JUN 2017','2017-07-01','2017-07-31',1,NULL,2777,3,NULL);
INSERT INTO `B65362949_payment_salary` VALUES (203,'2018-01-29 12:02:25',2,'2018-01-31','2018-01-31',2000,2,'','Nómina ENE 2018','2018-01-01','2018-01-31',1,NULL,2778,3,NULL);
INSERT INTO `B65362949_payment_salary` VALUES (204,'2018-01-29 12:04:11',3,'2018-01-31','2018-01-31',2000,2,'','Nómina ENE 2018','2018-01-01','2018-01-31',1,NULL,2779,3,NULL);
INSERT INTO `B65362949_payment_salary` VALUES (205,'2018-01-29 12:05:37',8,'2018-01-31','2018-01-31',1393.3,2,'','Nómina ENE 2018','2018-01-01','2018-01-31',1,NULL,2780,3,NULL);
INSERT INTO `B65362949_payment_salary` VALUES (206,'2018-01-29 12:06:50',12,'2018-01-31','2018-01-31',1247.25,2,'','Nómina ENE 2018','2018-01-01','2018-01-31',1,NULL,2781,3,NULL);
INSERT INTO `B65362949_payment_salary` VALUES (207,'2018-01-29 12:07:42',15,'2018-01-31','2018-01-31',1050,2,'','Nómina ENE 2018','2018-01-01','2018-01-31',1,NULL,2782,3,NULL);
INSERT INTO `B65362949_payment_salary` VALUES (208,'2018-03-01 14:21:48',2,'2018-02-28','2018-02-28',2000,2,'','Nómina FEB 2018','2018-02-01','2018-02-28',1,NULL,2850,3,NULL);
INSERT INTO `B65362949_payment_salary` VALUES (209,'2018-03-01 14:22:26',3,'2018-02-28','2018-02-28',2000,2,'','Nómina FEB 2018','2018-02-01','2018-02-28',1,NULL,2851,3,NULL);
INSERT INTO `B65362949_payment_salary` VALUES (210,'2018-03-01 14:23:38',8,'2018-02-28','2018-02-28',1393.3,2,'','Nómina FEB 2018','2018-02-01','2018-02-28',1,NULL,2852,3,NULL);
INSERT INTO `B65362949_payment_salary` VALUES (211,'2018-03-01 14:24:19',15,'2018-02-28','2018-02-28',1050,2,'','Nómina FEB 2018','2018-02-01','2018-02-28',1,NULL,2853,3,NULL);
INSERT INTO `B65362949_payment_salary` VALUES (212,'2018-03-01 14:25:12',17,'2018-02-28','2018-02-28',214.83,2,'','Nómina FEB 2018','2018-02-01','2018-02-28',1,NULL,2854,3,NULL);




--
-- Table structure for table `B65362949_prelevement_bons`
--
CREATE TABLE `B65362949_prelevement_bons` (
  `rowid` int(11) NOT NULL AUTO_INCREMENT,
  `ref` varchar(12) DEFAULT NULL,
  `entity` int(11) NOT NULL DEFAULT '1',
  `datec` datetime DEFAULT NULL,
  `amount` double DEFAULT '0',
  `statut` smallint(6) DEFAULT '0',
  `credite` smallint(6) DEFAULT '0',
  `note` text,
  `date_trans` datetime DEFAULT NULL,
  `method_trans` smallint(6) DEFAULT NULL,
  `fk_user_trans` int(11) DEFAULT NULL,
  `date_credit` datetime DEFAULT NULL,
  `fk_user_credit` int(11) DEFAULT NULL,
  PRIMARY KEY (`rowid`),
  UNIQUE KEY `uk_prelevement_bons_ref` (`ref`,`entity`)
) ENGINE=InnoDB AUTO_INCREMENT=134 DEFAULT CHARSET=utf8;

--
-- Dumping data for table `B65362949_prelevement_bons`
--
INSERT INTO `B65362949_prelevement_bons` VALUES (7,'T150301',1,'2015-03-23 15:42:39',555.39,2,0,NULL,'2015-03-23 12:00:00',0,3,'2015-03-26 12:00:00',3);
INSERT INTO `B65362949_prelevement_bons` VALUES (12,'T150302',1,'2015-03-27 16:15:05',5651.31,2,0,NULL,'2015-03-27 12:00:00',0,3,'2015-04-02 12:00:00',3);
INSERT INTO `B65362949_prelevement_bons` VALUES (13,'T150303',1,'2015-03-27 16:18:13',446.85,2,0,NULL,'2015-04-01 12:00:00',0,3,'2015-04-08 12:00:00',3);
INSERT INTO `B65362949_prelevement_bons` VALUES (14,'T150401',1,'2015-04-01 12:02:29',2308.68,2,0,NULL,'2015-04-09 12:00:00',0,3,'2015-05-04 12:00:00',3);
INSERT INTO `B65362949_prelevement_bons` VALUES (15,'T150402',1,'2015-04-07 13:30:05',211.75,2,0,NULL,'2015-04-07 12:00:00',0,3,'2015-04-10 12:00:00',3);
INSERT INTO `B65362949_prelevement_bons` VALUES (16,'T150403',1,'2015-04-09 10:37:56',833.69,2,0,NULL,'2015-04-09 12:00:00',0,3,'2015-04-27 12:00:00',3);
INSERT INTO `B65362949_prelevement_bons` VALUES (17,'T150404',1,'2015-04-09 11:00:24',435.6,2,0,NULL,'2015-04-09 12:00:00',0,3,'2015-04-15 12:00:00',3);
INSERT INTO `B65362949_prelevement_bons` VALUES (18,'T150405',1,'2015-04-09 12:25:31',544.5,2,0,NULL,'2015-04-09 12:00:00',0,3,'2015-04-15 12:00:00',3);
INSERT INTO `B65362949_prelevement_bons` VALUES (19,'T150406',1,'2015-04-24 15:23:27',3069.17,2,0,NULL,'2015-04-24 12:00:00',0,3,'2015-05-04 12:00:00',3);
INSERT INTO `B65362949_prelevement_bons` VALUES (20,'T150501',1,'2015-05-04 11:30:06',446.85,2,0,NULL,'2015-05-04 12:00:00',0,3,'2015-05-08 12:00:00',3);
INSERT INTO `B65362949_prelevement_bons` VALUES (21,'T150502',1,'2015-05-04 11:37:54',555.39,2,0,NULL,'2015-05-04 12:00:00',0,3,'2015-05-25 12:00:00',3);
INSERT INTO `B65362949_prelevement_bons` VALUES (22,'T150503',1,'2015-05-12 06:48:40',290.4,2,0,NULL,'2015-05-12 12:00:00',0,3,'2015-05-15 12:00:00',3);
INSERT INTO `B65362949_prelevement_bons` VALUES (23,'T150504',1,'2015-05-29 17:44:17',5196.35,2,0,NULL,'2015-05-29 12:00:00',0,3,'2015-06-05 12:00:00',3);
INSERT INTO `B65362949_prelevement_bons` VALUES (24,'T150505',1,'2015-05-29 17:49:41',446.85,2,0,NULL,'2015-05-29 12:00:00',0,3,'2015-06-05 12:00:00',3);
INSERT INTO `B65362949_prelevement_bons` VALUES (25,'T150506',1,'2015-05-29 17:53:14',555.39,2,0,NULL,'2015-05-29 12:00:00',0,3,'2015-06-25 12:00:00',3);
INSERT INTO `B65362949_prelevement_bons` VALUES (26,'T150601',1,'2015-06-30 08:16:00',5196.35,2,0,NULL,'2015-06-30 12:00:00',0,3,'2015-07-06 12:00:00',3);
INSERT INTO `B65362949_prelevement_bons` VALUES (27,'T150701',1,'2015-07-01 18:13:49',211.75,2,0,NULL,'2015-07-01 12:00:00',0,3,'2015-07-07 12:00:00',3);
INSERT INTO `B65362949_prelevement_bons` VALUES (28,'T150702',1,'2015-07-01 18:14:55',692.48,2,0,NULL,'2015-07-01 12:00:00',0,3,'2015-07-07 12:00:00',3);
INSERT INTO `B65362949_prelevement_bons` VALUES (29,'T150703',1,'2015-07-24 16:32:14',2308.68,2,0,NULL,'2015-07-22 12:00:00',0,3,'2015-08-03 12:00:00',3);
INSERT INTO `B65362949_prelevement_bons` VALUES (30,'T150704',1,'2015-07-24 16:36:18',3057.07,2,0,NULL,'2015-07-24 12:00:00',0,3,'2015-08-03 12:00:00',3);
INSERT INTO `B65362949_prelevement_bons` VALUES (31,'T150705',1,'2015-07-24 16:37:13',2531.69,2,0,NULL,'2015-07-24 12:00:00',0,3,'2015-09-09 12:00:00',3);
INSERT INTO `B65362949_prelevement_bons` VALUES (32,'T150706',1,'2015-07-24 16:38:12',446.85,2,0,NULL,'2015-07-24 12:00:00',0,3,'2015-08-05 12:00:00',3);
INSERT INTO `B65362949_prelevement_bons` VALUES (33,'T150707',1,'2015-07-27 12:12:48',833.69,2,0,NULL,'2015-07-15 12:00:00',0,3,'2015-07-27 12:00:00',3);
INSERT INTO `B65362949_prelevement_bons` VALUES (34,'T150801',1,'2015-08-07 14:34:34',2236.08,2,0,NULL,'2015-08-07 12:00:00',0,3,'2015-08-17 12:00:00',3);
INSERT INTO `B65362949_prelevement_bons` VALUES (35,'T150802',1,'2015-08-27 15:43:31',4001.48,2,0,NULL,'2015-08-27 12:00:00',0,3,'2015-09-02 12:00:00',3);
INSERT INTO `B65362949_prelevement_bons` VALUES (36,'T150803',1,'2015-08-27 15:53:40',446.85,2,0,NULL,'2015-08-27 12:00:00',0,3,'2015-09-14 12:00:00',3);
INSERT INTO `B65362949_prelevement_bons` VALUES (37,'T150901',1,'2015-09-02 18:21:10',653.4,2,0,NULL,'2015-09-02 12:00:00',0,3,'2015-09-08 12:00:00',3);
INSERT INTO `B65362949_prelevement_bons` VALUES (38,'T150902',1,'2015-09-15 10:28:25',528.77,2,0,NULL,'2015-09-15 12:00:00',0,3,'2015-09-25 12:00:00',3);
INSERT INTO `B65362949_prelevement_bons` VALUES (39,'T150903',1,'2015-09-29 11:39:19',3054.65,2,0,NULL,'2015-09-29 12:00:00',0,3,'2015-10-02 12:00:00',3);
INSERT INTO `B65362949_prelevement_bons` VALUES (40,'T150904',1,'2015-09-29 19:07:28',4124.42,2,0,NULL,'2015-09-29 12:00:00',0,3,'2015-10-05 12:00:00',3);
INSERT INTO `B65362949_prelevement_bons` VALUES (41,'T151001',1,'2015-10-09 10:48:56',278.3,2,0,NULL,'2015-10-09 12:00:00',0,3,'2015-10-26 12:00:00',3);
INSERT INTO `B65362949_prelevement_bons` VALUES (42,'T151002',1,'2015-10-13 17:03:32',1179.75,2,0,NULL,'2015-10-13 12:00:00',0,3,'2015-10-19 12:00:00',3);
INSERT INTO `B65362949_prelevement_bons` VALUES (43,'T151003',1,'2015-10-27 17:43:44',3488.43,2,0,NULL,'2015-10-27 12:00:00',0,3,'2015-11-02 12:00:00',3);
INSERT INTO `B65362949_prelevement_bons` VALUES (44,'T151004',1,'2015-10-28 13:03:31',440.44,2,0,NULL,'2015-10-28 12:00:00',0,3,'2015-11-02 12:00:00',3);
INSERT INTO `B65362949_prelevement_bons` VALUES (45,'T151005',1,'2015-10-28 13:07:14',6497.7,2,0,NULL,'2015-10-28 12:00:00',0,3,'2015-11-05 12:00:00',3);
INSERT INTO `B65362949_prelevement_bons` VALUES (46,'T151006',1,'2015-10-30 11:28:41',655.58,2,0,NULL,'2015-10-30 12:00:00',0,3,'2015-11-05 12:00:00',3);
INSERT INTO `B65362949_prelevement_bons` VALUES (47,'T151101',1,'2015-11-13 18:49:52',578.8,2,0,NULL,'2015-11-13 12:00:00',0,3,'2015-11-25 12:00:00',3);
INSERT INTO `B65362949_prelevement_bons` VALUES (48,'T151102',1,'2015-11-18 11:56:07',211.75,2,0,NULL,'2015-11-18 12:00:00',0,3,'2015-11-23 12:00:00',3);
INSERT INTO `B65362949_prelevement_bons` VALUES (49,'T151201',1,'2015-12-01 15:37:58',8613.75,2,0,NULL,'2015-12-01 12:00:00',0,3,'2015-12-07 12:00:00',3);
INSERT INTO `B65362949_prelevement_bons` VALUES (50,'T151202',1,'2015-12-29 17:45:52',2405.48,2,0,NULL,'2015-12-29 12:00:00',0,3,'2016-01-05 12:00:00',3);
INSERT INTO `B65362949_prelevement_bons` VALUES (51,'T151203',1,'2015-12-30 17:46:14',4213.22,2,0,NULL,'2015-12-30 12:00:00',0,3,'2016-01-07 12:00:00',3);
INSERT INTO `B65362949_prelevement_bons` VALUES (52,'T160101',1,'2016-01-05 13:00:04',264.39,2,0,NULL,'2016-01-05 12:00:00',0,3,'2016-01-12 12:00:00',3);
INSERT INTO `B65362949_prelevement_bons` VALUES (53,'T160102',1,'2016-01-05 13:20:32',245.63,2,0,NULL,'2016-01-05 12:00:00',0,3,'2016-01-25 12:00:00',3);
INSERT INTO `B65362949_prelevement_bons` VALUES (54,'T160103',1,'2016-01-26 15:45:52',4259.2,2,0,NULL,'2016-01-26 12:00:00',0,3,'2016-02-01 12:00:00',3);
INSERT INTO `B65362949_prelevement_bons` VALUES (55,'T160104',1,'2016-01-27 14:15:34',2405.48,2,0,NULL,'2016-01-27 12:00:00',0,3,'2016-02-01 12:00:00',3);
INSERT INTO `B65362949_prelevement_bons` VALUES (61,'T160105',1,'2016-01-27 15:07:30',0,2,0,NULL,'2016-01-27 12:00:00',0,3,'2016-02-01 12:00:00',3);
INSERT INTO `B65362949_prelevement_bons` VALUES (62,'T160201',1,'2016-02-01 15:59:23',6498.43,2,0,NULL,'2016-02-01 12:00:00',0,3,'2016-02-05 12:00:00',3);
INSERT INTO `B65362949_prelevement_bons` VALUES (66,'T160301',1,'2016-03-08 18:08:25',11863.45,2,0,NULL,'2016-03-08 12:00:00',0,3,'2016-03-14 12:00:00',3);
INSERT INTO `B65362949_prelevement_bons` VALUES (67,'T160302',1,'2016-03-08 18:09:23',0,2,0,NULL,'2016-03-08 12:00:00',0,3,'2016-03-14 12:00:00',3);
INSERT INTO `B65362949_prelevement_bons` VALUES (68,'T160401',1,'2016-04-08 00:16:52',12415.21,2,0,NULL,'2016-04-08 12:00:00',0,3,'2016-04-13 12:00:00',3);
INSERT INTO `B65362949_prelevement_bons` VALUES (69,'T160501',1,'2016-05-02 12:51:39',6313.91,2,0,NULL,'2016-05-02 12:00:00',0,3,'2016-05-05 12:00:00',3);
INSERT INTO `B65362949_prelevement_bons` VALUES (70,'T160502',1,'2016-05-13 19:11:15',423.5,2,0,NULL,'2016-05-13 12:00:00',0,3,'2016-05-19 12:00:00',3);
INSERT INTO `B65362949_prelevement_bons` VALUES (71,'T160503',1,'2016-05-31 21:22:30',7638.49,2,0,NULL,'2016-05-31 12:00:00',0,3,'2016-06-06 12:00:00',3);
INSERT INTO `B65362949_prelevement_bons` VALUES (72,'T160601',1,'2016-06-21 13:21:29',417.46,2,0,NULL,'2016-06-21 12:00:00',0,3,'2016-06-24 12:00:00',3);
INSERT INTO `B65362949_prelevement_bons` VALUES (73,'T160602',1,'2016-06-30 09:57:13',7505.52,2,0,NULL,'2016-06-30 12:00:00',0,3,'2016-07-06 12:00:00',3);
INSERT INTO `B65362949_prelevement_bons` VALUES (74,'T160801',1,'2016-08-03 17:43:46',6441.68,2,0,NULL,'2016-08-03 12:00:00',0,3,'2016-08-09 12:00:00',3);
INSERT INTO `B65362949_prelevement_bons` VALUES (75,'T160802',1,'2016-08-29 17:24:06',7847.22,2,0,NULL,'2016-08-29 12:00:00',0,3,'2016-09-02 12:00:00',3);
INSERT INTO `B65362949_prelevement_bons` VALUES (76,'T160901',1,'2016-09-12 19:19:26',575.96,2,0,NULL,'2016-09-12 12:00:00',0,3,'2016-09-16 12:00:00',3);
INSERT INTO `B65362949_prelevement_bons` VALUES (77,'T160902',1,'2016-09-28 18:49:10',7847.22,2,0,NULL,'2016-09-28 12:00:00',0,3,'2016-10-04 12:00:00',3);
INSERT INTO `B65362949_prelevement_bons` VALUES (78,'T161101',1,'2016-11-01 16:56:41',7638.49,2,0,NULL,'2016-11-01 12:00:00',0,3,'2016-11-07 12:00:00',3);
INSERT INTO `B65362949_prelevement_bons` VALUES (79,'T161102',1,'2016-11-22 13:30:57',417.46,2,0,NULL,'2016-11-22 12:00:00',0,3,'2016-11-23 12:00:00',3);
INSERT INTO `B65362949_prelevement_bons` VALUES (80,'T161103',1,'2016-11-25 21:16:50',211.75,2,0,NULL,'2016-11-25 12:00:00',0,3,'2016-11-29 12:00:00',3);
INSERT INTO `B65362949_prelevement_bons` VALUES (81,'T161104',1,'2016-11-29 13:29:54',7847.22,2,0,NULL,'2016-11-28 12:00:00',0,3,'2016-12-01 12:00:00',3);
INSERT INTO `B65362949_prelevement_bons` VALUES (82,'T161201',1,'2016-12-15 11:40:13',208.73,2,0,NULL,'2016-12-15 12:00:00',0,3,'2016-12-16 12:00:00',3);
INSERT INTO `B65362949_prelevement_bons` VALUES (83,'T161202',1,'2016-12-28 13:32:59',7638.49,2,0,NULL,'2016-12-28 12:00:00',0,3,'2017-01-02 12:00:00',3);
INSERT INTO `B65362949_prelevement_bons` VALUES (84,'T161203',1,'2016-12-28 13:34:02',208.73,2,0,NULL,'2016-12-28 12:00:00',0,3,'2017-01-10 12:00:00',3);
INSERT INTO `B65362949_prelevement_bons` VALUES (85,'T170101',1,'2017-01-30 19:51:00',6940.8,2,0,NULL,'2017-01-30 12:00:00',0,3,'2017-02-01 12:00:00',3);
INSERT INTO `B65362949_prelevement_bons` VALUES (86,'T170201',1,'2017-02-07 10:41:58',208.73,2,0,NULL,'2017-02-07 12:00:00',0,3,'2017-02-08 12:00:00',3);
INSERT INTO `B65362949_prelevement_bons` VALUES (90,'T170202',1,'2017-02-07 12:12:10',211.75,2,0,NULL,'2017-02-07 12:00:00',0,3,'2017-02-08 12:00:00',3);
INSERT INTO `B65362949_prelevement_bons` VALUES (92,'T170203',1,'2017-02-24 13:59:42',101.64,2,0,NULL,'2017-02-24 12:00:00',0,3,'2017-02-27 12:00:00',3);
INSERT INTO `B65362949_prelevement_bons` VALUES (93,'T170204',1,'2017-02-27 15:30:25',7539.11,2,0,NULL,'2017-02-27 12:00:00',0,3,'2017-03-01 12:00:00',3);
INSERT INTO `B65362949_prelevement_bons` VALUES (94,'T170205',1,'2017-02-28 15:05:11',1270.5,2,0,NULL,'2017-02-28 12:00:00',0,3,'2017-02-28 12:00:00',3);
INSERT INTO `B65362949_prelevement_bons` VALUES (95,'T170301',1,'2017-03-02 11:30:39',208.73,2,0,NULL,'2017-03-02 12:00:00',0,3,'2017-03-03 12:00:00',3);
INSERT INTO `B65362949_prelevement_bons` VALUES (96,'T170302',1,'2017-03-06 17:33:57',211.75,2,0,NULL,'2017-03-06 12:00:00',0,3,'2017-03-08 12:00:00',3);
INSERT INTO `B65362949_prelevement_bons` VALUES (97,'T170303',1,'2017-03-29 15:37:53',9455.8,2,0,NULL,'2017-03-29 12:00:00',0,3,'2017-04-03 12:00:00',3);
INSERT INTO `B65362949_prelevement_bons` VALUES (98,'T170401',1,'2017-04-03 20:32:56',208.73,2,0,NULL,'2017-04-03 12:00:00',0,3,'2017-04-05 12:00:00',3);
INSERT INTO `B65362949_prelevement_bons` VALUES (99,'T170402',1,'2017-04-27 12:04:49',101.64,2,0,NULL,'2017-04-27 12:00:00',0,3,'2017-05-22 12:00:00',3);
INSERT INTO `B65362949_prelevement_bons` VALUES (100,'T170403',1,'2017-04-27 12:05:38',8978.2,2,0,NULL,'2017-04-27 12:00:00',0,3,'2017-05-02 12:00:00',3);
INSERT INTO `B65362949_prelevement_bons` VALUES (101,'T170404',1,'2017-04-27 12:06:10',208.73,2,0,NULL,'2017-05-08 12:00:00',0,3,'2017-05-09 12:00:00',3);
INSERT INTO `B65362949_prelevement_bons` VALUES (102,'T170601',1,'2017-06-14 16:07:58',208.73,2,0,NULL,'2017-06-14 12:00:00',0,3,'2017-06-16 12:00:00',3);
INSERT INTO `B65362949_prelevement_bons` VALUES (103,'T170602',1,'2017-06-19 17:19:37',873.62,2,0,NULL,'2017-06-19 12:00:00',0,3,'2017-06-21 12:00:00',3);
INSERT INTO `B65362949_prelevement_bons` VALUES (104,'T170603',1,'2017-06-21 11:43:17',786.5,2,0,NULL,'2017-06-20 12:00:00',0,3,'2017-07-17 12:00:00',3);
INSERT INTO `B65362949_prelevement_bons` VALUES (105,'T170604',1,'2017-06-28 18:07:28',17.96,2,0,NULL,'2017-06-28 12:00:00',0,3,'2017-07-17 12:00:00',3);
INSERT INTO `B65362949_prelevement_bons` VALUES (106,'T170701',1,'2017-07-03 13:24:22',208.73,2,0,NULL,'2017-07-03 12:00:00',0,3,'2017-07-06 12:00:00',3);
INSERT INTO `B65362949_prelevement_bons` VALUES (107,'T170801',1,'2017-08-02 10:23:07',378.13,2,0,NULL,'2017-08-02 12:00:00',0,3,'2017-08-03 12:00:00',3);
INSERT INTO `B65362949_prelevement_bons` VALUES (108,'T170802',1,'2017-08-31 15:23:50',208.73,2,0,NULL,'2017-08-31 12:00:00',0,3,'2017-09-04 12:00:00',3);
INSERT INTO `B65362949_prelevement_bons` VALUES (109,'T170901',1,'2017-09-15 14:58:31',128.26,2,0,NULL,'2017-09-15 12:00:00',0,3,'2017-10-16 12:00:00',3);
INSERT INTO `B65362949_prelevement_bons` VALUES (111,'T171002',1,'2017-10-02 19:08:36',229.9,2,0,NULL,'2017-10-06 12:00:00',0,3,'2017-10-16 12:00:00',3);
INSERT INTO `B65362949_prelevement_bons` VALUES (121,'T171101',1,'2017-11-13 17:03:58',208.73,2,0,NULL,'2017-11-13 12:00:00',0,3,'2017-11-15 12:00:00',3);
INSERT INTO `B65362949_prelevement_bons` VALUES (122,'T171102',1,'2017-11-30 23:20:06',130.38,2,0,NULL,'2017-11-30 12:00:00',0,3,'2017-12-04 12:00:00',3);
INSERT INTO `B65362949_prelevement_bons` VALUES (123,'T171201',1,'2017-12-04 10:24:32',208.73,2,0,NULL,'2017-12-04 12:00:00',0,3,'2017-12-05 12:00:00',3);
INSERT INTO `B65362949_prelevement_bons` VALUES (124,'T180101',1,'2018-01-02 14:22:04',339.11,2,0,NULL,'2018-01-02 12:00:00',0,3,'2018-01-03 12:00:00',3);
INSERT INTO `B65362949_prelevement_bons` VALUES (125,'T180102',1,'2018-01-10 10:57:06',211.75,2,0,NULL,'2018-01-10 12:00:00',0,3,'2018-01-11 12:00:00',3);
INSERT INTO `B65362949_prelevement_bons` VALUES (127,'T180103',1,'2018-01-30 11:37:49',211.75,2,0,NULL,'2018-01-30 12:00:00',0,3,'2018-02-01 12:00:00',3);
INSERT INTO `B65362949_prelevement_bons` VALUES (131,'T180301',1,'2018-03-01 14:17:26',132.98,2,0,NULL,'2018-03-01 12:00:00',0,3,'2018-03-01 12:00:00',3);
INSERT INTO `B65362949_prelevement_bons` VALUES (132,'T180302',1,'2018-03-05 19:00:34',215.99,2,0,NULL,'2018-03-05 12:00:00',0,3,'2018-03-07 12:00:00',3);
INSERT INTO `B65362949_prelevement_bons` VALUES (133,'T180303',1,'2018-03-07 13:15:09',212.9,2,0,NULL,'2018-03-07 12:00:00',0,3,'2018-03-08 12:00:00',3);




--
-- Table structure for table `B65362949_prelevement_facture`
--
CREATE TABLE `B65362949_prelevement_facture` (
  `rowid` int(11) NOT NULL AUTO_INCREMENT,
  `fk_facture` int(11) NOT NULL,
  `fk_prelevement_lignes` int(11) NOT NULL,
  PRIMARY KEY (`rowid`),
  KEY `idx_prelevement_facture_fk_prelevement_lignes` (`fk_prelevement_lignes`),
  CONSTRAINT `fk_prelevement_facture_fk_prelevement_lignes` FOREIGN KEY (`fk_prelevement_lignes`) REFERENCES `B65362949_prelevement_lignes` (`rowid`)
) ENGINE=InnoDB AUTO_INCREMENT=247 DEFAULT CHARSET=utf8;

--
-- Dumping data for table `B65362949_prelevement_facture`
--
INSERT INTO `B65362949_prelevement_facture` VALUES (7,47,7);
INSERT INTO `B65362949_prelevement_facture` VALUES (33,45,33);
INSERT INTO `B65362949_prelevement_facture` VALUES (34,46,34);
INSERT INTO `B65362949_prelevement_facture` VALUES (35,57,35);
INSERT INTO `B65362949_prelevement_facture` VALUES (36,63,36);
INSERT INTO `B65362949_prelevement_facture` VALUES (37,64,37);
INSERT INTO `B65362949_prelevement_facture` VALUES (38,65,38);
INSERT INTO `B65362949_prelevement_facture` VALUES (39,67,39);
INSERT INTO `B65362949_prelevement_facture` VALUES (40,74,40);
INSERT INTO `B65362949_prelevement_facture` VALUES (41,75,41);
INSERT INTO `B65362949_prelevement_facture` VALUES (42,79,42);
INSERT INTO `B65362949_prelevement_facture` VALUES (43,66,43);
INSERT INTO `B65362949_prelevement_facture` VALUES (44,80,44);
INSERT INTO `B65362949_prelevement_facture` VALUES (45,81,45);
INSERT INTO `B65362949_prelevement_facture` VALUES (46,83,46);
INSERT INTO `B65362949_prelevement_facture` VALUES (47,85,47);
INSERT INTO `B65362949_prelevement_facture` VALUES (48,86,48);
INSERT INTO `B65362949_prelevement_facture` VALUES (49,87,49);
INSERT INTO `B65362949_prelevement_facture` VALUES (50,89,50);
INSERT INTO `B65362949_prelevement_facture` VALUES (51,88,51);
INSERT INTO `B65362949_prelevement_facture` VALUES (52,103,52);
INSERT INTO `B65362949_prelevement_facture` VALUES (53,96,53);
INSERT INTO `B65362949_prelevement_facture` VALUES (54,97,54);
INSERT INTO `B65362949_prelevement_facture` VALUES (55,109,55);
INSERT INTO `B65362949_prelevement_facture` VALUES (56,110,56);
INSERT INTO `B65362949_prelevement_facture` VALUES (57,111,57);
INSERT INTO `B65362949_prelevement_facture` VALUES (58,113,58);
INSERT INTO `B65362949_prelevement_facture` VALUES (59,112,59);
INSERT INTO `B65362949_prelevement_facture` VALUES (60,120,60);
INSERT INTO `B65362949_prelevement_facture` VALUES (61,121,61);
INSERT INTO `B65362949_prelevement_facture` VALUES (62,133,62);
INSERT INTO `B65362949_prelevement_facture` VALUES (63,134,63);
INSERT INTO `B65362949_prelevement_facture` VALUES (64,135,64);
INSERT INTO `B65362949_prelevement_facture` VALUES (65,146,65);
INSERT INTO `B65362949_prelevement_facture` VALUES (66,136,66);
INSERT INTO `B65362949_prelevement_facture` VALUES (67,142,67);
INSERT INTO `B65362949_prelevement_facture` VALUES (68,143,68);
INSERT INTO `B65362949_prelevement_facture` VALUES (69,152,69);
INSERT INTO `B65362949_prelevement_facture` VALUES (70,153,70);
INSERT INTO `B65362949_prelevement_facture` VALUES (71,148,71);
INSERT INTO `B65362949_prelevement_facture` VALUES (72,149,72);
INSERT INTO `B65362949_prelevement_facture` VALUES (73,154,73);
INSERT INTO `B65362949_prelevement_facture` VALUES (74,124,74);
INSERT INTO `B65362949_prelevement_facture` VALUES (75,164,75);
INSERT INTO `B65362949_prelevement_facture` VALUES (76,165,76);
INSERT INTO `B65362949_prelevement_facture` VALUES (77,148,77);
INSERT INTO `B65362949_prelevement_facture` VALUES (78,159,78);
INSERT INTO `B65362949_prelevement_facture` VALUES (79,174,79);
INSERT INTO `B65362949_prelevement_facture` VALUES (80,175,80);
INSERT INTO `B65362949_prelevement_facture` VALUES (81,176,81);
INSERT INTO `B65362949_prelevement_facture` VALUES (82,177,82);
INSERT INTO `B65362949_prelevement_facture` VALUES (83,188,83);
INSERT INTO `B65362949_prelevement_facture` VALUES (84,189,84);
INSERT INTO `B65362949_prelevement_facture` VALUES (85,183,85);
INSERT INTO `B65362949_prelevement_facture` VALUES (86,184,86);
INSERT INTO `B65362949_prelevement_facture` VALUES (87,197,87);
INSERT INTO `B65362949_prelevement_facture` VALUES (88,198,88);
INSERT INTO `B65362949_prelevement_facture` VALUES (89,191,89);
INSERT INTO `B65362949_prelevement_facture` VALUES (90,196,90);
INSERT INTO `B65362949_prelevement_facture` VALUES (91,190,91);
INSERT INTO `B65362949_prelevement_facture` VALUES (92,212,92);
INSERT INTO `B65362949_prelevement_facture` VALUES (93,213,93);
INSERT INTO `B65362949_prelevement_facture` VALUES (94,208,94);
INSERT INTO `B65362949_prelevement_facture` VALUES (95,209,95);
INSERT INTO `B65362949_prelevement_facture` VALUES (96,216,96);
INSERT INTO `B65362949_prelevement_facture` VALUES (97,215,97);
INSERT INTO `B65362949_prelevement_facture` VALUES (98,221,98);
INSERT INTO `B65362949_prelevement_facture` VALUES (99,220,99);
INSERT INTO `B65362949_prelevement_facture` VALUES (100,219,100);
INSERT INTO `B65362949_prelevement_facture` VALUES (101,237,101);
INSERT INTO `B65362949_prelevement_facture` VALUES (102,241,102);
INSERT INTO `B65362949_prelevement_facture` VALUES (103,240,103);
INSERT INTO `B65362949_prelevement_facture` VALUES (104,218,104);
INSERT INTO `B65362949_prelevement_facture` VALUES (105,217,105);
INSERT INTO `B65362949_prelevement_facture` VALUES (106,246,106);
INSERT INTO `B65362949_prelevement_facture` VALUES (107,244,107);
INSERT INTO `B65362949_prelevement_facture` VALUES (108,231,108);
INSERT INTO `B65362949_prelevement_facture` VALUES (109,230,109);
INSERT INTO `B65362949_prelevement_facture` VALUES (110,257,110);
INSERT INTO `B65362949_prelevement_facture` VALUES (111,258,111);
INSERT INTO `B65362949_prelevement_facture` VALUES (112,253,112);
INSERT INTO `B65362949_prelevement_facture` VALUES (113,243,113);
INSERT INTO `B65362949_prelevement_facture` VALUES (114,259,114);
INSERT INTO `B65362949_prelevement_facture` VALUES (115,264,115);
INSERT INTO `B65362949_prelevement_facture` VALUES (116,277,116);
INSERT INTO `B65362949_prelevement_facture` VALUES (117,260,117);
INSERT INTO `B65362949_prelevement_facture` VALUES (118,261,118);
INSERT INTO `B65362949_prelevement_facture` VALUES (124,279,124);
INSERT INTO `B65362949_prelevement_facture` VALUES (125,278,125);
INSERT INTO `B65362949_prelevement_facture` VALUES (126,282,126);
INSERT INTO `B65362949_prelevement_facture` VALUES (127,290,127);
INSERT INTO `B65362949_prelevement_facture` VALUES (128,292,128);
INSERT INTO `B65362949_prelevement_facture` VALUES (152,341,152);
INSERT INTO `B65362949_prelevement_facture` VALUES (153,337,153);
INSERT INTO `B65362949_prelevement_facture` VALUES (154,335,154);
INSERT INTO `B65362949_prelevement_facture` VALUES (155,284,155);
INSERT INTO `B65362949_prelevement_facture` VALUES (156,274,156);
INSERT INTO `B65362949_prelevement_facture` VALUES (157,283,157);
INSERT INTO `B65362949_prelevement_facture` VALUES (158,336,158);
INSERT INTO `B65362949_prelevement_facture` VALUES (159,354,159);
INSERT INTO `B65362949_prelevement_facture` VALUES (160,338,160);
INSERT INTO `B65362949_prelevement_facture` VALUES (161,362,161);
INSERT INTO `B65362949_prelevement_facture` VALUES (162,376,162);
INSERT INTO `B65362949_prelevement_facture` VALUES (163,373,163);
INSERT INTO `B65362949_prelevement_facture` VALUES (164,340,164);
INSERT INTO `B65362949_prelevement_facture` VALUES (165,363,165);
INSERT INTO `B65362949_prelevement_facture` VALUES (166,389,166);
INSERT INTO `B65362949_prelevement_facture` VALUES (167,388,167);
INSERT INTO `B65362949_prelevement_facture` VALUES (168,387,168);
INSERT INTO `B65362949_prelevement_facture` VALUES (169,400,169);
INSERT INTO `B65362949_prelevement_facture` VALUES (170,403,170);
INSERT INTO `B65362949_prelevement_facture` VALUES (171,414,171);
INSERT INTO `B65362949_prelevement_facture` VALUES (172,415,172);
INSERT INTO `B65362949_prelevement_facture` VALUES (173,389,173);
INSERT INTO `B65362949_prelevement_facture` VALUES (174,416,174);
INSERT INTO `B65362949_prelevement_facture` VALUES (175,430,175);
INSERT INTO `B65362949_prelevement_facture` VALUES (176,429,176);
INSERT INTO `B65362949_prelevement_facture` VALUES (177,428,177);
INSERT INTO `B65362949_prelevement_facture` VALUES (178,439,178);
INSERT INTO `B65362949_prelevement_facture` VALUES (179,440,179);
INSERT INTO `B65362949_prelevement_facture` VALUES (180,444,180);
INSERT INTO `B65362949_prelevement_facture` VALUES (181,463,181);
INSERT INTO `B65362949_prelevement_facture` VALUES (182,464,182);
INSERT INTO `B65362949_prelevement_facture` VALUES (183,465,183);
INSERT INTO `B65362949_prelevement_facture` VALUES (184,473,184);
INSERT INTO `B65362949_prelevement_facture` VALUES (185,476,185);
INSERT INTO `B65362949_prelevement_facture` VALUES (186,477,186);
INSERT INTO `B65362949_prelevement_facture` VALUES (187,478,187);
INSERT INTO `B65362949_prelevement_facture` VALUES (188,491,188);
INSERT INTO `B65362949_prelevement_facture` VALUES (189,490,189);
INSERT INTO `B65362949_prelevement_facture` VALUES (190,478,190);
INSERT INTO `B65362949_prelevement_facture` VALUES (191,492,191);
INSERT INTO `B65362949_prelevement_facture` VALUES (192,509,192);
INSERT INTO `B65362949_prelevement_facture` VALUES (193,511,193);
INSERT INTO `B65362949_prelevement_facture` VALUES (194,512,194);
INSERT INTO `B65362949_prelevement_facture` VALUES (195,513,195);
INSERT INTO `B65362949_prelevement_facture` VALUES (196,513,196);
INSERT INTO `B65362949_prelevement_facture` VALUES (197,525,197);
INSERT INTO `B65362949_prelevement_facture` VALUES (198,526,198);
INSERT INTO `B65362949_prelevement_facture` VALUES (199,527,199);
INSERT INTO `B65362949_prelevement_facture` VALUES (200,539,200);
INSERT INTO `B65362949_prelevement_facture` VALUES (201,540,201);
INSERT INTO `B65362949_prelevement_facture` VALUES (202,541,202);
INSERT INTO `B65362949_prelevement_facture` VALUES (206,552,206);
INSERT INTO `B65362949_prelevement_facture` VALUES (208,553,208);
INSERT INTO `B65362949_prelevement_facture` VALUES (209,556,209);
INSERT INTO `B65362949_prelevement_facture` VALUES (210,557,210);
INSERT INTO `B65362949_prelevement_facture` VALUES (211,555,211);
INSERT INTO `B65362949_prelevement_facture` VALUES (212,558,212);
INSERT INTO `B65362949_prelevement_facture` VALUES (213,570,213);
INSERT INTO `B65362949_prelevement_facture` VALUES (214,573,214);
INSERT INTO `B65362949_prelevement_facture` VALUES (215,574,215);
INSERT INTO `B65362949_prelevement_facture` VALUES (216,578,216);
INSERT INTO `B65362949_prelevement_facture` VALUES (217,589,217);
INSERT INTO `B65362949_prelevement_facture` VALUES (218,591,218);
INSERT INTO `B65362949_prelevement_facture` VALUES (219,592,219);
INSERT INTO `B65362949_prelevement_facture` VALUES (220,594,220);
INSERT INTO `B65362949_prelevement_facture` VALUES (221,611,221);
INSERT INTO `B65362949_prelevement_facture` VALUES (222,622,222);
INSERT INTO `B65362949_prelevement_facture` VALUES (223,623,223);
INSERT INTO `B65362949_prelevement_facture` VALUES (224,625,224);
INSERT INTO `B65362949_prelevement_facture` VALUES (225,626,225);
INSERT INTO `B65362949_prelevement_facture` VALUES (226,637,226);
INSERT INTO `B65362949_prelevement_facture` VALUES (227,646,227);
INSERT INTO `B65362949_prelevement_facture` VALUES (228,654,228);
INSERT INTO `B65362949_prelevement_facture` VALUES (231,662,231);
INSERT INTO `B65362949_prelevement_facture` VALUES (232,669,232);
INSERT INTO `B65362949_prelevement_facture` VALUES (233,691,233);
INSERT INTO `B65362949_prelevement_facture` VALUES (234,692,234);
INSERT INTO `B65362949_prelevement_facture` VALUES (235,703,235);
INSERT INTO `B65362949_prelevement_facture` VALUES (236,704,236);
INSERT INTO `B65362949_prelevement_facture` VALUES (237,680,237);
INSERT INTO `B65362949_prelevement_facture` VALUES (239,722,239);
INSERT INTO `B65362949_prelevement_facture` VALUES (244,731,244);
INSERT INTO `B65362949_prelevement_facture` VALUES (245,736,245);
INSERT INTO `B65362949_prelevement_facture` VALUES (246,732,246);




--
-- Table structure for table `B65362949_prelevement_facture_demande`
--
CREATE TABLE `B65362949_prelevement_facture_demande` (
  `rowid` int(11) NOT NULL AUTO_INCREMENT,
  `fk_facture` int(11) NOT NULL,
  `amount` double NOT NULL,
  `date_demande` datetime NOT NULL,
  `traite` smallint(6) DEFAULT '0',
  `date_traite` datetime DEFAULT NULL,
  `fk_prelevement_bons` int(11) DEFAULT NULL,
  `fk_user_demande` int(11) NOT NULL,
  `code_banque` varchar(7) DEFAULT NULL,
  `code_guichet` varchar(6) DEFAULT NULL,
  `number` varchar(255) DEFAULT NULL,
  `cle_rib` varchar(5) DEFAULT NULL,
  PRIMARY KEY (`rowid`)
) ENGINE=InnoDB AUTO_INCREMENT=208 DEFAULT CHARSET=utf8;

--
-- Dumping data for table `B65362949_prelevement_facture_demande`
--
INSERT INTO `B65362949_prelevement_facture_demande` VALUES (0,0,0,'0000-00-00 00:00:00',NULL,NULL,NULL,0,NULL,NULL,NULL,'');
INSERT INTO `B65362949_prelevement_facture_demande` VALUES (6,47,555.39,'2015-03-23 15:05:09',1,'2015-03-23 15:42:39',7,3,'0081','0200','0001867788',25);
INSERT INTO `B65362949_prelevement_facture_demande` VALUES (7,45,968,'2015-03-23 19:09:05',1,'2015-03-27 16:15:05',12,3,2100,3060,2201789294,50);
INSERT INTO `B65362949_prelevement_facture_demande` VALUES (8,46,1331,'2015-03-23 19:09:56',1,'2015-03-27 16:15:05',12,3,2100,3060,2201789294,50);
INSERT INTO `B65362949_prelevement_facture_demande` VALUES (9,57,464.64,'2015-03-23 19:10:22',1,'2015-03-27 16:15:05',12,3,2100,3060,2201789294,50);
INSERT INTO `B65362949_prelevement_facture_demande` VALUES (11,63,2238.5,'2015-03-27 15:48:15',1,'2015-03-27 16:15:05',12,3,2100,3060,2201789294,50);
INSERT INTO `B65362949_prelevement_facture_demande` VALUES (12,64,440.44,'2015-03-27 15:48:36',1,'2015-03-27 16:15:05',12,3,2100,3060,2201789294,50);
INSERT INTO `B65362949_prelevement_facture_demande` VALUES (13,65,208.73,'2015-03-27 15:48:53',1,'2015-03-27 16:15:05',12,3,2059,'0240','0001028527',54);
INSERT INTO `B65362949_prelevement_facture_demande` VALUES (16,67,446.85,'2015-03-27 16:17:26',1,'2015-03-27 16:18:13',13,3,'0049 ','1878 ',2810320785,95);
INSERT INTO `B65362949_prelevement_facture_demande` VALUES (17,74,977.68,'2015-04-01 11:59:25',1,'2015-04-01 12:02:29',14,3,2100,3060,2201789294,50);
INSERT INTO `B65362949_prelevement_facture_demande` VALUES (18,75,1331,'2015-04-01 11:59:35',1,'2015-04-01 12:02:29',14,3,2100,3060,2201789294,50);
INSERT INTO `B65362949_prelevement_facture_demande` VALUES (19,79,211.75,'2015-04-07 13:29:42',1,'2015-04-07 13:30:05',15,3,'0081','0066  ','0001377640',61);
INSERT INTO `B65362949_prelevement_facture_demande` VALUES (20,66,833.69,'2015-04-09 10:37:15',1,'2015-04-09 10:37:56',16,3,'0081','0200','0001867788',25);
INSERT INTO `B65362949_prelevement_facture_demande` VALUES (21,80,435.6,'2015-04-09 11:00:06',1,'2015-04-09 11:00:24',17,3,2100,3060,2201789294,50);
INSERT INTO `B65362949_prelevement_facture_demande` VALUES (22,81,544.5,'2015-04-09 12:25:15',1,'2015-04-09 12:25:31',18,3,2100,3060,2201789294,50);
INSERT INTO `B65362949_prelevement_facture_demande` VALUES (23,83,181.5,'2015-04-24 15:18:39',1,'2015-04-24 15:23:27',19,3,2100,3060,2201789294,50);
INSERT INTO `B65362949_prelevement_facture_demande` VALUES (24,85,2238.5,'2015-04-24 15:18:58',1,'2015-04-24 15:23:27',19,3,2100,3060,2201789294,50);
INSERT INTO `B65362949_prelevement_facture_demande` VALUES (25,86,440.44,'2015-04-24 15:19:48',1,'2015-04-24 15:23:27',19,3,2100,3060,2201789294,50);
INSERT INTO `B65362949_prelevement_facture_demande` VALUES (26,87,208.73,'2015-04-24 15:20:08',1,'2015-04-24 15:23:27',19,3,2059,'0240','0001028527',54);
INSERT INTO `B65362949_prelevement_facture_demande` VALUES (27,89,446.85,'2015-05-04 11:29:32',1,'2015-05-04 11:30:06',20,3,'0049 ','1878 ',2810320785,95);
INSERT INTO `B65362949_prelevement_facture_demande` VALUES (28,88,555.39,'2015-05-04 11:37:10',1,'2015-05-04 11:37:54',21,3,'0081','0200','0001867788',25);
INSERT INTO `B65362949_prelevement_facture_demande` VALUES (29,103,290.4,'2015-05-12 06:47:45',1,'2015-05-12 06:48:40',22,3,2100,3060,2201789294,50);
INSERT INTO `B65362949_prelevement_facture_demande` VALUES (30,96,977.68,'2015-05-29 17:39:50',1,'2015-05-29 17:44:17',23,3,2100,3060,2201789294,50);
INSERT INTO `B65362949_prelevement_facture_demande` VALUES (31,97,1331,'2015-05-29 17:40:07',1,'2015-05-29 17:44:17',23,3,2100,3060,2201789294,50);
INSERT INTO `B65362949_prelevement_facture_demande` VALUES (32,109,2238.5,'2015-05-29 17:40:22',1,'2015-05-29 17:44:17',23,3,2100,3060,2201789294,50);
INSERT INTO `B65362949_prelevement_facture_demande` VALUES (33,110,440.44,'2015-05-29 17:40:38',1,'2015-05-29 17:44:17',23,3,2100,3060,2201789294,50);
INSERT INTO `B65362949_prelevement_facture_demande` VALUES (34,111,208.73,'2015-05-29 17:42:54',1,'2015-05-29 17:44:17',23,3,2059,'0240','0001028527',54);
INSERT INTO `B65362949_prelevement_facture_demande` VALUES (35,113,446.85,'2015-05-29 17:49:24',1,'2015-05-29 17:49:41',24,3,'0049 ','1878 ',2810320785,95);
INSERT INTO `B65362949_prelevement_facture_demande` VALUES (36,112,555.39,'2015-05-29 17:52:41',1,'2015-05-29 17:53:14',25,3,'0081','0200','0001867788',25);
INSERT INTO `B65362949_prelevement_facture_demande` VALUES (37,120,977.68,'2015-06-30 08:14:45',1,'2015-06-30 08:16:00',26,3,2100,3060,2201789294,50);
INSERT INTO `B65362949_prelevement_facture_demande` VALUES (38,121,1331,'2015-06-30 08:14:59',1,'2015-06-30 08:16:00',26,3,2100,3060,2201789294,50);
INSERT INTO `B65362949_prelevement_facture_demande` VALUES (39,133,2238.5,'2015-06-30 08:15:12',1,'2015-06-30 08:16:00',26,3,2100,3060,2201789294,50);
INSERT INTO `B65362949_prelevement_facture_demande` VALUES (40,134,440.44,'2015-06-30 08:15:22',1,'2015-06-30 08:16:00',26,3,2100,3060,2201789294,50);
INSERT INTO `B65362949_prelevement_facture_demande` VALUES (41,135,208.73,'2015-06-30 08:15:37',1,'2015-06-30 08:16:00',26,3,2059,'0240','0001028527',54);
INSERT INTO `B65362949_prelevement_facture_demande` VALUES (42,146,211.75,'2015-07-01 18:10:19',1,'2015-07-01 18:13:49',27,3,'2038  ','1110  ',6000485551,12);
INSERT INTO `B65362949_prelevement_facture_demande` VALUES (43,136,692.48,'2015-07-01 18:14:39',1,'2015-07-01 18:14:55',28,3,'0049 ','1878 ',2810320785,95);
INSERT INTO `B65362949_prelevement_facture_demande` VALUES (44,142,977.68,'2015-07-24 16:31:13',1,'2015-07-24 16:32:14',29,3,2100,3060,2201789294,50);
INSERT INTO `B65362949_prelevement_facture_demande` VALUES (45,143,1331,'2015-07-24 16:31:35',1,'2015-07-24 16:32:14',29,3,2100,3060,2201789294,50);
INSERT INTO `B65362949_prelevement_facture_demande` VALUES (46,152,2238.5,'2015-07-24 16:33:27',1,'2015-07-24 16:36:18',30,3,2100,3060,2201789294,50);
INSERT INTO `B65362949_prelevement_facture_demande` VALUES (47,153,440.44,'2015-07-24 16:33:43',1,'2015-07-24 16:36:18',30,3,2100,3060,2201789294,50);
INSERT INTO `B65362949_prelevement_facture_demande` VALUES (48,148,378.13,'2015-07-24 16:35:12',1,'2015-07-24 16:36:18',30,3,2059,'0240','0001028527',54);
INSERT INTO `B65362949_prelevement_facture_demande` VALUES (49,149,2531.69,'2015-07-24 16:36:43',1,'2015-07-24 16:37:13',31,3,'0081','0200','0001867788',25);
INSERT INTO `B65362949_prelevement_facture_demande` VALUES (50,154,446.85,'2015-07-24 16:37:53',1,'2015-07-24 16:38:12',32,3,'0049 ','1878 ',2810320785,95);
INSERT INTO `B65362949_prelevement_facture_demande` VALUES (51,124,833.69,'2015-07-27 12:12:21',1,'2015-07-27 12:12:48',33,3,'0081','0200','0001867788',25);
INSERT INTO `B65362949_prelevement_facture_demande` VALUES (52,164,1001.88,'2015-08-07 14:30:06',1,'2015-08-07 14:34:34',34,3,2100,3060,2201789294,50);
INSERT INTO `B65362949_prelevement_facture_demande` VALUES (53,165,1234.2,'2015-08-07 14:30:16',1,'2015-08-07 14:34:34',34,3,2100,3060,2201789294,50);
INSERT INTO `B65362949_prelevement_facture_demande` VALUES (54,148,378.13,'2015-08-27 15:22:25',1,'2015-08-27 15:43:31',35,3,2059,'0240','0001028527',54);
INSERT INTO `B65362949_prelevement_facture_demande` VALUES (55,159,735.68,'2015-08-27 15:23:05',1,'2015-08-27 15:43:31',35,3,2100,3060,2201789294,50);
INSERT INTO `B65362949_prelevement_facture_demande` VALUES (56,174,2238.5,'2015-08-27 15:23:19',1,'2015-08-27 15:43:31',35,3,2100,3060,2201789294,50);
INSERT INTO `B65362949_prelevement_facture_demande` VALUES (57,175,440.44,'2015-08-27 15:25:52',1,'2015-08-27 15:43:31',35,3,2100,3060,2201789294,50);
INSERT INTO `B65362949_prelevement_facture_demande` VALUES (58,176,208.73,'2015-08-27 15:40:37',1,'2015-08-27 15:43:31',35,3,2059,'0240','0001028527',54);
INSERT INTO `B65362949_prelevement_facture_demande` VALUES (59,177,446.85,'2015-08-27 15:44:28',1,'2015-08-27 15:53:40',36,3,'0049 ','1878 ',2810320785,95);
INSERT INTO `B65362949_prelevement_facture_demande` VALUES (60,188,653.4,'2015-09-02 18:21:01',1,'2015-09-02 18:21:10',37,3,2100,3060,2201789294,50);
INSERT INTO `B65362949_prelevement_facture_demande` VALUES (61,189,528.77,'2015-09-15 10:28:04',1,'2015-09-15 10:28:25',38,3,'0081','0200','0001867788',25);
INSERT INTO `B65362949_prelevement_facture_demande` VALUES (62,183,1074.48,'2015-09-29 11:25:00',1,'2015-09-29 11:39:19',39,3,2100,3060,2201789294,50);
INSERT INTO `B65362949_prelevement_facture_demande` VALUES (63,184,1331,'2015-09-29 11:25:34',1,'2015-09-29 11:39:19',39,3,2100,3060,2201789294,50);
INSERT INTO `B65362949_prelevement_facture_demande` VALUES (64,197,440.44,'2015-09-29 11:25:49',1,'2015-09-29 11:39:19',39,3,2100,3060,2201789294,50);
INSERT INTO `B65362949_prelevement_facture_demande` VALUES (65,198,208.73,'2015-09-29 11:26:44',1,'2015-09-29 11:39:19',39,3,2059,'0240','0001028527',54);
INSERT INTO `B65362949_prelevement_facture_demande` VALUES (66,191,650.74,'2015-09-29 12:04:53',1,'2015-09-29 19:07:28',40,3,'0049 ','1878 ',2810320785,95);
INSERT INTO `B65362949_prelevement_facture_demande` VALUES (68,196,3473.68,'2015-09-29 19:05:20',1,'2015-09-29 19:07:28',40,3,2100,3060,2201789294,50);
INSERT INTO `B65362949_prelevement_facture_demande` VALUES (69,190,278.3,'2015-10-09 10:48:27',1,'2015-10-09 10:48:56',41,3,'0081','0200','0001867788',25);
INSERT INTO `B65362949_prelevement_facture_demande` VALUES (70,212,1179.75,'2015-10-13 17:03:17',1,'2015-10-13 17:03:32',42,3,2100,3060,2201789294,50);
INSERT INTO `B65362949_prelevement_facture_demande` VALUES (71,213,1179.75,'2015-10-22 11:33:23',1,'2015-10-27 17:43:44',43,3,2100,3060,2201789294,50);
INSERT INTO `B65362949_prelevement_facture_demande` VALUES (72,208,1331,'2015-10-26 17:49:10',1,'2015-10-27 17:43:44',43,3,2100,3060,2201789294,50);
INSERT INTO `B65362949_prelevement_facture_demande` VALUES (73,209,977.68,'2015-10-26 17:49:41',1,'2015-10-27 17:43:44',43,3,2100,3060,2201789294,50);
INSERT INTO `B65362949_prelevement_facture_demande` VALUES (75,216,440.44,'2015-10-27 17:49:27',1,'2015-10-28 13:03:31',44,3,2100,3060,2201789294,50);
INSERT INTO `B65362949_prelevement_facture_demande` VALUES (76,215,6497.7,'2015-10-28 13:07:04',1,'2015-10-28 13:07:14',45,3,2100,3060,2201789294,50);
INSERT INTO `B65362949_prelevement_facture_demande` VALUES (77,221,208.73,'2015-10-30 11:27:02',1,'2015-10-30 11:28:41',46,3,2059,'0240','0001028527',54);
INSERT INTO `B65362949_prelevement_facture_demande` VALUES (78,220,446.85,'2015-10-30 11:27:19',1,'2015-10-30 11:28:41',46,3,'0049 ','1878 ',2810320785,95);
INSERT INTO `B65362949_prelevement_facture_demande` VALUES (79,219,578.8,'2015-11-13 10:38:22',1,'2015-11-13 18:49:52',47,3,'0081','0200','0001867788',25);
INSERT INTO `B65362949_prelevement_facture_demande` VALUES (80,237,211.75,'2015-11-18 11:55:45',1,'2015-11-18 11:56:07',48,3,'0182',4890,'0201531223','07');
INSERT INTO `B65362949_prelevement_facture_demande` VALUES (81,241,440.44,'2015-12-01 15:21:57',1,'2015-12-01 15:37:58',49,3,2100,3060,2201789294,50);
INSERT INTO `B65362949_prelevement_facture_demande` VALUES (82,240,4259.2,'2015-12-01 15:22:24',1,'2015-12-01 15:37:58',49,3,2100,3060,2201789294,50);
INSERT INTO `B65362949_prelevement_facture_demande` VALUES (83,218,1927.53,'2015-12-01 15:22:42',1,'2015-12-01 15:37:58',49,3,2100,3060,2201789294,50);
INSERT INTO `B65362949_prelevement_facture_demande` VALUES (84,217,1331,'2015-12-01 15:22:59',1,'2015-12-01 15:37:58',49,3,2100,3060,2201789294,50);
INSERT INTO `B65362949_prelevement_facture_demande` VALUES (85,246,208.73,'2015-12-01 15:23:42',1,'2015-12-01 15:37:58',49,3,2059,'0240','0001028527',54);
INSERT INTO `B65362949_prelevement_facture_demande` VALUES (86,244,446.85,'2015-12-01 15:24:13',1,'2015-12-01 15:37:58',49,3,'0049 ','1878 ',2810320785,95);
INSERT INTO `B65362949_prelevement_facture_demande` VALUES (87,231,1074.48,'2015-12-29 17:45:15',1,'2015-12-29 17:45:52',50,3,2100,3060,2201789294,50);
INSERT INTO `B65362949_prelevement_facture_demande` VALUES (88,230,1331,'2015-12-29 17:45:27',1,'2015-12-29 17:45:52',50,3,2100,3060,2201789294,50);
INSERT INTO `B65362949_prelevement_facture_demande` VALUES (89,257,1851.3,'2015-12-30 17:45:11',1,'2015-12-30 17:46:14',51,3,2100,3060,2201789294,50);
INSERT INTO `B65362949_prelevement_facture_demande` VALUES (90,258,1502.82,'2015-12-30 17:45:22',1,'2015-12-30 17:46:14',51,3,2100,3060,2201789294,50);
INSERT INTO `B65362949_prelevement_facture_demande` VALUES (91,253,859.1,'2015-12-30 17:45:32',1,'2015-12-30 17:46:14',51,3,2100,3060,2201789294,50);
INSERT INTO `B65362949_prelevement_facture_demande` VALUES (92,243,55.66,'2016-01-05 12:08:23',1,'2016-01-05 13:00:04',52,3,'0081','0200','0001867788',25);
INSERT INTO `B65362949_prelevement_facture_demande` VALUES (93,259,208.73,'2016-01-05 12:53:46',1,'2016-01-05 13:00:04',52,3,2059,'0240','0001028527',54);
INSERT INTO `B65362949_prelevement_facture_demande` VALUES (94,264,245.63,'2016-01-05 13:19:29',1,'2016-01-05 13:20:32',53,3,'0081','0200','0001867788',25);
INSERT INTO `B65362949_prelevement_facture_demande` VALUES (95,277,4259.2,'2016-01-26 15:45:39',1,'2016-01-26 15:45:52',54,3,2100,3060,2201789294,50);
INSERT INTO `B65362949_prelevement_facture_demande` VALUES (96,260,1331,'2016-01-27 14:11:41',1,'2016-01-27 14:15:34',55,3,2100,3060,2201789294,50);
INSERT INTO `B65362949_prelevement_facture_demande` VALUES (97,261,1074.48,'2016-01-27 14:13:07',1,'2016-01-27 14:15:34',55,3,2100,3060,2201789294,50);
INSERT INTO `B65362949_prelevement_facture_demande` VALUES (100,279,211.75,'2016-01-27 15:07:14',1,'2016-01-27 15:07:30',61,3,'','','','');
INSERT INTO `B65362949_prelevement_facture_demande` VALUES (102,278,5273.3,'2016-02-01 15:57:43',1,'2016-02-01 15:59:23',62,3,2100,3060,2201789294,50);
INSERT INTO `B65362949_prelevement_facture_demande` VALUES (103,282,208.73,'2016-02-01 15:58:05',1,'2016-02-01 15:59:23',62,3,2059,'0240','0001028527',54);
INSERT INTO `B65362949_prelevement_facture_demande` VALUES (104,290,880.88,'2016-02-01 15:58:37',1,'2016-02-01 15:59:23',62,3,2100,3060,2201789294,50);
INSERT INTO `B65362949_prelevement_facture_demande` VALUES (105,292,135.52,'2016-02-01 15:59:01',1,'2016-02-01 15:59:23',62,3,2100,3060,2201789294,50);
INSERT INTO `B65362949_prelevement_facture_demande` VALUES (106,341,440.44,'2016-03-08 17:12:54',1,'2016-03-08 18:08:25',66,3,2100,3060,2201789294,50);
INSERT INTO `B65362949_prelevement_facture_demande` VALUES (107,337,8518.4,'2016-03-08 17:14:01',1,'2016-03-08 18:08:25',66,3,2100,3060,2201789294,50);
INSERT INTO `B65362949_prelevement_facture_demande` VALUES (108,335,145.2,'2016-03-08 17:14:23',1,'2016-03-08 18:08:25',66,3,2100,3060,2201789294,50);
INSERT INTO `B65362949_prelevement_facture_demande` VALUES (109,284,1074.48,'2016-03-08 17:14:51',1,'2016-03-08 18:08:25',66,3,2100,3060,2201789294,50);
INSERT INTO `B65362949_prelevement_facture_demande` VALUES (110,274,145.2,'2016-03-08 17:15:39',1,'2016-03-08 18:08:25',66,3,2100,3060,2201789294,50);
INSERT INTO `B65362949_prelevement_facture_demande` VALUES (111,283,1331,'2016-03-08 17:16:08',1,'2016-03-08 18:08:25',66,3,2100,3060,2201789294,50);
INSERT INTO `B65362949_prelevement_facture_demande` VALUES (112,336,208.73,'2016-03-08 17:18:25',1,'2016-03-08 18:08:25',66,3,2059,'0240','0001028527',54);
INSERT INTO `B65362949_prelevement_facture_demande` VALUES (115,354,211.75,'2016-03-08 18:09:05',1,'2016-03-08 18:09:23',67,3,'','','','');
INSERT INTO `B65362949_prelevement_facture_demande` VALUES (116,338,1331,'2016-04-06 16:42:43',1,'2016-04-08 00:16:52',68,3,2100,3060,2201789294,50);
INSERT INTO `B65362949_prelevement_facture_demande` VALUES (117,362,726,'2016-04-06 16:43:07',1,'2016-04-08 00:16:52',68,3,2100,3060,2201789294,50);
INSERT INTO `B65362949_prelevement_facture_demande` VALUES (118,376,440.44,'2016-04-06 16:50:21',1,'2016-04-08 00:16:52',68,3,2100,3060,2201789294,50);
INSERT INTO `B65362949_prelevement_facture_demande` VALUES (119,373,8518.4,'2016-04-06 16:50:36',1,'2016-04-08 00:16:52',68,3,2100,3060,2201789294,50);
INSERT INTO `B65362949_prelevement_facture_demande` VALUES (120,340,1190.64,'2016-04-06 16:51:07',1,'2016-04-08 00:16:52',68,3,2100,3060,2201789294,50);
INSERT INTO `B65362949_prelevement_facture_demande` VALUES (121,363,208.73,'2016-04-06 17:30:38',1,'2016-04-08 00:16:52',68,3,2059,'0240','0001028527',54);
INSERT INTO `B65362949_prelevement_facture_demande` VALUES (122,389,208.73,'2016-05-02 12:49:12',1,'2016-05-02 12:51:39',69,3,2059,'0240','0001028527',54);
INSERT INTO `B65362949_prelevement_facture_demande` VALUES (123,388,440.44,'2016-05-02 12:49:28',1,'2016-05-02 12:51:39',69,3,2100,3060,2201789294,50);
INSERT INTO `B65362949_prelevement_facture_demande` VALUES (124,387,5664.74,'2016-05-02 12:49:42',1,'2016-05-02 12:51:39',69,3,2100,3060,2201789294,50);
INSERT INTO `B65362949_prelevement_facture_demande` VALUES (125,400,211.75,'2016-05-12 11:10:59',1,'2016-05-13 19:11:15',70,3,'0081','0066  ','0001377640',61);
INSERT INTO `B65362949_prelevement_facture_demande` VALUES (126,403,211.75,'2016-05-12 16:35:07',1,'2016-05-13 19:11:15',70,3,'2038  ','1110  ',6000485551,12);
INSERT INTO `B65362949_prelevement_facture_demande` VALUES (127,414,7198.05,'2016-05-31 21:21:41',1,'2016-05-31 21:22:30',71,3,2100,3060,2201789294,50);
INSERT INTO `B65362949_prelevement_facture_demande` VALUES (128,415,440.44,'2016-05-31 21:22:05',1,'2016-05-31 21:22:30',71,3,2100,3060,2201789294,50);
INSERT INTO `B65362949_prelevement_facture_demande` VALUES (129,389,208.73,'2016-06-21 13:20:58',1,'2016-06-21 13:21:29',72,3,2059,'0240','0001028527',54);
INSERT INTO `B65362949_prelevement_facture_demande` VALUES (130,416,208.73,'2016-06-21 13:21:10',1,'2016-06-21 13:21:29',72,3,2059,'0240','0001028527',54);
INSERT INTO `B65362949_prelevement_facture_demande` VALUES (131,430,378.13,'2016-06-29 14:45:40',1,'2016-06-30 09:57:13',73,3,2059,'0240','0001028527',54);
INSERT INTO `B65362949_prelevement_facture_demande` VALUES (132,429,6686.95,'2016-06-29 14:46:00',1,'2016-06-30 09:57:13',73,3,2100,3060,2201789294,50);
INSERT INTO `B65362949_prelevement_facture_demande` VALUES (133,428,440.44,'2016-06-29 14:46:15',1,'2016-06-30 09:57:13',73,3,2100,3060,2201789294,50);
INSERT INTO `B65362949_prelevement_facture_demande` VALUES (134,439,440.44,'2016-08-03 17:05:07',1,'2016-08-03 17:43:46',74,3,2100,3060,2201789294,50);
INSERT INTO `B65362949_prelevement_facture_demande` VALUES (135,440,5792.51,'2016-08-03 17:05:30',1,'2016-08-03 17:43:46',74,3,2100,3060,2201789294,50);
INSERT INTO `B65362949_prelevement_facture_demande` VALUES (136,444,208.73,'2016-08-03 17:05:44',1,'2016-08-03 17:43:46',74,3,2059,'0240','0001028527',54);
INSERT INTO `B65362949_prelevement_facture_demande` VALUES (137,463,440.44,'2016-08-29 17:16:41',1,'2016-08-29 17:24:06',75,3,2100,3060,2201789294,50);
INSERT INTO `B65362949_prelevement_facture_demande` VALUES (138,464,7198.05,'2016-08-29 17:17:01',1,'2016-08-29 17:24:06',75,3,2100,3060,2201789294,50);
INSERT INTO `B65362949_prelevement_facture_demande` VALUES (139,465,208.73,'2016-08-29 17:17:20',1,'2016-08-29 17:24:06',75,3,2059,'0240','0001028527',54);
INSERT INTO `B65362949_prelevement_facture_demande` VALUES (140,473,575.96,'2016-08-30 16:17:44',1,'2016-09-12 19:19:26',76,3,2100,3060,2201789294,50);
INSERT INTO `B65362949_prelevement_facture_demande` VALUES (141,476,440.44,'2016-09-28 18:48:30',1,'2016-09-28 18:49:10',77,3,2100,3060,2201789294,50);
INSERT INTO `B65362949_prelevement_facture_demande` VALUES (142,477,7198.05,'2016-09-28 18:48:39',1,'2016-09-28 18:49:10',77,3,2100,3060,2201789294,50);
INSERT INTO `B65362949_prelevement_facture_demande` VALUES (143,478,208.73,'2016-09-28 18:48:54',1,'2016-09-28 18:49:10',77,3,2059,'0240','0001028527',54);
INSERT INTO `B65362949_prelevement_facture_demande` VALUES (145,491,7198.05,'2016-11-01 16:55:32',1,'2016-11-01 16:56:41',78,3,2100,3060,2201789294,50);
INSERT INTO `B65362949_prelevement_facture_demande` VALUES (146,490,440.44,'2016-11-01 16:55:53',1,'2016-11-01 16:56:41',78,3,2100,3060,2201789294,50);
INSERT INTO `B65362949_prelevement_facture_demande` VALUES (147,478,208.73,'2016-11-22 13:30:21',1,'2016-11-22 13:30:57',79,3,2059,'0240','0001028527',54);
INSERT INTO `B65362949_prelevement_facture_demande` VALUES (148,492,208.73,'2016-11-22 13:30:36',1,'2016-11-22 13:30:57',79,3,2059,'0240','0001028527',54);
INSERT INTO `B65362949_prelevement_facture_demande` VALUES (149,509,211.75,'2016-11-25 21:14:45',1,'2016-11-25 21:16:50',80,3,'0182',4890,'0201531223','07');
INSERT INTO `B65362949_prelevement_facture_demande` VALUES (151,511,440.44,'2016-11-28 18:30:39',1,'2016-11-29 13:29:54',81,3,2100,3060,2201789294,50);
INSERT INTO `B65362949_prelevement_facture_demande` VALUES (152,512,7198.05,'2016-11-28 18:30:54',1,'2016-11-29 13:29:54',81,3,2100,3060,2201789294,50);
INSERT INTO `B65362949_prelevement_facture_demande` VALUES (153,513,208.73,'2016-11-28 18:32:59',1,'2016-11-29 13:29:54',81,3,2059,'0240','0001028527',54);
INSERT INTO `B65362949_prelevement_facture_demande` VALUES (154,513,208.73,'2016-12-15 11:39:56',1,'2016-12-15 11:40:13',82,3,2059,'0240','0001028527',54);
INSERT INTO `B65362949_prelevement_facture_demande` VALUES (155,525,440.44,'2016-12-28 13:32:25',1,'2016-12-28 13:32:59',83,3,2100,3060,2201789294,50);
INSERT INTO `B65362949_prelevement_facture_demande` VALUES (156,526,7198.05,'2016-12-28 13:32:36',1,'2016-12-28 13:32:59',83,3,2100,3060,2201789294,50);
INSERT INTO `B65362949_prelevement_facture_demande` VALUES (157,527,208.73,'2016-12-28 13:33:37',1,'2016-12-28 13:34:02',84,3,2059,'0240','0001028527',54);
INSERT INTO `B65362949_prelevement_facture_demande` VALUES (158,539,440.44,'2017-01-30 19:30:38',1,'2017-01-30 19:51:00',85,3,2100,3060,2201789294,50);
INSERT INTO `B65362949_prelevement_facture_demande` VALUES (159,540,6500.36,'2017-01-30 19:30:52',1,'2017-01-30 19:51:00',85,3,2100,3060,2201789294,50);
INSERT INTO `B65362949_prelevement_facture_demande` VALUES (160,541,208.73,'2017-02-03 09:41:44',1,'2017-02-07 10:41:58',86,3,2059,'0240','0001028527',54);
INSERT INTO `B65362949_prelevement_facture_demande` VALUES (164,552,211.75,'2017-02-07 12:11:08',1,'2017-02-07 12:12:10',90,3,'0072','0573','0000100742','');
INSERT INTO `B65362949_prelevement_facture_demande` VALUES (166,553,101.64,'2017-02-24 13:59:15',1,'2017-02-24 13:59:42',92,3,'','','','');
INSERT INTO `B65362949_prelevement_facture_demande` VALUES (167,556,440.44,'2017-02-27 15:28:49',1,'2017-02-27 15:30:25',93,3,2100,3060,2201789294,50);
INSERT INTO `B65362949_prelevement_facture_demande` VALUES (168,557,7098.67,'2017-02-27 15:29:06',1,'2017-02-27 15:30:25',93,3,2100,3060,2201789294,50);
INSERT INTO `B65362949_prelevement_facture_demande` VALUES (169,555,1270.5,'2017-02-28 15:04:50',1,'2017-02-28 15:05:11',94,3,'0081','0066  ','0001377640',61);
INSERT INTO `B65362949_prelevement_facture_demande` VALUES (170,558,208.73,'2017-03-02 11:30:08',1,'2017-03-02 11:30:39',95,3,2059,'0240','0001028527',54);
INSERT INTO `B65362949_prelevement_facture_demande` VALUES (171,570,211.75,'2017-03-06 17:33:40',1,'2017-03-06 17:33:57',96,3,2100,'0719','0200024790',17);
INSERT INTO `B65362949_prelevement_facture_demande` VALUES (172,573,9015.36,'2017-03-29 15:36:56',1,'2017-03-29 15:37:53',97,3,2100,3060,2201789294,50);
INSERT INTO `B65362949_prelevement_facture_demande` VALUES (173,574,440.44,'2017-03-29 15:37:15',1,'2017-03-29 15:37:53',97,3,2100,3060,2201789294,50);
INSERT INTO `B65362949_prelevement_facture_demande` VALUES (174,578,208.73,'2017-04-03 20:32:34',1,'2017-04-03 20:32:56',98,3,2059,'0240','0001028527',54);
INSERT INTO `B65362949_prelevement_facture_demande` VALUES (175,589,101.64,'2017-04-25 13:57:03',1,'2017-04-27 12:04:49',99,3,'0182 ','0234','0201602840',64);
INSERT INTO `B65362949_prelevement_facture_demande` VALUES (176,591,440.44,'2017-04-27 12:05:13',1,'2017-04-27 12:05:38',100,3,2100,3060,2201789294,50);
INSERT INTO `B65362949_prelevement_facture_demande` VALUES (177,592,8537.76,'2017-04-27 12:05:24',1,'2017-04-27 12:05:38',100,3,2100,3060,2201789294,50);
INSERT INTO `B65362949_prelevement_facture_demande` VALUES (178,594,208.73,'2017-04-27 12:06:01',1,'2017-04-27 12:06:10',101,3,2059,'0240','0001028527',54);
INSERT INTO `B65362949_prelevement_facture_demande` VALUES (179,611,208.73,'2017-06-14 16:07:38',1,'2017-06-14 16:07:58',102,3,2059,'0240','0001028527',54);
INSERT INTO `B65362949_prelevement_facture_demande` VALUES (180,622,873.62,'2017-06-19 17:19:19',1,'2017-06-19 17:19:37',103,3,'0182 ','0234','0201602840',64);
INSERT INTO `B65362949_prelevement_facture_demande` VALUES (181,623,786.5,'2017-06-21 11:42:58',1,'2017-06-21 11:43:17',104,3,'0049',1925,2110074794,26);
INSERT INTO `B65362949_prelevement_facture_demande` VALUES (182,625,17.96,'2017-06-28 16:13:05',1,'2017-06-28 18:07:28',105,3,'0049',1925,2110074794,26);
INSERT INTO `B65362949_prelevement_facture_demande` VALUES (183,626,208.73,'2017-07-03 13:24:05',1,'2017-07-03 13:24:22',106,3,2059,'0240','0001028527',54);
INSERT INTO `B65362949_prelevement_facture_demande` VALUES (184,637,378.13,'2017-08-02 10:22:54',1,'2017-08-02 10:23:07',107,3,2059,'0240','0001028527',54);
INSERT INTO `B65362949_prelevement_facture_demande` VALUES (185,646,208.73,'2017-08-31 13:33:58',1,'2017-08-31 15:23:50',108,3,2059,'0240','0001028527',54);
INSERT INTO `B65362949_prelevement_facture_demande` VALUES (186,654,128.26,'2017-09-14 13:33:16',1,'2017-09-15 14:58:31',109,3,'0182 ','0234','0201602840',64);
INSERT INTO `B65362949_prelevement_facture_demande` VALUES (189,662,229.9,'2017-10-02 19:08:22',1,'2017-10-02 19:08:36',111,3,'0182 ','0234','0201602840',64);
INSERT INTO `B65362949_prelevement_facture_demande` VALUES (194,669,208.73,'2017-11-13 17:03:41',1,'2017-11-13 17:03:58',121,3,2059,'0240','0001028527',54);
INSERT INTO `B65362949_prelevement_facture_demande` VALUES (195,691,130.38,'2017-11-30 23:18:27',1,'2017-11-30 23:20:06',122,3,'0081','0060','0001559665',91);
INSERT INTO `B65362949_prelevement_facture_demande` VALUES (196,692,208.73,'2017-12-01 18:42:20',1,'2017-12-04 10:24:32',123,3,2059,'0240','0001028527',54);
INSERT INTO `B65362949_prelevement_facture_demande` VALUES (197,703,130.38,'2018-01-02 13:08:34',1,'2018-01-02 14:22:04',124,3,'0081','0060','0001559665',91);
INSERT INTO `B65362949_prelevement_facture_demande` VALUES (198,704,208.73,'2018-01-02 13:08:49',1,'2018-01-02 14:22:04',124,3,2059,'0240','0001028527',54);
INSERT INTO `B65362949_prelevement_facture_demande` VALUES (199,680,211.75,'2018-01-10 10:56:23',1,'2018-01-10 10:57:06',125,3,'0182',4890,'0201531223','07');
INSERT INTO `B65362949_prelevement_facture_demande` VALUES (201,722,211.75,'2018-01-30 11:37:34',1,'2018-01-30 11:37:49',127,3,'0072','0573','0000100742',31);
INSERT INTO `B65362949_prelevement_facture_demande` VALUES (204,731,132.98,'2018-03-01 14:13:15',1,'2018-03-01 14:17:26',131,3,'0081','0060','0001559665',91);
INSERT INTO `B65362949_prelevement_facture_demande` VALUES (206,736,215.99,'2018-03-05 18:58:11',1,'2018-03-05 19:00:34',132,3,2100,'0719','0200024790',17);
INSERT INTO `B65362949_prelevement_facture_demande` VALUES (207,732,212.9,'2018-03-07 13:14:58',1,'2018-03-07 13:15:09',133,3,2059,'0240','0001028527',54);




--
-- Table structure for table `B65362949_prelevement_lignes`
--
CREATE TABLE `B65362949_prelevement_lignes` (
  `rowid` int(11) NOT NULL AUTO_INCREMENT,
  `fk_prelevement_bons` int(11) DEFAULT NULL,
  `fk_soc` int(11) NOT NULL,
  `statut` smallint(6) DEFAULT '0',
  `client_nom` varchar(255) DEFAULT NULL,
  `amount` double DEFAULT '0',
  `code_banque` varchar(7) DEFAULT NULL,
  `code_guichet` varchar(6) DEFAULT NULL,
  `number` varchar(255) DEFAULT NULL,
  `cle_rib` varchar(5) DEFAULT NULL,
  `note` text,
  PRIMARY KEY (`rowid`),
  KEY `idx_prelevement_lignes_fk_prelevement_bons` (`fk_prelevement_bons`),
  CONSTRAINT `fk_prelevement_lignes_fk_prelevement_bons` FOREIGN KEY (`fk_prelevement_bons`) REFERENCES `B65362949_prelevement_bons` (`rowid`)
) ENGINE=InnoDB AUTO_INCREMENT=247 DEFAULT CHARSET=utf8;

--
-- Dumping data for table `B65362949_prelevement_lignes`
--
INSERT INTO `B65362949_prelevement_lignes` VALUES (7,7,2,2,'CSI Partner Spain, S.L.U.',555.39,'0081','0200','0001867788',25,NULL);
INSERT INTO `B65362949_prelevement_lignes` VALUES (33,12,3,2,'María Barcelona, S.L.',968,2100,3060,2201789294,50,NULL);
INSERT INTO `B65362949_prelevement_lignes` VALUES (34,12,3,2,'María Barcelona, S.L.',1331,2100,3060,2201789294,50,NULL);
INSERT INTO `B65362949_prelevement_lignes` VALUES (35,12,3,2,'María Barcelona, S.L.',464.64,2100,3060,2201789294,50,NULL);
INSERT INTO `B65362949_prelevement_lignes` VALUES (36,12,3,2,'María Barcelona, S.L.',2238.5,2100,3060,2201789294,50,NULL);
INSERT INTO `B65362949_prelevement_lignes` VALUES (37,12,3,2,'María Barcelona, S.L.',440.44,2100,3060,2201789294,50,NULL);
INSERT INTO `B65362949_prelevement_lignes` VALUES (38,12,1,2,'Isabel Rodríguez Fernández',208.73,2059,'0240','0001028527',54,NULL);
INSERT INTO `B65362949_prelevement_lignes` VALUES (39,13,4,2,'Outservico Informática, S.L.',446.85,'0049 ','1878 ',2810320785,95,NULL);
INSERT INTO `B65362949_prelevement_lignes` VALUES (40,14,3,2,'María Barcelona, S.L.',977.68,2100,3060,2201789294,50,NULL);
INSERT INTO `B65362949_prelevement_lignes` VALUES (41,14,3,2,'María Barcelona, S.L.',1331,2100,3060,2201789294,50,NULL);
INSERT INTO `B65362949_prelevement_lignes` VALUES (42,15,35,2,'Egregia Activos, SL',211.75,'0081','0066  ','0001377640',61,NULL);
INSERT INTO `B65362949_prelevement_lignes` VALUES (43,16,2,2,'CSI Partner Spain, S.L.U.',833.69,'0081','0200','0001867788',25,NULL);
INSERT INTO `B65362949_prelevement_lignes` VALUES (44,17,3,2,'María Barcelona, S.L.',435.6,2100,3060,2201789294,50,NULL);
INSERT INTO `B65362949_prelevement_lignes` VALUES (45,18,3,2,'María Barcelona, S.L.',544.5,2100,3060,2201789294,50,NULL);
INSERT INTO `B65362949_prelevement_lignes` VALUES (46,19,3,2,'María Barcelona, S.L.',181.5,2100,3060,2201789294,50,NULL);
INSERT INTO `B65362949_prelevement_lignes` VALUES (47,19,3,2,'María Barcelona, S.L.',2238.5,2100,3060,2201789294,50,NULL);
INSERT INTO `B65362949_prelevement_lignes` VALUES (48,19,3,2,'María Barcelona, S.L.',440.44,2100,3060,2201789294,50,NULL);
INSERT INTO `B65362949_prelevement_lignes` VALUES (49,19,1,2,'Isabel Rodríguez Fernández',208.73,2059,'0240','0001028527',54,NULL);
INSERT INTO `B65362949_prelevement_lignes` VALUES (50,20,4,2,'Outservico Informática, S.L.',446.85,'0049 ','1878 ',2810320785,95,NULL);
INSERT INTO `B65362949_prelevement_lignes` VALUES (51,21,2,2,'CSI Partner Spain, S.L.U.',555.39,'0081','0200','0001867788',25,NULL);
INSERT INTO `B65362949_prelevement_lignes` VALUES (52,22,3,2,'María Barcelona, S.L.',290.4,2100,3060,2201789294,50,NULL);
INSERT INTO `B65362949_prelevement_lignes` VALUES (53,23,3,2,'María Barcelona, S.L.',977.68,2100,3060,2201789294,50,NULL);
INSERT INTO `B65362949_prelevement_lignes` VALUES (54,23,3,2,'María Barcelona, S.L.',1331,2100,3060,2201789294,50,NULL);
INSERT INTO `B65362949_prelevement_lignes` VALUES (55,23,3,2,'María Barcelona, S.L.',2238.5,2100,3060,2201789294,50,NULL);
INSERT INTO `B65362949_prelevement_lignes` VALUES (56,23,3,2,'María Barcelona, S.L.',440.44,2100,3060,2201789294,50,NULL);
INSERT INTO `B65362949_prelevement_lignes` VALUES (57,23,1,2,'Isabel Rodríguez Fernández',208.73,2059,'0240','0001028527',54,NULL);
INSERT INTO `B65362949_prelevement_lignes` VALUES (58,24,4,2,'Outservico Informática, S.L.',446.85,'0049 ','1878 ',2810320785,95,NULL);
INSERT INTO `B65362949_prelevement_lignes` VALUES (59,25,2,2,'CSI Partner Spain, S.L.U.',555.39,'0081','0200','0001867788',25,NULL);
INSERT INTO `B65362949_prelevement_lignes` VALUES (60,26,3,2,'María Barcelona, S.L.',977.68,2100,3060,2201789294,50,NULL);
INSERT INTO `B65362949_prelevement_lignes` VALUES (61,26,3,2,'María Barcelona, S.L.',1331,2100,3060,2201789294,50,NULL);
INSERT INTO `B65362949_prelevement_lignes` VALUES (62,26,3,2,'María Barcelona, S.L.',2238.5,2100,3060,2201789294,50,NULL);
INSERT INTO `B65362949_prelevement_lignes` VALUES (63,26,3,2,'María Barcelona, S.L.',440.44,2100,3060,2201789294,50,NULL);
INSERT INTO `B65362949_prelevement_lignes` VALUES (64,26,1,2,'Isabel Rodríguez Fernández',208.73,2059,'0240','0001028527',54,NULL);
INSERT INTO `B65362949_prelevement_lignes` VALUES (65,27,56,2,'Dental Mayca S.L.',211.75,'2038  ','1110  ',6000485551,12,NULL);
INSERT INTO `B65362949_prelevement_lignes` VALUES (66,28,4,2,'Outservico Informática, S.L.',692.48,'0049 ','1878 ',2810320785,95,NULL);
INSERT INTO `B65362949_prelevement_lignes` VALUES (67,29,3,2,'María Barcelona, S.L.',977.68,2100,3060,2201789294,50,NULL);
INSERT INTO `B65362949_prelevement_lignes` VALUES (68,29,3,2,'María Barcelona, S.L.',1331,2100,3060,2201789294,50,NULL);
INSERT INTO `B65362949_prelevement_lignes` VALUES (69,30,3,2,'María Barcelona, S.L.',2238.5,2100,3060,2201789294,50,NULL);
INSERT INTO `B65362949_prelevement_lignes` VALUES (70,30,3,2,'María Barcelona, S.L.',440.44,2100,3060,2201789294,50,NULL);
INSERT INTO `B65362949_prelevement_lignes` VALUES (71,30,1,3,'Isabel Rodríguez Fernández',378.13,2059,'0240','0001028527',54,NULL);
INSERT INTO `B65362949_prelevement_lignes` VALUES (72,31,2,2,'CSI Partner Spain, S.L.U.',2531.69,'0081','0200','0001867788',25,NULL);
INSERT INTO `B65362949_prelevement_lignes` VALUES (73,32,4,2,'Outservico Informática, S.L.',446.85,'0049 ','1878 ',2810320785,95,NULL);
INSERT INTO `B65362949_prelevement_lignes` VALUES (74,33,2,2,'CSI Partner Spain, S.L.U.',833.69,'0081','0200','0001867788',25,NULL);
INSERT INTO `B65362949_prelevement_lignes` VALUES (75,34,3,2,'María Barcelona, S.L.',1001.88,2100,3060,2201789294,50,NULL);
INSERT INTO `B65362949_prelevement_lignes` VALUES (76,34,3,2,'María Barcelona, S.L.',1234.2,2100,3060,2201789294,50,NULL);
INSERT INTO `B65362949_prelevement_lignes` VALUES (77,35,1,2,'Isabel Rodríguez Fernández',378.13,2059,'0240','0001028527',54,NULL);
INSERT INTO `B65362949_prelevement_lignes` VALUES (78,35,3,2,'María Barcelona, S.L.',735.68,2100,3060,2201789294,50,NULL);
INSERT INTO `B65362949_prelevement_lignes` VALUES (79,35,3,2,'María Barcelona, S.L.',2238.5,2100,3060,2201789294,50,NULL);
INSERT INTO `B65362949_prelevement_lignes` VALUES (80,35,3,2,'María Barcelona, S.L.',440.44,2100,3060,2201789294,50,NULL);
INSERT INTO `B65362949_prelevement_lignes` VALUES (81,35,1,2,'Isabel Rodríguez Fernández',208.73,2059,'0240','0001028527',54,NULL);
INSERT INTO `B65362949_prelevement_lignes` VALUES (82,36,4,2,'Outservico Informática, S.L.',446.85,'0049 ','1878 ',2810320785,95,NULL);
INSERT INTO `B65362949_prelevement_lignes` VALUES (83,37,3,2,'María Barcelona, S.L.',653.4,2100,3060,2201789294,50,NULL);
INSERT INTO `B65362949_prelevement_lignes` VALUES (84,38,2,2,'CSI Partner Spain, S.L.U.',528.77,'0081','0200','0001867788',25,NULL);
INSERT INTO `B65362949_prelevement_lignes` VALUES (85,39,3,2,'María Barcelona, S.L.',1074.48,2100,3060,2201789294,50,NULL);
INSERT INTO `B65362949_prelevement_lignes` VALUES (86,39,3,2,'María Barcelona, S.L.',1331,2100,3060,2201789294,50,NULL);
INSERT INTO `B65362949_prelevement_lignes` VALUES (87,39,3,2,'María Barcelona, S.L.',440.44,2100,3060,2201789294,50,NULL);
INSERT INTO `B65362949_prelevement_lignes` VALUES (88,39,1,2,'Isabel Rodríguez Fernández',208.73,2059,'0240','0001028527',54,NULL);
INSERT INTO `B65362949_prelevement_lignes` VALUES (89,40,4,2,'Outservico Informática, S.L.',650.74,'0049 ','1878 ',2810320785,95,NULL);
INSERT INTO `B65362949_prelevement_lignes` VALUES (90,40,3,2,'María Barcelona, S.L.',3473.68,2100,3060,2201789294,50,NULL);
INSERT INTO `B65362949_prelevement_lignes` VALUES (91,41,2,2,'CSI Partner Spain, S.L.U.',278.3,'0081','0200','0001867788',25,NULL);
INSERT INTO `B65362949_prelevement_lignes` VALUES (92,42,3,2,'María Barcelona, S.L.',1179.75,2100,3060,2201789294,50,NULL);
INSERT INTO `B65362949_prelevement_lignes` VALUES (93,43,3,2,'María Barcelona, S.L.',1179.75,2100,3060,2201789294,50,NULL);
INSERT INTO `B65362949_prelevement_lignes` VALUES (94,43,3,2,'María Barcelona, S.L.',1331,2100,3060,2201789294,50,NULL);
INSERT INTO `B65362949_prelevement_lignes` VALUES (95,43,3,2,'María Barcelona, S.L.',977.68,2100,3060,2201789294,50,NULL);
INSERT INTO `B65362949_prelevement_lignes` VALUES (96,44,3,2,'María Barcelona, S.L.',440.44,2100,3060,2201789294,50,NULL);
INSERT INTO `B65362949_prelevement_lignes` VALUES (97,45,3,2,'María Barcelona, S.L.',6497.7,2100,3060,2201789294,50,NULL);
INSERT INTO `B65362949_prelevement_lignes` VALUES (98,46,1,2,'Isabel Rodríguez Fernández',208.73,2059,'0240','0001028527',54,NULL);
INSERT INTO `B65362949_prelevement_lignes` VALUES (99,46,4,2,'Outservico Informática, S.L.',446.85,'0049 ','1878 ',2810320785,95,NULL);
INSERT INTO `B65362949_prelevement_lignes` VALUES (100,47,2,2,'CSI Partner Spain, S.L.U.',578.8,'0081','0200','0001867788',25,NULL);
INSERT INTO `B65362949_prelevement_lignes` VALUES (101,48,113,2,'YHERLA, S.L.',211.75,'0182',4890,'0201531223','07',NULL);
INSERT INTO `B65362949_prelevement_lignes` VALUES (102,49,3,2,'María Barcelona, S.L.',440.44,2100,3060,2201789294,50,NULL);
INSERT INTO `B65362949_prelevement_lignes` VALUES (103,49,3,2,'María Barcelona, S.L.',4259.2,2100,3060,2201789294,50,NULL);
INSERT INTO `B65362949_prelevement_lignes` VALUES (104,49,3,2,'María Barcelona, S.L.',1927.53,2100,3060,2201789294,50,NULL);
INSERT INTO `B65362949_prelevement_lignes` VALUES (105,49,3,2,'María Barcelona, S.L.',1331,2100,3060,2201789294,50,NULL);
INSERT INTO `B65362949_prelevement_lignes` VALUES (106,49,1,2,'Isabel Rodríguez Fernández',208.73,2059,'0240','0001028527',54,NULL);
INSERT INTO `B65362949_prelevement_lignes` VALUES (107,49,4,3,'Outservico Informática, S.L.',446.85,'0049 ','1878 ',2810320785,95,NULL);
INSERT INTO `B65362949_prelevement_lignes` VALUES (108,50,3,2,'María Barcelona, S.L.',1074.48,2100,3060,2201789294,50,NULL);
INSERT INTO `B65362949_prelevement_lignes` VALUES (109,50,3,2,'María Barcelona, S.L.',1331,2100,3060,2201789294,50,NULL);
INSERT INTO `B65362949_prelevement_lignes` VALUES (110,51,3,2,'María Barcelona, S.L.',1851.3,2100,3060,2201789294,50,NULL);
INSERT INTO `B65362949_prelevement_lignes` VALUES (111,51,3,2,'María Barcelona, S.L.',1502.82,2100,3060,2201789294,50,NULL);
INSERT INTO `B65362949_prelevement_lignes` VALUES (112,51,3,2,'María Barcelona, S.L.',859.1,2100,3060,2201789294,50,NULL);
INSERT INTO `B65362949_prelevement_lignes` VALUES (113,52,2,2,'CSI Partner Spain, S.L.U.',55.66,'0081','0200','0001867788',25,NULL);
INSERT INTO `B65362949_prelevement_lignes` VALUES (114,52,1,2,'Isabel Rodríguez Fernández',208.73,2059,'0240','0001028527',54,NULL);
INSERT INTO `B65362949_prelevement_lignes` VALUES (115,53,2,2,'CSI Partner Spain, S.L.U.',245.63,'0081','0200','0001867788',25,NULL);
INSERT INTO `B65362949_prelevement_lignes` VALUES (116,54,3,2,'María Barcelona, S.L.',4259.2,2100,3060,2201789294,50,NULL);
INSERT INTO `B65362949_prelevement_lignes` VALUES (117,55,3,2,'María Barcelona, S.L.',1331,2100,3060,2201789294,50,NULL);
INSERT INTO `B65362949_prelevement_lignes` VALUES (118,55,3,2,'María Barcelona, S.L.',1074.48,2100,3060,2201789294,50,NULL);
INSERT INTO `B65362949_prelevement_lignes` VALUES (124,61,25,2,'EMBUTIDOS Y JAMONES DIAZ S.L.',211.75,'','','','',NULL);
INSERT INTO `B65362949_prelevement_lignes` VALUES (125,62,3,2,'María Barcelona, S.L.',5273.3,2100,3060,2201789294,50,NULL);
INSERT INTO `B65362949_prelevement_lignes` VALUES (126,62,1,2,'Isabel Rodríguez Fernández',208.73,2059,'0240','0001028527',54,NULL);
INSERT INTO `B65362949_prelevement_lignes` VALUES (127,62,3,2,'María Barcelona, S.L.',880.88,2100,3060,2201789294,50,NULL);
INSERT INTO `B65362949_prelevement_lignes` VALUES (128,62,3,2,'María Barcelona, S.L.',135.52,2100,3060,2201789294,50,NULL);
INSERT INTO `B65362949_prelevement_lignes` VALUES (152,66,3,2,'María Barcelona, S.L.',440.44,2100,3060,2201789294,50,NULL);
INSERT INTO `B65362949_prelevement_lignes` VALUES (153,66,3,2,'María Barcelona, S.L.',8518.4,2100,3060,2201789294,50,NULL);
INSERT INTO `B65362949_prelevement_lignes` VALUES (154,66,3,2,'María Barcelona, S.L.',145.2,2100,3060,2201789294,50,NULL);
INSERT INTO `B65362949_prelevement_lignes` VALUES (155,66,3,2,'María Barcelona, S.L.',1074.48,2100,3060,2201789294,50,NULL);
INSERT INTO `B65362949_prelevement_lignes` VALUES (156,66,3,2,'María Barcelona, S.L.',145.2,2100,3060,2201789294,50,NULL);
INSERT INTO `B65362949_prelevement_lignes` VALUES (157,66,3,2,'María Barcelona, S.L.',1331,2100,3060,2201789294,50,NULL);
INSERT INTO `B65362949_prelevement_lignes` VALUES (158,66,1,2,'Isabel Rodríguez Fernández',208.73,2059,'0240','0001028527',54,NULL);
INSERT INTO `B65362949_prelevement_lignes` VALUES (159,67,26,2,'TENYCOL, S.L.',211.75,'','','','',NULL);
INSERT INTO `B65362949_prelevement_lignes` VALUES (160,68,3,2,'María Barcelona, S.L.',1331,2100,3060,2201789294,50,NULL);
INSERT INTO `B65362949_prelevement_lignes` VALUES (161,68,3,2,'María Barcelona, S.L.',726,2100,3060,2201789294,50,NULL);
INSERT INTO `B65362949_prelevement_lignes` VALUES (162,68,3,2,'María Barcelona, S.L.',440.44,2100,3060,2201789294,50,NULL);
INSERT INTO `B65362949_prelevement_lignes` VALUES (163,68,3,2,'María Barcelona, S.L.',8518.4,2100,3060,2201789294,50,NULL);
INSERT INTO `B65362949_prelevement_lignes` VALUES (164,68,3,2,'María Barcelona, S.L.',1190.64,2100,3060,2201789294,50,NULL);
INSERT INTO `B65362949_prelevement_lignes` VALUES (165,68,1,2,'Isabel Rodríguez Fernández',208.73,2059,'0240','0001028527',54,NULL);
INSERT INTO `B65362949_prelevement_lignes` VALUES (166,69,1,3,'Isabel Rodríguez Fernández',208.73,2059,'0240','0001028527',54,NULL);
INSERT INTO `B65362949_prelevement_lignes` VALUES (167,69,3,2,'María Barcelona, S.L.',440.44,2100,3060,2201789294,50,NULL);
INSERT INTO `B65362949_prelevement_lignes` VALUES (168,69,3,2,'María Barcelona, S.L.',5664.74,2100,3060,2201789294,50,NULL);
INSERT INTO `B65362949_prelevement_lignes` VALUES (169,70,35,2,'Egregia Activos, SL',211.75,'0081','0066  ','0001377640',61,NULL);
INSERT INTO `B65362949_prelevement_lignes` VALUES (170,70,56,2,'Dental Mayca S.L.',211.75,'2038  ','1110  ',6000485551,12,NULL);
INSERT INTO `B65362949_prelevement_lignes` VALUES (171,71,3,2,'María Barcelona, S.L.',7198.05,2100,3060,2201789294,50,NULL);
INSERT INTO `B65362949_prelevement_lignes` VALUES (172,71,3,2,'María Barcelona, S.L.',440.44,2100,3060,2201789294,50,NULL);
INSERT INTO `B65362949_prelevement_lignes` VALUES (173,72,1,2,'Isabel Rodríguez Fernández',208.73,2059,'0240','0001028527',54,NULL);
INSERT INTO `B65362949_prelevement_lignes` VALUES (174,72,1,2,'Isabel Rodríguez Fernández',208.73,2059,'0240','0001028527',54,NULL);
INSERT INTO `B65362949_prelevement_lignes` VALUES (175,73,1,2,'Isabel Rodríguez Fernández',378.13,2059,'0240','0001028527',54,NULL);
INSERT INTO `B65362949_prelevement_lignes` VALUES (176,73,3,2,'María Barcelona, S.L.',6686.95,2100,3060,2201789294,50,NULL);
INSERT INTO `B65362949_prelevement_lignes` VALUES (177,73,3,2,'María Barcelona, S.L.',440.44,2100,3060,2201789294,50,NULL);
INSERT INTO `B65362949_prelevement_lignes` VALUES (178,74,3,2,'María Barcelona, S.L.',440.44,2100,3060,2201789294,50,NULL);
INSERT INTO `B65362949_prelevement_lignes` VALUES (179,74,3,2,'María Barcelona, S.L.',5792.51,2100,3060,2201789294,50,NULL);
INSERT INTO `B65362949_prelevement_lignes` VALUES (180,74,1,2,'Isabel Rodríguez Fernández',208.73,2059,'0240','0001028527',54,NULL);
INSERT INTO `B65362949_prelevement_lignes` VALUES (181,75,3,2,'María Barcelona, S.L.',440.44,2100,3060,2201789294,50,NULL);
INSERT INTO `B65362949_prelevement_lignes` VALUES (182,75,3,2,'María Barcelona, S.L.',7198.05,2100,3060,2201789294,50,NULL);
INSERT INTO `B65362949_prelevement_lignes` VALUES (183,75,1,2,'Isabel Rodríguez Fernández',208.73,2059,'0240','0001028527',54,NULL);
INSERT INTO `B65362949_prelevement_lignes` VALUES (184,76,3,2,'María Barcelona, S.L.',575.96,2100,3060,2201789294,50,NULL);
INSERT INTO `B65362949_prelevement_lignes` VALUES (185,77,3,2,'María Barcelona, S.L.',440.44,2100,3060,2201789294,50,NULL);
INSERT INTO `B65362949_prelevement_lignes` VALUES (186,77,3,2,'María Barcelona, S.L.',7198.05,2100,3060,2201789294,50,NULL);
INSERT INTO `B65362949_prelevement_lignes` VALUES (187,77,1,3,'Isabel Rodríguez Fernández',208.73,2059,'0240','0001028527',54,NULL);
INSERT INTO `B65362949_prelevement_lignes` VALUES (188,78,3,2,'María Barcelona, S.L.',7198.05,2100,3060,2201789294,50,NULL);
INSERT INTO `B65362949_prelevement_lignes` VALUES (189,78,3,2,'María Barcelona, S.L.',440.44,2100,3060,2201789294,50,NULL);
INSERT INTO `B65362949_prelevement_lignes` VALUES (190,79,1,2,'Isabel Rodríguez Fernández',208.73,2059,'0240','0001028527',54,NULL);
INSERT INTO `B65362949_prelevement_lignes` VALUES (191,79,1,2,'Isabel Rodríguez Fernández',208.73,2059,'0240','0001028527',54,NULL);
INSERT INTO `B65362949_prelevement_lignes` VALUES (192,80,113,2,'YHERLA, S.L.',211.75,'0182',4890,'0201531223','07',NULL);
INSERT INTO `B65362949_prelevement_lignes` VALUES (193,81,3,2,'María Barcelona, S.L.',440.44,2100,3060,2201789294,50,NULL);
INSERT INTO `B65362949_prelevement_lignes` VALUES (194,81,3,2,'María Barcelona, S.L.',7198.05,2100,3060,2201789294,50,NULL);
INSERT INTO `B65362949_prelevement_lignes` VALUES (195,81,1,3,'Isabel Rodríguez Fernández',208.73,2059,'0240','0001028527',54,NULL);
INSERT INTO `B65362949_prelevement_lignes` VALUES (196,82,1,2,'Isabel Rodríguez Fernández',208.73,2059,'0240','0001028527',54,NULL);
INSERT INTO `B65362949_prelevement_lignes` VALUES (197,83,3,2,'María Barcelona, S.L.',440.44,2100,3060,2201789294,50,NULL);
INSERT INTO `B65362949_prelevement_lignes` VALUES (198,83,3,2,'María Barcelona, S.L.',7198.05,2100,3060,2201789294,50,NULL);
INSERT INTO `B65362949_prelevement_lignes` VALUES (199,84,1,2,'Isabel Rodríguez Fernández',208.73,2059,'0240','0001028527',54,NULL);
INSERT INTO `B65362949_prelevement_lignes` VALUES (200,85,3,2,'María Barcelona, S.L.',440.44,2100,3060,2201789294,50,NULL);
INSERT INTO `B65362949_prelevement_lignes` VALUES (201,85,3,2,'María Barcelona, S.L.',6500.36,2100,3060,2201789294,50,NULL);
INSERT INTO `B65362949_prelevement_lignes` VALUES (202,86,1,2,'Isabel Rodríguez Fernández',208.73,2059,'0240','0001028527',54,NULL);
INSERT INTO `B65362949_prelevement_lignes` VALUES (206,90,25,2,'EMBUTIDOS Y JAMONES DIAZ S.L.',211.75,'0072','0573','0000100742','',NULL);
INSERT INTO `B65362949_prelevement_lignes` VALUES (208,92,26,2,'TENYCOL, S.L.',101.64,'','','','',NULL);
INSERT INTO `B65362949_prelevement_lignes` VALUES (209,93,3,2,'María Barcelona, S.L.',440.44,2100,3060,2201789294,50,NULL);
INSERT INTO `B65362949_prelevement_lignes` VALUES (210,93,3,2,'María Barcelona, S.L.',7098.67,2100,3060,2201789294,50,NULL);
INSERT INTO `B65362949_prelevement_lignes` VALUES (211,94,35,3,'Egregia Activos, SL',1270.5,'0081','0066  ','0001377640',61,NULL);
INSERT INTO `B65362949_prelevement_lignes` VALUES (212,95,1,2,'Isabel Rodríguez Fernández',208.73,2059,'0240','0001028527',54,NULL);
INSERT INTO `B65362949_prelevement_lignes` VALUES (213,96,26,2,'TENYCOL, S.L.',211.75,2100,'0719','0200024790',17,NULL);
INSERT INTO `B65362949_prelevement_lignes` VALUES (214,97,3,2,'María Barcelona, S.L.',9015.36,2100,3060,2201789294,50,NULL);
INSERT INTO `B65362949_prelevement_lignes` VALUES (215,97,3,2,'María Barcelona, S.L.',440.44,2100,3060,2201789294,50,NULL);
INSERT INTO `B65362949_prelevement_lignes` VALUES (216,98,1,2,'Isabel Rodríguez Fernández',208.73,2059,'0240','0001028527',54,NULL);
INSERT INTO `B65362949_prelevement_lignes` VALUES (217,99,178,2,'REINPE BAIX LLOBREGAT, SL',101.64,'0182 ','0234','0201602840',64,NULL);
INSERT INTO `B65362949_prelevement_lignes` VALUES (218,100,3,2,'María Barcelona, S.L.',440.44,2100,3060,2201789294,50,NULL);
INSERT INTO `B65362949_prelevement_lignes` VALUES (219,100,3,2,'María Barcelona, S.L.',8537.76,2100,3060,2201789294,50,NULL);
INSERT INTO `B65362949_prelevement_lignes` VALUES (220,101,1,2,'Isabel Rodríguez Fernández',208.73,2059,'0240','0001028527',54,NULL);
INSERT INTO `B65362949_prelevement_lignes` VALUES (221,102,1,2,'Isabel Rodríguez Fernández',208.73,2059,'0240','0001028527',54,NULL);
INSERT INTO `B65362949_prelevement_lignes` VALUES (222,103,178,2,'REINPE BAIX LLOBREGAT, SL',873.62,'0182 ','0234','0201602840',64,NULL);
INSERT INTO `B65362949_prelevement_lignes` VALUES (223,104,183,2,'Serlotor, SL',786.5,'0049',1925,2110074794,26,NULL);
INSERT INTO `B65362949_prelevement_lignes` VALUES (224,105,183,2,'Serlotor, SL',17.96,'0049',1925,2110074794,26,NULL);
INSERT INTO `B65362949_prelevement_lignes` VALUES (225,106,1,2,'Isabel Rodríguez Fernández',208.73,2059,'0240','0001028527',54,NULL);
INSERT INTO `B65362949_prelevement_lignes` VALUES (226,107,1,2,'Isabel Rodríguez Fernández',378.13,2059,'0240','0001028527',54,NULL);
INSERT INTO `B65362949_prelevement_lignes` VALUES (227,108,1,2,'Isabel Rodríguez Fernández',208.73,2059,'0240','0001028527',54,NULL);
INSERT INTO `B65362949_prelevement_lignes` VALUES (228,109,178,2,'REINPE BAIX LLOBREGAT, SL',128.26,'0182 ','0234','0201602840',64,NULL);
INSERT INTO `B65362949_prelevement_lignes` VALUES (231,111,178,2,'REINPE BAIX LLOBREGAT, SL',229.9,'0182 ','0234','0201602840',64,NULL);
INSERT INTO `B65362949_prelevement_lignes` VALUES (232,121,1,2,'Isabel Rodríguez Fernández',208.73,2059,'0240','0001028527',54,NULL);
INSERT INTO `B65362949_prelevement_lignes` VALUES (233,122,5,2,'Supremo Coffee Systems, S.L.',130.38,'0081','0060','0001559665',91,NULL);
INSERT INTO `B65362949_prelevement_lignes` VALUES (234,123,1,2,'Isabel Rodríguez Fernández',208.73,2059,'0240','0001028527',54,NULL);
INSERT INTO `B65362949_prelevement_lignes` VALUES (235,124,5,2,'Supremo Coffee Systems, S.L.',130.38,'0081','0060','0001559665',91,NULL);
INSERT INTO `B65362949_prelevement_lignes` VALUES (236,124,1,2,'Isabel Rodríguez Fernández',208.73,2059,'0240','0001028527',54,NULL);
INSERT INTO `B65362949_prelevement_lignes` VALUES (237,125,113,2,'YHERLA, S.L.',211.75,'0182',4890,'0201531223','07',NULL);
INSERT INTO `B65362949_prelevement_lignes` VALUES (239,127,25,2,'EMBUTIDOS Y JAMONES DIAZ S.L.',211.75,'0072','0573','0000100742',31,NULL);
INSERT INTO `B65362949_prelevement_lignes` VALUES (244,131,5,2,'Supremo Coffee Systems, S.L.',132.98,'0081','0060','0001559665',91,NULL);
INSERT INTO `B65362949_prelevement_lignes` VALUES (245,132,26,2,'TENYCOL, S.L.',215.99,2100,'0719','0200024790',17,NULL);
INSERT INTO `B65362949_prelevement_lignes` VALUES (246,133,1,2,'Isabel Rodríguez Fernández',212.9,2059,'0240','0001028527',54,NULL);




--
-- Table structure for table `B65362949_prelevement_rejet`
--
CREATE TABLE `B65362949_prelevement_rejet` (
  `rowid` int(11) NOT NULL AUTO_INCREMENT,
  `fk_prelevement_lignes` int(11) DEFAULT NULL,
  `date_rejet` datetime DEFAULT NULL,
  `motif` int(11) DEFAULT NULL,
  `date_creation` datetime DEFAULT NULL,
  `fk_user_creation` int(11) DEFAULT NULL,
  `note` text,
  `afacturer` tinyint(4) DEFAULT '0',
  `fk_facture` int(11) DEFAULT NULL,
  PRIMARY KEY (`rowid`)
) ENGINE=InnoDB AUTO_INCREMENT=7 DEFAULT CHARSET=utf8;

--
-- Dumping data for table `B65362949_prelevement_rejet`
--
INSERT INTO `B65362949_prelevement_rejet` VALUES (1,71,'2015-08-10 02:00:00',6,'2015-08-10 11:30:33',3,NULL,1,NULL);
INSERT INTO `B65362949_prelevement_rejet` VALUES (2,107,'2015-12-15 02:00:00',2,'2015-12-15 18:55:12',3,NULL,0,NULL);
INSERT INTO `B65362949_prelevement_rejet` VALUES (3,166,'2016-05-12 02:00:00',6,'2016-05-12 10:50:25',3,NULL,1,NULL);
INSERT INTO `B65362949_prelevement_rejet` VALUES (4,187,'2016-10-10 02:00:00',6,'2016-10-10 21:11:30',3,NULL,0,NULL);
INSERT INTO `B65362949_prelevement_rejet` VALUES (5,195,'2016-12-02 02:00:00',1,'2016-12-02 22:21:28',3,NULL,0,NULL);
INSERT INTO `B65362949_prelevement_rejet` VALUES (6,211,'2017-03-02 02:00:00',2,'2017-03-02 11:10:58',3,NULL,1,NULL);




--
-- Table structure for table `B65362949_printer_ipp`
--
CREATE TABLE `B65362949_printer_ipp` (
  `rowid` int(11) NOT NULL AUTO_INCREMENT,
  `tms` timestamp NOT NULL DEFAULT CURRENT_TIMESTAMP ON UPDATE CURRENT_TIMESTAMP,
  `datec` datetime DEFAULT NULL,
  `printer_name` text NOT NULL,
  `printer_location` text NOT NULL,
  `printer_uri` varchar(255) NOT NULL,
  `copy` int(11) NOT NULL DEFAULT '1',
  `module` varchar(16) NOT NULL,
  `login` varchar(32) NOT NULL,
  PRIMARY KEY (`rowid`)
) ENGINE=InnoDB DEFAULT CHARSET=utf8;

--
-- Dumping data for table `B65362949_printer_ipp`
--




--
-- Table structure for table `B65362949_product`
--
CREATE TABLE `B65362949_product` (
  `rowid` int(11) NOT NULL AUTO_INCREMENT,
  `ref` varchar(128) NOT NULL,
  `entity` int(11) NOT NULL DEFAULT '1',
  `ref_ext` varchar(128) DEFAULT NULL,
  `datec` datetime DEFAULT NULL,
  `tms` timestamp NOT NULL DEFAULT CURRENT_TIMESTAMP ON UPDATE CURRENT_TIMESTAMP,
  `virtual` tinyint(4) NOT NULL DEFAULT '0',
  `fk_parent` int(11) DEFAULT '0',
  `label` varchar(255) NOT NULL,
  `description` text,
  `note` text,
  `customcode` varchar(32) DEFAULT NULL,
  `fk_country` int(11) DEFAULT NULL,
  `price` double(24,8) DEFAULT '0.00000000',
  `price_ttc` double(24,8) DEFAULT '0.00000000',
  `price_min` double(24,8) DEFAULT '0.00000000',
  `price_min_ttc` double(24,8) DEFAULT '0.00000000',
  `price_base_type` varchar(3) DEFAULT 'HT',
  `tva_tx` double(6,3) DEFAULT NULL,
  `recuperableonly` int(11) NOT NULL DEFAULT '0',
  `localtax1_tx` double(6,3) DEFAULT '0.000',
  `localtax2_tx` double(6,3) DEFAULT '0.000',
  `fk_user_author` int(11) DEFAULT NULL,
  `tosell` tinyint(4) DEFAULT '1',
  `tobuy` tinyint(4) DEFAULT '1',
  `tobatch` tinyint(4) NOT NULL DEFAULT '0',
  `fk_product_type` int(11) DEFAULT '0',
  `duration` varchar(6) DEFAULT NULL,
  `seuil_stock_alerte` int(11) DEFAULT '0',
  `url` varchar(255) DEFAULT NULL,
  `barcode` varchar(255) DEFAULT NULL,
  `fk_barcode_type` int(11) DEFAULT '0',
  `accountancy_code_sell` varchar(15) DEFAULT NULL,
  `accountancy_code_buy` varchar(15) DEFAULT NULL,
  `partnumber` varchar(32) DEFAULT NULL,
  `weight` float DEFAULT NULL,
  `weight_units` tinyint(4) DEFAULT NULL,
  `length` float DEFAULT NULL,
  `length_units` tinyint(4) DEFAULT NULL,
  `surface` float DEFAULT NULL,
  `surface_units` tinyint(4) DEFAULT NULL,
  `volume` float DEFAULT NULL,
  `volume_units` tinyint(4) DEFAULT NULL,
  `stock` int(11) DEFAULT NULL,
  `pmp` double(24,8) NOT NULL DEFAULT '0.00000000',
  `canvas` varchar(32) DEFAULT NULL,
  `finished` tinyint(4) DEFAULT NULL,
  `hidden` tinyint(4) DEFAULT '0',
  `import_key` varchar(14) DEFAULT NULL,
  `desiredstock` int(11) DEFAULT '0',
  PRIMARY KEY (`rowid`),
  UNIQUE KEY `uk_product_ref` (`ref`,`entity`),
  UNIQUE KEY `uk_product_barcode` (`barcode`,`fk_barcode_type`,`entity`),
  KEY `idx_product_label` (`label`),
  KEY `idx_product_barcode` (`barcode`),
  KEY `idx_product_import_key` (`import_key`),
  KEY `idx_product_seuil_stock_alerte` (`seuil_stock_alerte`)
) ENGINE=InnoDB AUTO_INCREMENT=16 DEFAULT CHARSET=utf8;

--
-- Dumping data for table `B65362949_product`
--
INSERT INTO `B65362949_product` VALUES (1,'SYS-201',1,NULL,'2015-03-13 12:13:37','2015-03-14 12:27:29',0,0,'Servicio WWB','','','',NULL,'0.00000000','0.00000000','0.00000000','0.00000000','HT','21.000',0,'0.000','0.000',3,1,0,0,1,'m',NULL,NULL,NULL,NULL,'','',NULL,NULL,NULL,NULL,NULL,NULL,NULL,NULL,NULL,NULL,'0.00000000','',0,0,NULL,NULL);
INSERT INTO `B65362949_product` VALUES (2,'SYS-202',1,NULL,'2015-03-14 00:44:22','2015-03-14 12:28:21',0,0,'Servicio Mail','Cuenta de usuario de correo electrónico','','',NULL,'5.00000000','6.05000000','0.00000000','0.00000000','HT','21.000',0,'0.000','0.000',3,1,0,0,1,'m',NULL,NULL,NULL,NULL,'','',NULL,NULL,NULL,NULL,NULL,NULL,NULL,NULL,NULL,NULL,'0.00000000','',0,0,NULL,NULL);
INSERT INTO `B65362949_product` VALUES (3,'SYS-203',1,NULL,'2015-03-14 11:23:47','2015-03-14 12:28:09',0,0,'Servicio Hosting','','','',NULL,'0.00000000','0.00000000','0.00000000','0.00000000','HT','21.000',0,'0.000','0.000',3,1,0,0,1,'m',NULL,NULL,NULL,NULL,'','',NULL,NULL,NULL,NULL,NULL,NULL,NULL,NULL,NULL,NULL,'0.00000000','',0,0,NULL,NULL);
INSERT INTO `B65362949_product` VALUES (4,'SYS-204',1,NULL,'2015-03-14 12:02:53','2015-03-14 12:27:53',0,0,'Servicio addapta ERP','','','',NULL,'0.00000000','0.00000000','0.00000000','0.00000000','HT','21.000',0,'0.000','0.000',3,1,0,0,1,'m',NULL,NULL,NULL,NULL,'','',NULL,NULL,NULL,NULL,NULL,NULL,NULL,NULL,NULL,NULL,'0.00000000','',0,0,NULL,NULL);
INSERT INTO `B65362949_product` VALUES (5,'SYS-100',1,NULL,'2015-03-14 12:07:18','2015-03-14 12:26:26',0,0,'Hora Adm. Sistemas','','','',NULL,'42.00000000','50.82000000','0.00000000','0.00000000','HT','21.000',0,'0.000','0.000',3,1,0,0,1,'h',NULL,NULL,NULL,NULL,'','',NULL,NULL,NULL,NULL,NULL,NULL,NULL,NULL,NULL,NULL,'0.00000000','',0,0,NULL,NULL);
INSERT INTO `B65362949_product` VALUES (6,'DEV-100',1,NULL,'2015-03-14 12:09:22','2015-03-14 12:25:20',0,0,'Hora Desarrollo','','','',NULL,'42.00000000','50.82000000','0.00000000','0.00000000','HT','21.000',0,'0.000','0.000',3,1,0,0,1,'h',NULL,NULL,NULL,NULL,'','',NULL,NULL,NULL,NULL,NULL,NULL,NULL,NULL,NULL,NULL,'0.00000000','',0,0,NULL,NULL);
INSERT INTO `B65362949_product` VALUES (7,'DEV-201',1,NULL,'2015-03-14 12:10:21','2015-03-14 12:19:42',0,0,'Mant. Aplicativo','','','',NULL,'0.00000000','0.00000000','0.00000000','0.00000000','HT','21.000',0,'0.000','0.000',3,1,0,0,1,'m',NULL,NULL,NULL,NULL,'','',NULL,NULL,NULL,NULL,NULL,NULL,NULL,NULL,NULL,NULL,'0.00000000','',0,0,NULL,NULL);
INSERT INTO `B65362949_product` VALUES (8,'ADD-000',1,NULL,'2015-03-14 12:16:01','2015-03-14 12:18:50',0,0,'Desplazamiento','','','',NULL,'65.00000000','78.65000000','0.00000000','0.00000000','HT','21.000',0,'0.000','0.000',3,1,0,0,1,'',NULL,NULL,NULL,NULL,'','',NULL,NULL,NULL,NULL,NULL,NULL,NULL,NULL,NULL,NULL,'0.00000000','',0,0,NULL,NULL);
INSERT INTO `B65362949_product` VALUES (9,'ADD-100',1,NULL,'2015-03-14 12:24:52','2015-03-14 12:24:45',0,0,'Hora Gestion','','','',NULL,'42.00000000','50.82000000','0.00000000','0.00000000','HT','21.000',0,'0.000','0.000',3,1,0,0,1,'h',NULL,NULL,NULL,NULL,'','',NULL,NULL,NULL,NULL,NULL,NULL,NULL,NULL,NULL,NULL,'0.00000000','',0,0,NULL,NULL);
INSERT INTO `B65362949_product` VALUES (10,'OUT-100',1,NULL,'2015-03-14 12:41:27','2015-03-14 12:41:20',0,0,'Hora Recurso Externo','','','',NULL,'0.00000000','0.00000000','0.00000000','0.00000000','HT','21.000',0,'0.000','0.000',3,1,0,0,1,'h',NULL,NULL,NULL,NULL,'','',NULL,NULL,NULL,NULL,NULL,NULL,NULL,NULL,NULL,NULL,'0.00000000','',0,0,NULL,NULL);
INSERT INTO `B65362949_product` VALUES (11,'SYS-205',1,NULL,'2015-03-14 22:55:05','2015-03-14 22:54:58',0,0,'Servicio AE - Renovación','','','',NULL,'175.00000000','211.75000000','0.00000000','0.00000000','HT','21.000',0,'0.000','0.000',3,1,0,0,1,'y',NULL,NULL,NULL,NULL,'','',NULL,NULL,NULL,NULL,NULL,NULL,NULL,NULL,NULL,NULL,'0.00000000','',0,0,NULL,NULL);
INSERT INTO `B65362949_product` VALUES (12,'DEV-202',1,NULL,'2015-03-17 16:33:00','2015-03-17 16:34:15',0,0,'Servicio Mant. SEO','','','',NULL,'0.00000000','0.00000000','0.00000000','0.00000000','HT','21.000',0,'0.000','0.000',3,1,0,0,1,'m',NULL,NULL,NULL,NULL,'','',NULL,NULL,NULL,NULL,NULL,NULL,NULL,NULL,NULL,NULL,'0.00000000','',0,0,NULL,NULL);
INSERT INTO `B65362949_product` VALUES (13,'DEV-203',1,NULL,'2015-03-17 16:33:40','2015-03-17 16:34:29',0,0,'Servicio Mant. SEM','','','',NULL,'0.00000000','0.00000000','0.00000000','0.00000000','HT','21.000',0,'0.000','0.000',3,1,0,0,1,'m',NULL,NULL,NULL,NULL,'','',NULL,NULL,NULL,NULL,NULL,NULL,NULL,NULL,NULL,NULL,'0.00000000','',0,0,NULL,NULL);
INSERT INTO `B65362949_product` VALUES (14,'SYS-206',1,NULL,'2015-03-17 17:55:32','2015-03-17 17:56:54',0,0,'Servicio AE','','','',NULL,'550.00000000','665.50000000','0.00000000','0.00000000','HT','21.000',0,'0.000','0.000',3,1,0,0,1,'y',NULL,NULL,NULL,NULL,'','',NULL,NULL,NULL,NULL,NULL,NULL,NULL,NULL,NULL,NULL,'0.00000000','',0,0,NULL,NULL);
INSERT INTO `B65362949_product` VALUES (15,'DEV-101',1,NULL,'2016-11-02 08:37:00','2016-11-02 08:19:19',0,0,'Hora Desarrollo RFID','Hora Desarrollo RFID','','',NULL,'60.00000000','72.60000000','0.00000000','0.00000000','HT','21.000',0,'0.000','0.000',2,1,0,0,1,'h',NULL,NULL,NULL,NULL,'','',NULL,NULL,NULL,NULL,NULL,NULL,NULL,NULL,NULL,NULL,'0.00000000','',0,0,NULL,NULL);




--
-- Table structure for table `B65362949_product_association`
--
CREATE TABLE `B65362949_product_association` (
  `rowid` int(11) NOT NULL AUTO_INCREMENT,
  `fk_product_pere` int(11) NOT NULL DEFAULT '0',
  `fk_product_fils` int(11) NOT NULL DEFAULT '0',
  `qty` double DEFAULT NULL,
  PRIMARY KEY (`rowid`),
  UNIQUE KEY `uk_product_association` (`fk_product_pere`,`fk_product_fils`),
  KEY `idx_product_association_fils` (`fk_product_fils`)
) ENGINE=InnoDB DEFAULT CHARSET=utf8;

--
-- Dumping data for table `B65362949_product_association`
--




--
-- Table structure for table `B65362949_product_batch`
--
CREATE TABLE `B65362949_product_batch` (
  `rowid` int(11) NOT NULL AUTO_INCREMENT,
  `tms` timestamp NOT NULL DEFAULT CURRENT_TIMESTAMP ON UPDATE CURRENT_TIMESTAMP,
  `fk_product_stock` int(11) NOT NULL,
  `eatby` datetime DEFAULT NULL,
  `sellby` datetime DEFAULT NULL,
  `batch` varchar(30) DEFAULT NULL,
  `qty` double NOT NULL DEFAULT '0',
  `import_key` varchar(14) DEFAULT NULL,
  PRIMARY KEY (`rowid`),
  KEY `idx_fk_product_stock` (`fk_product_stock`),
  CONSTRAINT `fk_product_batch_fk_product_stock` FOREIGN KEY (`fk_product_stock`) REFERENCES `B65362949_product_stock` (`rowid`)
) ENGINE=InnoDB DEFAULT CHARSET=utf8;

--
-- Dumping data for table `B65362949_product_batch`
--




--
-- Table structure for table `B65362949_product_customer_price`
--
CREATE TABLE `B65362949_product_customer_price` (
  `rowid` int(11) NOT NULL AUTO_INCREMENT,
  `entity` int(11) NOT NULL DEFAULT '1',
  `datec` datetime DEFAULT NULL,
  `tms` timestamp NOT NULL DEFAULT CURRENT_TIMESTAMP ON UPDATE CURRENT_TIMESTAMP,
  `fk_product` int(11) NOT NULL,
  `fk_soc` int(11) NOT NULL,
  `price` double(24,8) DEFAULT '0.00000000',
  `price_ttc` double(24,8) DEFAULT '0.00000000',
  `price_min` double(24,8) DEFAULT '0.00000000',
  `price_min_ttc` double(24,8) DEFAULT '0.00000000',
  `price_base_type` varchar(3) DEFAULT 'HT',
  `tva_tx` double(6,3) DEFAULT NULL,
  `recuperableonly` int(11) NOT NULL DEFAULT '0',
  `localtax1_tx` double(6,3) DEFAULT '0.000',
  `localtax2_tx` double(6,3) DEFAULT '0.000',
  `fk_user` int(11) DEFAULT NULL,
  `import_key` varchar(14) DEFAULT NULL,
  PRIMARY KEY (`rowid`),
  UNIQUE KEY `uk_customer_price_fk_product_fk_soc` (`fk_product`,`fk_soc`),
  KEY `idx_product_customer_price_fk_user` (`fk_user`),
  KEY `idx_product_customer_price_fk_soc` (`fk_soc`),
  CONSTRAINT `fk_product_customer_price_fk_product` FOREIGN KEY (`fk_product`) REFERENCES `B65362949_product` (`rowid`),
  CONSTRAINT `fk_product_customer_price_fk_soc` FOREIGN KEY (`fk_soc`) REFERENCES `B65362949_societe` (`rowid`),
  CONSTRAINT `fk_product_customer_price_fk_user` FOREIGN KEY (`fk_user`) REFERENCES `B65362949_user` (`rowid`)
) ENGINE=InnoDB DEFAULT CHARSET=utf8;

--
-- Dumping data for table `B65362949_product_customer_price`
--




--
-- Table structure for table `B65362949_product_customer_price_log`
--
CREATE TABLE `B65362949_product_customer_price_log` (
  `rowid` int(11) NOT NULL AUTO_INCREMENT,
  `entity` int(11) NOT NULL DEFAULT '1',
  `datec` datetime DEFAULT NULL,
  `fk_product` int(11) NOT NULL,
  `fk_soc` int(11) NOT NULL,
  `price` double(24,8) DEFAULT '0.00000000',
  `price_ttc` double(24,8) DEFAULT '0.00000000',
  `price_min` double(24,8) DEFAULT '0.00000000',
  `price_min_ttc` double(24,8) DEFAULT '0.00000000',
  `price_base_type` varchar(3) DEFAULT 'HT',
  `tva_tx` double(6,3) DEFAULT NULL,
  `recuperableonly` int(11) NOT NULL DEFAULT '0',
  `localtax1_tx` double(6,3) DEFAULT '0.000',
  `localtax2_tx` double(6,3) DEFAULT '0.000',
  `fk_user` int(11) DEFAULT NULL,
  `import_key` varchar(14) DEFAULT NULL,
  PRIMARY KEY (`rowid`)
) ENGINE=InnoDB DEFAULT CHARSET=utf8;

--
-- Dumping data for table `B65362949_product_customer_price_log`
--




--
-- Table structure for table `B65362949_product_extrafields`
--
CREATE TABLE `B65362949_product_extrafields` (
  `rowid` int(11) NOT NULL AUTO_INCREMENT,
  `tms` timestamp NOT NULL DEFAULT CURRENT_TIMESTAMP ON UPDATE CURRENT_TIMESTAMP,
  `fk_object` int(11) NOT NULL,
  `import_key` varchar(14) DEFAULT NULL,
  PRIMARY KEY (`rowid`),
  KEY `idx_product_extrafields` (`fk_object`)
) ENGINE=InnoDB DEFAULT CHARSET=utf8;

--
-- Dumping data for table `B65362949_product_extrafields`
--




--
-- Table structure for table `B65362949_product_fournisseur_price`
--
CREATE TABLE `B65362949_product_fournisseur_price` (
  `rowid` int(11) NOT NULL AUTO_INCREMENT,
  `entity` int(11) NOT NULL DEFAULT '1',
  `datec` datetime DEFAULT NULL,
  `tms` timestamp NOT NULL DEFAULT CURRENT_TIMESTAMP ON UPDATE CURRENT_TIMESTAMP,
  `fk_product` int(11) DEFAULT NULL,
  `fk_soc` int(11) DEFAULT NULL,
  `ref_fourn` varchar(30) DEFAULT NULL,
  `fk_availability` int(11) DEFAULT NULL,
  `price` double(24,8) DEFAULT '0.00000000',
  `quantity` double DEFAULT NULL,
  `remise_percent` double NOT NULL DEFAULT '0',
  `remise` double NOT NULL DEFAULT '0',
  `unitprice` double(24,8) DEFAULT '0.00000000',
  `charges` double(24,8) DEFAULT '0.00000000',
  `unitcharges` double(24,8) DEFAULT '0.00000000',
  `tva_tx` double(6,3) NOT NULL,
  `info_bits` int(11) NOT NULL DEFAULT '0',
  `fk_user` int(11) DEFAULT NULL,
  `import_key` varchar(14) DEFAULT NULL,
  PRIMARY KEY (`rowid`),
  UNIQUE KEY `uk_product_fournisseur_price_ref` (`ref_fourn`,`fk_soc`,`quantity`,`entity`),
  KEY `idx_product_fournisseur_price_fk_user` (`fk_user`),
  KEY `idx_product_fourn_price_fk_product` (`fk_product`,`entity`),
  KEY `idx_product_fourn_price_fk_soc` (`fk_soc`,`entity`),
  CONSTRAINT `fk_product_fournisseur_price_fk_product` FOREIGN KEY (`fk_product`) REFERENCES `B65362949_product` (`rowid`),
  CONSTRAINT `fk_product_fournisseur_price_fk_user` FOREIGN KEY (`fk_user`) REFERENCES `B65362949_user` (`rowid`)
) ENGINE=InnoDB DEFAULT CHARSET=utf8;

--
-- Dumping data for table `B65362949_product_fournisseur_price`
--




--
-- Table structure for table `B65362949_product_fournisseur_price_log`
--
CREATE TABLE `B65362949_product_fournisseur_price_log` (
  `rowid` int(11) NOT NULL AUTO_INCREMENT,
  `datec` datetime DEFAULT NULL,
  `fk_product_fournisseur` int(11) NOT NULL,
  `price` double(24,8) DEFAULT '0.00000000',
  `quantity` double DEFAULT NULL,
  `fk_user` int(11) DEFAULT NULL,
  PRIMARY KEY (`rowid`)
) ENGINE=InnoDB DEFAULT CHARSET=utf8;

--
-- Dumping data for table `B65362949_product_fournisseur_price_log`
--




--
-- Table structure for table `B65362949_product_lang`
--
CREATE TABLE `B65362949_product_lang` (
  `rowid` int(11) NOT NULL AUTO_INCREMENT,
  `fk_product` int(11) NOT NULL DEFAULT '0',
  `lang` varchar(5) NOT NULL DEFAULT '0',
  `label` varchar(255) NOT NULL,
  `description` text,
  `note` text,
  PRIMARY KEY (`rowid`),
  UNIQUE KEY `uk_product_lang` (`fk_product`,`lang`),
  CONSTRAINT `fk_product_lang_fk_product` FOREIGN KEY (`fk_product`) REFERENCES `B65362949_product` (`rowid`)
) ENGINE=InnoDB DEFAULT CHARSET=utf8;

--
-- Dumping data for table `B65362949_product_lang`
--




--
-- Table structure for table `B65362949_product_price`
--
CREATE TABLE `B65362949_product_price` (
  `rowid` int(11) NOT NULL AUTO_INCREMENT,
  `entity` int(11) NOT NULL DEFAULT '1',
  `tms` timestamp NOT NULL DEFAULT CURRENT_TIMESTAMP ON UPDATE CURRENT_TIMESTAMP,
  `fk_product` int(11) NOT NULL,
  `date_price` datetime NOT NULL,
  `price_level` smallint(6) DEFAULT '1',
  `price` double(24,8) DEFAULT NULL,
  `price_ttc` double(24,8) DEFAULT NULL,
  `price_min` double(24,8) DEFAULT NULL,
  `price_min_ttc` double(24,8) DEFAULT NULL,
  `price_base_type` varchar(3) DEFAULT 'HT',
  `tva_tx` double(6,3) NOT NULL,
  `recuperableonly` int(11) NOT NULL DEFAULT '0',
  `localtax1_tx` double(6,3) DEFAULT '0.000',
  `localtax2_tx` double(6,3) DEFAULT '0.000',
  `fk_user_author` int(11) DEFAULT NULL,
  `tosell` tinyint(4) DEFAULT '1',
  `price_by_qty` int(11) NOT NULL DEFAULT '0',
  `import_key` varchar(14) DEFAULT NULL,
  PRIMARY KEY (`rowid`)
) ENGINE=InnoDB AUTO_INCREMENT=21 DEFAULT CHARSET=utf8;

--
-- Dumping data for table `B65362949_product_price`
--
INSERT INTO `B65362949_product_price` VALUES (1,1,'2015-03-13 12:13:33',1,'2015-03-13 12:13:37',1,'0.00000000','0.00000000','0.00000000','0.00000000','HT','21.000',0,'0.000','0.000',3,1,0,NULL);
INSERT INTO `B65362949_product_price` VALUES (2,1,'2015-03-14 00:44:16',2,'2015-03-14 00:44:22',1,'5.00000000','6.05000000','0.00000000','0.00000000','HT','21.000',0,'0.000','0.000',3,1,0,NULL);
INSERT INTO `B65362949_product_price` VALUES (3,1,'2015-03-14 11:23:40',3,'2015-03-14 11:23:47',1,'0.00000000','0.00000000','0.00000000','0.00000000','HT','21.000',0,'0.000','0.000',3,1,0,NULL);
INSERT INTO `B65362949_product_price` VALUES (4,1,'2015-03-14 12:02:46',4,'2015-03-14 12:02:53',1,'0.00000000','0.00000000','0.00000000','0.00000000','HT','21.000',0,'0.000','0.000',3,1,0,NULL);
INSERT INTO `B65362949_product_price` VALUES (5,1,'2015-03-14 12:07:12',5,'2015-03-14 12:07:18',1,'0.00000000','0.00000000','0.00000000','0.00000000','HT','21.000',0,'0.000','0.000',3,1,0,NULL);
INSERT INTO `B65362949_product_price` VALUES (6,1,'2015-03-14 12:09:16',6,'2015-03-14 12:09:22',1,'0.00000000','0.00000000','0.00000000','0.00000000','HT','21.000',0,'0.000','0.000',3,1,0,NULL);
INSERT INTO `B65362949_product_price` VALUES (7,1,'2015-03-14 12:10:14',7,'2015-03-14 12:10:21',1,'0.00000000','0.00000000','0.00000000','0.00000000','HT','21.000',0,'0.000','0.000',3,1,0,NULL);
INSERT INTO `B65362949_product_price` VALUES (8,1,'2015-03-14 12:13:33',5,'2015-03-14 12:13:40',1,'34.50000000','41.74500000','0.00000000','0.00000000','HT','21.000',0,'0.000','0.000',3,1,0,NULL);
INSERT INTO `B65362949_product_price` VALUES (9,1,'2015-03-14 12:15:55',8,'2015-03-14 12:16:01',1,'65.00000000','78.65000000','0.00000000','0.00000000','HT','21.000',0,'0.000','0.000',3,1,0,NULL);
INSERT INTO `B65362949_product_price` VALUES (10,1,'2015-03-14 12:24:45',9,'2015-03-14 12:24:52',1,'42.00000000','50.82000000','0.00000000','0.00000000','HT','21.000',0,'0.000','0.000',3,1,0,NULL);
INSERT INTO `B65362949_product_price` VALUES (11,1,'2015-03-14 12:25:20',6,'2015-03-14 12:25:26',1,'42.00000000','50.82000000','0.00000000','0.00000000','HT','21.000',0,'0.000','0.000',3,1,0,NULL);
INSERT INTO `B65362949_product_price` VALUES (12,1,'2015-03-14 12:26:26',5,'2015-03-14 12:26:33',1,'42.00000000','50.82000000','0.00000000','0.00000000','HT','21.000',0,'0.000','0.000',3,1,0,NULL);
INSERT INTO `B65362949_product_price` VALUES (13,1,'2015-03-14 12:41:20',10,'2015-03-14 12:41:27',1,'0.00000000','0.00000000','0.00000000','0.00000000','HT','21.000',0,'0.000','0.000',3,1,0,NULL);
INSERT INTO `B65362949_product_price` VALUES (14,1,'2015-03-14 22:54:58',11,'2015-03-14 22:55:05',1,'175.00000000','211.75000000','0.00000000','0.00000000','HT','21.000',0,'0.000','0.000',3,1,0,NULL);
INSERT INTO `B65362949_product_price` VALUES (15,1,'2015-03-17 16:32:45',12,'2015-03-17 16:33:00',1,'0.00000000','0.00000000','0.00000000','0.00000000','HT','21.000',0,'0.000','0.000',3,0,0,NULL);
INSERT INTO `B65362949_product_price` VALUES (16,1,'2015-03-17 16:33:25',13,'2015-03-17 16:33:40',1,'0.00000000','0.00000000','0.00000000','0.00000000','HT','21.000',0,'0.000','0.000',3,0,0,NULL);
INSERT INTO `B65362949_product_price` VALUES (17,1,'2015-03-17 17:55:17',14,'2015-03-17 17:55:32',1,'175.00000000','211.75000000','0.00000000','0.00000000','HT','21.000',0,'0.000','0.000',3,0,0,NULL);
INSERT INTO `B65362949_product_price` VALUES (18,1,'2015-03-17 17:56:54',14,'2015-03-17 17:57:09',1,'550.00000000','665.50000000','0.00000000','0.00000000','HT','21.000',0,'0.000','0.000',3,1,0,NULL);
INSERT INTO `B65362949_product_price` VALUES (19,1,'2016-11-02 08:16:06',15,'2016-11-02 08:37:00',1,'42.00000000','50.82000000','0.00000000','0.00000000','HT','21.000',0,'0.000','0.000',2,0,0,NULL);
INSERT INTO `B65362949_product_price` VALUES (20,1,'2016-11-02 08:19:04',15,'2016-11-02 08:39:57',1,'60.00000000','72.60000000','0.00000000','0.00000000','HT','21.000',0,'0.000','0.000',2,1,0,NULL);




--
-- Table structure for table `B65362949_product_price_by_qty`
--
CREATE TABLE `B65362949_product_price_by_qty` (
  `rowid` int(11) NOT NULL AUTO_INCREMENT,
  `fk_product_price` int(11) NOT NULL,
  `date_price` timestamp NOT NULL DEFAULT CURRENT_TIMESTAMP ON UPDATE CURRENT_TIMESTAMP,
  `price` double(24,8) DEFAULT '0.00000000',
  `quantity` double DEFAULT NULL,
  `remise_percent` double NOT NULL DEFAULT '0',
  `remise` double NOT NULL DEFAULT '0',
  `unitprice` double(24,8) DEFAULT '0.00000000',
  PRIMARY KEY (`rowid`),
  UNIQUE KEY `uk_product_price_by_qty_level` (`fk_product_price`,`quantity`),
  KEY `idx_product_price_by_qty_fk_product_price` (`fk_product_price`),
  CONSTRAINT `fk_product_price_by_qty_fk_product_price` FOREIGN KEY (`fk_product_price`) REFERENCES `B65362949_product_price` (`rowid`)
) ENGINE=InnoDB DEFAULT CHARSET=utf8;

--
-- Dumping data for table `B65362949_product_price_by_qty`
--




--
-- Table structure for table `B65362949_product_stock`
--
CREATE TABLE `B65362949_product_stock` (
  `rowid` int(11) NOT NULL AUTO_INCREMENT,
  `tms` timestamp NOT NULL DEFAULT CURRENT_TIMESTAMP ON UPDATE CURRENT_TIMESTAMP,
  `fk_product` int(11) NOT NULL,
  `fk_entrepot` int(11) NOT NULL,
  `reel` double DEFAULT NULL,
  `pmp` double(24,8) NOT NULL DEFAULT '0.00000000',
  `import_key` varchar(14) DEFAULT NULL,
  PRIMARY KEY (`rowid`),
  UNIQUE KEY `uk_product_stock` (`fk_product`,`fk_entrepot`),
  KEY `idx_product_stock_fk_product` (`fk_product`),
  KEY `idx_product_stock_fk_entrepot` (`fk_entrepot`)
) ENGINE=InnoDB DEFAULT CHARSET=utf8;

--
-- Dumping data for table `B65362949_product_stock`
--




--
-- Table structure for table `B65362949_projet`
--
CREATE TABLE `B65362949_projet` (
  `rowid` int(11) NOT NULL AUTO_INCREMENT,
  `fk_soc` int(11) DEFAULT NULL,
  `datec` date DEFAULT NULL,
  `tms` timestamp NOT NULL DEFAULT CURRENT_TIMESTAMP ON UPDATE CURRENT_TIMESTAMP,
  `dateo` date DEFAULT NULL,
  `datee` date DEFAULT NULL,
  `ref` varchar(50) DEFAULT NULL,
  `entity` int(11) NOT NULL DEFAULT '1',
  `title` varchar(255) NOT NULL,
  `description` text,
  `fk_user_creat` int(11) NOT NULL,
  `public` int(11) DEFAULT NULL,
  `fk_statut` smallint(6) NOT NULL DEFAULT '0',
  `note_private` text,
  `note_public` text,
  `model_pdf` varchar(255) DEFAULT NULL,
  PRIMARY KEY (`rowid`),
  UNIQUE KEY `uk_projet_ref` (`ref`,`entity`),
  KEY `idx_projet_fk_soc` (`fk_soc`),
  CONSTRAINT `fk_projet_fk_soc` FOREIGN KEY (`fk_soc`) REFERENCES `B65362949_societe` (`rowid`)
) ENGINE=InnoDB AUTO_INCREMENT=2 DEFAULT CHARSET=utf8;

--
-- Dumping data for table `B65362949_projet`
--
INSERT INTO `B65362949_projet` VALUES (1,181,'2017-06-19','2017-06-19 09:37:27','2017-06-19',NULL,'PJ1706-0001',1,'Localización errantes','',2,0,1,NULL,NULL,NULL);




--
-- Table structure for table `B65362949_projet_extrafields`
--
CREATE TABLE `B65362949_projet_extrafields` (
  `rowid` int(11) NOT NULL AUTO_INCREMENT,
  `tms` timestamp NOT NULL DEFAULT CURRENT_TIMESTAMP ON UPDATE CURRENT_TIMESTAMP,
  `fk_object` int(11) NOT NULL,
  `import_key` varchar(14) DEFAULT NULL,
  PRIMARY KEY (`rowid`),
  KEY `idx_projet_extrafields` (`fk_object`)
) ENGINE=InnoDB DEFAULT CHARSET=utf8;

--
-- Dumping data for table `B65362949_projet_extrafields`
--




--
-- Table structure for table `B65362949_projet_task`
--
CREATE TABLE `B65362949_projet_task` (
  `rowid` int(11) NOT NULL AUTO_INCREMENT,
  `ref` varchar(50) DEFAULT NULL,
  `entity` int(11) NOT NULL DEFAULT '1',
  `fk_projet` int(11) NOT NULL,
  `fk_task_parent` int(11) NOT NULL DEFAULT '0',
  `datec` datetime DEFAULT NULL,
  `tms` timestamp NOT NULL DEFAULT CURRENT_TIMESTAMP ON UPDATE CURRENT_TIMESTAMP,
  `dateo` datetime DEFAULT NULL,
  `datee` datetime DEFAULT NULL,
  `datev` datetime DEFAULT NULL,
  `label` varchar(255) NOT NULL,
  `description` text,
  `duration_effective` double NOT NULL DEFAULT '0',
  `planned_workload` double NOT NULL DEFAULT '0',
  `progress` int(11) DEFAULT '0',
  `priority` int(11) DEFAULT '0',
  `fk_user_creat` int(11) DEFAULT NULL,
  `fk_user_valid` int(11) DEFAULT NULL,
  `fk_statut` smallint(6) NOT NULL DEFAULT '0',
  `note_private` text,
  `note_public` text,
  `rang` int(11) DEFAULT '0',
  `model_pdf` varchar(255) DEFAULT NULL,
  PRIMARY KEY (`rowid`),
  KEY `idx_projet_task_fk_projet` (`fk_projet`),
  KEY `idx_projet_task_fk_user_creat` (`fk_user_creat`),
  KEY `idx_projet_task_fk_user_valid` (`fk_user_valid`),
  CONSTRAINT `fk_projet_task_fk_projet` FOREIGN KEY (`fk_projet`) REFERENCES `B65362949_projet` (`rowid`),
  CONSTRAINT `fk_projet_task_fk_user_creat` FOREIGN KEY (`fk_user_creat`) REFERENCES `B65362949_user` (`rowid`),
  CONSTRAINT `fk_projet_task_fk_user_valid` FOREIGN KEY (`fk_user_valid`) REFERENCES `B65362949_user` (`rowid`)
) ENGINE=InnoDB DEFAULT CHARSET=utf8;

--
-- Dumping data for table `B65362949_projet_task`
--




--
-- Table structure for table `B65362949_projet_task_extrafields`
--
CREATE TABLE `B65362949_projet_task_extrafields` (
  `rowid` int(11) NOT NULL AUTO_INCREMENT,
  `tms` timestamp NOT NULL DEFAULT CURRENT_TIMESTAMP ON UPDATE CURRENT_TIMESTAMP,
  `fk_object` int(11) NOT NULL,
  `import_key` varchar(14) DEFAULT NULL,
  PRIMARY KEY (`rowid`),
  KEY `idx_projet_task_extrafields` (`fk_object`)
) ENGINE=InnoDB DEFAULT CHARSET=utf8;

--
-- Dumping data for table `B65362949_projet_task_extrafields`
--




--
-- Table structure for table `B65362949_projet_task_time`
--
CREATE TABLE `B65362949_projet_task_time` (
  `rowid` int(11) NOT NULL AUTO_INCREMENT,
  `fk_task` int(11) NOT NULL,
  `task_date` date DEFAULT NULL,
  `task_duration` double DEFAULT NULL,
  `fk_user` int(11) DEFAULT NULL,
  `thm` double(24,8) DEFAULT NULL,
  `note` text,
  PRIMARY KEY (`rowid`)
) ENGINE=InnoDB DEFAULT CHARSET=utf8;

--
-- Dumping data for table `B65362949_projet_task_time`
--




--
-- Table structure for table `B65362949_propal`
--
CREATE TABLE `B65362949_propal` (
  `rowid` int(11) NOT NULL AUTO_INCREMENT,
  `ref` varchar(30) NOT NULL,
  `entity` int(11) NOT NULL DEFAULT '1',
  `ref_ext` varchar(255) DEFAULT NULL,
  `ref_int` varchar(255) DEFAULT NULL,
  `ref_client` varchar(255) DEFAULT NULL,
  `fk_soc` int(11) DEFAULT NULL,
  `fk_projet` int(11) DEFAULT NULL,
  `tms` timestamp NOT NULL DEFAULT CURRENT_TIMESTAMP ON UPDATE CURRENT_TIMESTAMP,
  `datec` datetime DEFAULT NULL,
  `datep` date DEFAULT NULL,
  `fin_validite` datetime DEFAULT NULL,
  `date_valid` datetime DEFAULT NULL,
  `date_cloture` datetime DEFAULT NULL,
  `fk_user_author` int(11) DEFAULT NULL,
  `fk_user_valid` int(11) DEFAULT NULL,
  `fk_user_cloture` int(11) DEFAULT NULL,
  `fk_statut` smallint(6) NOT NULL DEFAULT '0',
  `price` double DEFAULT '0',
  `remise_percent` double DEFAULT '0',
  `remise_absolue` double DEFAULT '0',
  `remise` double DEFAULT '0',
  `total_ht` double(24,8) DEFAULT '0.00000000',
  `tva` double(24,8) DEFAULT '0.00000000',
  `localtax1` double(24,8) DEFAULT '0.00000000',
  `localtax2` double(24,8) DEFAULT '0.00000000',
  `total` double(24,8) DEFAULT '0.00000000',
  `fk_account` int(11) DEFAULT NULL,
  `fk_currency` varchar(3) DEFAULT NULL,
  `fk_cond_reglement` int(11) DEFAULT NULL,
  `fk_mode_reglement` int(11) DEFAULT NULL,
  `note_private` text,
  `note_public` text,
  `model_pdf` varchar(255) DEFAULT NULL,
  `date_livraison` date DEFAULT NULL,
  `fk_availability` int(11) DEFAULT NULL,
  `fk_input_reason` int(11) DEFAULT NULL,
  `import_key` varchar(14) DEFAULT NULL,
  `extraparams` varchar(255) DEFAULT NULL,
  `fk_delivery_address` int(11) DEFAULT NULL,
  PRIMARY KEY (`rowid`),
  UNIQUE KEY `uk_propal_ref` (`ref`,`entity`),
  KEY `idx_propal_fk_soc` (`fk_soc`),
  KEY `idx_propal_fk_user_author` (`fk_user_author`),
  KEY `idx_propal_fk_user_valid` (`fk_user_valid`),
  KEY `idx_propal_fk_user_cloture` (`fk_user_cloture`),
  KEY `idx_propal_fk_projet` (`fk_projet`),
  KEY `idx_propal_fk_account` (`fk_account`),
  KEY `idx_propal_fk_currency` (`fk_currency`),
  CONSTRAINT `fk_propal_fk_projet` FOREIGN KEY (`fk_projet`) REFERENCES `B65362949_projet` (`rowid`),
  CONSTRAINT `fk_propal_fk_soc` FOREIGN KEY (`fk_soc`) REFERENCES `B65362949_societe` (`rowid`),
  CONSTRAINT `fk_propal_fk_user_author` FOREIGN KEY (`fk_user_author`) REFERENCES `B65362949_user` (`rowid`),
  CONSTRAINT `fk_propal_fk_user_cloture` FOREIGN KEY (`fk_user_cloture`) REFERENCES `B65362949_user` (`rowid`),
  CONSTRAINT `fk_propal_fk_user_valid` FOREIGN KEY (`fk_user_valid`) REFERENCES `B65362949_user` (`rowid`)
) ENGINE=InnoDB AUTO_INCREMENT=105 DEFAULT CHARSET=utf8;

--
-- Dumping data for table `B65362949_propal`
--
INSERT INTO `B65362949_propal` VALUES (3,'PR1503-0002',1,NULL,NULL,'',3,NULL,'2015-04-24 14:43:28','2015-03-27 09:41:46','2015-03-27','2015-04-11 13:00:00','2015-03-27 09:49:51','2015-04-24 14:44:02',2,2,2,4,0,NULL,NULL,0,'360.00000000','75.60000000','0.00000000','0.00000000','435.60000000',NULL,NULL,1,3,'','','azur','2015-03-31',1,10,NULL,NULL,NULL);
INSERT INTO `B65362949_propal` VALUES (4,'PR1504-0003',1,NULL,NULL,'Anticipa Nueva',3,NULL,'2016-02-23 19:45:09','2015-04-03 09:29:18','2015-04-03','2016-04-18 12:00:00','2016-02-23 19:58:36','2016-02-23 19:58:45',2,2,2,2,0,NULL,NULL,0,'11490.00000000','2412.90000000','0.00000000','0.00000000','13902.90000000',NULL,NULL,1,0,'','Forma de pago:
\n
\n40% al inicio de proyecto, 40% al inicio de pruebas de usuario, 20% en la aceptación.','azur','2015-04-03',0,0,NULL,NULL,NULL);
INSERT INTO `B65362949_propal` VALUES (5,'PR1504-0004',1,NULL,NULL,'',36,NULL,'2015-04-24 14:43:41','2015-04-10 11:05:05','2015-04-10','2015-04-25 12:00:00','2015-04-10 11:07:25','2015-04-24 14:44:14',2,2,2,4,0,NULL,NULL,0,'140.00000000','29.40000000','0.00000000','0.00000000','169.40000000',NULL,NULL,1,2,'','','azur','2015-04-17',2,8,NULL,NULL,NULL);
INSERT INTO `B65362949_propal` VALUES (6,'PR1504-0005',1,NULL,NULL,'Excel inmuebles',3,NULL,'2015-05-12 06:56:02','2015-04-21 11:19:24','2015-04-21','2015-05-06 12:00:00','2015-04-24 14:48:54','2015-05-12 06:57:21',2,2,2,3,0,NULL,NULL,0,'240.00000000','50.40000000','0.00000000','0.00000000','290.40000000',NULL,NULL,1,3,'','','azur','2015-04-21',2,8,NULL,NULL,NULL);
INSERT INTO `B65362949_propal` VALUES (8,'PR1504-0006',1,NULL,NULL,'Me - Crop en imagenes',3,NULL,'2015-05-04 18:23:33','2015-04-23 12:59:21','2015-04-23','2015-05-08 12:00:00','2015-04-23 13:01:17','2015-05-04 18:24:33',2,2,2,2,0,NULL,NULL,0,'240.00000000','50.40000000','0.00000000','0.00000000','290.40000000',NULL,NULL,1,3,'','','azur','2015-04-23',2,8,NULL,NULL,NULL);
INSERT INTO `B65362949_propal` VALUES (10,'PR1504-0007',1,NULL,NULL,'Trabajos extra Abril',3,NULL,'2015-04-24 14:43:07','2015-04-24 14:38:12','2015-04-24','2015-05-09 12:00:00','2015-04-24 14:41:21','2015-04-24 14:43:40',2,3,2,4,0,NULL,NULL,0,'150.00000000','31.50000000','0.00000000','0.00000000','181.50000000',NULL,NULL,1,3,'','','azur','2015-04-24',1,8,NULL,NULL,NULL);
INSERT INTO `B65362949_propal` VALUES (11,'PR1504-0008',1,NULL,NULL,'Actualización GO',3,NULL,'2015-05-04 18:23:14','2015-04-27 19:55:25','2015-04-27','2015-05-12 12:00:00','2015-04-27 20:05:11','2015-05-04 18:24:14',2,2,2,2,0,NULL,NULL,0,'3600.00000000','756.00000000','0.00000000','0.00000000','4356.00000000',NULL,NULL,1,3,'','','azur','2015-04-27',3,8,NULL,NULL,NULL);
INSERT INTO `B65362949_propal` VALUES (12,'PR1504-0009',1,NULL,NULL,'Instalación Módulo Slider',3,NULL,'2015-05-04 18:22:40','2015-04-27 20:07:21','2015-04-27','2015-05-12 12:00:00','2015-04-27 20:08:40','2015-05-04 18:23:40',2,2,2,2,0,NULL,NULL,0,'180.00000000','37.80000000','0.00000000','0.00000000','217.80000000',NULL,NULL,1,3,'','','azur','2015-04-27',1,8,NULL,NULL,NULL);
INSERT INTO `B65362949_propal` VALUES (13,'PR1504-0010',1,NULL,NULL,'Nueva Categoría',3,NULL,'2015-05-04 18:25:33','2015-04-27 20:09:41','2015-04-27','2015-05-12 12:00:00','2015-04-27 20:11:58','2015-05-04 18:26:33',2,2,2,2,0,NULL,NULL,0,'450.00000000','94.50000000','0.00000000','0.00000000','544.50000000',NULL,NULL,1,3,'','','azur','2015-04-27',1,8,NULL,NULL,NULL);
INSERT INTO `B65362949_propal` VALUES (14,'PR1504-0011',1,NULL,NULL,'Mejoras Móvil (GO)',3,NULL,'2015-05-04 18:22:11','2015-04-28 16:11:31','2015-04-28','2015-05-13 12:00:00','2015-04-28 16:39:50','2015-05-04 18:23:11',2,2,2,2,0,NULL,NULL,0,'450.00000000','94.50000000','0.00000000','0.00000000','544.50000000',NULL,NULL,1,3,'https://developers.google.com/speed/pagespeed/insights/?url=www.generaloptica.es&tab=mobile','','azur','2015-04-28',1,8,NULL,NULL,NULL);
INSERT INTO `B65362949_propal` VALUES (15,'PR1504-0012',1,NULL,NULL,'Publicación (Go)',3,NULL,'2015-10-01 17:51:16','2015-04-28 18:39:51','2015-04-28','2015-05-13 12:00:00','2015-10-01 17:58:21','2015-10-01 17:58:43',2,3,3,2,0,NULL,NULL,0,'693.00000000','145.53000000','0.00000000','0.00000000','838.53000000',NULL,NULL,1,3,'','','azur','2015-04-28',1,8,NULL,NULL,NULL);
INSERT INTO `B65362949_propal` VALUES (16,'PR1505-0013',1,NULL,NULL,'Campaña Lentillas',3,NULL,'2015-05-12 13:44:11','2015-05-06 12:38:15','2015-05-06','2015-05-21 12:00:00','2015-05-07 14:03:25','2015-05-12 13:45:31',2,2,2,3,0,NULL,NULL,0,'600.00000000','126.00000000','0.00000000','0.00000000','726.00000000',NULL,NULL,1,3,'Patricia me ha dicho que al final no lo hacen. 12/05/2015','','azur','2015-05-06',1,8,NULL,NULL,NULL);
INSERT INTO `B65362949_propal` VALUES (17,'PR1505-0014',1,NULL,NULL,'Serunion',3,NULL,'2015-05-12 06:56:40','2015-05-06 14:48:29','2015-05-06','2015-05-21 12:00:00','2015-05-06 15:06:59','2015-05-12 06:58:00',2,2,2,3,0,NULL,NULL,0,'9870.00000000','2072.70000000','0.00000000','0.00000000','11942.70000000',NULL,NULL,1,3,'','','azur','2015-05-06',1,8,NULL,NULL,NULL);
INSERT INTO `B65362949_propal` VALUES (18,'PR1505-0015',1,NULL,NULL,'SEO SEM (BCN BRAND)',3,NULL,'2015-09-25 15:54:12','2015-05-07 06:42:20','2015-05-07','2015-05-22 12:00:00','2015-05-07 06:53:22','2015-09-25 16:01:23',2,2,2,3,0,NULL,NULL,0,'5480.00000000','1150.80000000','0.00000000','0.00000000','6630.80000000',NULL,NULL,1,3,'','','azur','2015-05-07',1,8,NULL,NULL,NULL);
INSERT INTO `B65362949_propal` VALUES (19,'PR1505-0016',1,NULL,NULL,'',51,NULL,'2015-05-12 13:42:29','2015-05-11 14:46:47','2015-05-11','2015-05-26 12:00:00','2015-05-11 15:32:48','2015-05-12 13:43:49',3,3,3,3,0,NULL,NULL,0,'1803.75000000','378.79000000','0.00000000','0.00000000','2182.54000000',NULL,NULL,1,2,'','','azur','2015-05-19',3,0,NULL,NULL,NULL);
INSERT INTO `B65362949_propal` VALUES (20,'PR1505-0017',1,NULL,NULL,'',51,NULL,'2015-08-06 14:25:43','2015-05-12 13:16:29','2015-05-12','2015-05-27 13:16:29','2015-05-12 13:19:12','2015-08-06 14:30:46',3,3,3,4,0,NULL,NULL,0,'1511.26000000','317.35000000','0.00000000','0.00000000','1828.61000000',NULL,NULL,1,2,'','','azur','2015-05-19',3,0,NULL,NULL,NULL);
INSERT INTO `B65362949_propal` VALUES (21,'PR1505-0018',1,NULL,NULL,'Migración SENC',52,NULL,'2015-09-25 15:55:08','2015-05-13 13:43:06','2015-05-13','2015-05-28 12:00:00','2015-09-25 16:02:10','2015-09-25 16:02:19',2,2,2,3,0,NULL,NULL,0,'840.00000000','176.40000000','0.00000000','0.00000000','1016.40000000',NULL,NULL,1,2,'','','azur','2015-05-13',1,8,NULL,NULL,NULL);
INSERT INTO `B65362949_propal` VALUES (22,'PR1505-0019',1,NULL,NULL,'mejoras ME',3,NULL,'2015-10-01 18:13:29','2015-05-14 09:36:16','2015-05-14','2015-05-29 12:00:00','2015-05-14 09:47:13','2015-10-01 18:20:56',2,2,3,3,0,NULL,NULL,0,'360.00000000','75.60000000','0.00000000','0.00000000','435.60000000',NULL,NULL,1,3,'','','azur','2015-05-14',1,8,NULL,NULL,NULL);
INSERT INTO `B65362949_propal` VALUES (23,'PR1505-0020',1,NULL,NULL,'iOS Graficas',53,NULL,'2015-09-17 18:03:01','2015-05-14 15:17:14','2015-05-14','2015-05-29 12:00:00','2015-05-21 22:50:33','2015-09-17 18:09:52',2,2,3,2,0,NULL,NULL,0,'3870.00000000','812.70000000','0.00000000','0.00000000','4682.70000000',NULL,NULL,1,2,'Aceptado, se inician los desarrollos y se factura el 50% en provisión de fondos.','','azur','2015-05-14',1,8,NULL,NULL,NULL);
INSERT INTO `B65362949_propal` VALUES (24,'PR1505-0021',1,NULL,NULL,'Bosa Horas',51,NULL,'2015-08-06 14:26:02','2015-05-29 09:46:26','2015-05-29','2015-06-13 12:00:00','2015-05-29 10:12:33','2015-08-06 14:31:05',2,2,3,4,0,NULL,NULL,0,'2437.50000000','511.88000000','0.00000000','0.00000000','2949.38000000',NULL,NULL,1,2,'','','azur','2015-05-29',0,0,NULL,NULL,NULL);
INSERT INTO `B65362949_propal` VALUES (25,'PR1505-0022',1,NULL,NULL,'Problemas migración',7,NULL,'2015-08-06 14:27:05','2015-05-29 10:25:44','2015-05-29','2015-06-13 12:00:00','2015-06-22 12:42:43','2015-08-06 14:32:07',2,2,3,4,0,NULL,NULL,0,'280.00000000','58.80000000','0.00000000','0.00000000','338.80000000',NULL,NULL,1,2,'','','azur','2015-05-29',0,0,NULL,NULL,NULL);
INSERT INTO `B65362949_propal` VALUES (26,'PR1506-0023',1,NULL,NULL,'Dashboard',3,NULL,'2015-07-24 16:37:07','2015-06-09 10:54:41','2015-06-09','2015-06-24 12:00:00','2015-06-09 13:12:15','2015-07-24 16:41:37',2,2,2,3,0,NULL,NULL,0,'3360.00000000','705.60000000','0.00000000','0.00000000','4065.60000000',NULL,NULL,1,3,'No le encaja el precio','','azur','2015-06-09',2,8,NULL,NULL,NULL);
INSERT INTO `B65362949_propal` VALUES (27,'PR1506-0024',1,NULL,NULL,'',51,NULL,'2015-08-06 14:26:20','2015-06-16 14:24:05','2015-06-16','2015-07-01 12:00:00','2015-06-22 15:03:26','2015-08-06 14:31:22',3,3,3,4,0,NULL,NULL,0,'488.66000000','102.62000000','0.00000000','0.00000000','591.28000000',NULL,NULL,1,2,'','','azur',NULL,0,0,NULL,NULL,NULL);
INSERT INTO `B65362949_propal` VALUES (29,'PR1506-0025',1,NULL,NULL,'Amplicaciones SENC',52,NULL,'2015-08-06 14:23:39','2015-06-22 12:31:48','2015-06-22','2015-07-07 12:00:00','2015-06-22 12:33:20','2015-08-06 14:28:41',2,2,3,4,0,NULL,NULL,0,'840.00000000','176.40000000','0.00000000','0.00000000','1016.40000000',NULL,NULL,1,2,'','','azur','2015-06-22',2,8,NULL,NULL,NULL);
INSERT INTO `B65362949_propal` VALUES (30,'PR1506-0026',1,NULL,NULL,'Nueva presentación ME',3,NULL,'2015-10-01 20:11:29','2015-06-29 06:07:11','2015-06-29','2015-07-14 06:07:11','2015-06-29 15:28:26','2015-10-01 19:40:22',2,2,3,2,0,NULL,NULL,0,'2550.00000000','535.50000000','0.00000000','0.00000000','3085.50000000',NULL,NULL,1,3,'','','azur','2015-04-28',1,8,NULL,NULL,NULL);
INSERT INTO `B65362949_propal` VALUES (31,'PR1507-0027',1,NULL,NULL,'ME (Upload file)',3,NULL,'2015-11-13 13:20:36','2015-07-14 12:36:54','2015-07-14','2015-07-29 12:00:00','2015-07-14 12:39:06','2015-11-13 13:29:53',2,2,2,3,0,NULL,NULL,0,'240.00000000','50.40000000','0.00000000','0.00000000','290.40000000',NULL,NULL,1,3,'Se ha incluido en otro desarrollo','','azur','2015-07-14',2,8,NULL,NULL,NULL);
INSERT INTO `B65362949_propal` VALUES (32,'PR1507-0028',1,NULL,NULL,'',51,NULL,'2016-02-11 16:37:48','2015-07-21 12:36:35','2015-07-22',NULL,'2015-07-22 11:16:52','2016-02-11 16:50:53',3,3,2,3,0,NULL,NULL,0,'1050.00000000','220.50000000','0.00000000','0.00000000','1270.50000000',NULL,NULL,1,2,'','','azur','2015-07-22',0,0,NULL,NULL,NULL);
INSERT INTO `B65362949_propal` VALUES (33,'PR1507-0029',1,NULL,NULL,'Mejoras Global',3,NULL,'2015-08-04 17:59:51','2015-07-21 15:36:52','2015-07-21','2015-08-05 12:00:00','2015-07-21 15:51:16','2015-08-04 18:04:49',2,2,2,2,0,NULL,NULL,0,'2070.00000000','434.70000000','0.00000000','0.00000000','2504.70000000',NULL,NULL,1,3,'Aceptado el presupuesto por el cliente','Modo de pago:
\nSe requerirá el pago del 40% al inicio del proyecto. Otro 40% en el momento del inicio de las pruebas y un 20% en el momento de la aceptación.','azur','2015-09-30',1,8,NULL,NULL,NULL);
INSERT INTO `B65362949_propal` VALUES (34,'PR1508-0030',1,NULL,NULL,'Campaña Alquiler',3,NULL,'2015-09-25 15:52:15','2015-08-28 09:14:56','2015-08-28','2015-09-12 12:00:00','2015-09-01 15:26:37','2015-09-25 15:59:26',2,3,2,4,0,NULL,NULL,0,'540.00000000','113.40000000','0.00000000','0.00000000','653.40000000',NULL,NULL,1,3,'','','azur','2015-08-28',1,8,NULL,NULL,NULL);
INSERT INTO `B65362949_propal` VALUES (35,'PR1509-0031',1,NULL,NULL,'',3,NULL,'2016-02-11 16:38:47','2015-09-01 15:25:55','2015-09-01','2015-09-16 15:25:55','2015-09-01 15:26:13','2016-02-11 16:51:52',3,3,2,3,0,NULL,NULL,0,'40.00000000','8.40000000','0.00000000','0.00000000','48.40000000',NULL,NULL,1,3,'','','azur','2015-08-28',1,8,NULL,NULL,NULL);
INSERT INTO `B65362949_propal` VALUES (36,'PR1509-0032',1,NULL,NULL,'Landing subir fotos',54,NULL,'2015-10-13 14:20:51','2015-09-07 11:30:25','2015-09-07','2015-09-22 12:00:00','2015-09-07 11:53:23','2015-10-13 14:28:48',2,2,2,3,0,NULL,NULL,0,'3600.00000000','756.00000000','0.00000000','0.00000000','4356.00000000',NULL,NULL,1,2,'No nos han dado respuesta','El desarrollo será HTML5 y CSS3. Por los que el aplicativo será comparible con:
\n- IE9 o superior
\n- Firefox 3.6 o superior
\n- Opera 11
\n- safari 5
\n- Chrome 8
\n
\n- La Web se construye de modo que puede ser opcionalmente empaquetada y colgada de los diferentes markets. Android / iOs / Windows Phone.
\n
\n- El modo de pago será 50% al inicio del proyecto 30% al inicio de las pruebas de usuario y resto a la aceptación.','azur','2015-09-07',4,8,NULL,NULL,NULL);
INSERT INTO `B65362949_propal` VALUES (37,'PR1509-0033',1,NULL,NULL,'Mejoras iPad',6,NULL,'2015-11-30 12:05:29','2015-09-17 10:07:42','2015-09-17','2015-10-02 12:00:00','2015-09-17 10:18:00','2015-11-30 12:15:29',2,2,2,2,0,NULL,NULL,0,'5760.00000000','1209.60000000','0.00000000','0.00000000','6969.60000000',NULL,NULL,1,2,'Nos aceptan el presupuesto tal cual','Se abonará un 50% al inicio de la programación y el otro 50% con la aceptación de los trabajos.','azur','2015-09-17',1,8,NULL,NULL,NULL);
INSERT INTO `B65362949_propal` VALUES (38,'PR1509-0034',1,NULL,NULL,'Bolsa de Trabajo',3,NULL,'2015-09-24 11:53:18','2015-09-21 14:21:30','2015-09-21','2015-10-06 12:00:00','2015-09-24 11:54:10','2015-09-24 12:00:26',2,2,2,2,0,NULL,NULL,0,'5370.00000000','1127.70000000','0.00000000','0.00000000','6497.70000000',NULL,NULL,1,3,'Empezamos a dar servicio el día (22/09/2015)','','azur','2015-09-21',1,8,NULL,NULL,NULL);
INSERT INTO `B65362949_propal` VALUES (39,'PR1509-0035',1,NULL,NULL,'Nueva presentación Anticipa',3,NULL,'2015-10-01 07:15:40','2015-09-28 07:00:24','2015-09-28','2015-10-13 07:00:24','2015-09-28 07:17:11','2015-10-01 07:23:06',2,2,2,3,0,NULL,NULL,0,'4380.00000000','919.80000000','0.00000000','0.00000000','5299.80000000',NULL,NULL,1,3,'https://developers.google.com/speed/pagespeed/insights/?url=www.generaloptica.es&tab=mobile','- Están fuera de este presupuesto los trabajos de mejora de SEO que se propongan durante y después del desarrollo de esta nueva presentación.
\n- Se aplicarán tecnologías HTML5/CSS3 multiplataforma en el desarrollo de una presentación STAND ALONE conectada por AJAX a la lógica de negocio existente actualmente. Permitiendo que en un futuro esta nueva presentación pueda ser empaquetada y funcionar sobre la plataforma WEBKIT de cualquier SMARTPHONE de manera independiente y disponibles en los diferentes markets de cada fabricante. La adaptación y empaqueado de esta solución para los diferentes markets no forma parte de este presupuesto.
\n- La fecha limite para la realización de los trabajos es el 20 de Octubre de 2015.
\n- El pago se realizará en dos veces, una del 50% al inicio del desarrollo y una segunda con la aceptación de los trabajos.','azur','2015-04-28',1,8,NULL,NULL,NULL);
INSERT INTO `B65362949_propal` VALUES (40,'PR1510-0036',1,NULL,NULL,'Alquilovers',3,NULL,'2015-10-01 16:31:39','2015-10-01 06:39:48','2015-10-01','2015-10-16 12:00:00','2015-10-01 07:18:04','2015-10-01 16:39:06',2,2,2,2,0,NULL,NULL,0,'1950.00000000','409.50000000','0.00000000','0.00000000','2359.50000000',NULL,NULL,1,3,'','- Dado que la fecha de entrega de este proyecto no se puede mover, se irán realizando microentregas durante el desarrollo que permitan al equipo de Maria Barcelona realizar validaciones de los trabajos realizados.
\n- El abono del proyecto se realiza en dos pagos: 50% al inicio del proyecto y 50% con la aceptación.','azur','2015-10-20',1,8,NULL,NULL,NULL);
INSERT INTO `B65362949_propal` VALUES (41,'PR1510-0037',1,NULL,NULL,'App carreteras',90,NULL,'2015-10-06 16:41:26','2015-10-01 09:58:49','2015-10-01','2015-10-16 12:00:00','2015-10-01 12:35:16','2015-10-06 16:49:05',2,2,2,3,0,NULL,NULL,0,'8232.00000000','1728.72000000','0.00000000','0.00000000','9960.72000000',NULL,NULL,1,1,'Prefieren desarrollarlo internamente.','- La valoración se ha realizado contemplando las siguiente premisas:
\n     . El diseño y material gráfico nos viene dado (o se podrá presupuestar aparte)
\n     . El servicio y la documentación técnica del interface nos vendrá dado
\n     . No hay un mantenimiento ni registro de usuarios en el desarrollo
\n     . La solución se desarrolla para especificación de tablet indicada
\n- El precio hora contempla el coste de un desarrollador especialista en Android al 100% y un jefe de equipo al 20%.
\n- La forma de pago se realiza en 3 veces. 40% al inicio del proyecto, 40% al inicio de las pruebas de usuario, 20% con la aceptación.','azur','2015-10-01',1,8,NULL,NULL,NULL);
INSERT INTO `B65362949_propal` VALUES (42,'PR1510-0038',1,NULL,NULL,'Acuerdo Marco Generali',91,NULL,'2016-02-11 16:39:42','2015-10-13 09:38:02','2015-10-13','2015-10-28 11:00:00','2015-10-13 10:27:21','2016-02-11 16:52:47',2,2,2,3,0,NULL,NULL,0,'0.00000000','0.00000000','0.00000000','0.00000000','0.00000000',NULL,NULL,1,3,'','TÉRMINOS Y CONDICIONES GENERALES PARA LA SELECCIÓN DE PERSONAL
\n
\n1 .- Los presentes términos y condiciones contractuales (el contrato) se acuerdan entre Addapta Technological Services, S.L. (en adelante denominada consultor) y el cliente.
\n2.- Los presentes términos y condiciones contractuales se consideran aceptados por el Cliente en caso de la realización de una entrevista a un candidato presentado por el Consultor, a petición del Cliente, tanto en el supuesto de que la entrevista sea hecha por el Consultor, como por el Cliente directamente, o no habiendo entrevista, en caso de contratación, por el Cliente, de un candidato presentado por el Consultor, tanto si la contratación ha sido hecha al amparo de un contrato de trabajo, de prestación de servicios, de mandato, de agencia, de franquicia o cualquier otro tipo.
\n3.- Los honorarios serán debidos por el Cliente al Consultor en el supuesto de que el candidato sea contratado por el Cliente.
\n4.- En el supuesto de celebración de un contrato con el candidato, el Cliente se compromete a informar al Consultor en el plazo máximo de dos días, de este hecho, así como de las condiciones acordadas con él y a pagar los honorarios del Consultor en el plazo de 14 días tras la emisión de la factura emitida por el Consultor.
\n5.- Los honorarios debidos al Consultor por el Cliente por la contratación de un candidato serán calculados para una remuneración bruta anual (fijo + variable) de la manera indicada en el detalle mas adelante. En el supuesto de que la duración del contrato celebrado entre el Cliente y el candidato sea inferior a un año, el porcentaje que corresponda en cada caso se calculará sobre el importe que correspondería a la remuneración o contraprestación anual del candidato, importe que será calculado a partir de las condiciones económicas acordadas entre el Cliente y el candidato.
\n6.- El Consultor facturará los servicios calculados de acuerdo con lo dispuesto en la clausula 5 del presente Contrato, con relación a cualquier candidato contratado, por cualquier titulo, aún en el caso de que la presentación del candidato al Cliente tenga lugar de modo indirecto, principalmente en el ámbito de sociedades en relación al dominio o grupo, o por cualquier titulo, asociadas entre si.
\n7.- En el supuesto de que se produzca la cesación del contrato celebrado por el Cliente y el candidato en las primeras 12 semanas de vigencia del Contrato, el Cliente debe de informar al Consultor de este hecho, por escrito, en el plazo de siete días desde que el cese haya tenido lugar.
\n8.- En los casos previstos en el número anterior y, excepto si, habiendo celebrado un contrato de trabajo, el cese tuviese como fundamento el despido colectivo o una extinción del puesto de trabajo, será aplicada la siguiente escala de devoluciones por el Consultor al Cliente: (i) si el cese tiene lugar en las cuatro primeras semanas, inclusive, el Consultor devolverá la totalidad del precio pagado; (ii) si tiene lugar antes de la finalización de la séptima semana, inclusive, el Consultor devolverá el 60% del precio pagado; (iii) si se produce antes de la finalización de la décima semana, inclusive, el Consultor devolverá el 30% del precio pagado; (iv) si se produce entre la undécima o la duodécima semana, inclusive, el Consultor devolverá el 10% del precio pagado.
\n9.- Constituyen condiciones necesarias para que tenga lugar la devolución referida en las clausulas anteriores, que (i) el Consultor haya recibido del Cliente, por escrito, información sobre el cese del contrato entre el Cliente y el candidato, en el plazo de siete días desde que el cese se haya producido, y que (ii) el Cliente haya pagado al Consultor los honorarios que le eran debidos, en el plazo de 14 días computables desde la emisión de la respectiva factura.','azur','2015-10-13',1,8,NULL,NULL,NULL);
INSERT INTO `B65362949_propal` VALUES (43,'PR1510-0039',1,NULL,NULL,'Alquilovers Fase II',3,NULL,'2016-02-11 16:37:25','2015-10-27 16:19:45','2015-10-27','2015-11-11 12:00:00','2015-11-06 11:58:36','2016-02-11 16:50:30',2,2,2,3,0,NULL,NULL,0,'6360.00000000','1335.60000000','0.00000000','0.00000000','7695.60000000',NULL,NULL,1,3,'',NULL,'azur','2015-10-27',1,8,NULL,NULL,NULL);
INSERT INTO `B65362949_propal` VALUES (44,'PR1511-0040',1,NULL,NULL,'',3,NULL,'2016-02-11 16:36:45','2015-11-02 15:50:53','2015-11-02','2015-11-17 15:50:53','2015-11-02 16:08:20','2016-02-11 16:49:51',3,3,2,3,0,NULL,NULL,0,'3520.00000000','739.20000000','0.00000000','0.00000000','4259.20000000',NULL,NULL,1,3,'Empezamos a dar servicio el día (22/09/2015)','','azur','2015-09-21',1,8,NULL,NULL,NULL);
INSERT INTO `B65362949_propal` VALUES (45,'PR1511-0041',1,NULL,NULL,'Anticipa responsive',3,NULL,'2016-02-11 16:36:10','2015-11-10 12:08:41','2015-11-10','2015-11-25 12:00:00','2015-11-10 12:17:31','2016-02-11 16:49:15',2,2,2,3,0,NULL,NULL,0,'2240.00000000','470.40000000','0.00000000','0.00000000','2710.40000000',NULL,NULL,1,3,'','','azur','2015-11-10',1,8,NULL,NULL,NULL);
INSERT INTO `B65362949_propal` VALUES (46,'PR1511-0042',1,NULL,NULL,'Señal Alquilado',3,NULL,'2016-02-11 16:35:41','2015-11-10 12:19:58','2015-11-10','2015-11-25 12:00:00','2015-11-10 12:20:46','2016-02-11 16:48:46',2,2,2,3,0,NULL,NULL,0,'280.00000000','58.80000000','0.00000000','0.00000000','338.80000000',NULL,NULL,1,3,'','','azur','2015-11-10',1,8,NULL,NULL,NULL);
INSERT INTO `B65362949_propal` VALUES (47,'PR1601-0043',1,NULL,NULL,'',51,NULL,'2016-01-18 14:50:49','2016-01-18 11:20:11','2016-01-18','2016-02-02 12:00:00','2016-01-18 15:02:21','2016-01-18 15:02:51',3,3,3,2,0,NULL,NULL,0,'1535.00000000','322.35000000','0.00000000','0.00000000','1857.35000000',NULL,NULL,1,2,'','','azur','2016-01-18',2,0,NULL,NULL,NULL);
INSERT INTO `B65362949_propal` VALUES (48,'PR1603-0044',1,NULL,NULL,'Tablón de anuncios',91,NULL,'2016-03-02 17:55:15','2016-03-02 17:46:14','2016-03-02','2016-03-17 12:00:00','2016-03-02 18:08:58','2016-03-02 18:09:08',2,2,2,2,0,NULL,NULL,0,'5310.00000000','1115.10000000','0.00000000','0.00000000','6425.10000000',NULL,NULL,1,2,'','','azur','2016-03-02',1,8,NULL,NULL,NULL);
INSERT INTO `B65362949_propal` VALUES (49,'PR1603-0045',1,NULL,NULL,'',54,NULL,'2016-05-13 12:54:17','2016-03-09 10:54:26','2016-03-09','2016-03-24 12:00:00','2016-03-09 10:56:55','2016-05-13 13:08:04',2,2,2,3,0,NULL,NULL,0,'60.00000000','12.60000000','0.00000000','0.00000000','72.60000000',NULL,NULL,1,2,'','Actualización de la versión más reciente dentro de la versión maestra en la que se encuentre la web y mientras el fabricante o la comunidad de desarrolladores den soporte a esa versión.
\n
\nEjemplo: Actualización versión 6.23 a versión 6.30 / 6.50 etc... la actualización a una versión 7.00 requiere de un presupuesto aparte.
\n
\nNo están incluidos en este presupuesto los costes de adquisición de componentes que requieran un pago al fabricante o comunidad desarrolladora.','azur','2016-03-09',1,8,NULL,NULL,NULL);
INSERT INTO `B65362949_propal` VALUES (50,'PR1603-0046',1,NULL,NULL,'',139,NULL,'2016-05-12 10:45:42','2016-03-10 09:43:46','2016-03-10','2016-03-25 12:00:00','2016-03-10 09:44:56','2016-05-12 10:59:27',2,2,2,2,0,NULL,NULL,0,'180.00000000','37.80000000','0.00000000','0.00000000','217.80000000',NULL,NULL,4,2,'','','azur','2016-03-10',1,8,NULL,NULL,NULL);
INSERT INTO `B65362949_propal` VALUES (51,'PR1603-0047',1,NULL,NULL,'Maquetación Landing',8,NULL,'2016-05-13 12:53:24','2016-03-29 18:03:56','2016-03-29','2016-04-13 12:00:00','2016-03-29 18:05:20','2016-05-13 13:07:12',2,2,2,2,0,NULL,NULL,0,'720.00000000','151.20000000','0.00000000','0.00000000','871.20000000',NULL,NULL,1,2,'','','azur','2016-03-29',1,8,NULL,NULL,NULL);
INSERT INTO `B65362949_propal` VALUES (52,'PR1604-0048',1,NULL,NULL,'Global',147,NULL,'2016-11-24 10:44:50','2016-04-25 06:49:45','2016-04-25','2016-05-10 12:00:00','2016-04-25 07:12:21','2016-11-24 11:06:37',2,2,2,3,0,NULL,NULL,0,'21960.00000000','4611.60000000','0.00000000','0.00000000','26571.60000000',NULL,NULL,1,2,'','','azur','2016-04-25',1,7,NULL,NULL,NULL);
INSERT INTO `B65362949_propal` VALUES (53,'PR1605-0049',1,NULL,NULL,'PopupA2',8,NULL,'2016-05-13 12:45:59','2016-05-10 13:30:46','2016-05-10','2016-05-25 12:00:00','2016-05-10 13:32:17','2016-05-13 12:59:47',2,2,2,2,0,NULL,NULL,0,'240.00000000','50.40000000','0.00000000','0.00000000','290.40000000',NULL,NULL,1,2,'','','azur','2016-05-10',1,8,NULL,NULL,NULL);
INSERT INTO `B65362949_propal` VALUES (54,'PR1605-0050',1,NULL,NULL,'evolutivos',139,NULL,'2016-05-17 10:03:18','2016-05-12 11:00:43','2016-05-12','2016-05-27 12:00:00','2016-05-12 11:02:24','2016-05-17 10:17:16',2,2,2,2,0,NULL,NULL,0,'1200.00000000','252.00000000','0.00000000','0.00000000','1452.00000000',NULL,NULL,1,2,'Confirmado el domingo 16 en un chat por Raul y en un correo el mismo día.','','azur','2016-05-12',1,8,NULL,NULL,NULL);
INSERT INTO `B65362949_propal` VALUES (55,'PR1605-0051',1,NULL,NULL,'Concesionarios',8,NULL,'2016-11-24 10:41:17','2016-05-12 12:27:08','2016-05-12','2016-05-27 12:00:00','2016-05-12 12:39:41','2016-11-24 11:03:03',2,2,2,3,0,NULL,NULL,0,'2700.00000000','567.00000000','0.00000000','0.00000000','3267.00000000',NULL,NULL,1,2,'Abandonado','','azur','2016-05-12',1,8,NULL,NULL,NULL);
INSERT INTO `B65362949_propal` VALUES (56,'PR1605-0052',1,NULL,NULL,'Solución Joyas',149,NULL,'2016-06-14 14:51:37','2016-05-20 11:51:00','2016-05-20','2016-06-04 12:00:00','2016-05-20 11:54:55','2016-06-14 15:06:47',2,2,3,2,0,NULL,NULL,0,'12889.00000000','2706.69000000','0.00000000','0.00000000','15595.69000000',NULL,NULL,1,2,'Presupuesto de David 4760','','azur','2016-05-20',1,8,NULL,NULL,NULL);
INSERT INTO `B65362949_propal` VALUES (57,'PR1608-0053',1,NULL,NULL,'Rescribir etiquetas',149,NULL,'2016-08-17 20:28:01','2016-08-11 09:29:37','2016-08-11','2016-08-26 12:00:00','2016-08-17 20:45:21','2016-08-17 20:45:48',2,2,2,2,0,NULL,NULL,0,'2880.00000000','604.80000000','0.00000000','0.00000000','3484.80000000',NULL,NULL,1,2,'Aceptadas condiciones, facturar el 50%.','','azur','2016-08-19',1,8,NULL,NULL,NULL);
INSERT INTO `B65362949_propal` VALUES (58,'PR1609-0054',1,NULL,NULL,'GAITCSEMMXII-2407',91,NULL,'2018-02-27 17:37:21','2016-09-15 17:58:26','2016-09-15','2016-09-30 12:00:00','2016-09-15 18:30:26','2018-02-27 18:04:15',2,2,2,3,0,NULL,NULL,0,'3960.00000000','831.60000000','0.00000000','0.00000000','4791.60000000',NULL,NULL,1,2,'Este precupuesto lo hicimos solo con la intención de tener un control de las horas','','azur','2016-09-15',1,5,NULL,NULL,NULL);
INSERT INTO `B65362949_propal` VALUES (59,'PR1609-0055',1,NULL,NULL,'GAITGPSPMMXII-9 ',91,NULL,'2016-09-15 18:19:35','2016-09-15 18:31:14','2016-09-15','2016-09-30 12:00:00','2016-09-15 18:33:17','2016-09-15 18:38:32',2,2,2,2,0,NULL,NULL,0,'660.00000000','138.60000000','0.00000000','0.00000000','798.60000000',NULL,NULL,1,2,'Aparece en el sistema como autorizado desde 14/09/2016','','azur','2016-09-15',1,5,NULL,NULL,NULL);
INSERT INTO `B65362949_propal` VALUES (60,'PR1609-0056',1,NULL,NULL,'GAITSDESMMXII-17768 ',91,NULL,'2016-09-15 18:23:38','2016-09-15 18:39:15','2016-09-15','2016-09-30 12:00:00','2016-09-15 18:41:06','2016-09-15 18:42:35',2,2,2,2,0,NULL,NULL,0,'1200.00000000','252.00000000','0.00000000','0.00000000','1452.00000000',NULL,NULL,1,2,'Autorizada 05/08/2016 asignada a factura GAITFCTRMMXII-2157 08/09/2016','','azur','2016-09-15',1,5,NULL,NULL,NULL);
INSERT INTO `B65362949_propal` VALUES (61,'PR1609-0057',1,NULL,NULL,'GAITACMEMMXII-347 ',91,NULL,'2018-02-27 17:36:43','2016-09-15 18:54:44','2016-09-15','2016-09-30 12:00:00','2016-09-15 19:23:29','2018-02-27 18:03:37',2,2,2,3,0,NULL,NULL,0,'1410.00000000','296.10000000','0.00000000','0.00000000','1706.10000000',NULL,NULL,1,2,'Este presupuesto lo hicimos solo para tener el control de horas','','azur','2016-09-15',1,5,NULL,NULL,NULL);
INSERT INTO `B65362949_propal` VALUES (62,'PR1609-0058',1,NULL,NULL,'GAITFCIIMMXII-564 ',91,NULL,'2017-04-05 11:52:57','2016-09-15 19:24:27','2016-09-15','2016-09-30 12:00:00','2016-09-15 19:33:15','2017-04-05 12:19:11',2,2,2,2,0,NULL,NULL,0,'1230.00000000','258.30000000','0.00000000','0.00000000','1488.30000000',NULL,NULL,1,2,'','','azur','2016-09-15',1,5,NULL,NULL,NULL);
INSERT INTO `B65362949_propal` VALUES (63,'PR1610-0059',1,NULL,NULL,'',150,NULL,'2016-11-23 19:19:03','2016-10-28 06:34:24','2016-10-28','2016-11-12 11:00:00','2016-10-28 07:07:38','2016-11-23 19:40:48',2,2,2,3,0,NULL,NULL,0,'11400.00000000','2394.00000000','0.00000000','0.00000000','13794.00000000',NULL,NULL,1,2,'','LUGAR DE TRABAJO
\nLos trabajos se realizarán en las instalaciones de Addapta, excepto en aquellos casos en que mutuo acuerdo por necesidades de la actividad a desarrollar se lleve a cabo en las instalaciones del cliente. Los desplazamientos fuera de España no están previstos en la valoración y serán facturados a parte.
\n
\nPERIODO DE VALIDEZ
\nEsta oferta será valida por un periodo de 30 días a contar desde la fecha de presentación.
\n
\nGARANTIA
\nUna vez Addapta ha terminado los trabajos del proyecto entra en vigor el periodo de garantía, cuya duración es de 6 meses. Durante este periodo Addapta se compromete a resolver satisfactoriamente todas aquellas indicencias o defectos detectados reproducibles que le sean imputables por acción u omisión.
\n
\nCONTROL DE CAMBIOS
\nSi durante el desarrollo del proyecto o incluso durante la aceptación del sistema resultante, fuera necesario la realización o inclusión de cambios en el mismo, se redactarán las modificaciones necesarias, se formalizará un documento de control de cambios que deberá ser valorado y aprobado por ambas partes antes de iniciar su desarrollo y si genera facturación adicional se aplicará en la forma que se acuerde.','azur','2016-10-28',1,8,NULL,NULL,NULL);
INSERT INTO `B65362949_propal` VALUES (64,'PR1611-0060',1,NULL,NULL,'',159,NULL,'2016-12-14 18:40:47','2016-11-02 08:36:00','2016-11-02','2016-11-17 12:00:00','2016-11-16 15:17:46','2016-12-14 19:03:21',2,2,2,4,0,NULL,NULL,0,'1540.00000000','323.40000000','0.00000000','0.00000000','1863.40000000',NULL,NULL,1,2,'','Forma de pago: 50% inicio de proyecto / 30% a la entrega / 20% aceptación.
\n
\nEl entorno de desarrollo se entregará 1 semana y media después de disponer de la maquina vitual correcta, y las mejoras solicitadas 2 días más tarde si se dispone del servicio y la información necesaria para su acceso y uso.','azur','2016-11-16',1,8,NULL,NULL,NULL);
INSERT INTO `B65362949_propal` VALUES (65,'PR1611-0061',1,NULL,NULL,'',3,NULL,'2016-11-23 19:17:49','2016-11-11 09:15:56','2016-11-11','2016-11-26 12:00:00','2016-11-11 09:35:06','2016-11-23 19:39:34',2,2,2,3,0,NULL,NULL,0,'24.00000000','5.04000000','0.00000000','0.00000000','29.04000000',NULL,NULL,1,1,'','','azur','2016-11-11',1,8,NULL,NULL,NULL);
INSERT INTO `B65362949_propal` VALUES (66,'PR1611-0062',1,NULL,NULL,'',161,NULL,'2016-12-14 18:42:39','2016-11-23 19:23:19','2016-11-23','2016-12-08 12:00:00','2016-11-23 19:25:58','2016-12-14 19:05:13',2,2,2,3,0,NULL,NULL,0,'7200.00000000','1512.00000000','0.00000000','0.00000000','8712.00000000',NULL,NULL,1,2,'','','azur','2016-11-23',1,8,NULL,NULL,NULL);
INSERT INTO `B65362949_propal` VALUES (67,'PR1611-0063',1,NULL,NULL,'Implantación Prestashop',3,NULL,'2017-03-16 16:07:21','2016-11-30 12:35:30','2016-11-30','2016-12-15 12:00:00','2016-11-30 13:28:08','2017-03-16 16:32:42',2,2,2,2,0,NULL,NULL,0,'7000.00000000','1470.00000000','0.00000000','0.00000000','8470.00000000',NULL,NULL,1,2,'Se ha perdido el cliente','Forma de pago: 50% al inicio del proyecto, 50% con la aceptación..','azur','2016-11-30',1,8,NULL,NULL,NULL);
INSERT INTO `B65362949_propal` VALUES (68,'PR1612-0064',1,NULL,NULL,'Mejoras Web Yoigo',159,NULL,'2017-03-23 11:10:22','2016-12-16 11:50:14','2016-12-16','2016-12-31 12:00:00','2017-03-23 11:32:59','2017-03-23 11:36:01',2,2,2,2,0,NULL,NULL,0,'5530.00000000','1161.30000000','0.00000000','0.00000000','6691.30000000',NULL,NULL,1,2,'Aceptado ayer mediante correo de Borja Delgado Amor.','','azur','2016-12-16',1,8,NULL,NULL,NULL);
INSERT INTO `B65362949_propal` VALUES (69,'PR1701-0065',1,NULL,NULL,'',139,NULL,'2017-02-22 11:44:29','2017-01-12 11:11:05','2017-01-12','2017-01-27 12:00:00','2017-01-12 11:18:51','2017-02-22 12:09:44',2,2,2,3,0,NULL,NULL,0,'12600.00000000','2646.00000000','0.00000000','0.00000000','15246.00000000',NULL,NULL,1,2,'No encajamos en precio...','Precio estimado para una plataforma. La implementación para ambas plataformas multiplica el presupuestos x 2','azur','2017-01-12',1,8,NULL,NULL,NULL);
INSERT INTO `B65362949_propal` VALUES (70,'PR1701-0066',1,NULL,NULL,'',11,NULL,'2017-01-31 11:17:55','2017-01-31 11:37:49','2017-01-31','2017-02-15 12:00:00','2017-01-31 11:39:16','2017-01-31 11:42:13',2,2,2,2,0,NULL,NULL,0,'950.00000000','199.50000000','0.00000000','0.00000000','1149.50000000',NULL,NULL,1,2,'','','azur','2017-01-31',1,8,NULL,NULL,NULL);
INSERT INTO `B65362949_propal` VALUES (71,'PR1702-0067',1,NULL,NULL,'Estrategia Publicaciones',3,NULL,'2018-02-27 17:38:01','2017-02-13 10:22:06','2017-02-13','2017-02-28 12:00:00','2017-02-13 11:09:34','2018-02-27 18:04:54',2,2,2,3,0,NULL,NULL,0,'1800.00000000','378.00000000','0.00000000','0.00000000','2178.00000000',NULL,NULL,1,3,'Hemos dejado de trabajar con este cliente.','Se pretende montar un sistema de publicaciones automáticas que permita gestionar cada funcionalidad importante de manera independiente. Publicando todas las funcionalidades disponibles en el entorno de desarrollo, pero publicando en producción  funcionalidad por funcionalidad en dos pasos (PRE / PRO) y sin respetar el orden de desarrollo, siguiendo la gráfica anexa (Git.png).
\nEn entorno de pre-producción no requerirá la contratación de nuevo hosting.
\nSe montarán Scripts automáticos para publicar funcionalides en diferentes entornos sin que se requieran procesos manuales (exceptuando administración de joomla y scripts BBDD).
\n','azur','2017-02-13',1,8,NULL,NULL,NULL);
INSERT INTO `B65362949_propal` VALUES (73,'PR1709-0084',1,NULL,NULL,'Gestor LLaves',174,NULL,'2017-09-13 11:06:07','2017-03-19 08:31:15','2017-03-19','2017-04-03 13:00:00','2017-09-13 11:39:00',NULL,2,2,NULL,1,0,NULL,NULL,0,'13860.00000000','2910.60000000','0.00000000','0.00000000','16770.60000000',NULL,NULL,1,2,'','','azur','2017-03-19',1,8,NULL,NULL,NULL);
INSERT INTO `B65362949_propal` VALUES (74,'PR1706-0081',1,NULL,NULL,'Hospital Clínico',177,NULL,'2018-02-27 17:41:01','2017-04-05 11:02:49','2017-04-05','2017-04-20 12:00:00','2017-06-21 16:42:37','2018-02-27 18:07:55',2,2,2,2,0,NULL,NULL,0,'18000.00000000','3780.00000000','0.00000000','0.00000000','21780.00000000',NULL,NULL,1,2,'Estamos en el proceso de darnos de alta como proveedores. Aqui hay una comisión de Daniel Rodriguez.','','azur','2017-04-05',1,8,NULL,NULL,NULL);
INSERT INTO `B65362949_propal` VALUES (75,'PR1704-0069',1,NULL,NULL,'FoodTrace',174,NULL,'2017-04-05 11:35:22','2017-04-05 11:58:21','2017-04-05','2017-04-20 12:00:00','2017-04-05 12:01:11','2017-04-05 12:01:36',2,2,2,2,0,NULL,NULL,0,'21600.00000000','4536.00000000','0.00000000','0.00000000','26136.00000000',NULL,NULL,1,2,'Se abonará a 2500 euros por instalación','','azur','2017-04-05',1,8,NULL,NULL,NULL);
INSERT INTO `B65362949_propal` VALUES (76,'PR1704-0070',1,NULL,NULL,'Módulos JPA\'s',3,NULL,'2018-02-27 17:38:51','2017-04-05 13:16:26','2017-04-05','2017-04-20 12:00:00','2017-04-05 13:20:30','2018-02-27 18:05:44',2,2,2,3,0,NULL,NULL,0,'1200.00000000','252.00000000','0.00000000','0.00000000','1452.00000000',NULL,NULL,1,3,'Hemos dejado de trabajar con este cliente.','Fecha de entrega 2 semanas despues de la aceptación. No es posible comenzar los trabajos antes del día 17.','azur','2017-04-05',1,8,NULL,NULL,NULL);
INSERT INTO `B65362949_propal` VALUES (77,'PR1704-0071',1,NULL,NULL,'',8,NULL,'2017-04-25 17:40:29','2017-04-25 15:20:34','2017-04-25','2017-05-10 12:00:00','2017-04-25 18:07:34',NULL,2,3,NULL,1,0,NULL,NULL,0,'1186.50000000','249.17000000','0.00000000','0.00000000','1435.67000000',NULL,NULL,1,2,'','- Se procederá a la actualización de versiones de módulos, lenguajes y servidor web a niveles de seguridad. 
\n- Montaje de modulos de protección contra futuros ataques.
\n- Cambios de contraseña y eliminación de residuos malignos del atacante.
\n- IMPORTANTE: El proceso queda sujeto a la posibilidad de llevarse a cabo en función del montaje concreto de la plataforma. Llegado el caso se expondría la cuestión para debatir y decidir alternativas.','azur','2017-04-25',1,8,NULL,NULL,NULL);
INSERT INTO `B65362949_propal` VALUES (78,'PR1705-0072',1,NULL,NULL,'',35,NULL,'2018-02-27 17:39:56','2017-05-11 18:24:19','2017-05-11','2017-05-26 12:00:00','2017-05-11 18:57:38','2018-02-27 18:06:50',2,2,2,3,0,NULL,NULL,0,'6048.00000000','1270.08000000','0.00000000','0.00000000','7318.08000000',NULL,NULL,1,2,'Se queda solo con el outsourcing...','Se propone la subcontratación de un desarrollador PHP senior \"fullstack\" para adquirir el conocimiento del aplicativo y dar respuesta a las necesidades de mantenimiento y evolutivos futuros de Egregia sobre el proyecto \"Purgatorios\".
\n
\nSe estima que el desarrollador necesita el periodo de un mes y medio de trabajo para familiarizarse con el código fuente mientras se va dando respuesta a peticiones del personal de Egregia.
\n
\nPasado ese periodo, se evaluaran las evoluciones del desarrollador y las necesidades del cliente para estimar el % de dedicación necesario para atenderlas en el futuro.','azur','2017-05-11',1,8,NULL,NULL,NULL);
INSERT INTO `B65362949_propal` VALUES (79,'PR1706-0078',1,NULL,NULL,'Mant',180,NULL,'2018-02-27 18:08:49','2017-05-28 13:41:16','2017-05-28','2017-07-27 12:00:00','2017-06-12 15:01:04','2018-02-27 18:35:43',2,2,2,3,0,NULL,NULL,0,'27000.00000000','5670.00000000','0.00000000','0.00000000','32670.00000000',NULL,NULL,1,0,'Ya no trabajamos con este cliente.','','azur',NULL,0,0,NULL,NULL,NULL);
INSERT INTO `B65362949_propal` VALUES (80,'PR1706-0073',1,NULL,NULL,'componentes instalacion',174,NULL,'2017-06-01 08:27:11','2017-06-01 08:46:47','2017-06-01','2017-06-16 12:00:00','2017-06-01 08:55:50',NULL,2,2,NULL,1,0,NULL,NULL,0,'11000.00000000','2310.00000000','0.00000000','0.00000000','13310.00000000',NULL,NULL,1,0,'','Los precios son orientativos, pueden tener una variación de hasta un 30% adicional en función de la complejidad.','azur',NULL,0,0,NULL,NULL,NULL);
INSERT INTO `B65362949_propal` VALUES (81,'PR1706-0074',1,NULL,NULL,'',180,NULL,'2018-02-27 18:09:18','2017-06-01 10:50:48','2017-06-01','2017-06-16 12:00:00','2017-06-01 11:24:22','2018-02-27 18:36:12',3,3,2,3,0,NULL,NULL,0,'11760.00000000','2469.60000000','0.00000000','0.00000000','14229.60000000',NULL,NULL,1,2,'Ya no trabajamos para este cliente','','azur','2017-06-01',1,0,NULL,NULL,NULL);
INSERT INTO `B65362949_propal` VALUES (82,'PR1706-0075',1,NULL,NULL,'',180,NULL,'2017-11-24 15:34:54','2017-06-01 10:57:12','2017-06-01','2017-06-16 10:57:12','2017-11-24 15:57:55','2017-11-24 15:58:03',3,2,2,3,0,NULL,NULL,0,'19080.00000000','4006.80000000','0.00000000','0.00000000','23086.80000000',NULL,NULL,1,2,'','','azur','2017-06-01',1,0,NULL,NULL,NULL);
INSERT INTO `B65362949_propal` VALUES (83,'PR1706-0076',1,NULL,NULL,'Proyecto Galicia',150,NULL,'2017-06-21 16:11:17','2017-06-07 09:53:34','2017-06-07','2017-06-22 12:00:00','2017-06-21 16:40:47',NULL,2,2,NULL,1,0,NULL,NULL,0,'4800.00000000','1008.00000000','0.00000000','0.00000000','5808.00000000',NULL,NULL,1,2,'','','azur','2017-06-07',1,8,NULL,NULL,NULL);
INSERT INTO `B65362949_propal` VALUES (84,'PR1706-0077',1,NULL,NULL,'Oferta D.O. Pedroches',174,NULL,'2017-06-19 19:26:03','2017-06-07 19:19:50','2017-06-07','2017-06-22 12:00:00','2017-06-07 19:31:27',NULL,2,2,NULL,0,0,NULL,NULL,0,'12810.00000000','2690.10000000','0.00000000','0.00000000','15500.10000000',NULL,NULL,1,2,'','','azur','2017-06-07',1,8,NULL,NULL,NULL);
INSERT INTO `B65362949_propal` VALUES (86,'PR1706-0079',1,NULL,NULL,'Proyecto Hospitales',181,1,'2017-11-24 15:35:32','2017-06-19 10:06:26','2017-06-19','2017-07-04 12:00:00','2017-06-21 16:40:24','2017-11-24 15:58:41',2,2,2,3,0,NULL,NULL,0,'29700.00000000','6237.00000000','0.00000000','0.00000000','35937.00000000',NULL,NULL,1,0,'','','azur',NULL,0,0,NULL,NULL,NULL);
INSERT INTO `B65362949_propal` VALUES (87,'PR1706-0080',1,NULL,NULL,'Implantación de Solr',3,NULL,'2017-11-24 15:34:15','2017-06-21 14:53:03','2017-06-21','2017-07-06 12:00:00','2017-06-21 14:53:30','2017-11-24 15:57:24',2,2,2,3,0,NULL,NULL,0,'1680.00000000','352.80000000','0.00000000','0.00000000','2032.80000000',NULL,NULL,1,0,'','','azur',NULL,0,0,NULL,NULL,NULL);
INSERT INTO `B65362949_propal` VALUES (88,'PR1707-0082',1,NULL,NULL,'Mejoras Web',159,NULL,'2017-09-13 14:57:40','2017-07-31 18:08:23','2017-07-31','2017-08-15 18:08:23','2017-07-31 18:13:10','2017-09-13 15:30:32',2,2,3,2,0,NULL,NULL,0,'520.00000000','109.20000000','0.00000000','0.00000000','629.20000000',NULL,NULL,1,2,'Aceptado ayer mediante correo de Borja Delgado Amor.','','azur','2016-12-16',1,8,NULL,NULL,NULL);
INSERT INTO `B65362949_propal` VALUES (89,'PR1709-0083',1,NULL,NULL,'',35,NULL,'2017-11-24 15:33:22','2017-09-08 08:41:53','2017-09-08','2017-10-09 12:00:00','2017-09-08 11:20:43','2017-11-24 15:56:31',2,3,2,2,0,NULL,NULL,0,'3192.00000000','670.32000000','0.00000000','0.00000000','3862.32000000',NULL,NULL,1,2,'','Se propone la subcontratación de un recurso de HelpDesk, que de soporte al personal de la empresa en todo lo referente a equipos informáticos y gestión de la información.
\n
\nEl coste expresado en este documento es mensual, con una contratación mínima de 3 meses.','azur','2017-09-12',1,8,NULL,NULL,NULL);
INSERT INTO `B65362949_propal` VALUES (90,'PR1709-0085',1,NULL,NULL,'Incarlopsa',174,NULL,'2017-10-04 10:17:25','2017-09-19 16:52:20','2017-09-19','2017-10-04 16:52:20','2017-09-19 16:52:59','2017-10-04 10:51:07',2,2,2,3,0,NULL,NULL,0,'4000.00000000','840.00000000','0.00000000','0.00000000','4840.00000000',NULL,NULL,1,0,'Duplicado. El siguiente está aceptado.','Los precios son orientativos, pueden tener una variación de hasta un 30% adicional en función de la complejidad.','azur',NULL,0,0,NULL,NULL,NULL);
INSERT INTO `B65362949_propal` VALUES (91,'PR1709-0086',1,NULL,NULL,'Incarlopsa',174,NULL,'2017-09-28 15:09:50','2017-09-27 18:48:30','2017-09-27','2017-10-12 12:00:00','2017-09-27 19:05:43','2017-09-28 15:43:18',2,2,3,2,0,NULL,NULL,0,'2700.00000000','567.00000000','0.00000000','0.00000000','3267.00000000',NULL,NULL,1,2,'','Forma de pago: 50% al inicio de proyecto 50% con la aceptación del cliente.','azur','2017-09-27',0,8,NULL,NULL,NULL);
INSERT INTO `B65362949_propal` VALUES (93,'PR1711-0087',1,NULL,NULL,'',159,NULL,'2018-02-27 18:11:07','2017-11-08 12:34:15','2017-11-08','2017-11-23 12:00:00','2017-11-08 12:35:12','2018-02-27 18:38:01',2,2,2,2,0,NULL,NULL,0,'280.00000000','58.80000000','0.00000000','0.00000000','338.80000000',NULL,NULL,1,0,'','','azur','2017-11-08',0,0,NULL,NULL,NULL);
INSERT INTO `B65362949_propal` VALUES (94,'PR1711-0088',1,NULL,NULL,'',190,NULL,'2018-02-27 18:09:45','2017-11-24 15:48:24','2017-11-24','2017-12-09 12:00:00','2017-11-24 15:55:19','2018-02-27 18:36:39',2,2,2,3,0,NULL,NULL,0,'7320.00000000','1537.20000000','0.00000000','0.00000000','8857.20000000',NULL,NULL,1,2,'Lo hacen con Trace','','azur','2017-11-24',1,8,NULL,NULL,NULL);
INSERT INTO `B65362949_propal` VALUES (96,'PR1712-0089',1,NULL,NULL,'',192,NULL,'2018-02-27 17:39:16','2017-12-14 11:04:36','2017-12-14','2017-12-29 12:00:00','2017-12-14 11:06:56','2018-02-27 18:06:10',2,2,2,3,0,NULL,NULL,0,'28600.00000000','6006.00000000','0.00000000','0.00000000','34606.00000000',NULL,NULL,1,2,'Mantenimiento y Hosting 10% anual.
\nPrecio nuestro 25.000 resto comisión de Samuel.','','azur','2017-12-14',0,8,NULL,NULL,NULL);
INSERT INTO `B65362949_propal` VALUES (97,'PR1712-0090',1,NULL,NULL,'1de50',174,NULL,'2017-12-18 11:22:29','2017-12-18 10:37:17','2017-12-18','2018-01-02 12:00:00','2017-12-18 11:46:35',NULL,2,2,NULL,1,0,NULL,NULL,0,'9900.00000000','2079.00000000','0.00000000','0.00000000','11979.00000000',NULL,NULL,1,0,'','','azur','2017-12-18',0,0,NULL,NULL,NULL);
INSERT INTO `B65362949_propal` VALUES (98,'PR1801-0091',1,NULL,NULL,'mejoras Incarlopsa',174,NULL,'2018-01-04 12:25:22','2018-01-04 12:45:45','2018-01-04','2018-01-19 12:00:00','2018-01-04 12:50:08',NULL,2,2,NULL,1,0,NULL,NULL,0,'240.00000000','50.40000000','0.00000000','0.00000000','290.40000000',NULL,NULL,1,2,'','','azur','2018-01-04',1,8,NULL,NULL,NULL);
INSERT INTO `B65362949_propal` VALUES (99,'PR1801-0092',1,NULL,NULL,'Hospital Oman',150,NULL,'2018-03-07 10:11:34','2018-01-17 13:01:32','2018-01-17','2018-02-01 12:00:00','2018-03-07 10:38:46',NULL,2,2,NULL,1,0,NULL,NULL,0,'150000.00000000','31500.00000000','0.00000000','0.00000000','181500.00000000',NULL,NULL,1,2,'','','azur','2018-01-17',1,8,NULL,NULL,NULL);
INSERT INTO `B65362949_propal` VALUES (100,'PR1801-0093',1,NULL,NULL,'',6,NULL,'2018-01-22 18:44:12','2018-01-22 19:09:00','2018-01-22','2018-02-06 12:00:00','2018-01-22 19:09:41',NULL,2,2,NULL,1,0,NULL,NULL,0,'9500.00000000','1995.00000000','0.00000000','0.00000000','11495.00000000',NULL,NULL,1,2,'','','azur','2018-01-22',1,8,NULL,NULL,NULL);
INSERT INTO `B65362949_propal` VALUES (101,'PR1801-0094',1,NULL,NULL,'Aplicación iOS / Android (incarlopsa)',174,NULL,'2018-03-07 10:10:27','2018-01-24 19:17:13','2018-01-24','2018-02-08 12:00:00','2018-03-07 10:37:39',NULL,2,2,NULL,1,0,NULL,NULL,0,'3030.00000000','636.30000000','0.00000000','0.00000000','3666.30000000',NULL,NULL,1,2,'','El presupuesto no incluye los costes de licencia en los mercados de ambas plataformas que se cobrán a parte al precio establecido por el mercado. Para su aceptación las aplicaciones deberan funcionar correctamente en los dispositivos de los que disponga el cliente para realizar sus pruebas y con la última versión del sistema operativo en el momento de la entrega. ','azur','2018-01-24',1,8,NULL,NULL,NULL);
INSERT INTO `B65362949_propal` VALUES (102,'PR1803-0095',1,NULL,NULL,'Turismo InfoCity',150,NULL,'2018-03-07 10:11:08','2018-03-04 19:13:05','2018-03-04','2018-03-19 19:13:05','2018-03-07 10:38:20',NULL,2,2,NULL,1,0,NULL,NULL,0,'8960.00000000','1881.60000000','0.00000000','0.00000000','10841.60000000',NULL,NULL,0,0,'','','azur','2017-03-19',1,8,NULL,NULL,NULL);
INSERT INTO `B65362949_propal` VALUES (103,'PR1803-0096',1,NULL,NULL,'Docout',174,NULL,'2018-03-07 10:15:02','2018-03-07 10:39:52','2018-03-07','2018-03-22 10:39:52','2018-03-07 10:42:14',NULL,2,2,NULL,1,0,NULL,NULL,0,'8460.00000000','1776.60000000','0.00000000','0.00000000','10236.60000000',NULL,NULL,1,2,'','','azur','2017-03-19',1,8,NULL,NULL,NULL);
INSERT INTO `B65362949_propal` VALUES (104,'PR1803-0097',1,NULL,NULL,'',159,NULL,'2018-03-07 19:17:36','2018-03-07 18:53:16','2018-03-07','2018-03-22 12:00:00','2018-03-07 19:44:49',NULL,2,2,NULL,1,0,NULL,NULL,0,'805.00000000','169.05000000','0.00000000','0.00000000','974.05000000',NULL,NULL,1,2,'','','azur','2018-03-07',1,8,NULL,NULL,NULL);




--
-- Table structure for table `B65362949_propal_extrafields`
--
CREATE TABLE `B65362949_propal_extrafields` (
  `rowid` int(11) NOT NULL AUTO_INCREMENT,
  `tms` timestamp NOT NULL DEFAULT CURRENT_TIMESTAMP ON UPDATE CURRENT_TIMESTAMP,
  `fk_object` int(11) NOT NULL,
  `import_key` varchar(14) DEFAULT NULL,
  PRIMARY KEY (`rowid`),
  KEY `idx_propal_extrafields` (`fk_object`)
) ENGINE=InnoDB DEFAULT CHARSET=utf8;

--
-- Dumping data for table `B65362949_propal_extrafields`
--




--
-- Table structure for table `B65362949_propaldet`
--
CREATE TABLE `B65362949_propaldet` (
  `rowid` int(11) NOT NULL AUTO_INCREMENT,
  `fk_propal` int(11) NOT NULL,
  `fk_parent_line` int(11) DEFAULT NULL,
  `fk_product` int(11) DEFAULT NULL,
  `label` varchar(255) DEFAULT NULL,
  `description` text,
  `fk_remise_except` int(11) DEFAULT NULL,
  `tva_tx` double(6,3) DEFAULT '0.000',
  `localtax1_tx` double(6,3) DEFAULT '0.000',
  `localtax1_type` varchar(10) DEFAULT NULL,
  `localtax2_tx` double(6,3) DEFAULT '0.000',
  `localtax2_type` varchar(10) DEFAULT NULL,
  `qty` double DEFAULT NULL,
  `remise_percent` double DEFAULT '0',
  `remise` double DEFAULT '0',
  `price` double DEFAULT NULL,
  `subprice` double(24,8) DEFAULT '0.00000000',
  `total_ht` double(24,8) DEFAULT '0.00000000',
  `total_tva` double(24,8) DEFAULT '0.00000000',
  `total_localtax1` double(24,8) DEFAULT '0.00000000',
  `total_localtax2` double(24,8) DEFAULT '0.00000000',
  `total_ttc` double(24,8) DEFAULT '0.00000000',
  `product_type` int(11) DEFAULT '0',
  `date_start` datetime DEFAULT NULL,
  `date_end` datetime DEFAULT NULL,
  `info_bits` int(11) DEFAULT '0',
  `buy_price_ht` double(24,8) DEFAULT '0.00000000',
  `fk_product_fournisseur_price` int(11) DEFAULT NULL,
  `special_code` int(11) DEFAULT '0',
  `rang` int(11) DEFAULT '0',
  PRIMARY KEY (`rowid`),
  KEY `idx_propaldet_fk_propal` (`fk_propal`),
  KEY `idx_propaldet_fk_product` (`fk_product`),
  CONSTRAINT `fk_propaldet_fk_propal` FOREIGN KEY (`fk_propal`) REFERENCES `B65362949_propal` (`rowid`)
) ENGINE=InnoDB AUTO_INCREMENT=425 DEFAULT CHARSET=utf8;

--
-- Dumping data for table `B65362949_propaldet`
--
INSERT INTO `B65362949_propaldet` VALUES (2,3,NULL,NULL,NULL,'Implementación listado de especialidades y sus relaciones',NULL,'21.000','0.000',3,'0.000',1,1,0,0,NULL,'60.00000000','60.00000000','12.60000000','0.00000000','0.00000000','72.60000000',1,NULL,NULL,0,'0.00000000',NULL,0,1);
INSERT INTO `B65362949_propaldet` VALUES (3,3,NULL,NULL,NULL,'Implementación profesionales \"no médicos\" asociados al centro',NULL,'21.000','0.000',3,'0.000',1,1,0,0,NULL,'300.00000000','300.00000000','63.00000000','0.00000000','0.00000000','363.00000000',1,NULL,NULL,0,'0.00000000',NULL,0,2);
INSERT INTO `B65362949_propaldet` VALUES (4,3,NULL,NULL,NULL,'Eliminar la validación de experto obligatorio en la ficha de centro',NULL,'21.000','0.000',3,'0.000',1,1,0,0,NULL,NULL,'0.00000000','0.00000000','0.00000000','0.00000000','0.00000000',1,NULL,NULL,0,'0.00000000',NULL,0,3);
INSERT INTO `B65362949_propaldet` VALUES (6,4,NULL,NULL,NULL,'Desarrollo de funcionalidades detalladas en el documento MAB-ADM14-01101-1.docx',NULL,'21.000','0.000',3,'0.000',1,456,0,0,35,'35.00000000','15960.00000000','3351.60000000','0.00000000','0.00000000','19311.60000000',1,NULL,NULL,0,'0.00000000',NULL,0,1);
INSERT INTO `B65362949_propaldet` VALUES (7,5,NULL,6,NULL,'Es necesario reconstruir la vista para que admita parametros por URL, y modificar los desplegables.',NULL,'21.000','0.000',3,'0.000',1,4,0,0,35,'35.00000000','140.00000000','29.40000000','0.00000000','0.00000000','169.40000000',1,NULL,NULL,0,'0.00000000',NULL,0,1);
INSERT INTO `B65362949_propaldet` VALUES (8,6,NULL,6,NULL,'Desarrollo de un informe excel automatico, con el número de registros enviado a cada portal.',NULL,'21.000','0.000',3,'0.000',1,8,0,0,30,'30.00000000','240.00000000','50.40000000','0.00000000','0.00000000','290.40000000',1,NULL,NULL,0,'0.00000000',NULL,0,1);
INSERT INTO `B65362949_propaldet` VALUES (9,8,NULL,6,NULL,'Modificar 12 uploader de imágenes para que soporten el editor para recortar antes de hacer el \"upload\"',NULL,'21.000','0.000',3,'0.000',1,8,0,0,30,'30.00000000','240.00000000','50.40000000','0.00000000','0.00000000','290.40000000',1,NULL,NULL,0,'0.00000000',NULL,0,1);
INSERT INTO `B65362949_propaldet` VALUES (10,10,NULL,7,NULL,'Cambios urgentes sobre componente quienes somos',NULL,'21.000','0.000',3,'0.000',1,1,0,0,150,'150.00000000','150.00000000','31.50000000','0.00000000','0.00000000','181.50000000',1,NULL,NULL,0,'0.00000000',NULL,0,1);
INSERT INTO `B65362949_propaldet` VALUES (11,11,NULL,6,NULL,'- Partir de una versión Prestashop última versión estable
\n- Migrar los temas generando nuevos de la versión actual a la ultima ya que no son compatibles.
\n- Instalar los mismos módulos actuales en sus versiones mas actualizadas
\n- Cargar los contenidos de ambas webs
\n- Trasladar el código modificado de los módulos antiguos a los temas actuales (que es el modo correcto de personalizar)
\n- Realizar pruebas comprobando de la nueva web se comporta como la antigua. ',NULL,'21.000','0.000',3,'0.000',1,120,0,0,30,'30.00000000','3600.00000000','756.00000000','0.00000000','0.00000000','4356.00000000',1,NULL,NULL,0,'0.00000000',NULL,0,1);
INSERT INTO `B65362949_propaldet` VALUES (12,12,NULL,6,NULL,'Instalación Módulo Revolution Slider para la visualización de videos.',NULL,'21.000','0.000',3,'0.000',1,1,0,0,180,'180.00000000','180.00000000','37.80000000','0.00000000','0.00000000','217.80000000',1,NULL,NULL,0,'0.00000000',NULL,0,1);
INSERT INTO `B65362949_propaldet` VALUES (13,13,NULL,6,NULL,'Creación de las nuevas categorías de producto para audífonos y carga desde CSV de los productos. Respetando el mismo aspecto de la ficha.
\nEn estos trabajos no se incluyen las modificaciones del gestor de contenidos.',NULL,'21.000','0.000',3,'0.000',1,15,0,0,30,'30.00000000','450.00000000','94.50000000','0.00000000','0.00000000','544.50000000',1,NULL,NULL,0,'0.00000000',NULL,0,1);
INSERT INTO `B65362949_propaldet` VALUES (14,14,NULL,6,NULL,'Cache Navegador - Establecer una fecha de caducidad o una edad máxima en las cabeceras HTTP de los recursos estáticos indica al navegador que cargue los recursos descargados previamente del disco local en lugar de hacerlo a través de la red.',NULL,'21.000','0.000',3,'0.000',1,1,0,0,30,'30.00000000','30.00000000','6.30000000','0.00000000','0.00000000','36.30000000',1,NULL,NULL,0,'0.00000000',NULL,0,1);
INSERT INTO `B65362949_propaldet` VALUES (15,14,NULL,6,NULL,'Habilitar compresión - Comprimir recursos con gzip o con deflate puede reducir el número de bytes enviados a través de la red',NULL,'21.000','0.000',3,'0.000',1,3,0,0,30,'30.00000000','90.00000000','18.90000000','0.00000000','0.00000000','108.90000000',1,NULL,NULL,0,'0.00000000',NULL,0,2);
INSERT INTO `B65362949_propaldet` VALUES (16,14,NULL,6,NULL,'Optimizar Imágenes - Crear imagenes de tamaño reducido adaptadas al móvil para que pese menos y sean más ligeras en estos dispositivos.',NULL,'21.000','0.000',3,'0.000',1,3,0,0,30,'30.00000000','90.00000000','18.90000000','0.00000000','0.00000000','108.90000000',1,NULL,NULL,0,'0.00000000',NULL,0,3);
INSERT INTO `B65362949_propaldet` VALUES (17,14,NULL,6,NULL,'Compactar - Compactar los ficheros estáticos CSS y Javascript para aligerar estos contenidos.',NULL,'21.000','0.000',3,'0.000',1,1,0,0,30,'30.00000000','30.00000000','6.30000000','0.00000000','0.00000000','36.30000000',1,NULL,NULL,0,'0.00000000',NULL,0,4);
INSERT INTO `B65362949_propaldet` VALUES (18,14,NULL,6,NULL,'Eliminar el javascript que bloquea la visualización y el CSS del contenido de la mitad superior de la página',NULL,'21.000','0.000',3,'0.000',1,3,0,0,30,'30.00000000','90.00000000','18.90000000','0.00000000','0.00000000','108.90000000',1,NULL,NULL,0,'0.00000000',NULL,0,5);
INSERT INTO `B65362949_propaldet` VALUES (19,14,NULL,6,NULL,'Aplicar el tamaño adecuado a los botones táctiles. Es necesario eliminar algunos de los botones de la pantalla móvil y re-maquetar los imprescindibles para que la experiencia de usuario sea móvil.',NULL,'21.000','0.000',3,'0.000',1,4,0,0,30,'30.00000000','120.00000000','25.20000000','0.00000000','0.00000000','145.20000000',1,NULL,NULL,0,'0.00000000',NULL,0,6);
INSERT INTO `B65362949_propaldet` VALUES (20,15,NULL,NULL,NULL,'Licencia anual software publicaciones prestashop (1 licencia)',NULL,'21.000','0.000',3,'0.000',1,1,0,0,NULL,'295.00000000','295.00000000','61.95000000','0.00000000','0.00000000','356.95000000',1,NULL,NULL,0,'0.00000000',NULL,0,1);
INSERT INTO `B65362949_propaldet` VALUES (21,15,NULL,NULL,NULL,'Coste anual segunda licencia (opcional)',NULL,'21.000','0.000',3,'0.000',1,1,0,0,NULL,'1.00000000','1.00000000','0.21000000','0.00000000','0.00000000','1.21000000',1,NULL,NULL,0,'0.00000000',NULL,0,2);
INSERT INTO `B65362949_propaldet` VALUES (22,15,NULL,NULL,NULL,'Coste anual siguientes licencias (opcional)',NULL,'21.000','0.000',3,'0.000',1,1,0,0,NULL,'99.00000000','99.00000000','20.79000000','0.00000000','0.00000000','119.79000000',1,NULL,NULL,0,'0.00000000',NULL,0,3);
INSERT INTO `B65362949_propaldet` VALUES (23,15,NULL,NULL,NULL,'Coste primera instalación y configuración',NULL,'21.000','0.000',3,'0.000',1,1,0,0,298,'298.00000000','298.00000000','62.58000000','0.00000000','0.00000000','360.58000000',1,NULL,NULL,0,'0.00000000',NULL,0,4);
INSERT INTO `B65362949_propaldet` VALUES (24,16,NULL,13,NULL,'Coste creación de campañas',NULL,'21.000','0.000',3,'0.000',1,1,40,200,300,'500.00000000','300.00000000','63.00000000','0.00000000','0.00000000','363.00000000',1,NULL,NULL,0,'0.00000000',NULL,0,1);
INSERT INTO `B65362949_propaldet` VALUES (25,16,NULL,13,NULL,'10% del gasto de inversión ( si es menos de 7500€) 8% ( Si es más de 7500€
\n) Con un mínimo de 500€ siempre en concepto de gestión y seguimiento de la
\ncampaña una vez puesta en marcha.',NULL,'21.000','0.000',3,'0.000',1,1,40,200,300,'500.00000000','300.00000000','63.00000000','0.00000000','0.00000000','363.00000000',1,NULL,NULL,0,'0.00000000',NULL,0,2);
INSERT INTO `B65362949_propaldet` VALUES (26,17,NULL,6,NULL,'Portada',NULL,'21.000','0.000',3,'0.000',1,5,0,0,35,'35.00000000','175.00000000','36.75000000','0.00000000','0.00000000','211.75000000',1,NULL,NULL,0,'0.00000000',NULL,0,1);
INSERT INTO `B65362949_propaldet` VALUES (27,17,NULL,6,NULL,'Recetas',NULL,'21.000','0.000',3,'0.000',1,19,0,0,35,'35.00000000','665.00000000','139.65000000','0.00000000','0.00000000','804.65000000',1,NULL,NULL,0,'0.00000000',NULL,0,2);
INSERT INTO `B65362949_propaldet` VALUES (28,17,NULL,6,NULL,'Vida Sana',NULL,'21.000','0.000',3,'0.000',1,19,0,0,35,'35.00000000','665.00000000','139.65000000','0.00000000','0.00000000','804.65000000',1,NULL,NULL,0,'0.00000000',NULL,0,3);
INSERT INTO `B65362949_propaldet` VALUES (29,17,NULL,6,NULL,'Mundo Groumet',NULL,'21.000','0.000',3,'0.000',1,19,0,0,35,'35.00000000','665.00000000','139.65000000','0.00000000','0.00000000','804.65000000',1,NULL,NULL,0,'0.00000000',NULL,0,4);
INSERT INTO `B65362949_propaldet` VALUES (30,17,NULL,6,NULL,'Utilidades',NULL,'21.000','0.000',3,'0.000',1,26,0,0,35,'35.00000000','910.00000000','191.10000000','0.00000000','0.00000000','1101.10000000',1,NULL,NULL,0,'0.00000000',NULL,0,5);
INSERT INTO `B65362949_propaldet` VALUES (31,17,NULL,6,NULL,'Area privada empresas',NULL,'21.000','0.000',3,'0.000',1,52,0,0,35,'35.00000000','1820.00000000','382.20000000','0.00000000','0.00000000','2202.20000000',1,NULL,NULL,0,'0.00000000',NULL,0,6);
INSERT INTO `B65362949_propaldet` VALUES (32,17,NULL,6,NULL,'Encuesta',NULL,'21.000','0.000',3,'0.000',1,26,0,0,35,'35.00000000','910.00000000','191.10000000','0.00000000','0.00000000','1101.10000000',1,NULL,NULL,0,'0.00000000',NULL,0,7);
INSERT INTO `B65362949_propaldet` VALUES (33,17,NULL,6,NULL,'Agenda',NULL,'21.000','0.000',3,'0.000',1,26,0,0,35,'35.00000000','910.00000000','191.10000000','0.00000000','0.00000000','1101.10000000',1,NULL,NULL,0,'0.00000000',NULL,0,8);
INSERT INTO `B65362949_propaldet` VALUES (34,17,NULL,6,NULL,'Imprimibles',NULL,'21.000','0.000',3,'0.000',1,13,0,0,35,'35.00000000','455.00000000','95.55000000','0.00000000','0.00000000','550.55000000',1,NULL,NULL,0,'0.00000000',NULL,0,9);
INSERT INTO `B65362949_propaldet` VALUES (35,17,NULL,6,NULL,'Curiosidades',NULL,'21.000','0.000',3,'0.000',1,13,0,0,35,'35.00000000','455.00000000','95.55000000','0.00000000','0.00000000','550.55000000',1,NULL,NULL,0,'0.00000000',NULL,0,10);
INSERT INTO `B65362949_propaldet` VALUES (36,17,NULL,6,NULL,'Dietas',NULL,'21.000','0.000',3,'0.000',1,19,0,0,35,'35.00000000','665.00000000','139.65000000','0.00000000','0.00000000','804.65000000',1,NULL,NULL,0,'0.00000000',NULL,0,11);
INSERT INTO `B65362949_propaldet` VALUES (37,17,NULL,6,NULL,'Pruebas',NULL,'21.000','0.000',3,'0.000',1,45,0,0,35,'35.00000000','1575.00000000','330.75000000','0.00000000','0.00000000','1905.75000000',1,NULL,NULL,0,'0.00000000',NULL,0,12);
INSERT INTO `B65362949_propaldet` VALUES (38,17,NULL,NULL,NULL,'Presupuesto aproximado según requerimientos especificados en el documento serunion_v3_brief enviado el 22/04/15',NULL,'21.000','0.000',3,'0.000',1,1,0,0,NULL,NULL,'0.00000000','0.00000000','0.00000000','0.00000000','0.00000000',1,NULL,NULL,0,'0.00000000',NULL,0,13);
INSERT INTO `B65362949_propaldet` VALUES (39,17,NULL,NULL,NULL,'Compatibilidad con Safari 5 / Chrome 16 / Firefox 10 / Explorer 10',NULL,'21.000','0.000',3,'0.000',1,1,0,0,0,'0.00000000','0.00000000','0.00000000','0.00000000','0.00000000','0.00000000',1,NULL,NULL,0,'0.00000000',NULL,0,14);
INSERT INTO `B65362949_propaldet` VALUES (40,17,NULL,NULL,NULL,'La compatibilidad con Exporer 8 y 9 compromete solo el acceso a la información y funcionalidades. Existirán modificaciones en el aspecto y presentación y riqueza visual. Dado que algunos componentes HTML5 no son compatibles con estas versiones.',NULL,'21.000','0.000',3,'0.000',1,1,0,0,NULL,NULL,'0.00000000','0.00000000','0.00000000','0.00000000','0.00000000',1,NULL,NULL,0,'0.00000000',NULL,0,15);
INSERT INTO `B65362949_propaldet` VALUES (41,17,NULL,NULL,NULL,'En el momento de iniciar los trabajos, dispondremos de dos diseños. 
\nUno para escritorio y un diseño móvil consensuado con personal de Addapta. La maquetación para dispositivos móviles será adaptive.',NULL,'21.000','0.000',3,'0.000',1,1,0,0,NULL,NULL,'0.00000000','0.00000000','0.00000000','0.00000000','0.00000000',1,NULL,NULL,0,'0.00000000',NULL,0,16);
INSERT INTO `B65362949_propaldet` VALUES (42,18,NULL,13,NULL,'Para palabras relacionadas con \"Sneakers\" existe un volumen suficiente de búsqueda para conseguir el KPI objetivo del cliente (400.000 visitas al año) ésto quiere decir , que es posible mediante búsqueda de pago conseguir éste hito.
\nCon un valor de 0,20€ de CPC medio , conseguir 400.000 visitas al año, sería posible con una inversión anual en Paid Search de 40.000€ anuales  3300/mes',NULL,'21.000','0.000',3,'0.000',1,1,0,0,3300,'3300.00000000','3300.00000000','693.00000000','0.00000000','0.00000000','3993.00000000',1,NULL,NULL,0,'0.00000000',NULL,0,1);
INSERT INTO `B65362949_propaldet` VALUES (43,18,NULL,13,NULL,'Si asumimos un ratio de conversión de un 0,50% ,  Se realizarían 2000 conversiones al año con un coste por conversión de 20€, con un carrito medio de 200 euros, obtendríamos un beneficio bruto de 400.000 euros. Ya dependerá del cliente, que calcule sus márgenes para conocer su ROI.',NULL,'21.000','0.000',3,'0.000',1,1,0,0,NULL,NULL,'0.00000000','0.00000000','0.00000000','0.00000000','0.00000000',1,NULL,NULL,0,'0.00000000',NULL,0,2);
INSERT INTO `B65362949_propaldet` VALUES (44,18,NULL,13,NULL,'La optimización de campañas y medios, se ha de realizar a diario, para  distribuir el presupuesto medio diario de 222€',NULL,'21.000','0.000',3,'0.000',1,1,0,0,NULL,NULL,'0.00000000','0.00000000','0.00000000','0.00000000','0.00000000',1,NULL,NULL,0,'0.00000000',NULL,0,3);
INSERT INTO `B65362949_propaldet` VALUES (45,18,NULL,13,NULL,'Ésta previsión anual se puede optimizar, de muchas maneras , tanto en Paid Search:  con Google Shopping, con Display, Remarketing, Facebooks ADS, agregadores de calzado, como Sarenza y Zalando, etc. Dependiendo de las creatividades que se realicen.',NULL,'21.000','0.000',3,'0.000',1,1,0,0,NULL,NULL,'0.00000000','0.00000000','0.00000000','0.00000000','0.00000000',1,NULL,NULL,0,'0.00000000',NULL,0,4);
INSERT INTO `B65362949_propaldet` VALUES (46,18,NULL,12,NULL,'Por otro lado, si se realiza una estrategia adecuada de posicionamiento, podríamos conseguir el objetivo del cliente aumentado el trafico orgánico y progresivamente disminuir el tráfico de pago.',NULL,'21.000','0.000',3,'0.000',1,1,0,0,NULL,NULL,'0.00000000','0.00000000','0.00000000','0.00000000','0.00000000',1,NULL,NULL,0,'0.00000000',NULL,0,5);
INSERT INTO `B65362949_propaldet` VALUES (47,18,NULL,12,NULL,'El precio del servicio de optimización SEO para la Web nueva, partiendo de un índice de visibilidad inexistente para las palabras clave deseadas, Aproximadamente 1200€/mes . Con un volumen de (30h-40h mensuales)',NULL,'21.000','0.000',3,'0.000',1,1,0,0,1200,'1200.00000000','1200.00000000','252.00000000','0.00000000','0.00000000','1452.00000000',1,NULL,NULL,0,'0.00000000',NULL,0,6);
INSERT INTO `B65362949_propaldet` VALUES (48,18,NULL,13,NULL,'El coste del servicio de SEM , será de un 10%  para inversiones inferiores a 7500€/mes, y 8% para inversiones superiores a 7500€/mes con un mínimo de 500€ al Mes.',NULL,'21.000','0.000',3,'0.000',1,1,0,0,500,'500.00000000','500.00000000','105.00000000','0.00000000','0.00000000','605.00000000',1,NULL,NULL,0,'0.00000000',NULL,0,7);
INSERT INTO `B65362949_propaldet` VALUES (49,18,NULL,13,NULL,'Las campañas tendrán un coste único de Setup de 480€ por campaña.',NULL,'21.000','0.000',3,'0.000',1,1,0,0,480,'480.00000000','480.00000000','100.80000000','0.00000000','0.00000000','580.80000000',1,NULL,NULL,0,'0.00000000',NULL,0,8);
INSERT INTO `B65362949_propaldet` VALUES (50,16,NULL,NULL,NULL,'Descuento aplicado para la captación del cliente y para esta campaña puntual.',NULL,'21.000','0.000',3,'0.000',1,1,0,0,NULL,NULL,'0.00000000','0.00000000','0.00000000','0.00000000','0.00000000',1,NULL,NULL,0,'0.00000000',NULL,0,3);
INSERT INTO `B65362949_propaldet` VALUES (51,19,NULL,8,NULL,'',NULL,'21.000','0.000',3,'0.000',1,1,100,0,NULL,'65.00000000','0.00000000','0.00000000','0.00000000','0.00000000','0.00000000',1,NULL,NULL,0,'0.00000000',NULL,0,1);
INSERT INTO `B65362949_propaldet` VALUES (52,19,NULL,5,NULL,'Configuración HP Proliant DL580 series PROD
\nInstalación VMWare 5.1 en HP Proliant DL580 series PROD',NULL,'21.000','0.000',3,'0.000',1,4,25,16.25,48.75,'65.00000000','195.00000000','40.95000000','0.00000000','0.00000000','235.95000000',1,NULL,NULL,0,'0.00000000',NULL,0,2);
INSERT INTO `B65362949_propaldet` VALUES (53,19,NULL,5,NULL,'Configuración HP Proliant DL580 series BACKUP
\nInstalación VMWare 5.1 en HP Proliant DL580 series BACKUP',NULL,'21.000','0.000',3,'0.000',1,4,25,16.25,48.75,'65.00000000','195.00000000','40.95000000','0.00000000','0.00000000','235.95000000',1,NULL,NULL,0,'0.00000000',NULL,0,3);
INSERT INTO `B65362949_propaldet` VALUES (54,19,NULL,5,NULL,'Instalación y configuración Windows Server 2012 PROD
\nMigración Plataforma Web
\nImplementación BBDD SQL Server
\nImplementación R-Proxy',NULL,'21.000','0.000',3,'0.000',1,17,25,16.25,48.75,'65.00000000','828.75000000','174.04000000','0.00000000','0.00000000','1002.79000000',1,NULL,NULL,0,'0.00000000',NULL,0,4);
INSERT INTO `B65362949_propaldet` VALUES (55,19,NULL,5,NULL,'Configuración Networking',NULL,'21.000','0.000',3,'0.000',1,3,25,16.25,48.75,'65.00000000','146.25000000','30.71000000','0.00000000','0.00000000','176.96000000',1,NULL,NULL,0,'0.00000000',NULL,0,5);
INSERT INTO `B65362949_propaldet` VALUES (56,19,NULL,5,NULL,'Configuración Herramientas de Sincronización PROD --> BACKUP
\nConfiguración Herramientas de Monitorización
\nConfiguración Herramientas de Management',NULL,'21.000','0.000',3,'0.000',1,8,25,16.25,48.75,'65.00000000','390.00000000','81.90000000','0.00000000','0.00000000','471.90000000',1,NULL,NULL,0,'0.00000000',NULL,0,6);
INSERT INTO `B65362949_propaldet` VALUES (57,19,NULL,5,NULL,'Pruebas Globales de fucionamiento
\nPruebas de carga y estrés',NULL,'21.000','0.000',3,'0.000',1,1,25,16.25,48.75,'65.00000000','48.75000000','10.24000000','0.00000000','0.00000000','58.99000000',1,NULL,NULL,0,'0.00000000',NULL,0,7);
INSERT INTO `B65362949_propaldet` VALUES (58,20,NULL,8,NULL,'',NULL,'21.000','0.000',3,'0.000',1,1,100,0,NULL,'65.00000000','0.00000000','0.00000000','0.00000000','0.00000000','0.00000000',1,NULL,NULL,0,'0.00000000',NULL,0,1);
INSERT INTO `B65362949_propaldet` VALUES (59,20,NULL,5,NULL,'Configuración HP Proliant DL580 series PROD
\nInstalación VMWare 5.1 en HP Proliant DL580 series PROD',NULL,'21.000','0.000',3,'0.000',1,3,25,16.25,48.75,'65.00000000','146.25000000','30.71000000','0.00000000','0.00000000','176.96000000',1,NULL,NULL,0,'0.00000000',NULL,0,2);
INSERT INTO `B65362949_propaldet` VALUES (60,20,NULL,5,NULL,'Configuración HP Proliant DL580 series BACKUP
\nInstalación VMWare 5.1 en HP Proliant DL580 series BACKUP',NULL,'21.000','0.000',3,'0.000',1,3,25,16.25,48.75,'65.00000000','146.25000000','30.71000000','0.00000000','0.00000000','176.96000000',1,NULL,NULL,0,'0.00000000',NULL,0,3);
INSERT INTO `B65362949_propaldet` VALUES (61,20,NULL,5,NULL,'Instalación y configuración Windows Server 2012 PROD
\nMigración Plataforma Web
\nImplementación BBDD SQL Server
\nImplementación R-Proxy',NULL,'21.000','0.000',3,'0.000',1,15,25,16.25,48.75,'65.00000000','731.25000000','153.56000000','0.00000000','0.00000000','884.81000000',1,NULL,NULL,0,'0.00000000',NULL,0,4);
INSERT INTO `B65362949_propaldet` VALUES (62,20,NULL,5,NULL,'Configuración Networking',NULL,'21.000','0.000',3,'0.000',1,2.5,25,16.25,48.75,'65.00000000','121.88000000','25.59000000','0.00000000','0.00000000','147.47000000',1,NULL,NULL,0,'0.00000000',NULL,0,5);
INSERT INTO `B65362949_propaldet` VALUES (63,20,NULL,5,NULL,'Configuración Herramientas de Sincronización PROD --> BACKUP
\nConfiguración Herramientas de Monitorización
\nConfiguración Herramientas de Management',NULL,'21.000','0.000',3,'0.000',1,6.5,25,16.25,48.75,'65.00000000','316.88000000','66.54000000','0.00000000','0.00000000','383.42000000',1,NULL,NULL,0,'0.00000000',NULL,0,6);
INSERT INTO `B65362949_propaldet` VALUES (64,20,NULL,5,NULL,'Pruebas Globales de fucionamiento
\nPruebas de carga y estrés',NULL,'21.000','0.000',3,'0.000',1,1,25,0,NULL,'65.00000000','48.75000000','10.24000000','0.00000000','0.00000000','58.99000000',1,NULL,NULL,0,'0.00000000',NULL,0,7);
INSERT INTO `B65362949_propaldet` VALUES (65,21,NULL,5,NULL,'Instalación Apache Web Server',NULL,'21.000','0.000',3,'0.000',1,3,0,0,42,'42.00000000','126.00000000','26.46000000','0.00000000','0.00000000','152.46000000',1,NULL,NULL,0,'0.00000000',NULL,0,1);
INSERT INTO `B65362949_propaldet` VALUES (66,21,NULL,5,NULL,'Instalación y configuración PHP',NULL,'21.000','0.000',3,'0.000',1,3,0,0,42,'42.00000000','126.00000000','26.46000000','0.00000000','0.00000000','152.46000000',1,NULL,NULL,0,'0.00000000',NULL,0,2);
INSERT INTO `B65362949_propaldet` VALUES (67,21,NULL,5,NULL,'Instalación y configuración MySQL Server',NULL,'21.000','0.000',3,'0.000',1,3,0,0,42,'42.00000000','126.00000000','26.46000000','0.00000000','0.00000000','152.46000000',1,NULL,NULL,0,'0.00000000',NULL,0,3);
INSERT INTO `B65362949_propaldet` VALUES (68,21,NULL,5,NULL,'Instalación y configuración Drupal',NULL,'21.000','0.000',3,'0.000',1,3,0,0,42,'42.00000000','126.00000000','26.46000000','0.00000000','0.00000000','152.46000000',1,NULL,NULL,0,'0.00000000',NULL,0,4);
INSERT INTO `B65362949_propaldet` VALUES (69,21,NULL,5,NULL,'Configuración NAT del proxy',NULL,'21.000','0.000',3,'0.000',1,2,0,0,NULL,'42.00000000','84.00000000','17.64000000','0.00000000','0.00000000','101.64000000',1,NULL,NULL,0,'0.00000000',NULL,0,5);
INSERT INTO `B65362949_propaldet` VALUES (70,21,NULL,5,NULL,'Migración de conenidos',NULL,'21.000','0.000',3,'0.000',1,5,0,0,42,'42.00000000','210.00000000','44.10000000','0.00000000','0.00000000','254.10000000',1,NULL,NULL,0,'0.00000000',NULL,0,6);
INSERT INTO `B65362949_propaldet` VALUES (71,21,NULL,6,NULL,'Configuración DNS',NULL,'21.000','0.000',3,'0.000',1,1,0,0,NULL,'42.00000000','42.00000000','8.82000000','0.00000000','0.00000000','50.82000000',1,NULL,NULL,0,'0.00000000',NULL,0,7);
INSERT INTO `B65362949_propaldet` VALUES (72,22,NULL,6,NULL,'Impedir el alta de enfermedades sin relaciones y establecer desplegables relacionados dinamicamente grupo y subgrupo y enfermedades.
\nAplicarlo para las enfermedades y los procedimientos.',NULL,'21.000','0.000',3,'0.000',1,7,0,0,30,'30.00000000','210.00000000','44.10000000','0.00000000','0.00000000','254.10000000',1,NULL,NULL,0,'0.00000000',NULL,0,1);
INSERT INTO `B65362949_propaldet` VALUES (73,22,NULL,6,NULL,'Implementacion de la recuperación automática de la anatomia y especialidad a la que pertenece.',NULL,'21.000','0.000',3,'0.000',1,5,0,0,30,'30.00000000','150.00000000','31.50000000','0.00000000','0.00000000','181.50000000',1,NULL,NULL,0,'0.00000000',NULL,0,2);
INSERT INTO `B65362949_propaldet` VALUES (74,22,NULL,6,NULL,'Se modificara el procedimiento de alta de enfermedades y procedimientos para distinguirlos y que el alta sea en el elemento adecuado, pero se evitara separar y duplicar el proceso dando una solucion adecuada.',NULL,'21.000','0.000',3,'0.000',1,0,0,0,NULL,'42.00000000','0.00000000','0.00000000','0.00000000','0.00000000','0.00000000',1,NULL,NULL,0,'0.00000000',NULL,3,3);
INSERT INTO `B65362949_propaldet` VALUES (75,23,NULL,6,NULL,'- Versión mínima de iOS 7, y deberá ser compatible con la ultima versión existente en el momento de la firma
\n- Versión compatible iPhone 4, iPhone 5, iPhone 6 y iPhone 6 Plus 
\n- EL PRESUPUESTO CONTEMPLA QUE LA APP LA PUBLICA EL CLIENTE. No están incluidos los costes de publicación en el market.',NULL,'21.000','0.000',3,'0.000',1,1,0,0,0,'0.00000000','0.00000000','0.00000000','0.00000000','0.00000000','0.00000000',1,NULL,NULL,0,'0.00000000',NULL,0,1);
INSERT INTO `B65362949_propaldet` VALUES (76,23,NULL,6,NULL,'- La aplicación dispondrá de una pantalla de login que se validará con un servcio REST bajo SSL.
\n- Toda conexión a un servidor externo a la empresa deberá realizar la validación de SSL Pinnning, concretamente: 
\n En el establecimiento de la conexión SSL, se debe validar la cadena de certificación recibida hasta llegar al RootCA utilizando las primitivas del sistema. Esta etapa comprueba que el certificado de SSL recibido pertenezca a una Autoridad de Certificación correcta, y que las firmas de los certificados sean correctas. 
\n Posteriormente, se debe validar que el certificado raíz correspondiente al certificado SSL recibido, coincide exactamente con el certificado de la RootCA que almacenamos localmente en la aplicación. Por este motivo se debe almacenar de forma segura en la propia app, o bien el propio certificado raíz o bien el resultado de aplicar un algoritmo de hash al certificado raíz, es decir, el fingerprint del certificado. Se compararán ambos valores para validar que la CA es la correcta y que corresponde con la CA a la que la empresa compra los certificados de SSL, asegurando de esta forma que no se sustituye el certificado por el de otra CA que pueda haber sufrido un ataque y que por lo tanto pueda firmar certificados para nuestro dominio de forma maliciosa.
\n 
\n Por último, se validará que campo \"CommonName\" del certificado de SSL coincide exactamente con el dominio del servidor al que nos conectamos, para validar que no hay ninguna redirección maliciosa. 
\n
\n- Opción de mantener logado, guardar identificador en base de datos interna (SQLITE) con cifrado AES 256 (IdentifierForVendor de la clase UIDevice) ',NULL,'21.000','0.000',3,'0.000',1,8,0,0,45,'45.00000000','360.00000000','75.60000000','0.00000000','0.00000000','435.60000000',1,NULL,NULL,0,'0.00000000',NULL,0,2);
INSERT INTO `B65362949_propaldet` VALUES (77,23,NULL,6,NULL,'- Todos los menús de la aplicación serán construidos dinámicamente, máximo 2 niveles. Estos menús navegaran a controles que pueden tener una o varias gráficas de estadísticas o diferentes tipos de encuestas.
\n- La estructura del menú se leerá cada vez que la aplicación se inicie de un servicio REST para tal efecto.
\n- En esta versión no se contempla la implentación de una cache para mejorar el rendimiento o permitir la consulta de valores Offline.',NULL,'21.000','0.000',3,'0.000',1,18,0,0,45,'45.00000000','810.00000000','170.10000000','0.00000000','0.00000000','980.10000000',1,NULL,NULL,0,'0.00000000',NULL,0,3);
INSERT INTO `B65362949_propaldet` VALUES (78,23,NULL,6,NULL,'- A partir de un identificador único. Un servicio REST nos proporcionará la información necesaria para construir dinámicamente distintas gráficas de telerik en distintos órdenes en el mismo ViewController, (todas en la orientación en que se encuentre el dispositivo)  la carga de datos de cada gráfica deberá ser de forma no bloqueante.
\n- La gráfica se mostrará haciendo uso de la librería TELERIK.
\n- En esta versión no se contempla implementar una caché que mejore el rendimiento o permita la consulta Offline.',NULL,'21.000','0.000',3,'0.000',1,24,0,0,45,'45.00000000','1080.00000000','226.80000000','0.00000000','0.00000000','1306.80000000',1,NULL,NULL,0,'0.00000000',NULL,0,4);
INSERT INTO `B65362949_propaldet` VALUES (79,23,NULL,6,NULL,'- A partir de un identificador único. Un servicio REST nos proporcionará la información necesaria para construir dinámicamente un cuestionario en pantalla.
\n- El fomulario podrá ser contestado con respuestas, tipo Checkbox, listados, booleanos y texto.
\n- En este primera versión no se contempla la implementación de una caché para la mejora del rendimiento o la consulta de valores Offline.',NULL,'21.000','0.000',3,'0.000',1,28,0,0,45,'45.00000000','1260.00000000','264.60000000','0.00000000','0.00000000','1524.60000000',1,NULL,NULL,0,'0.00000000',NULL,0,5);
INSERT INTO `B65362949_propaldet` VALUES (80,23,NULL,6,NULL,'- La aplicación recibirá notificaciones PUSH que deberán levantar la aplicación. (Pendiente conocer el detalle).
\n- Diusframi proveerá un servidor de notificaciones para la plataforma iOS. Si se necesita lo proporcione Addapta se detallará una oferta independiente a este presupuesto.',NULL,'21.000','0.000',3,'0.000',1,8,0,0,45,'45.00000000','360.00000000','75.60000000','0.00000000','0.00000000','435.60000000',1,NULL,NULL,0,'0.00000000',NULL,0,6);
INSERT INTO `B65362949_propaldet` VALUES (81,24,NULL,5,NULL,'',NULL,'21.000','0.000',3,'0.000',1,50,25,16.25,48.75,'65.00000000','2437.50000000','511.88000000','0.00000000','0.00000000','2949.38000000',1,NULL,NULL,0,'0.00000000',NULL,0,1);
INSERT INTO `B65362949_propaldet` VALUES (82,25,NULL,7,NULL,'Revisar la instalación y recuperar el acceso del administrador.',NULL,'21.000','0.000',3,'0.000',1,8,0,0,35,'35.00000000','280.00000000','58.80000000','0.00000000','0.00000000','338.80000000',1,NULL,NULL,0,'0.00000000',NULL,0,1);
INSERT INTO `B65362949_propaldet` VALUES (83,26,NULL,6,NULL,'Desarrollo de un Dashboard desde cero. Que cubra todas las graficas existentes actualmente en el actual. En los apartados de \"Estadisticas básicas\",\"Campañas\",\"JPO Ofertas comerciales\",\"Contactos\"',NULL,'21.000','0.000',3,'0.000',1,1,0,0,0,'0.00000000','0.00000000','0.00000000','0.00000000','0.00000000','0.00000000',1,NULL,NULL,0,'0.00000000',NULL,0,1);
INSERT INTO `B65362949_propaldet` VALUES (84,26,NULL,6,NULL,'El sistema se integrará con la API de analytics y de la BBDD de cada proyecto y guardará la información localmente los datos en una BBD Mysql y un Cron configurado al efecto realizará un refresco diario.
\nPor lo tanto, no existirá un botón de refresco lento y que consume los recursos cada vez que se consulta. Sino que en todo momento se dispondrá de la información con 1 día de retraso (disponibilidad de la información de analytics).
\nEl presupuesto incluye el desarrollo de la ingración de los datos con Anticipa, pero serán necesario pequeños desarrollos para integrar con el modelo de datos de otros proyectos.',NULL,'21.000','0.000',3,'0.000',1,16,0,0,35,'35.00000000','560.00000000','117.60000000','0.00000000','0.00000000','677.60000000',1,NULL,NULL,0,'0.00000000',NULL,0,2);
INSERT INTO `B65362949_propaldet` VALUES (85,26,NULL,6,NULL,'Migración de los datos actuales a la nueva BBDD.',NULL,'21.000','0.000',3,'0.000',1,16,0,0,35,'35.00000000','560.00000000','117.60000000','0.00000000','0.00000000','677.60000000',1,NULL,NULL,0,'0.00000000',NULL,0,3);
INSERT INTO `B65362949_propaldet` VALUES (86,26,NULL,6,NULL,'Se desarrollará un mantenimiento de usuarios y permisos, de modo que un administrador pueda configurar que usuarios tienen acceso a que información. De este modo podremos tener diferentes usuario por proyecto y personal interno y clientes tendrán acceso a diferente información',NULL,'21.000','0.000',3,'0.000',1,16,0,0,35,'35.00000000','560.00000000','117.60000000','0.00000000','0.00000000','677.60000000',1,NULL,NULL,0,'0.00000000',NULL,0,4);
INSERT INTO `B65362949_propaldet` VALUES (87,26,NULL,6,NULL,'Las estadisticas se mostrarán en tablas de datos y graficas comparativas interanuales.',NULL,'21.000','0.000',3,'0.000',1,32,0,0,35,'35.00000000','1120.00000000','235.20000000','0.00000000','0.00000000','1355.20000000',1,NULL,NULL,0,'0.00000000',NULL,0,6);
INSERT INTO `B65362949_propaldet` VALUES (88,26,NULL,6,NULL,'De desarrollará un mantenimiento de campañas. De modo que se pueda acotar que información pertenece a una campaña, distinguiéndola de otra y gestionando su vida.',NULL,'21.000','0.000',3,'0.000',1,16,0,0,35,'35.00000000','560.00000000','117.60000000','0.00000000','0.00000000','677.60000000',1,NULL,NULL,0,'0.00000000',NULL,0,5);
INSERT INTO `B65362949_propaldet` VALUES (89,27,NULL,NULL,NULL,'DIMM 2 GB PC2-5300f Fb HP Proliant Server',NULL,'21.000','0.000',3,'0.000',1,8,0,0,57.54,'57.54000000','460.32000000','96.67000000','0.00000000','0.00000000','556.99000000',0,NULL,NULL,0,'0.00000000',NULL,0,1);
INSERT INTO `B65362949_propaldet` VALUES (90,27,NULL,NULL,NULL,'Transporte',NULL,'21.000','0.000',3,'0.000',1,1,0,0,NULL,'28.34000000','28.34000000','5.95000000','0.00000000','0.00000000','34.29000000',1,NULL,NULL,0,'0.00000000',NULL,0,2);
INSERT INTO `B65362949_propaldet` VALUES (91,29,NULL,6,NULL,'Se trata de añadir una nueva entrada en el navegador principal horizontal (al nivel de SOCIOS, JÓVENES, ACTUALIDAD), que llamaremos provisionalmente “ENTIDADES”. Esta entrada desplegará una persiana como las otras, con unos seis accesos, como las “ofertas de trabajo”, “premios”, “comité de jóvenes”, etc., en JÓVENES, para entendernos.
\n
\nCada acceso llevará a una página, dedicada a una entidad subsidiaria de la SENC. En cada una de esas páginas, de texto y figuras, tendrá varias zonas que incluirán datos básicos de casda entidad, novedades, agenda, etc., puede que en algún caso, con un enlace que abra una página más específica.
\n
\nEl diseño, por supuesto, seguirá siendo el del portal y las páginas ocuparán la columna central del web, dejando siempre visible la columna de la derecha, como es el caso  de las páginas que hay hasta ahora.',NULL,'21.000','0.000',3,'0.000',1,24,0,0,35,'35.00000000','840.00000000','176.40000000','0.00000000','0.00000000','1016.40000000',1,NULL,NULL,0,'0.00000000',NULL,0,1);
INSERT INTO `B65362949_propaldet` VALUES (92,30,NULL,6,NULL,'Cache Navegador - Establecer una fecha de caducidad o una edad máxima en las cabeceras HTTP de los recursos estáticos indica al navegador que cargue los recursos descargados previamente del disco local en lugar de hacerlo a través de la red.',NULL,'21.000','0.000',3,'0.000',1,1,0,0,NULL,'30.00000000','30.00000000','6.30000000','0.00000000','0.00000000','36.30000000',1,NULL,NULL,0,'0.00000000',NULL,0,1);
INSERT INTO `B65362949_propaldet` VALUES (93,30,NULL,6,NULL,'Habilitar compresión - Comprimir recursos con gzip o con deflate puede reducir el número de bytes enviados a través de la red',NULL,'21.000','0.000',3,'0.000',1,3,0,0,NULL,'30.00000000','90.00000000','18.90000000','0.00000000','0.00000000','108.90000000',1,NULL,NULL,0,'0.00000000',NULL,0,2);
INSERT INTO `B65362949_propaldet` VALUES (94,30,NULL,6,NULL,'Optimizar Imágenes - Crear imagenes de tamaño reducido adaptadas al móvil para que pese menos y sean más ligeras en estos dispositivos.',NULL,'21.000','0.000',3,'0.000',1,3,0,0,NULL,'30.00000000','90.00000000','18.90000000','0.00000000','0.00000000','108.90000000',1,NULL,NULL,0,'0.00000000',NULL,0,3);
INSERT INTO `B65362949_propaldet` VALUES (95,30,NULL,6,NULL,'Compactar - Compactar los ficheros estáticos CSS y Javascript para aligerar estos contenidos.',NULL,'21.000','0.000',3,'0.000',1,1,0,0,NULL,'30.00000000','30.00000000','6.30000000','0.00000000','0.00000000','36.30000000',1,NULL,NULL,0,'0.00000000',NULL,0,4);
INSERT INTO `B65362949_propaldet` VALUES (96,30,NULL,6,NULL,'Eliminar el javascript que bloquea la visualización y el CSS del contenido de la mitad superior de la página',NULL,'21.000','0.000',3,'0.000',1,3,0,0,NULL,'30.00000000','90.00000000','18.90000000','0.00000000','0.00000000','108.90000000',1,NULL,NULL,0,'0.00000000',NULL,0,5);
INSERT INTO `B65362949_propaldet` VALUES (97,30,NULL,6,NULL,'Aplicar el tamaño adecuado a los botones táctiles. Es necesario eliminar algunos de los botones de la pantalla móvil y re-maquetar los imprescindibles para que la experiencia de usuario sea móvil.',NULL,'21.000','0.000',3,'0.000',1,4,0,0,NULL,'30.00000000','120.00000000','25.20000000','0.00000000','0.00000000','145.20000000',1,NULL,NULL,0,'0.00000000',NULL,0,6);
INSERT INTO `B65362949_propaldet` VALUES (98,30,NULL,6,NULL,'Nueva maquetación de portada',NULL,'21.000','0.000',3,'0.000',1,8,0,0,30,'30.00000000','240.00000000','50.40000000','0.00000000','0.00000000','290.40000000',1,NULL,NULL,0,'0.00000000',NULL,0,7);
INSERT INTO `B65362949_propaldet` VALUES (99,30,NULL,6,NULL,'Nueva maquetación de ficha medico',NULL,'21.000','0.000',3,'0.000',1,8,0,0,30,'30.00000000','240.00000000','50.40000000','0.00000000','0.00000000','290.40000000',1,NULL,NULL,0,'0.00000000',NULL,0,9);
INSERT INTO `B65362949_propaldet` VALUES (101,30,NULL,6,NULL,'Maquetación buscador',NULL,'21.000','0.000',3,'0.000',1,8,0,0,30,'30.00000000','240.00000000','50.40000000','0.00000000','0.00000000','290.40000000',1,NULL,NULL,0,'0.00000000',NULL,0,8);
INSERT INTO `B65362949_propaldet` VALUES (103,30,NULL,6,NULL,'Maquetación de ficha de centro',NULL,'21.000','0.000',3,'0.000',1,8,0,0,30,'30.00000000','240.00000000','50.40000000','0.00000000','0.00000000','290.40000000',1,NULL,NULL,0,'0.00000000',NULL,0,10);
INSERT INTO `B65362949_propaldet` VALUES (104,30,NULL,6,NULL,'Maquetación articulos médicos',NULL,'21.000','0.000',3,'0.000',1,8,0,0,30,'30.00000000','240.00000000','50.40000000','0.00000000','0.00000000','290.40000000',1,NULL,NULL,0,'0.00000000',NULL,0,11);
INSERT INTO `B65362949_propaldet` VALUES (105,30,NULL,6,NULL,'Maquetación de las pantallas de registro de médico, registro de centro, registro de usuario, mis medicos y mis centros',NULL,'21.000','0.000',3,'0.000',1,30,0,0,30,'30.00000000','900.00000000','189.00000000','0.00000000','0.00000000','1089.00000000',1,NULL,NULL,0,'0.00000000',NULL,0,12);
INSERT INTO `B65362949_propaldet` VALUES (106,31,NULL,6,NULL,'Sustituir el upload de videos, por un upload genérico de ficheros.',NULL,'21.000','0.000',3,'0.000',1,8,0,0,30,'30.00000000','240.00000000','50.40000000','0.00000000','0.00000000','290.40000000',1,NULL,NULL,0,'0.00000000',NULL,0,1);
INSERT INTO `B65362949_propaldet` VALUES (108,32,NULL,6,NULL,'Bolsa de Horas',NULL,'21.000','0.000',3,'0.000',1,25,0,0,42,'42.00000000','1050.00000000','220.50000000','0.00000000','0.00000000','1270.50000000',1,NULL,NULL,0,'0.00000000',NULL,0,1);
INSERT INTO `B65362949_propaldet` VALUES (109,33,NULL,6,NULL,'Impedir el alta de enfermedades sin relaciones y establecer desplegables
\nrelacionados dinamicamente grupo y subgrupo y enfermedades.
\nAplicarlo para las enfermedades y los procedimientos.',NULL,'21.000','0.000',3,'0.000',1,8,0,0,30,'30.00000000','240.00000000','50.40000000','0.00000000','0.00000000','290.40000000',1,NULL,NULL,0,'0.00000000',NULL,0,1);
INSERT INTO `B65362949_propaldet` VALUES (110,33,NULL,6,NULL,'Controlar el estado \"Tramitado\" en las peticiones y automatizar la asignacion de la enfermedad, procedimiento o especialidad al darse de alta. Hay que modificar todo el procedimiento porque ahora se crean los elementos y se da de alta cuando aparece la pantalla (sin opcion de cancelar) y se asignan los valores por ajax.',NULL,'21.000','0.000',3,'0.000',1,24,0,0,30,'30.00000000','720.00000000','151.20000000','0.00000000','0.00000000','871.20000000',1,NULL,NULL,0,'0.00000000',NULL,0,2);
INSERT INTO `B65362949_propaldet` VALUES (111,33,NULL,6,NULL,'Nuevas descargas de excels',NULL,'21.000','0.000',3,'0.000',1,4,0,0,30,'30.00000000','120.00000000','25.20000000','0.00000000','0.00000000','145.20000000',1,NULL,NULL,0,'0.00000000',NULL,0,3);
INSERT INTO `B65362949_propaldet` VALUES (112,33,NULL,6,NULL,'Buscador de artículos.',NULL,'21.000','0.000',3,'0.000',1,8,0,0,30,'30.00000000','240.00000000','50.40000000','0.00000000','0.00000000','290.40000000',1,NULL,NULL,0,'0.00000000',NULL,0,4);
INSERT INTO `B65362949_propaldet` VALUES (113,33,NULL,6,NULL,'Visualización sin especialidad en centro médico.',NULL,'21.000','0.000',3,'0.000',1,1,100,0,NULL,'42.00000000','0.00000000','0.00000000','0.00000000','0.00000000','0.00000000',1,NULL,NULL,0,'0.00000000',NULL,0,5);
INSERT INTO `B65362949_propaldet` VALUES (114,33,NULL,6,NULL,'Incorporar paginación al buscador y criterios de ordenación para centros.',NULL,'21.000','0.000',3,'0.000',1,24,0,0,30,'30.00000000','720.00000000','151.20000000','0.00000000','0.00000000','871.20000000',1,NULL,NULL,0,'0.00000000',NULL,0,6);
INSERT INTO `B65362949_propaldet` VALUES (115,33,NULL,6,NULL,'Visualización de mutuas',NULL,'21.000','0.000',3,'0.000',1,1,0,0,30,'30.00000000','30.00000000','6.30000000','0.00000000','0.00000000','36.30000000',1,NULL,NULL,0,'0.00000000',NULL,0,7);
INSERT INTO `B65362949_propaldet` VALUES (116,34,NULL,NULL,NULL,'Creación campaña Alquiler',NULL,'21.000','0.000',3,'0.000',1,1,0,0,NULL,'540.00000000','540.00000000','113.40000000','0.00000000','0.00000000','653.40000000',1,NULL,NULL,0,'0.00000000',NULL,0,1);
INSERT INTO `B65362949_propaldet` VALUES (119,35,NULL,NULL,NULL,'8% coste de gestión sobre inversión 1000 euros',NULL,'21.000','0.000',3,'0.000',1,1,0,0,NULL,'40.00000000','40.00000000','8.40000000','0.00000000','0.00000000','48.40000000',1,NULL,NULL,0,'0.00000000',NULL,0,1);
INSERT INTO `B65362949_propaldet` VALUES (120,36,NULL,NULL,NULL,'- Landing Microsite Mobile siguiendo el patrón de navegación del siguiente modelo: http://www.addapta.com/medicosexpertos/index.html
\n',NULL,'21.000','0.000',3,'0.000',1,1,0,0,NULL,NULL,'0.00000000','0.00000000','0.00000000','0.00000000','0.00000000',1,NULL,NULL,0,'0.00000000',NULL,0,1);
INSERT INTO `B65362949_propaldet` VALUES (121,36,NULL,NULL,NULL,'- Formulario secuencia de preguntas todas ellas obligatorias ',NULL,'21.000','0.000',3,'0.000',1,1,0,0,NULL,NULL,'0.00000000','0.00000000','0.00000000','0.00000000','0.00000000',1,NULL,NULL,0,'0.00000000',NULL,0,2);
INSERT INTO `B65362949_propaldet` VALUES (122,36,NULL,NULL,NULL,'- Una vez rellenado el formulario posibilidad de subir multiples imágenes con formatos jpg, tiff, png con un tamaño máximo de 1Mb cada una',NULL,'21.000','0.000',3,'0.000',1,1,0,0,NULL,NULL,'0.00000000','0.00000000','0.00000000','0.00000000','0.00000000',1,NULL,NULL,0,'0.00000000',NULL,0,3);
INSERT INTO `B65362949_propaldet` VALUES (123,36,NULL,NULL,NULL,'- Envío mail HTML de confirmación, con la información introducida, incluidas las imágenes.',NULL,'21.000','0.000',3,'0.000',1,1,0,0,NULL,NULL,'0.00000000','0.00000000','0.00000000','0.00000000','0.00000000',1,NULL,NULL,0,'0.00000000',NULL,0,4);
INSERT INTO `B65362949_propaldet` VALUES (124,36,NULL,NULL,NULL,'- Utilidad para consultar la BBDD de los contenidos introducidos y exportar en formato excel',NULL,'21.000','0.000',3,'0.000',1,1,0,0,NULL,NULL,'0.00000000','0.00000000','0.00000000','0.00000000','0.00000000',1,NULL,NULL,0,'0.00000000',NULL,0,5);
INSERT INTO `B65362949_propaldet` VALUES (125,36,NULL,NULL,NULL,'- Alta de usuarios (login / Password) para dar acceso a la utilidad. No hay posibilidad de registro, un usuario superadministrador dará de alta los usuarios.',NULL,'21.000','0.000',3,'0.000',1,1,0,0,NULL,NULL,'0.00000000','0.00000000','0.00000000','0.00000000','0.00000000',1,NULL,NULL,0,'0.00000000',NULL,0,6);
INSERT INTO `B65362949_propaldet` VALUES (126,36,NULL,NULL,NULL,'- Desarrollo completo',NULL,'21.000','0.000',3,'0.000',1,1,0,0,3150,'3150.00000000','3150.00000000','661.50000000','0.00000000','0.00000000','3811.50000000',1,NULL,NULL,0,'0.00000000',NULL,0,7);
INSERT INTO `B65362949_propaldet` VALUES (127,36,NULL,NULL,NULL,'- Opción multiidioma',NULL,'21.000','0.000',3,'0.000',1,1,0,0,NULL,'450.00000000','450.00000000','94.50000000','0.00000000','0.00000000','544.50000000',1,NULL,NULL,0,'0.00000000',NULL,0,8);
INSERT INTO `B65362949_propaldet` VALUES (128,37,NULL,NULL,NULL,'Modificar el proyecto para que la auditoría pueda ser marcada como cerrada y terminada sin terminar de responder todas las preguntas.',NULL,'21.000','0.000',3,'0.000',1,8,0,0,45,'45.00000000','360.00000000','75.60000000','0.00000000','0.00000000','435.60000000',1,NULL,NULL,0,'0.00000000',NULL,0,1);
INSERT INTO `B65362949_propaldet` VALUES (129,37,NULL,NULL,NULL,'Generar un nuevo proceso de exportación que permita recuperar los campos de observaciones completos.',NULL,'21.000','0.000',3,'0.000',1,16,0,0,45,'45.00000000','720.00000000','151.20000000','0.00000000','0.00000000','871.20000000',1,NULL,NULL,0,'0.00000000',NULL,0,2);
INSERT INTO `B65362949_propaldet` VALUES (130,37,NULL,NULL,NULL,'Generar un nuevo tipo de cuestión de tipo observaciones, que no puntue.',NULL,'21.000','0.000',3,'0.000',1,24,0,0,45,'45.00000000','1080.00000000','226.80000000','0.00000000','0.00000000','1306.80000000',1,NULL,NULL,0,'0.00000000',NULL,0,3);
INSERT INTO `B65362949_propaldet` VALUES (131,37,NULL,NULL,NULL,'Actualizar todo el proyecto, para su adaptación la ultima versión del sistema operativo, evitando de este modo que la aplicación se cierre repetidas veces durante su ejecución.',NULL,'21.000','0.000',3,'0.000',1,80,0,0,45,'45.00000000','3600.00000000','756.00000000','0.00000000','0.00000000','4356.00000000',1,NULL,NULL,0,'0.00000000',NULL,0,4);
INSERT INTO `B65362949_propaldet` VALUES (132,38,NULL,7,NULL,'Jornada completa Joan Serra',NULL,'21.000','0.000',3,'0.000',1,176,0,0,20,'20.00000000','3520.00000000','739.20000000','0.00000000','0.00000000','4259.20000000',1,NULL,NULL,0,'0.00000000',NULL,0,1);
INSERT INTO `B65362949_propaldet` VALUES (133,38,NULL,7,NULL,'Jornada Mantenimiento Carles Rovira (52% dedicación) para las incidencias del día a día.',NULL,'21.000','0.000',3,'0.000',1,92.5,0,0,20,'20.00000000','1850.00000000','388.50000000','0.00000000','0.00000000','2238.50000000',1,NULL,NULL,0,'0.00000000',NULL,0,2);
INSERT INTO `B65362949_propaldet` VALUES (134,39,NULL,6,NULL,'Cache Navegador - Establecer una fecha de caducidad o una edad máxima en las cabeceras HTTP de los recursos estáticos indica al navegador que cargue los recursos descargados previamente del disco local en lugar de hacerlo a través de la red.',NULL,'21.000','0.000',3,'0.000',1,1,0,0,0,'0.00000000','0.00000000','0.00000000','0.00000000','0.00000000','0.00000000',1,NULL,NULL,0,'0.00000000',NULL,0,1);
INSERT INTO `B65362949_propaldet` VALUES (135,39,NULL,6,NULL,'Habilitar compresión - Comprimir recursos con gzip o con deflate puede reducir el número de bytes enviados a través de la red',NULL,'21.000','0.000',3,'0.000',1,1,0,0,0,'0.00000000','0.00000000','0.00000000','0.00000000','0.00000000','0.00000000',1,NULL,NULL,0,'0.00000000',NULL,0,2);
INSERT INTO `B65362949_propaldet` VALUES (137,39,NULL,6,NULL,'Compactar - Compactar los ficheros estáticos CSS y Javascript para aligerar estos contenidos.',NULL,'21.000','0.000',3,'0.000',1,1,0,0,0,'0.00000000','0.00000000','0.00000000','0.00000000','0.00000000','0.00000000',1,NULL,NULL,0,'0.00000000',NULL,0,3);
INSERT INTO `B65362949_propaldet` VALUES (138,39,NULL,6,NULL,'Eliminar el javascript que bloquea la visualización y el CSS del contenido de la mitad superior de la página',NULL,'21.000','0.000',3,'0.000',1,1,0,0,0,'0.00000000','0.00000000','0.00000000','0.00000000','0.00000000','0.00000000',1,NULL,NULL,0,'0.00000000',NULL,0,4);
INSERT INTO `B65362949_propaldet` VALUES (139,39,NULL,6,NULL,'Aplicar el tamaño adecuado a los botones táctiles para la experiencia móvil.',NULL,'21.000','0.000',3,'0.000',1,1,0,0,0,'0.00000000','0.00000000','0.00000000','0.00000000','0.00000000','0.00000000',1,NULL,NULL,0,'0.00000000',NULL,0,5);
INSERT INTO `B65362949_propaldet` VALUES (140,39,NULL,6,NULL,'Nueva maquetación de portada',NULL,'21.000','0.000',3,'0.000',1,1,0,0,0,'0.00000000','0.00000000','0.00000000','0.00000000','0.00000000','0.00000000',1,NULL,NULL,0,'0.00000000',NULL,0,6);
INSERT INTO `B65362949_propaldet` VALUES (141,39,NULL,6,NULL,'Maquetación buscador',NULL,'21.000','0.000',3,'0.000',1,1,0,0,0,'0.00000000','0.00000000','0.00000000','0.00000000','0.00000000','0.00000000',1,NULL,NULL,0,'0.00000000',NULL,0,7);
INSERT INTO `B65362949_propaldet` VALUES (142,39,NULL,6,NULL,'Nueva maquetación de ficha inmueble',NULL,'21.000','0.000',3,'0.000',1,1,0,0,0,'0.00000000','0.00000000','0.00000000','0.00000000','0.00000000','0.00000000',1,NULL,NULL,0,'0.00000000',NULL,0,8);
INSERT INTO `B65362949_propaldet` VALUES (144,39,NULL,6,NULL,'Maquetación campañas',NULL,'21.000','0.000',3,'0.000',1,1,0,0,0,'0.00000000','0.00000000','0.00000000','0.00000000','0.00000000','0.00000000',1,NULL,NULL,0,'0.00000000',NULL,0,9);
INSERT INTO `B65362949_propaldet` VALUES (145,39,NULL,6,NULL,'Menú desplegable para el registro de contactos',NULL,'21.000','0.000',3,'0.000',1,1,0,0,0,'0.00000000','0.00000000','0.00000000','0.00000000','0.00000000','0.00000000',1,NULL,NULL,0,'0.00000000',NULL,0,10);
INSERT INTO `B65362949_propaldet` VALUES (146,39,NULL,6,NULL,'Esfuerzo en horas',NULL,'21.000','0.000',3,'0.000',1,146,0,0,30,'30.00000000','4380.00000000','919.80000000','0.00000000','0.00000000','5299.80000000',1,NULL,NULL,0,'0.00000000',NULL,0,11);
INSERT INTO `B65362949_propaldet` VALUES (147,40,NULL,NULL,NULL,'- Desarrollo de web catálogo de viviendas de alquiler con las páginas principales HOME, BUSCADOR, RESULTADOS, DETALLE',NULL,'21.000','0.000',3,'0.000',1,1,0,0,NULL,NULL,'0.00000000','0.00000000','0.00000000','0.00000000','0.00000000',1,NULL,NULL,0,'0.00000000',NULL,0,1);
INSERT INTO `B65362949_propaldet` VALUES (148,40,NULL,NULL,NULL,'- Páginas estáticas adicionales: QUIENES SOMOS, CONTACTO, ETC...',NULL,'21.000','0.000',3,'0.000',1,1,0,0,NULL,NULL,'0.00000000','0.00000000','0.00000000','0.00000000','0.00000000',1,NULL,NULL,0,'0.00000000',NULL,0,2);
INSERT INTO `B65362949_propaldet` VALUES (149,40,NULL,NULL,NULL,'- Se seguirán las indicaciones SEO ya implementadas en Anticipa. Al inicio del proyecto tendremos una reunion con Silvia donde enumeraremos una serie de recomendaciones a seguir y se validarán por el equipo de Maria Barcelona. Las nuevas recomendaciones que aparezcan durante y después del desarrollo que no pertenezcan a esa linea se desarrollarán dentro del mantenimiento de anticipa.',NULL,'21.000','0.000',3,'0.000',1,1,0,0,NULL,NULL,'0.00000000','0.00000000','0.00000000','0.00000000','0.00000000',1,NULL,NULL,0,'0.00000000',NULL,0,3);
INSERT INTO `B65362949_propaldet` VALUES (150,40,NULL,NULL,NULL,'- Igualmente de enumerarán los enlaces actuales de alquiler de Anticipa que por su valor deberán ser redirigidos a Alquilovers, así como los enlaces operativos del buscador referentes a alquileres. La pestaña de alquiler del buscador de la parte izquierda de la pantalla de resultados, se enlazará con la HOME de Alquilovers y no conservará los criterios del filtro seleccionado. ',NULL,'21.000','0.000',3,'0.000',1,1,0,0,NULL,NULL,'0.00000000','0.00000000','0.00000000','0.00000000','0.00000000',1,NULL,NULL,0,'0.00000000',NULL,0,4);
INSERT INTO `B65362949_propaldet` VALUES (151,40,NULL,NULL,NULL,'- El modelo de datos del que se nutre el buscador será una muestra de las viviendas de alquiler de Anticipa. ',NULL,'21.000','0.000',3,'0.000',1,1,0,0,NULL,NULL,'0.00000000','0.00000000','0.00000000','0.00000000','0.00000000',1,NULL,NULL,0,'0.00000000',NULL,0,5);
INSERT INTO `B65362949_propaldet` VALUES (152,40,NULL,NULL,NULL,'- El nuevo modelo de datos será normalizado (2 forma normal)',NULL,'21.000','0.000',3,'0.000',1,1,0,0,NULL,NULL,'0.00000000','0.00000000','0.00000000','0.00000000','0.00000000',1,NULL,NULL,0,'0.00000000',NULL,0,6);
INSERT INTO `B65362949_propaldet` VALUES (153,40,NULL,NULL,NULL,'- El motor de búsqueda se implementará de cero con el objetivo de mejorar muy notablemente el rendimiento de la actual web de Anticipa',NULL,'21.000','0.000',3,'0.000',1,1,0,0,NULL,NULL,'0.00000000','0.00000000','0.00000000','0.00000000','0.00000000',1,NULL,NULL,0,'0.00000000',NULL,0,7);
INSERT INTO `B65362949_propaldet` VALUES (154,40,NULL,NULL,NULL,'- No se implementarán las lógicas de promociones inmobiliarias de inmuebles en esta primera fase.',NULL,'21.000','0.000',3,'0.000',1,1,0,0,NULL,NULL,'0.00000000','0.00000000','0.00000000','0.00000000','0.00000000',1,NULL,NULL,0,'0.00000000',NULL,0,9);
INSERT INTO `B65362949_propaldet` VALUES (155,40,NULL,NULL,NULL,'- No se implementarán un mecanismo de construcción de campañas en esta primera fase, pero se contemplará durante el desarrollo para facilitar su implementación en el futuro.',NULL,'21.000','0.000',3,'0.000',1,1,0,0,NULL,NULL,'0.00000000','0.00000000','0.00000000','0.00000000','0.00000000',1,NULL,NULL,0,'0.00000000',NULL,0,10);
INSERT INTO `B65362949_propaldet` VALUES (156,40,NULL,NULL,NULL,'- No se implementarán las funcionalidades sobre usuarios registrados.',NULL,'21.000','0.000',3,'0.000',1,1,0,0,NULL,NULL,'0.00000000','0.00000000','0.00000000','0.00000000','0.00000000',1,NULL,NULL,0,'0.00000000',NULL,0,11);
INSERT INTO `B65362949_propaldet` VALUES (157,40,NULL,NULL,NULL,'- Se implementarán los formularios de contacto, con el registro estadístico de actividad y el envió de mail al contacto y al administrador en formato HTML. Existirá una herramienta para la extracción de datos de contactos. El resto de información de inmuebles de alquiler podrán ser extraídos como hasta ahora de la web de Anticipa.',NULL,'21.000','0.000',3,'0.000',1,1,0,0,0,'0.00000000','0.00000000','0.00000000','0.00000000','0.00000000','0.00000000',1,NULL,NULL,0,'0.00000000',NULL,0,8);
INSERT INTO `B65362949_propaldet` VALUES (158,40,NULL,NULL,NULL,'- Se implementarán las medidas de seguridad en el desarrollo que soporten la prueba de un analizador de debilidades web.',NULL,'21.000','0.000',3,'0.000',1,1,0,0,NULL,NULL,'0.00000000','0.00000000','0.00000000','0.00000000','0.00000000',1,NULL,NULL,0,'0.00000000',NULL,0,12);
INSERT INTO `B65362949_propaldet` VALUES (159,40,NULL,6,NULL,'- Desarrollo del proyecto',NULL,'21.000','0.000',3,'0.000',1,65,0,0,30,'30.00000000','1950.00000000','409.50000000','0.00000000','0.00000000','2359.50000000',1,NULL,NULL,0,'0.00000000',NULL,0,13);
INSERT INTO `B65362949_propaldet` VALUES (160,41,NULL,6,NULL,'Desarrollo persistencia Android',NULL,'21.000','0.000',3,'0.000',1,8,0,0,NULL,'42.00000000','336.00000000','70.56000000','0.00000000','0.00000000','406.56000000',1,NULL,NULL,0,'0.00000000',NULL,0,1);
INSERT INTO `B65362949_propaldet` VALUES (161,41,NULL,6,NULL,'Pantalla de login y almacenamiento de sesión',NULL,'21.000','0.000',3,'0.000',1,8,0,0,NULL,'42.00000000','336.00000000','70.56000000','0.00000000','0.00000000','406.56000000',1,NULL,NULL,0,'0.00000000',NULL,0,2);
INSERT INTO `B65362949_propaldet` VALUES (162,41,NULL,6,NULL,'Persistencia fin de sesión..',NULL,'21.000','0.000',3,'0.000',1,4,0,0,42,'42.00000000','168.00000000','35.28000000','0.00000000','0.00000000','203.28000000',1,NULL,NULL,0,'0.00000000',NULL,0,3);
INSERT INTO `B65362949_propaldet` VALUES (163,41,NULL,6,NULL,'Pantalla de sincronización',NULL,'21.000','0.000',3,'0.000',1,16,0,0,42,'42.00000000','672.00000000','141.12000000','0.00000000','0.00000000','813.12000000',1,NULL,NULL,0,'0.00000000',NULL,0,4);
INSERT INTO `B65362949_propaldet` VALUES (164,41,NULL,6,NULL,'Listado de accidentes',NULL,'21.000','0.000',3,'0.000',1,16,0,0,42,'42.00000000','672.00000000','141.12000000','0.00000000','0.00000000','813.12000000',1,NULL,NULL,0,'0.00000000',NULL,0,5);
INSERT INTO `B65362949_propaldet` VALUES (165,41,NULL,6,NULL,'Pantalla principal de datos del accidente',NULL,'21.000','0.000',3,'0.000',1,16,0,0,42,'42.00000000','672.00000000','141.12000000','0.00000000','0.00000000','813.12000000',1,NULL,NULL,0,'0.00000000',NULL,0,6);
INSERT INTO `B65362949_propaldet` VALUES (166,41,NULL,6,NULL,'Pantalla de vehiculos implicados',NULL,'21.000','0.000',3,'0.000',1,16,0,0,NULL,'42.00000000','672.00000000','141.12000000','0.00000000','0.00000000','813.12000000',1,NULL,NULL,0,'0.00000000',NULL,0,7);
INSERT INTO `B65362949_propaldet` VALUES (167,41,NULL,6,NULL,'Pantalla de personas implicadas',NULL,'21.000','0.000',3,'0.000',1,16,0,0,NULL,'42.00000000','672.00000000','141.12000000','0.00000000','0.00000000','813.12000000',1,NULL,NULL,0,'0.00000000',NULL,0,8);
INSERT INTO `B65362949_propaldet` VALUES (168,41,NULL,6,NULL,'Pantalla daños materiales',NULL,'21.000','0.000',3,'0.000',1,8,0,0,NULL,'42.00000000','336.00000000','70.56000000','0.00000000','0.00000000','406.56000000',1,NULL,NULL,0,'0.00000000',NULL,0,9);
INSERT INTO `B65362949_propaldet` VALUES (169,41,NULL,6,NULL,'Pantalla factores del vehículo',NULL,'21.000','0.000',3,'0.000',1,8,0,0,NULL,'42.00000000','336.00000000','70.56000000','0.00000000','0.00000000','406.56000000',1,NULL,NULL,0,'0.00000000',NULL,0,10);
INSERT INTO `B65362949_propaldet` VALUES (170,41,NULL,6,NULL,'Pantalla carretera y factores del entorno',NULL,'21.000','0.000',3,'0.000',1,8,0,0,NULL,'42.00000000','336.00000000','70.56000000','0.00000000','0.00000000','406.56000000',1,NULL,NULL,0,'0.00000000',NULL,0,11);
INSERT INTO `B65362949_propaldet` VALUES (171,41,NULL,6,NULL,'Pantalla factores humanos',NULL,'21.000','0.000',3,'0.000',1,8,0,0,NULL,'42.00000000','336.00000000','70.56000000','0.00000000','0.00000000','406.56000000',1,NULL,NULL,0,'0.00000000',NULL,0,12);
INSERT INTO `B65362949_propaldet` VALUES (172,41,NULL,6,NULL,'Pantalla de fotos',NULL,'21.000','0.000',3,'0.000',1,24,0,0,NULL,'42.00000000','1008.00000000','211.68000000','0.00000000','0.00000000','1219.68000000',1,NULL,NULL,0,'0.00000000',NULL,0,13);
INSERT INTO `B65362949_propaldet` VALUES (173,41,NULL,6,NULL,'Pantalla esquema del accidente',NULL,'21.000','0.000',3,'0.000',1,24,0,0,NULL,'42.00000000','1008.00000000','211.68000000','0.00000000','0.00000000','1219.68000000',1,NULL,NULL,0,'0.00000000',NULL,0,14);
INSERT INTO `B65362949_propaldet` VALUES (174,41,NULL,6,NULL,'Almacenamiento esquema del accidente',NULL,'21.000','0.000',3,'0.000',1,8,0,0,NULL,'42.00000000','336.00000000','70.56000000','0.00000000','0.00000000','406.56000000',1,NULL,NULL,0,'0.00000000',NULL,0,15);
INSERT INTO `B65362949_propaldet` VALUES (175,41,NULL,6,NULL,'Esquema XML del accidente',NULL,'21.000','0.000',3,'0.000',1,8,0,0,NULL,'42.00000000','336.00000000','70.56000000','0.00000000','0.00000000','406.56000000',1,NULL,NULL,0,'0.00000000',NULL,0,16);
INSERT INTO `B65362949_propaldet` VALUES (176,42,NULL,NULL,NULL,'10% de la remuneración bruta anual según se especifica en la cláusula 5ª de este contrato',NULL,'21.000','0.000',3,'0.000',1,1,0,0,NULL,NULL,'0.00000000','0.00000000','0.00000000','0.00000000','0.00000000',1,NULL,NULL,0,'0.00000000',NULL,0,1);
INSERT INTO `B65362949_propaldet` VALUES (177,43,NULL,NULL,NULL,'Funcionalidad Mi Perfil.
\n
\n- Cambio datos personales
\n- Cambio contraseña
\n- Gestión de promociones de interés.',NULL,'21.000','0.000',3,'0.000',1,24,0,0,NULL,'30.00000000','720.00000000','151.20000000','0.00000000','0.00000000','871.20000000',1,NULL,NULL,0,'0.00000000',NULL,0,1);
INSERT INTO `B65362949_propaldet` VALUES (178,43,NULL,NULL,NULL,'Servicio mensajería
\n
\n- Bandeja de entrada con mensajes procedentes de una cuenta gestora.',NULL,'21.000','0.000',3,'0.000',1,8,0,0,30,'30.00000000','240.00000000','50.40000000','0.00000000','0.00000000','290.40000000',1,NULL,NULL,0,'0.00000000',NULL,0,2);
INSERT INTO `B65362949_propaldet` VALUES (179,43,NULL,NULL,NULL,'Panel de Control Administrador
\n
\n- Mantenimiento de contratos (Alta / Baja / Modificación) Inicio y fin de contrato
\n- Asignación de contratos a clientes
\n- Administración de documentación asociada a contratos
\n- Mantenimiento de recibos (Alta / Baja / Modificación / Cambio de estado)',NULL,'21.000','0.000',3,'0.000',1,24,0,0,NULL,'30.00000000','720.00000000','151.20000000','0.00000000','0.00000000','871.20000000',1,NULL,NULL,0,'0.00000000',NULL,0,3);
INSERT INTO `B65362949_propaldet` VALUES (180,43,NULL,NULL,NULL,'Panel de Control Mensajería
\n
\n- Selección de público objetivo mensajería
\n- Redacción de mensajes
\n- Envios',NULL,'21.000','0.000',3,'0.000',1,24,0,0,NULL,'30.00000000','720.00000000','151.20000000','0.00000000','0.00000000','871.20000000',1,NULL,NULL,0,'0.00000000',NULL,0,4);
INSERT INTO `B65362949_propaldet` VALUES (181,43,NULL,NULL,NULL,'Funcionalidad de Mi vivienda
\n
\n- Consulta datos de mi vivienda
\n- Consulta datos de mi contrato
\n- Consulta mi contrato
\n- Consulta documentación asociada de mi vivienda
\n- Consulta instrucciones cambio domiciliación (NO es editable)',NULL,'21.000','0.000',3,'0.000',1,12,0,0,30,'30.00000000','360.00000000','75.60000000','0.00000000','0.00000000','435.60000000',1,NULL,NULL,0,'0.00000000',NULL,0,5);
INSERT INTO `B65362949_propaldet` VALUES (182,43,NULL,NULL,NULL,'Funcionalidad mis recibos
\n
\n- Consulta el estado de mis recibos.',NULL,'21.000','0.000',3,'0.000',1,8,0,0,30,'30.00000000','240.00000000','50.40000000','0.00000000','0.00000000','290.40000000',1,NULL,NULL,0,'0.00000000',NULL,0,6);
INSERT INTO `B65362949_propaldet` VALUES (183,43,NULL,NULL,NULL,'Panel de control Comunidades
\n
\n- Mantenimiento (Alta / Baja / Modificaciones) de comunidades
\n- Asignación de inmuebles a comunidades
\n- Mantenimiento (Alta / Baja / Modificaciones) documentación',NULL,'21.000','0.000',3,'0.000',1,24,0,0,NULL,'30.00000000','720.00000000','151.20000000','0.00000000','0.00000000','871.20000000',1,NULL,NULL,0,'0.00000000',NULL,0,7);
INSERT INTO `B65362949_propaldet` VALUES (184,43,NULL,NULL,NULL,'Gestor de incidencias
\n
\n- Mantenimiento (Alta / Baja / Modificaciones) de incidencias
\n- Asignación de seguimientos (intervenciones) a las incidencias
\n- Cambio de estado de las incidencias.',NULL,'21.000','0.000',3,'0.000',1,40,0,0,30,'30.00000000','1200.00000000','252.00000000','0.00000000','0.00000000','1452.00000000',1,NULL,NULL,0,'0.00000000',NULL,0,8);
INSERT INTO `B65362949_propaldet` VALUES (185,43,NULL,NULL,NULL,'Integración Prinex
\n
\nComunicación con servicios IDPRINEX (consulta de recibos)
\nComunicacion con servicios IDPRINEX (consulta de contratos)
\nComunicacion con servicios IDPRINEX (consulta de clientes)',NULL,'21.000','0.000',3,'0.000',1,48,0,0,30,'30.00000000','1440.00000000','302.40000000','0.00000000','0.00000000','1742.40000000',1,NULL,NULL,0,'0.00000000',NULL,0,9);
INSERT INTO `B65362949_propaldet` VALUES (186,4,NULL,NULL,NULL,'Ajuste de presupuesto sin las funcionalidades de alquiler.',NULL,'21.000','0.000',3,'0.000',1,1,0,0,NULL,'-1950.00000000','-1950.00000000','-409.50000000','0.00000000','0.00000000','-2359.50000000',1,NULL,NULL,0,'0.00000000',NULL,0,2);
INSERT INTO `B65362949_propaldet` VALUES (187,4,NULL,NULL,NULL,'Presentación responsive similar a la web de Alquilovers.',NULL,'21.000','0.000',3,'0.000',1,1,0,0,NULL,NULL,'0.00000000','0.00000000','0.00000000','0.00000000','0.00000000',1,NULL,NULL,0,'0.00000000',NULL,0,5);
INSERT INTO `B65362949_propaldet` VALUES (188,44,NULL,7,NULL,'Jornada completa Joan Serra',NULL,'21.000','0.000',3,'0.000',1,176,0,0,NULL,'20.00000000','3520.00000000','739.20000000','0.00000000','0.00000000','4259.20000000',1,NULL,NULL,0,'0.00000000',NULL,0,1);
INSERT INTO `B65362949_propaldet` VALUES (190,43,NULL,NULL,NULL,'Esfuerzo de proyecto.
\n--------------------------------------------------------------------------------------
\n
\nFuncionalidad Mi Perfil
\n
\n- Funcionalidades: Cambio datos personales, cambio contraseña, Gestión inmuebles de interes, gestión de perfiles.
\n- Esfuerzo: 5 jornadas
\n
\nFuncionalidad Mensajería
\n
\n- Funcionalidades: Seleccion de público objetivo para la mensajería, HErramienta edición de mensajes, Bandeja consulta cliente
\n- Esfuerzo: 7 jornadas
\n
\nPanel de control Administrador
\n
\n- Funcionalidades: Mantenimiento de contratos, Asignación a clientes, Gestion documetación, Gestión de recibos
\n- Esfuerzo: 6 jornadas
\n- Funcionalidades: Mantenimiento de comunidades. Mantenimiento de comunidades y gestión de asignación de viviendas a comunidades, gestión documentación comunidades
\n- Esfuerzo: 5 jornadas
\n
\nGestión de incidencias
\n
\n- Funcionalidades: Mantenimiento (Alta / Bajas / Modificaciones) indicendias, intervenciones sobre incidencias, cambios de estado
\n- Esfuerzo: 8 jornadas
\n
\nIntegración Prinex
\n
\n- Funcionalidades: Consulta de recibos, contratos y clientes
\n- Esfuerzo Estimado: 8 jornadas
\n
\nRIESGOS
\n--------------------------------------------------------
\n
\nSe ha realizado una estimación en costes y esfuerzo en el apartado integración prinex, suponiendo los recibos, contratos y clientes como punto de integración. Sin disponer de un interface definido de comunicaciones y sin realizar ningún trabajo de puesta en común de los equipos tecnicos de Maria y Anticipa.
\n
\nCuando estos trabajos se realicen y despejen dudas o ambiguedades en el desarrollo de este aspecto, el presupuesto de este punto puede variar y se presentará nueva oferta justificada.
\n
\nDado que todas las funcionalides se podrán realizar desde la web, se comenzará con el desarrollo de las funcionalidades sin la integración, aunque en paralelo se llegue a los detalles del desarrollo.
\n
\nAunque se han estimos 8 jornadas de trabajo, la experiencia nos dice que los procesos de integración de sistemas en las que trabajan equipos mixtos son complicadas y los trabajos se alargan en el tiempo. Dado que es necesario mucho esfuerzo de puesta en común y los trabajos, pruebas y resolución de incidencias no se pueden realizar siempre en paralelo, y la dependencia de ambos equipos suman mucho retraso al proyecto.
\n
\nForma de pago:
\n-------------------------------------------------------------
\n
\n40 % al inicio del proyecto, 40% al inicio de las pruebas de usuario, 20% con la aceptación.',NULL,'21.000','0.000',3,'0.000',1,1,0,0,NULL,NULL,'0.00000000','0.00000000','0.00000000','0.00000000','0.00000000',1,NULL,NULL,0,'0.00000000',NULL,0,10);
INSERT INTO `B65362949_propaldet` VALUES (191,45,NULL,NULL,NULL,'- Depurar y separar presentación de lógica de negocio',NULL,'21.000','0.000',3,'0.000',1,40,0,0,NULL,'35.00000000','1400.00000000','294.00000000','0.00000000','0.00000000','1694.00000000',1,NULL,NULL,0,'0.00000000',NULL,0,1);
INSERT INTO `B65362949_propaldet` VALUES (192,45,NULL,NULL,NULL,'Maquetar toda la web con un nuevo layout',NULL,'21.000','0.000',3,'0.000',1,24,0,0,NULL,'35.00000000','840.00000000','176.40000000','0.00000000','0.00000000','1016.40000000',1,NULL,NULL,0,'0.00000000',NULL,0,2);
INSERT INTO `B65362949_propaldet` VALUES (193,46,NULL,NULL,NULL,'Desarrollo señal de Alquilado en la web de alquilovers, para los inmuebles no disponibles en anticipa sin refrescar en Alquilovers.',NULL,'21.000','0.000',3,'0.000',1,8,0,0,NULL,'35.00000000','280.00000000','58.80000000','0.00000000','0.00000000','338.80000000',1,NULL,NULL,0,'0.00000000',NULL,0,1);
INSERT INTO `B65362949_propaldet` VALUES (194,47,NULL,NULL,NULL,'HP Proliant DL360 G6
\n- 2 x Intel E5620 Xeon Quad-Core 2.4GHz CPU
\n- 8GB (2x4GB) DDR3 RAM
\n- 2 x 146GB 10K 6G SAS 2.5\" HP hot plug hard drives
\n- Redundant 460W Power Supplies',NULL,'21.000','0.000',3,'0.000',1,1,0,0,NULL,'495.00000000','495.00000000','103.95000000','0.00000000','0.00000000','598.95000000',0,NULL,NULL,0,'0.00000000',NULL,0,1);
INSERT INTO `B65362949_propaldet` VALUES (195,47,NULL,NULL,NULL,'QNAP TS469U
\n- Intel Atom 2.13GHz Dual-Core Processor
\n- 1GB RAM (Expandable RAM, up to 3GB)
\n- 2 x Gigabit RJ-45 Ethernet port
\n',NULL,'21.000','0.000',3,'0.000',1,1,0,0,NULL,'660.00000000','660.00000000','138.60000000','0.00000000','0.00000000','798.60000000',0,NULL,NULL,0,'0.00000000',NULL,0,2);
INSERT INTO `B65362949_propaldet` VALUES (196,47,NULL,NULL,NULL,'Seagate Barracuda 7200 3TB SATA3 64MB',NULL,'21.000','0.000',3,'0.000',1,4,0,0,NULL,'95.00000000','380.00000000','79.80000000','0.00000000','0.00000000','459.80000000',0,NULL,NULL,0,'0.00000000',NULL,0,3);
INSERT INTO `B65362949_propaldet` VALUES (199,4,NULL,NULL,NULL,'Ajuste de presupuesto sin integración con portales',NULL,'21.000','0.000',3,'0.000',1,64,0,0,NULL,'-35.00000000','-2240.00000000','-470.40000000','0.00000000','0.00000000','-2710.40000000',1,NULL,NULL,0,'0.00000000',NULL,0,3);
INSERT INTO `B65362949_propaldet` VALUES (200,4,NULL,NULL,NULL,'Ajuste presupuesto sin prescripciones',NULL,'21.000','0.000',3,'0.000',1,8,0,0,NULL,'-35.00000000','-280.00000000','-58.80000000','0.00000000','0.00000000','-338.80000000',1,NULL,NULL,0,'0.00000000',NULL,0,4);
INSERT INTO `B65362949_propaldet` VALUES (201,48,NULL,6,NULL,'Capa persistencia',NULL,'21.000','0.000',3,'0.000',1,8,0,0,45,'45.00000000','360.00000000','75.60000000','0.00000000','0.00000000','435.60000000',1,NULL,NULL,0,'0.00000000',NULL,0,1);
INSERT INTO `B65362949_propaldet` VALUES (202,48,NULL,6,NULL,'Carga inicial de contenidos',NULL,'21.000','0.000',3,'0.000',1,2,0,0,45,'45.00000000','90.00000000','18.90000000','0.00000000','0.00000000','108.90000000',1,NULL,NULL,0,'0.00000000',NULL,0,2);
INSERT INTO `B65362949_propaldet` VALUES (203,48,NULL,6,NULL,'Autenticación y autorización',NULL,'21.000','0.000',3,'0.000',1,8,0,0,45,'45.00000000','360.00000000','75.60000000','0.00000000','0.00000000','435.60000000',1,NULL,NULL,0,'0.00000000',NULL,0,3);
INSERT INTO `B65362949_propaldet` VALUES (204,48,NULL,6,NULL,'Gestión de roles y permisos',NULL,'21.000','0.000',3,'0.000',1,8,0,0,45,'45.00000000','360.00000000','75.60000000','0.00000000','0.00000000','435.60000000',1,NULL,NULL,0,'0.00000000',NULL,0,4);
INSERT INTO `B65362949_propaldet` VALUES (205,48,NULL,6,NULL,'Gestión de usuarios',NULL,'21.000','0.000',3,'0.000',1,8,0,0,45,'45.00000000','360.00000000','75.60000000','0.00000000','0.00000000','435.60000000',1,NULL,NULL,0,'0.00000000',NULL,0,5);
INSERT INTO `B65362949_propaldet` VALUES (206,48,NULL,6,NULL,'Gestión de anuncios',NULL,'21.000','0.000',3,'0.000',1,8,0,0,45,'45.00000000','360.00000000','75.60000000','0.00000000','0.00000000','435.60000000',1,NULL,NULL,0,'0.00000000',NULL,0,6);
INSERT INTO `B65362949_propaldet` VALUES (207,48,NULL,6,NULL,'Gestión de documentos',NULL,'21.000','0.000',3,'0.000',1,8,0,0,45,'45.00000000','360.00000000','75.60000000','0.00000000','0.00000000','435.60000000',1,NULL,NULL,0,'0.00000000',NULL,0,7);
INSERT INTO `B65362949_propaldet` VALUES (208,48,NULL,6,NULL,'Gestión de areas geográficas',NULL,'21.000','0.000',3,'0.000',1,4,0,0,45,'45.00000000','180.00000000','37.80000000','0.00000000','0.00000000','217.80000000',1,NULL,NULL,0,'0.00000000',NULL,0,8);
INSERT INTO `B65362949_propaldet` VALUES (209,48,NULL,6,NULL,'Gestión de edificios',NULL,'21.000','0.000',3,'0.000',1,4,0,0,45,'45.00000000','180.00000000','37.80000000','0.00000000','0.00000000','217.80000000',1,NULL,NULL,0,'0.00000000',NULL,0,9);
INSERT INTO `B65362949_propaldet` VALUES (210,48,NULL,6,NULL,'Gestión de departamentos',NULL,'21.000','0.000',3,'0.000',1,4,0,0,45,'45.00000000','180.00000000','37.80000000','0.00000000','0.00000000','217.80000000',1,NULL,NULL,0,'0.00000000',NULL,0,10);
INSERT INTO `B65362949_propaldet` VALUES (211,48,NULL,6,NULL,'Moderación de contenidos',NULL,'21.000','0.000',3,'0.000',1,8,0,0,45,'45.00000000','360.00000000','75.60000000','0.00000000','0.00000000','435.60000000',1,NULL,NULL,0,'0.00000000',NULL,0,11);
INSERT INTO `B65362949_propaldet` VALUES (212,48,NULL,6,NULL,'Gestión de denuncias de contenido',NULL,'21.000','0.000',3,'0.000',1,8,0,0,45,'45.00000000','360.00000000','75.60000000','0.00000000','0.00000000','435.60000000',1,NULL,NULL,0,'0.00000000',NULL,0,12);
INSERT INTO `B65362949_propaldet` VALUES (213,48,NULL,6,NULL,'Control de caducidad de contenido y notificaciones',NULL,'21.000','0.000',3,'0.000',1,8,0,0,45,'45.00000000','360.00000000','75.60000000','0.00000000','0.00000000','435.60000000',1,NULL,NULL,0,'0.00000000',NULL,0,13);
INSERT INTO `B65362949_propaldet` VALUES (214,48,NULL,6,NULL,'Busqueda y listado de anuncios',NULL,'21.000','0.000',3,'0.000',1,8,0,0,45,'45.00000000','360.00000000','75.60000000','0.00000000','0.00000000','435.60000000',1,NULL,NULL,0,'0.00000000',NULL,0,14);
INSERT INTO `B65362949_propaldet` VALUES (215,48,NULL,6,NULL,'Creación y edición de anuncios',NULL,'21.000','0.000',3,'0.000',1,16,0,0,45,'45.00000000','720.00000000','151.20000000','0.00000000','0.00000000','871.20000000',1,NULL,NULL,0,'0.00000000',NULL,0,16);
INSERT INTO `B65362949_propaldet` VALUES (216,48,NULL,6,NULL,'Solicitud de información de un anuncio, notificación',NULL,'21.000','0.000',3,'0.000',1,4,0,0,45,'45.00000000','180.00000000','37.80000000','0.00000000','0.00000000','217.80000000',1,NULL,NULL,0,'0.00000000',NULL,0,17);
INSERT INTO `B65362949_propaldet` VALUES (217,48,NULL,6,NULL,'Detalle de anuncio',NULL,'21.000','0.000',3,'0.000',1,4,0,0,45,'45.00000000','180.00000000','37.80000000','0.00000000','0.00000000','217.80000000',1,NULL,NULL,0,'0.00000000',NULL,0,15);
INSERT INTO `B65362949_propaldet` VALUES (218,49,NULL,7,NULL,'Precio por web, revisión semanal para la actualización del core y módulos de gestor de contenidos (Drupal / Joomla / Wordpress ) 
\n(Media estimada de 2 actualizaciones al mes)',NULL,'21.000','0.000',3,'0.000',1,2,0,0,30,'30.00000000','60.00000000','12.60000000','0.00000000','0.00000000','72.60000000',1,NULL,NULL,0,'0.00000000',NULL,0,1);
INSERT INTO `B65362949_propaldet` VALUES (219,50,NULL,6,NULL,'Envio en información sobre el estado de la batería al servidor.',NULL,'21.000','0.000',3,'0.000',1,6,0,0,30,'30.00000000','180.00000000','37.80000000','0.00000000','0.00000000','217.80000000',1,NULL,NULL,0,'0.00000000',NULL,0,1);
INSERT INTO `B65362949_propaldet` VALUES (220,51,NULL,6,NULL,'Maquetación landing page responsive seguiendo patrón de diseño especificado en el PSD entregado por el cliente',NULL,'21.000','0.000',3,'0.000',1,24,0,0,30,'30.00000000','720.00000000','151.20000000','0.00000000','0.00000000','871.20000000',1,NULL,NULL,0,'0.00000000',NULL,0,1);
INSERT INTO `B65362949_propaldet` VALUES (221,52,NULL,6,NULL,'Modelo de datos',NULL,'21.000','0.000',3,'0.000',1,8,0,0,45,'45.00000000','360.00000000','75.60000000','0.00000000','0.00000000','435.60000000',1,NULL,NULL,0,'0.00000000',NULL,0,1);
INSERT INTO `B65362949_propaldet` VALUES (222,52,NULL,6,NULL,'Montaje de entorno',NULL,'21.000','0.000',3,'0.000',1,8,0,0,45,'45.00000000','360.00000000','75.60000000','0.00000000','0.00000000','435.60000000',1,NULL,NULL,0,'0.00000000',NULL,0,2);
INSERT INTO `B65362949_propaldet` VALUES (223,52,NULL,6,NULL,'Gestión de clientes - Desarrollo',NULL,'21.000','0.000',3,'0.000',1,120,0,0,45,'45.00000000','5400.00000000','1134.00000000','0.00000000','0.00000000','6534.00000000',1,NULL,NULL,0,'0.00000000',NULL,0,3);
INSERT INTO `B65362949_propaldet` VALUES (224,52,NULL,6,NULL,'Gestión de clientes - Pruebas unitarias',NULL,'21.000','0.000',3,'0.000',1,24,0,0,45,'45.00000000','1080.00000000','226.80000000','0.00000000','0.00000000','1306.80000000',1,NULL,NULL,0,'0.00000000',NULL,0,4);
INSERT INTO `B65362949_propaldet` VALUES (225,52,NULL,6,NULL,'Gestión de clientes - Pruebas usuario',NULL,'21.000','0.000',3,'0.000',1,16,0,0,45,'45.00000000','720.00000000','151.20000000','0.00000000','0.00000000','871.20000000',1,NULL,NULL,0,'0.00000000',NULL,0,5);
INSERT INTO `B65362949_propaldet` VALUES (226,52,NULL,6,NULL,'Gestión de Inmuebles - Desarrollo',NULL,'21.000','0.000',3,'0.000',1,88,0,0,45,'45.00000000','3960.00000000','831.60000000','0.00000000','0.00000000','4791.60000000',1,NULL,NULL,0,'0.00000000',NULL,0,6);
INSERT INTO `B65362949_propaldet` VALUES (227,52,NULL,6,NULL,'Gestión de Inmuebles - Pruebas unitarias',NULL,'21.000','0.000',3,'0.000',1,16,0,0,45,'45.00000000','720.00000000','151.20000000','0.00000000','0.00000000','871.20000000',1,NULL,NULL,0,'0.00000000',NULL,0,7);
INSERT INTO `B65362949_propaldet` VALUES (228,52,NULL,6,NULL,'Gestión de Inmuebles - Pruebas usuario',NULL,'21.000','0.000',3,'0.000',1,8,0,0,45,'45.00000000','360.00000000','75.60000000','0.00000000','0.00000000','435.60000000',1,NULL,NULL,0,'0.00000000',NULL,0,8);
INSERT INTO `B65362949_propaldet` VALUES (229,52,NULL,6,NULL,'Gestión de visitas - Desarrollo',NULL,'21.000','0.000',3,'0.000',1,40,0,0,45,'45.00000000','1800.00000000','378.00000000','0.00000000','0.00000000','2178.00000000',1,NULL,NULL,0,'0.00000000',NULL,0,9);
INSERT INTO `B65362949_propaldet` VALUES (230,52,NULL,6,NULL,'Gestión de visitas - Pruebas unitarias',NULL,'21.000','0.000',3,'0.000',1,16,0,0,45,'45.00000000','720.00000000','151.20000000','0.00000000','0.00000000','871.20000000',1,NULL,NULL,0,'0.00000000',NULL,0,10);
INSERT INTO `B65362949_propaldet` VALUES (231,52,NULL,6,NULL,'Gestión de visitas - Pruebas de usuario',NULL,'21.000','0.000',3,'0.000',1,8,0,0,45,'45.00000000','360.00000000','75.60000000','0.00000000','0.00000000','435.60000000',1,NULL,NULL,0,'0.00000000',NULL,0,11);
INSERT INTO `B65362949_propaldet` VALUES (232,52,NULL,6,NULL,'Gestión de ventas - Desarrollo',NULL,'21.000','0.000',3,'0.000',1,40,0,0,45,'45.00000000','1800.00000000','378.00000000','0.00000000','0.00000000','2178.00000000',1,NULL,NULL,0,'0.00000000',NULL,0,12);
INSERT INTO `B65362949_propaldet` VALUES (233,52,NULL,6,NULL,'Gestión de ventas - Pruebas unitarias',NULL,'21.000','0.000',3,'0.000',1,16,0,0,45,'45.00000000','720.00000000','151.20000000','0.00000000','0.00000000','871.20000000',1,NULL,NULL,0,'0.00000000',NULL,0,13);
INSERT INTO `B65362949_propaldet` VALUES (234,52,NULL,6,NULL,'Pruebas de usuario',NULL,'21.000','0.000',3,'0.000',1,8,0,0,45,'45.00000000','360.00000000','75.60000000','0.00000000','0.00000000','435.60000000',1,NULL,NULL,0,'0.00000000',NULL,0,14);
INSERT INTO `B65362949_propaldet` VALUES (235,52,NULL,6,NULL,'Informes',NULL,'21.000','0.000',3,'0.000',1,24,0,0,45,'45.00000000','1080.00000000','226.80000000','0.00000000','0.00000000','1306.80000000',1,NULL,NULL,0,'0.00000000',NULL,0,15);
INSERT INTO `B65362949_propaldet` VALUES (236,52,NULL,6,NULL,'Integración con Portales',NULL,'21.000','0.000',3,'0.000',1,32,0,0,45,'45.00000000','1440.00000000','302.40000000','0.00000000','0.00000000','1742.40000000',1,NULL,NULL,0,'0.00000000',NULL,0,16);
INSERT INTO `B65362949_propaldet` VALUES (237,52,NULL,6,NULL,'Portales - Pruebas unitarias',NULL,'21.000','0.000',3,'0.000',1,8,0,0,45,'45.00000000','360.00000000','75.60000000','0.00000000','0.00000000','435.60000000',1,NULL,NULL,0,'0.00000000',NULL,0,17);
INSERT INTO `B65362949_propaldet` VALUES (238,52,NULL,6,NULL,'Portales - Pruebas usuario',NULL,'21.000','0.000',3,'0.000',1,8,0,0,45,'45.00000000','360.00000000','75.60000000','0.00000000','0.00000000','435.60000000',1,NULL,NULL,0,'0.00000000',NULL,0,18);
INSERT INTO `B65362949_propaldet` VALUES (239,53,NULL,6,NULL,'Integración componente jQuery FancyBox e implementar formulario modal sobre la landing.',NULL,'21.000','0.000',3,'0.000',1,8,0,0,30,'30.00000000','240.00000000','50.40000000','0.00000000','0.00000000','290.40000000',1,NULL,NULL,0,'0.00000000',NULL,0,1);
INSERT INTO `B65362949_propaldet` VALUES (240,54,NULL,6,NULL,'Desarrollo de evolutivos durante el proceso de integración',NULL,'21.000','0.000',3,'0.000',1,40,0,0,30,'30.00000000','1200.00000000','252.00000000','0.00000000','0.00000000','1452.00000000',1,NULL,NULL,0,'0.00000000',NULL,0,1);
INSERT INTO `B65362949_propaldet` VALUES (241,55,NULL,6,NULL,'Desarrollo una aplicación Web como repositorio de conocimiento y sistemas de comunicación con los concesionarios. La web se basará en un sistema de publicación de información categorizada por Modelo Moto, Accesorio, Chasis.
\n- Todos los contenidos serán \"Moderados\" por personal autorizado.
\n- Los contenidos deberían aparecer con una marca de agua personalizada para cada usuario, para que en el caso de alguna publicación se pudiera identificar el origen de la publicación.
\n- Se requerirá de un informe con la relación entre la información consultada y la aportada, para valorar a los usuario por este criterio y promover la publicación de contenidos.',NULL,'21.000','0.000',3,'0.000',1,90,0,0,30,'30.00000000','2700.00000000','567.00000000','0.00000000','0.00000000','3267.00000000',1,NULL,NULL,0,'0.00000000',NULL,0,1);
INSERT INTO `B65362949_propaldet` VALUES (242,56,NULL,6,NULL,'Desarrollo software',NULL,'21.000','0.000',3,'0.000',1,120,0,0,60,'60.00000000','7200.00000000','1512.00000000','0.00000000','0.00000000','8712.00000000',1,NULL,NULL,0,'0.00000000',NULL,0,1);
INSERT INTO `B65362949_propaldet` VALUES (243,56,NULL,NULL,NULL,'Implementación solución Hardware RFID',NULL,'21.000','0.000',3,'0.000',1,1,0,0,NULL,'5689.00000000','5689.00000000','1194.69000000','0.00000000','0.00000000','6883.69000000',1,NULL,NULL,0,'0.00000000',NULL,0,2);
INSERT INTO `B65362949_propaldet` VALUES (244,57,NULL,NULL,NULL,'Añadir base de datos de registro de envíos.
\n
\n- Tabla con tags enviados con un flag indicando si los hemos escrito aquí o en origen.
\n- Tabla m-n que las relacione por si se repiten envíos de tags.
\n- Tabla de referencias de factoryunwritten con contador decremental. Empezando por 99999999 hacia abajo. ',NULL,'21.000','0.000',3,'0.000',1,1,0,0,NULL,NULL,'0.00000000','0.00000000','0.00000000','0.00000000','0.00000000',1,NULL,NULL,0,'0.00000000',NULL,0,1);
INSERT INTO `B65362949_propaldet` VALUES (245,57,NULL,NULL,NULL,'Añadir la parte de backend de control de factoryunwritten y la escritura de estos.
\n
\n- Se identifican porque terminan en 0000-0000 o se repiten para el mismo número de serie
\n- Si la referencia no es unica, se pone la referencia de la que tenga mas piezas.
\n- Número de serie un numero con contador automatico decremental por referencia.
\n- No se pedirá permiso al usuario para tagear los tags que no tienen etiqueta.',NULL,'21.000','0.000',3,'0.000',1,1,0,0,0,'0.00000000','0.00000000','0.00000000','0.00000000','0.00000000','0.00000000',1,NULL,NULL,0,'0.00000000',NULL,0,2);
INSERT INTO `B65362949_propaldet` VALUES (246,57,NULL,NULL,NULL,'Con esta intención la operativa del sistema ha de cambiar para hacer esto transparente al usuario, ya que el lector necesita pasar de solo modo lectura a modo escritura para cada factoryunwritten y una posterior lectura de verificación.',NULL,'21.000','0.000',3,'0.000',1,1,0,0,NULL,NULL,'0.00000000','0.00000000','0.00000000','0.00000000','0.00000000',0,NULL,NULL,0,'0.00000000',NULL,0,3);
INSERT INTO `B65362949_propaldet` VALUES (247,57,NULL,6,NULL,'Coste desarrollos',NULL,'21.000','0.000',3,'0.000',1,48,0,0,60,'60.00000000','2880.00000000','604.80000000','0.00000000','0.00000000','3484.80000000',1,NULL,NULL,0,'0.00000000',NULL,0,4);
INSERT INTO `B65362949_propaldet` VALUES (248,58,NULL,10,NULL,'GAITDUWR-4055  Tarea Clonada - Procedimiento principal UWR006 
\n ',NULL,'21.000','0.000',3,'0.000',1,13,0,0,30,'30.00000000','390.00000000','81.90000000','0.00000000','0.00000000','471.90000000',1,NULL,NULL,0,'0.00000000',NULL,0,1);
INSERT INTO `B65362949_propaldet` VALUES (249,58,NULL,10,NULL,'GAITDUWR-3445  Modificar programa EMIJ30 
\n ',NULL,'21.000','0.000',3,'0.000',1,7,0,0,30,'30.00000000','210.00000000','44.10000000','0.00000000','0.00000000','254.10000000',1,NULL,NULL,0,'0.00000000',NULL,0,2);
INSERT INTO `B65362949_propaldet` VALUES (250,58,NULL,10,NULL,'GAITDUWR-3444  Nuevo programa UWR005 
\n ',NULL,'21.000','0.000',3,'0.000',1,17,0,0,30,'30.00000000','510.00000000','107.10000000','0.00000000','0.00000000','617.10000000',1,NULL,NULL,0,'0.00000000',NULL,0,3);
INSERT INTO `B65362949_propaldet` VALUES (251,58,NULL,10,NULL,'GAITDUWR-3443  Nuevo cuaderno IPUWR005 
\n ',NULL,'21.000','0.000',3,'0.000',1,1,0,0,30,'30.00000000','30.00000000','6.30000000','0.00000000','0.00000000','36.30000000',1,NULL,NULL,0,'0.00000000',NULL,0,4);
INSERT INTO `B65362949_propaldet` VALUES (252,58,NULL,10,NULL,'GAITDUWR-3442  Nueva include HIUWR008 
\n ',NULL,'21.000','0.000',3,'0.000',1,1,0,0,30,'30.00000000','30.00000000','6.30000000','0.00000000','0.00000000','36.30000000',1,NULL,NULL,0,'0.00000000',NULL,0,5);
INSERT INTO `B65362949_propaldet` VALUES (253,58,NULL,10,NULL,'GAITDUWR-3441  XFINAL 
\n ',NULL,'21.000','0.000',3,'0.000',1,1,0,0,30,'30.00000000','30.00000000','6.30000000','0.00000000','0.00000000','36.30000000',1,NULL,NULL,0,'0.00000000',NULL,0,6);
INSERT INTO `B65362949_propaldet` VALUES (254,58,NULL,10,NULL,'GAITDUWR-3440  XPROCES_PRORRATEIG 
\n ',NULL,'21.000','0.000',3,'0.000',1,1,0,0,30,'30.00000000','30.00000000','6.30000000','0.00000000','0.00000000','36.30000000',1,NULL,NULL,0,'0.00000000',NULL,0,7);
INSERT INTO `B65362949_propaldet` VALUES (255,58,NULL,10,NULL,'GAITDUWR-3439  XPROCES_CALCUL_REBUT 
\n ',NULL,'21.000','0.000',3,'0.000',1,24,0,0,30,'30.00000000','720.00000000','151.20000000','0.00000000','0.00000000','871.20000000',1,NULL,NULL,0,'0.00000000',NULL,0,8);
INSERT INTO `B65362949_propaldet` VALUES (256,58,NULL,10,NULL,'GAITDUWR-3438  XPROCES_CALCUL_REBUTS 
\n ',NULL,'21.000','0.000',3,'0.000',1,22,0,0,30,'30.00000000','660.00000000','138.60000000','0.00000000','0.00000000','798.60000000',1,NULL,NULL,0,'0.00000000',NULL,0,9);
INSERT INTO `B65362949_propaldet` VALUES (257,58,NULL,10,NULL,'GAITDUWR-3437  XPAGO_A_LA_CARTA 
\n ',NULL,'21.000','0.000',3,'0.000',1,1,0,0,30,'30.00000000','30.00000000','6.30000000','0.00000000','0.00000000','36.30000000',1,NULL,NULL,0,'0.00000000',NULL,0,10);
INSERT INTO `B65362949_propaldet` VALUES (258,58,NULL,10,NULL,'GAITDUWR-3436  Proceso XCALCULAR_RECIBO 
\n ',NULL,'21.000','0.000',3,'0.000',1,7,0,0,30,'30.00000000','210.00000000','44.10000000','0.00000000','0.00000000','254.10000000',1,NULL,NULL,0,'0.00000000',NULL,0,11);
INSERT INTO `B65362949_propaldet` VALUES (259,58,NULL,10,NULL,'GAITDUWR-3435  Proceso XINICIO 
\n ',NULL,'21.000','0.000',3,'0.000',1,7,0,0,30,'30.00000000','210.00000000','44.10000000','0.00000000','0.00000000','254.10000000',1,NULL,NULL,0,'0.00000000',NULL,0,12);
INSERT INTO `B65362949_propaldet` VALUES (260,58,NULL,10,NULL,'GAITDUWR-3434  Nuevo programa UWR003 
\n ',NULL,'21.000','0.000',3,'0.000',1,25,0,0,30,'30.00000000','750.00000000','157.50000000','0.00000000','0.00000000','907.50000000',1,NULL,NULL,0,'0.00000000',NULL,0,13);
INSERT INTO `B65362949_propaldet` VALUES (261,58,NULL,10,NULL,'GAITDUWR-3433  Nuevo cuaderno IPUWR003 
\n ',NULL,'21.000','0.000',3,'0.000',1,4,0,0,30,'30.00000000','120.00000000','25.20000000','0.00000000','0.00000000','145.20000000',1,NULL,NULL,0,'0.00000000',NULL,0,14);
INSERT INTO `B65362949_propaldet` VALUES (262,58,NULL,10,NULL,'GAITDUWR-3432  Nueva include HIUWR006 
\n ',NULL,'21.000','0.000',3,'0.000',1,1,0,0,30,'30.00000000','30.00000000','6.30000000','0.00000000','0.00000000','36.30000000',1,NULL,NULL,0,'0.00000000',NULL,0,15);
INSERT INTO `B65362949_propaldet` VALUES (263,59,NULL,10,NULL,'GAITDCGP-1740  Creación JCL KSCO850 
\n ',NULL,'21.000','0.000',3,'0.000',1,1,0,0,30,'30.00000000','30.00000000','6.30000000','0.00000000','0.00000000','36.30000000',1,NULL,NULL,0,'0.00000000',NULL,0,1);
INSERT INTO `B65362949_propaldet` VALUES (264,59,NULL,10,NULL,'GAITDCGP-1739  Creación programa BPSCO850 
\n ',NULL,'21.000','0.000',3,'0.000',1,21,0,0,30,'30.00000000','630.00000000','132.30000000','0.00000000','0.00000000','762.30000000',1,NULL,NULL,0,'0.00000000',NULL,0,2);
INSERT INTO `B65362949_propaldet` VALUES (265,60,NULL,10,NULL,'GAITDDPM-5274  Semana inicial (vemimrj) 
\n ',NULL,'21.000','0.000',3,'0.000',1,40,0,0,30,'30.00000000','1200.00000000','252.00000000','0.00000000','0.00000000','1452.00000000',1,NULL,NULL,0,'0.00000000',NULL,0,1);
INSERT INTO `B65362949_propaldet` VALUES (266,61,NULL,10,NULL,'GAITDCOM-11285  Tarea Incidencia - Incidencia: Validaciones incorrectas para el campo Ramo (Caso de prueba: GAITACMEMMXII-922) 
\n ',NULL,'21.000','0.000',3,'0.000',1,7,0,0,30,'30.00000000','210.00000000','44.10000000','0.00000000','0.00000000','254.10000000',1,NULL,NULL,0,'0.00000000',NULL,0,1);
INSERT INTO `B65362949_propaldet` VALUES (267,61,NULL,10,NULL,'GAITDCOM-11237  Tarea Incidencia - Incidencia: Error al abrir el formulario desde Avisos (Caso de prueba: GAITACMEMMXII-917) 
\n ',NULL,'21.000','0.000',3,'0.000',1,2,0,0,30,'30.00000000','60.00000000','12.60000000','0.00000000','0.00000000','72.60000000',1,NULL,NULL,0,'0.00000000',NULL,0,2);
INSERT INTO `B65362949_propaldet` VALUES (268,61,NULL,10,NULL,'GAITDCOM-11235  Tarea Incidencia - Incidencia DESKTOP: Los botones aparecen disponibles para usuarios sin permisos (Caso de prueba: GAITACMEMMXII-917) 
\n ',NULL,'21.000','0.000',3,'0.000',1,3,0,0,30,'30.00000000','90.00000000','18.90000000','0.00000000','0.00000000','108.90000000',1,NULL,NULL,0,'0.00000000',NULL,0,3);
INSERT INTO `B65362949_propaldet` VALUES (269,61,NULL,10,NULL,'GAITDCOM-11231  Tarea Incidencia - Incidencia DESKTOP: Validaciones incorrectas para el campo Ramo (Caso de prueba: GAITACMEMMXII-922) 
\n ',NULL,'21.000','0.000',3,'0.000',1,2,0,0,30,'30.00000000','60.00000000','12.60000000','0.00000000','0.00000000','72.60000000',1,NULL,NULL,0,'0.00000000',NULL,0,4);
INSERT INTO `B65362949_propaldet` VALUES (271,61,NULL,10,NULL,'GAITDCOM-11229  
\nTarea Incidencia - Incidencia DESKTOP: Datos incoherentes entre el listado y el formulario (Caso de prueba: GAITACMEMMXII-927) 
\n ',NULL,'21.000','0.000',3,'0.000',1,0,0,0,NULL,NULL,'0.00000000','0.00000000','0.00000000','0.00000000','0.00000000',1,NULL,NULL,0,'0.00000000',NULL,3,5);
INSERT INTO `B65362949_propaldet` VALUES (272,61,NULL,10,NULL,'GAITDCOM-11131 Tarea Incidencia - Incidencia: Visualización incorrecta del tooltip del buscador de clientes (Caso de prueba: GAITACMEMMXII-916) 
\n ',NULL,'21.000','0.000',3,'0.000',1,0,0,0,NULL,NULL,'0.00000000','0.00000000','0.00000000','0.00000000','0.00000000',1,NULL,NULL,0,'0.00000000',NULL,3,6);
INSERT INTO `B65362949_propaldet` VALUES (273,61,NULL,10,NULL,'GAITDCOM-11129  Tarea Incidencia - Incidencia: El campo nombre no se refresca correctamente al cambiar la categoría (Caso de prueba: GAITACMEMMXII-921) 
\n ',NULL,'21.000','0.000',3,'0.000',1,0,0,0,NULL,NULL,'0.00000000','0.00000000','0.00000000','0.00000000','0.00000000',1,NULL,NULL,0,'0.00000000',NULL,3,7);
INSERT INTO `B65362949_propaldet` VALUES (274,61,NULL,10,NULL,'GAITDCOM-11127  Tarea Incidencia - Incidencia: Literal con formato incorrecto (Caso de prueba: GAITACMEMMXII-921) 
\n ',NULL,'21.000','0.000',3,'0.000',1,0,0,0,NULL,NULL,'0.00000000','0.00000000','0.00000000','0.00000000','0.00000000',1,NULL,NULL,0,'0.00000000',NULL,3,8);
INSERT INTO `B65362949_propaldet` VALUES (275,61,NULL,10,NULL,'GAITDCOM-11125  Tarea Incidencia - Incidencia: Popup de confirmación incorrecto (Caso de prueba: GAITACMEMMXII-925) 
\n ',NULL,'21.000','0.000',3,'0.000',1,0,0,0,NULL,NULL,'0.00000000','0.00000000','0.00000000','0.00000000','0.00000000',1,NULL,NULL,0,'0.00000000',NULL,3,9);
INSERT INTO `B65362949_propaldet` VALUES (276,61,NULL,10,NULL,'GAITDCOM-11123  Tarea Incidencia - Incidencia: Validaciones incorrectas para el campo Ramo (Caso de prueba: GAITACMEMMXII-922) 
\n ',NULL,'21.000','0.000',3,'0.000',1,0,0,0,NULL,NULL,'0.00000000','0.00000000','0.00000000','0.00000000','0.00000000',1,NULL,NULL,0,'0.00000000',NULL,3,10);
INSERT INTO `B65362949_propaldet` VALUES (277,61,NULL,10,NULL,'GAITDCOM-11119  Tarea Incidencia - Incidencia: Botón CANCELAR no disponible (Caso de prueba: GAITACMEMMXII-926) 
\n ',NULL,'21.000','0.000',3,'0.000',1,0,0,0,NULL,NULL,'0.00000000','0.00000000','0.00000000','0.00000000','0.00000000',1,NULL,NULL,0,'0.00000000',NULL,3,11);
INSERT INTO `B65362949_propaldet` VALUES (278,61,NULL,10,NULL,'GAITDCOM-11117  Tarea Incidencia - Incidencia: Validaciones incorrectas para el campo Potencial (Caso de prueba: GAITACMEMMXII-923) 
\n ',NULL,'21.000','0.000',3,'0.000',1,2,0,0,30,'30.00000000','60.00000000','12.60000000','0.00000000','0.00000000','72.60000000',1,NULL,NULL,0,'0.00000000',NULL,0,12);
INSERT INTO `B65362949_propaldet` VALUES (279,61,NULL,10,NULL,'GAITDCOM-11115  Tarea Incidencia - Incidencia: Los campos Nombre cliente, ramo y potencial aparecen vacíos (Caso de prueba: GAITACMEMMXII-927) 
\n ',NULL,'21.000','0.000',3,'0.000',1,2,0,0,30,'30.00000000','60.00000000','12.60000000','0.00000000','0.00000000','72.60000000',1,NULL,NULL,0,'0.00000000',NULL,0,13);
INSERT INTO `B65362949_propaldet` VALUES (280,61,NULL,10,NULL,'GAITDCOM-11113  Tarea Incidencia - Incidencia: Popup de confirmación incorrecto (Caso de prueba: GAITACMEMMXII-927) 
\n ',NULL,'21.000','0.000',3,'0.000',1,1,0,0,30,'30.00000000','30.00000000','6.30000000','0.00000000','0.00000000','36.30000000',1,NULL,NULL,0,'0.00000000',NULL,0,14);
INSERT INTO `B65362949_propaldet` VALUES (281,61,NULL,10,NULL,'GAITDCOM-11111  Tarea Incidencia - Incidencia: Botón FINALIZAR TAREA no disponible (Caso de prueba: GAITACMEMMXII-927) 
\n ',NULL,'21.000','0.000',3,'0.000',1,2,0,0,30,'30.00000000','60.00000000','12.60000000','0.00000000','0.00000000','72.60000000',1,NULL,NULL,0,'0.00000000',NULL,0,15);
INSERT INTO `B65362949_propaldet` VALUES (282,61,NULL,10,NULL,'GAITDCOM-11107  Tarea Incidencia - Incidencia: Datos incoherentes entre el listado y el formulario (Caso de prueba: GAITACMEMMXII-927) 
\n ',NULL,'21.000','0.000',3,'0.000',1,0,0,0,NULL,NULL,'0.00000000','0.00000000','0.00000000','0.00000000','0.00000000',1,NULL,NULL,0,'0.00000000',NULL,3,16);
INSERT INTO `B65362949_propaldet` VALUES (283,61,NULL,10,NULL,'GAITDCOM-11103  Tarea Incidencia - Incidencia: Botón CANCELAR sin acción (Caso de prueba: GAITACMEMMXII-931) 
\n ',NULL,'21.000','0.000',3,'0.000',1,7,0,0,30,'30.00000000','210.00000000','44.10000000','0.00000000','0.00000000','254.10000000',1,NULL,NULL,0,'0.00000000',NULL,0,17);
INSERT INTO `B65362949_propaldet` VALUES (284,61,NULL,10,NULL,'GAITDCOM-11101  Tarea Incidencia - Incidencia: Error en el buscador después de replanificar (Caso de prueba: GAITACMEMMXII-929) 
\n ',NULL,'21.000','0.000',3,'0.000',1,0,0,0,NULL,NULL,'0.00000000','0.00000000','0.00000000','0.00000000','0.00000000',1,NULL,NULL,0,'0.00000000',NULL,3,18);
INSERT INTO `B65362949_propaldet` VALUES (285,61,NULL,10,NULL,'GAITDCOM-11095  Tarea Incidencia - Incidencia: Borrar código de prueba de la versión final. (Caso de prueba: GAITACMEMMXII-934) 
\n ',NULL,'21.000','0.000',3,'0.000',1,0,0,0,NULL,NULL,'0.00000000','0.00000000','0.00000000','0.00000000','0.00000000',1,NULL,NULL,0,'0.00000000',NULL,3,19);
INSERT INTO `B65362949_propaldet` VALUES (286,61,NULL,10,NULL,'GAITDCOM-11089  Tarea Incidencia - Incidencia: Se pierden los datos al pulsar en REPLANIFICAR (Caso de prueba: GAITACMEMMXII-934) 
\n ',NULL,'21.000','0.000',3,'0.000',1,19,0,0,30,'30.00000000','570.00000000','119.70000000','0.00000000','0.00000000','689.70000000',1,NULL,NULL,0,'0.00000000',NULL,0,20);
INSERT INTO `B65362949_propaldet` VALUES (287,62,NULL,10,NULL,'GAITDCOM-10575  Tarea Incidencia - Incidencia: Diversos Datos Identificativos/Mediador/Escriptori (Caso de prueba: GAITFCIIMMXII-585) 
\n ',NULL,'21.000','0.000',3,'0.000',1,0,0,0,NULL,NULL,'0.00000000','0.00000000','0.00000000','0.00000000','0.00000000',1,NULL,NULL,0,'0.00000000',NULL,3,1);
INSERT INTO `B65362949_propaldet` VALUES (288,62,NULL,10,NULL,'GAITDCOM-10573  Tarea Incidencia - Incidencia: Leyenda en icono Mediadores (Caso de prueba: GAITFCIIMMXII-597) 
\n ',NULL,'21.000','0.000',3,'0.000',1,7,0,0,30,'30.00000000','210.00000000','44.10000000','0.00000000','0.00000000','254.10000000',1,NULL,NULL,0,'0.00000000',NULL,0,2);
INSERT INTO `B65362949_propaldet` VALUES (289,62,NULL,10,NULL,'GAITDCOM-10571  Tarea Incidencia - Incidencia: Datos de contacto. Usuario mediador. Versión webapp (Caso de prueba: GAITFCIIMMXII-591) 
\n ',NULL,'21.000','0.000',3,'0.000',1,5,0,0,30,'30.00000000','150.00000000','31.50000000','0.00000000','0.00000000','181.50000000',1,NULL,NULL,0,'0.00000000',NULL,0,3);
INSERT INTO `B65362949_propaldet` VALUES (290,62,NULL,10,NULL,'GAITDCOM-10407  Tarea Incidencia - Incidencia: Datos de contacto.Usuario empleado. Versión escritorio (Caso de prueba: GAITFCIIMMXII-579) 
\n ',NULL,'21.000','0.000',3,'0.000',1,0,0,0,NULL,NULL,'0.00000000','0.00000000','0.00000000','0.00000000','0.00000000',1,NULL,NULL,0,'0.00000000',NULL,3,4);
INSERT INTO `B65362949_propaldet` VALUES (291,62,NULL,10,NULL,'GAITDCOM-10405  Tarea Incidencia - Incidencia: Datos de contacto. Usuario mediador. Versión escritorio (Caso de prueba: GAITFCIIMMXII-581) 
\n ',NULL,'21.000','0.000',3,'0.000',1,0,0,0,NULL,NULL,'0.00000000','0.00000000','0.00000000','0.00000000','0.00000000',1,NULL,NULL,0,'0.00000000',NULL,3,5);
INSERT INTO `B65362949_propaldet` VALUES (292,62,NULL,10,NULL,'GAITDCOM-10403  Tarea Incidencia - Incidencia: Datos Identificativos. Usuario empleado. Versión escritorio (Caso de prueba: GAITFCIIMMXII-583) 
\n ',NULL,'21.000','0.000',3,'0.000',1,6.5,0,0,30,'30.00000000','195.00000000','40.95000000','0.00000000','0.00000000','235.95000000',1,NULL,NULL,0,'0.00000000',NULL,0,6);
INSERT INTO `B65362949_propaldet` VALUES (293,62,NULL,10,NULL,'GAITDCOM-10401  Tarea Incidencia - Incidencia: Resumen cliente. Versión webapp (Caso de prueba: GAITFCIIMMXII-587) 
\n ',NULL,'21.000','0.000',3,'0.000',1,7,0,0,30,'30.00000000','210.00000000','44.10000000','0.00000000','0.00000000','254.10000000',1,NULL,NULL,0,'0.00000000',NULL,0,7);
INSERT INTO `B65362949_propaldet` VALUES (294,62,NULL,10,NULL,'GAITDCOM-10399  Tarea Incidencia - Incidencia: Datos de contacto. Usuario empleado. Versión webapp (Caso de prueba: GAITFCIIMMXII-589) 
\n ',NULL,'21.000','0.000',3,'0.000',1,6.5,0,0,30,'30.00000000','195.00000000','40.95000000','0.00000000','0.00000000','235.95000000',1,NULL,NULL,0,'0.00000000',NULL,0,8);
INSERT INTO `B65362949_propaldet` VALUES (295,62,NULL,10,NULL,'GAITDCOM-10397 Tarea Incidencia - Incidencia: Datos identificativos. Versión webapp (Caso de prueba: GAITFCIIMMXII-593) 
\n ',NULL,'21.000','0.000',3,'0.000',1,5,0,0,NULL,NULL,'0.00000000','0.00000000','0.00000000','0.00000000','0.00000000',1,NULL,NULL,0,'0.00000000',NULL,0,9);
INSERT INTO `B65362949_propaldet` VALUES (296,62,NULL,10,NULL,'GAITDCOM-10395 Tarea Incidencia - Incidencia: Datos identificativos. Usuario mediador.Versión webapp (Caso de prueba: GAITFCIIMMXII-595) 
\n ',NULL,'21.000','0.000',3,'0.000',1,9,0,0,30,'30.00000000','270.00000000','56.70000000','0.00000000','0.00000000','326.70000000',1,NULL,NULL,0,'0.00000000',NULL,0,10);
INSERT INTO `B65362949_propaldet` VALUES (297,63,NULL,6,NULL,'Implantación y parametrización de ERP gestión de almacén OpenSource con funcionalidades de:
\n- Alta / Baja / Modificación de material
\n- Alta / Baja / Modificación de Clientes / Proveedores
\n- Entradas / Ubicación / Salidas Almacen
\n- Gestión de Stock',NULL,'21.000','0.000',3,'0.000',1,150,0,0,60,'60.00000000','9000.00000000','1890.00000000','0.00000000','0.00000000','10890.00000000',1,NULL,NULL,0,'0.00000000',NULL,0,1);
INSERT INTO `B65362949_propaldet` VALUES (298,63,NULL,6,NULL,'Exponer servicios de integración para las lecturas del software RFID',NULL,'21.000','0.000',3,'0.000',1,40,0,0,60,'60.00000000','2400.00000000','504.00000000','0.00000000','0.00000000','2904.00000000',1,NULL,NULL,0,'0.00000000',NULL,0,2);
INSERT INTO `B65362949_propaldet` VALUES (301,64,NULL,NULL,NULL,'Montaje Proyecto C# YOIGO con indenpendencias resueltas',NULL,'21.000','0.000',3,'0.000',1,36,0,0,35,'35.00000000','1260.00000000','264.60000000','0.00000000','0.00000000','1524.60000000',1,NULL,NULL,0,'0.00000000',NULL,0,1);
INSERT INTO `B65362949_propaldet` VALUES (302,65,NULL,6,NULL,'Documentación del proceso HolaPisos / Alquiovers extremo a extremo, arquitectura desarrollo, montaje de campañas, etc... sobre una plataforma común accesible en la nube. (Importe expresado en precio / hora)',NULL,'21.000','0.000',3,'0.000',1,1,0,0,24,'24.00000000','24.00000000','5.04000000','0.00000000','0.00000000','29.04000000',1,NULL,NULL,0,'0.00000000',NULL,0,1);
INSERT INTO `B65362949_propaldet` VALUES (303,64,NULL,NULL,NULL,'Desarrollo lógica comprobación seguidiendo los requerimientos correo 08/11/16:
\n
\nsólo para el fabricante Apple
\n
\n1.   Cuando el usuario introduzca el imei (junto con la comprobación del Algoritmo de Luhn), debe de llamar a un método de WS (Pendiente enviarte la información) que, indicando dicho imei, te devuelve el número de serie de dicho imei.
\n
\n2.   Cuando el usuario pulse el botón de grabar, antes de realizar nada, debe de comprobar si el Find My Iphone de Apple está activado. Para ello, deberéis llamar a un método de WS indicando el número de serie y si el campo activationLockStatusField está relleno, indicar al usuario “Por favor, desactive el Find My Iphone de este terminal para poder tramitar la reparación',NULL,'21.000','0.000',3,'0.000',1,8,0,0,35,'35.00000000','280.00000000','58.80000000','0.00000000','0.00000000','338.80000000',1,NULL,NULL,0,'0.00000000',NULL,0,2);
INSERT INTO `B65362949_propaldet` VALUES (304,66,NULL,6,NULL,'',NULL,'21.000','0.000',3,'0.000',1,120,0,0,60,'60.00000000','7200.00000000','1512.00000000','0.00000000','0.00000000','8712.00000000',1,NULL,NULL,0,'0.00000000',NULL,0,1);
INSERT INTO `B65362949_propaldet` VALUES (305,67,NULL,6,NULL,'Implantación Prestashop
\n
\n-          Importación / exportación productos – unir en todos los aspectos con el programa de gestión STM.
\n-          Subidas automatizadas de productos (unos 250 por temporada), que ya están en el STM.
\n-          Shop online – Tiene que haber siempre stock real (B2C).
\n-          Reposiciones (B2B) – Sale del stock real, si está a “0” el real pero el virtual está en positivo, se coge del virtual informando al cliente que lo recibirá en unos 10-15 días.
\n-          Precios multimarca y shop online + precios distintos según país.
\n-          B2B se activa manualmente.
\n-          Precios nacionales /internacionales por representante/país.
\n-          B2B - 150€ reposición mínima.
\n-          B2C – 100€ compra el envío es gratuito.
\n-          Actualización stock  STM que se actualice tb en la web.
\n-          Posicionamiento SEO. Caracteristicas predefinidas al inicio del proyecto.
\n-          Registro web B2B y B2C.
\n-          Poder hacer la primera compra con los representantes desde la web, que no sea necesario que lo hagan a través de una tablet con el programa como hacen ahora que no conecta STM y tienda actual.
\n-          Precios transporte: poder importar plantilla precios directamente a la web y que se haga ya el cálculo.',NULL,'21.000','0.000',3,'0.000',1,200,0,0,35,'35.00000000','7000.00000000','1470.00000000','0.00000000','0.00000000','8470.00000000',1,NULL,NULL,0,'0.00000000',NULL,0,1);
INSERT INTO `B65362949_propaldet` VALUES (306,68,NULL,7,NULL,'Mejora de las gráficas de la portada',NULL,'21.000','0.000',3,'0.000',1,16,0,0,35,'35.00000000','560.00000000','117.60000000','0.00000000','0.00000000','677.60000000',1,NULL,NULL,0,'0.00000000',NULL,0,1);
INSERT INTO `B65362949_propaldet` VALUES (308,68,NULL,7,NULL,'Desactivar la opción Orden Creada',NULL,'21.000','0.000',3,'0.000',1,1,0,0,35,'35.00000000','35.00000000','7.35000000','0.00000000','0.00000000','42.35000000',1,NULL,NULL,0,'0.00000000',NULL,0,2);
INSERT INTO `B65362949_propaldet` VALUES (309,68,NULL,7,NULL,'Arreglar el botón para generar varias órdenes seguidas.',NULL,'21.000','0.000',3,'0.000',1,2,0,0,35,'35.00000000','70.00000000','14.70000000','0.00000000','0.00000000','84.70000000',1,NULL,NULL,0,'0.00000000',NULL,0,3);
INSERT INTO `B65362949_propaldet` VALUES (310,68,NULL,7,NULL,'Evitar que aparezca por defecto el historial. (Esto se debe a una incidencia, que por algún motivo se generan entradas en el historial sin estar asociadas a ninguna orden.) ',NULL,'21.000','0.000',3,'0.000',1,24,0,0,35,'35.00000000','840.00000000','176.40000000','0.00000000','0.00000000','1016.40000000',1,NULL,NULL,0,'0.00000000',NULL,0,4);
INSERT INTO `B65362949_propaldet` VALUES (311,68,NULL,7,NULL,'Eliminar el nombre de usuario en las observaciones.',NULL,'21.000','0.000',3,'0.000',1,1,0,0,35,'35.00000000','35.00000000','7.35000000','0.00000000','0.00000000','42.35000000',1,NULL,NULL,0,'0.00000000',NULL,0,5);
INSERT INTO `B65362949_propaldet` VALUES (312,68,NULL,7,NULL,'Problemas de estabilidad. Incidencia \"Aleatoria\"',NULL,'21.000','0.000',3,'0.000',1,24,0,0,35,'35.00000000','840.00000000','176.40000000','0.00000000','0.00000000','1016.40000000',1,NULL,NULL,0,'0.00000000',NULL,0,6);
INSERT INTO `B65362949_propaldet` VALUES (313,68,NULL,7,NULL,'Crear un formulario de contacto.',NULL,'21.000','0.000',3,'0.000',1,16,0,0,35,'35.00000000','560.00000000','117.60000000','0.00000000','0.00000000','677.60000000',1,NULL,NULL,0,'0.00000000',NULL,0,7);
INSERT INTO `B65362949_propaldet` VALUES (314,68,NULL,7,NULL,'Incidencia al añadir comentarios, que salen mas comentarios y historial de documentos que no corresponden',NULL,'21.000','0.000',3,'0.000',1,16,0,0,35,'35.00000000','560.00000000','117.60000000','0.00000000','0.00000000','677.60000000',1,NULL,NULL,0,'0.00000000',NULL,0,8);
INSERT INTO `B65362949_propaldet` VALUES (315,68,NULL,7,NULL,'Actualizar el número de tlf DAO',NULL,'21.000','0.000',3,'0.000',1,1,0,0,35,'35.00000000','35.00000000','7.35000000','0.00000000','0.00000000','42.35000000',1,NULL,NULL,0,'0.00000000',NULL,0,9);
INSERT INTO `B65362949_propaldet` VALUES (316,68,NULL,7,NULL,'En las cargas por remesas, debe comprobar tambien si el MSIDN corresponde a YOIGO, si no es cliente YOIGO, no debe crear la orden e informar en la web el motivo.',NULL,'21.000','0.000',3,'0.000',1,16,0,0,35,'35.00000000','560.00000000','117.60000000','0.00000000','0.00000000','677.60000000',1,NULL,NULL,0,'0.00000000',NULL,0,10);
INSERT INTO `B65362949_propaldet` VALUES (317,68,NULL,7,NULL,'Eliminar la información y enlaces sobrantes.',NULL,'21.000','0.000',3,'0.000',1,1,0,0,35,'35.00000000','35.00000000','7.35000000','0.00000000','0.00000000','42.35000000',1,NULL,NULL,0,'0.00000000',NULL,0,11);
INSERT INTO `B65362949_propaldet` VALUES (318,69,NULL,6,NULL,'Desarrollo pasarela comunicaciones',NULL,'21.000','0.000',3,'0.000',1,40,0,0,NULL,'42.00000000','1680.00000000','352.80000000','0.00000000','0.00000000','2032.80000000',1,NULL,NULL,0,'0.00000000',NULL,0,1);
INSERT INTO `B65362949_propaldet` VALUES (319,69,NULL,6,NULL,'Interface visualización de mapas',NULL,'21.000','0.000',3,'0.000',1,100,0,0,NULL,'42.00000000','4200.00000000','882.00000000','0.00000000','0.00000000','5082.00000000',1,NULL,NULL,0,'0.00000000',NULL,0,2);
INSERT INTO `B65362949_propaldet` VALUES (320,69,NULL,6,NULL,'Adaptaciones funcionamiento Off-line',NULL,'21.000','0.000',3,'0.000',1,50,0,0,NULL,'42.00000000','2100.00000000','441.00000000','0.00000000','0.00000000','2541.00000000',1,NULL,NULL,0,'0.00000000',NULL,0,3);
INSERT INTO `B65362949_propaldet` VALUES (321,69,NULL,6,NULL,'Funcionalidad de creación de rutas',NULL,'21.000','0.000',3,'0.000',1,50,0,0,NULL,'42.00000000','2100.00000000','441.00000000','0.00000000','0.00000000','2541.00000000',1,NULL,NULL,0,'0.00000000',NULL,0,4);
INSERT INTO `B65362949_propaldet` VALUES (322,69,NULL,6,NULL,'Pruebas',NULL,'21.000','0.000',3,'0.000',1,60,0,0,NULL,'42.00000000','2520.00000000','529.20000000','0.00000000','0.00000000','3049.20000000',1,NULL,NULL,0,'0.00000000',NULL,0,5);
INSERT INTO `B65362949_propaldet` VALUES (323,70,NULL,NULL,NULL,'Mantenimiento extraordinario mes de Febrero (TopTeam). No incluye mantenimiento herramienta de viajes.',NULL,'21.000','0.000',3,'0.000',1,1,0,0,NULL,'950.00000000','950.00000000','199.50000000','0.00000000','0.00000000','1149.50000000',1,NULL,NULL,0,'0.00000000',NULL,0,1);
INSERT INTO `B65362949_propaldet` VALUES (324,71,NULL,NULL,NULL,'Consultoría implantación GIT',NULL,'21.000','0.000',3,'0.000',1,60,0,0,30,'30.00000000','1800.00000000','378.00000000','0.00000000','0.00000000','2178.00000000',1,NULL,NULL,0,'0.00000000',NULL,0,1);
INSERT INTO `B65362949_propaldet` VALUES (325,68,NULL,7,NULL,'Que en los detalles de la orden aparezca el albarán de recogida y este linkado al albarán que físico. Para que puedan imprimirlo',NULL,'21.000','0.000',3,'0.000',1,16,0,0,35,'35.00000000','560.00000000','117.60000000','0.00000000','0.00000000','677.60000000',1,NULL,NULL,0,'0.00000000',NULL,0,12);
INSERT INTO `B65362949_propaldet` VALUES (326,68,NULL,7,NULL,'Listado de recogidas pendientes',NULL,'21.000','0.000',3,'0.000',1,24,0,0,35,'35.00000000','840.00000000','176.40000000','0.00000000','0.00000000','1016.40000000',1,NULL,NULL,0,'0.00000000',NULL,0,13);
INSERT INTO `B65362949_propaldet` VALUES (337,75,NULL,15,NULL,'Hora Desarrollo RFID',NULL,'21.000','0.000',3,'0.000',1,360,0,0,NULL,'60.00000000','21600.00000000','4536.00000000','0.00000000','0.00000000','26136.00000000',1,NULL,NULL,0,'0.00000000',NULL,0,1);
INSERT INTO `B65362949_propaldet` VALUES (338,76,NULL,6,NULL,'- Desarrollo modulos JPA\'s',NULL,'21.000','0.000',3,'0.000',1,40,0,0,30,'30.00000000','1200.00000000','252.00000000','0.00000000','0.00000000','1452.00000000',1,NULL,NULL,0,'0.00000000',NULL,0,1);
INSERT INTO `B65362949_propaldet` VALUES (339,77,NULL,6,NULL,'- Revisión versiones seguridad y actualizaciones.',NULL,'21.000','0.000',3,'0.000',1,11,0,0,42,'42.00000000','462.00000000','97.02000000','0.00000000','0.00000000','559.02000000',1,NULL,NULL,0,'0.00000000',NULL,0,1);
INSERT INTO `B65362949_propaldet` VALUES (340,77,NULL,6,NULL,'- Revisión software maligno, restauración y limpieza',NULL,'21.000','0.000',3,'0.000',1,8.5,0,0,42,'42.00000000','357.00000000','74.97000000','0.00000000','0.00000000','431.97000000',1,NULL,NULL,0,'0.00000000',NULL,0,2);
INSERT INTO `B65362949_propaldet` VALUES (341,77,NULL,6,NULL,'- Montaje y configuración modulos de seguridad anti-ataques',NULL,'21.000','0.000',3,'0.000',1,8.75,0,0,42,'42.00000000','367.50000000','77.18000000','0.00000000','0.00000000','444.68000000',1,NULL,NULL,0,'0.00000000',NULL,0,3);
INSERT INTO `B65362949_propaldet` VALUES (342,78,NULL,6,NULL,'',NULL,'21.000','0.000',3,'0.000',1,252,0,0,24,'24.00000000','6048.00000000','1270.08000000','0.00000000','0.00000000','7318.08000000',1,NULL,NULL,0,'0.00000000',NULL,0,1);
INSERT INTO `B65362949_propaldet` VALUES (343,79,NULL,7,NULL,'Mantenimiento Anticipa',NULL,'21.000','0.000',3,'0.000',1,1,0,0,27000,'27000.00000000','27000.00000000','5670.00000000','0.00000000','0.00000000','32670.00000000',1,NULL,NULL,0,'0.00000000',NULL,0,1);
INSERT INTO `B65362949_propaldet` VALUES (344,80,NULL,15,NULL,'Hora Desarrollo RFID
\nSoftware lecturas masivas:
\n- Configuración lector
\n- Software discriminación de lecturas unicas
\n- Monitor de control lecturas y estado
\n- Llamada web service integración sistemas',NULL,'21.000','0.000',3,'0.000',1,1,0,0,4500,'4500.00000000','4500.00000000','945.00000000','0.00000000','0.00000000','5445.00000000',1,NULL,NULL,0,'0.00000000',NULL,0,1);
INSERT INTO `B65362949_propaldet` VALUES (345,80,NULL,15,NULL,'Hora Desarrollo RFID
\nLectura en Balanza:
\nEn los casos en los que ya este implementada una solución con lector codigo barras USB. No se desarrrolla ningun software. Se cobrará horas y desplazamiento caso de ser necesario.',NULL,'21.000','0.000',3,'0.000',1,1,0,0,0,'0.00000000','0.00000000','0.00000000','0.00000000','0.00000000','0.00000000',1,NULL,NULL,0,'0.00000000',NULL,0,2);
INSERT INTO `B65362949_propaldet` VALUES (346,80,NULL,15,NULL,'Hora Desarrollo RFID
\nLectura Balanza:
\nCaso de no disponer ya de una solución o caso de ser necesario un software lectura y llamada a servicio de integración.',NULL,'21.000','0.000',3,'0.000',1,1,0,0,2500,'2500.00000000','2500.00000000','525.00000000','0.00000000','0.00000000','3025.00000000',1,NULL,NULL,0,'0.00000000',NULL,0,3);
INSERT INTO `B65362949_propaldet` VALUES (347,80,NULL,15,NULL,'Hora Desarrollo RFID
\nDesarrollo dispositivo movil:
\n- Software discriminador de lecturas
\n- LLamada a servicio de integración de sistemas',NULL,'21.000','0.000',3,'0.000',1,1,0,0,4000,'4000.00000000','4000.00000000','840.00000000','0.00000000','0.00000000','4840.00000000',1,NULL,NULL,0,'0.00000000',NULL,0,4);
INSERT INTO `B65362949_propaldet` VALUES (348,81,NULL,6,NULL,'Desarrollador Junior
\n- Desarrollo Mantinimiento portales Anticipa',NULL,'21.000','0.000',3,'0.000',1,2,0,0,4200,'4200.00000000','8400.00000000','1764.00000000','0.00000000','0.00000000','10164.00000000',1,'2017-06-15 00:00:00','2017-09-15 00:00:00',0,'0.00000000',NULL,0,2);
INSERT INTO `B65362949_propaldet` VALUES (349,81,NULL,6,NULL,'Arquitecto
\nSergio García Martínez
\n- Dirección y Soporte Equipo de Desarrollo
\n- Generación Documentación Proyecto',NULL,'21.000','0.000',3,'0.000',1,1,0,0,3360,'3360.00000000','3360.00000000','705.60000000','0.00000000','0.00000000','4065.60000000',1,'2017-06-15 00:00:00','2017-09-15 00:00:00',0,'0.00000000',NULL,0,1);
INSERT INTO `B65362949_propaldet` VALUES (350,82,NULL,6,NULL,'Desarrollador Senior
\n- Dirección y Soporte Equipo de Desarrollo',NULL,'21.000','0.000',3,'0.000',1,1,0,0,5880,'5880.00000000','5880.00000000','1234.80000000','0.00000000','0.00000000','7114.80000000',1,'2017-06-15 00:00:00','2017-09-15 00:00:00',0,'0.00000000',NULL,0,2);
INSERT INTO `B65362949_propaldet` VALUES (351,82,NULL,6,NULL,'Desarrollador Junior
\n- Desarrollo Mantinimiento portales Anticipa',NULL,'21.000','0.000',3,'0.000',1,2,0,0,4200,'4200.00000000','8400.00000000','1764.00000000','0.00000000','0.00000000','10164.00000000',1,'2017-06-15 00:00:00','2017-09-15 00:00:00',0,'0.00000000',NULL,0,3);
INSERT INTO `B65362949_propaldet` VALUES (352,82,NULL,6,NULL,'Arquitecto
\nSergio García Martínez
\n- Traspaso Conocimiento',NULL,'21.000','0.000',3,'0.000',1,1,0,0,4800,'4800.00000000','4800.00000000','1008.00000000','0.00000000','0.00000000','5808.00000000',1,'2017-06-05 00:00:00','2017-06-30 00:00:00',0,'0.00000000',NULL,0,1);
INSERT INTO `B65362949_propaldet` VALUES (353,82,NULL,NULL,NULL,'OBSERVACIONES
\n- Traspaso de Sergio al Desarrollador Senior de 4 semanas
\n- Servicios de Sergio desaparecen tras lo anterior
\n- Servicio a prestar los primeros 15 días en oficinas de Addapta
\n- Servicio a prestar en oficinas de Anticipa despues de los primeros 15 días
\n- El presupuesto contiene los costes mensuales
\n- El servicio se dará durante los 3 meses acordados (salvo arquitecto que solo estará el primer mes)',NULL,'21.000','0.000',3,'0.000',1,1,0,0,0,'0.00000000','0.00000000','0.00000000','0.00000000','0.00000000','0.00000000',1,'2017-06-15 00:00:00','2017-09-15 00:00:00',0,'0.00000000',NULL,0,4);
INSERT INTO `B65362949_propaldet` VALUES (354,81,NULL,NULL,NULL,'OBSERVACIONES
\n- Se desarrollará la documentación necesaria que solicite Anticipa
\n- Servicio a prestar en oficinas de Addapta
\n- El presupuesto contiene los costes mensuales
\n- El servicio se dará durante los 3 meses acordados',NULL,'21.000','0.000',3,'0.000',1,1,0,0,0,'0.00000000','0.00000000','0.00000000','0.00000000','0.00000000','0.00000000',1,'2017-06-15 00:00:00','2017-09-15 00:00:00',0,'0.00000000',NULL,0,3);
INSERT INTO `B65362949_propaldet` VALUES (355,83,NULL,15,NULL,'Hora Desarrollo RFID
\n- Instalación, configuración y ajuste plataforma ItemSense. Y desarrollo software middleware si fuera neceario. Sobre un servidor con la siguiente configuración mínima:
\nCPU count	4
\nMemory	16 GB
\nHard disk type	SSD
\nHard disk size	>= 512 GB
\nHard disk speed	>= 90,000 IOPS for random acess, > 500MBps sequential access
\nNetwork	1 GB Ethernet',NULL,'21.000','0.000',3,'0.000',1,80,0,0,60,'60.00000000','4800.00000000','1008.00000000','0.00000000','0.00000000','5808.00000000',1,NULL,NULL,0,'0.00000000',NULL,0,1);
INSERT INTO `B65362949_propaldet` VALUES (356,84,NULL,15,NULL,'Hora Desarrollo RFID
\n- Desarrollo Aplicación móvil inspectores D.O. Pedroches',NULL,'21.000','0.000',3,'0.000',1,60,0,0,50,'50.00000000','3000.00000000','630.00000000','0.00000000','0.00000000','3630.00000000',1,NULL,NULL,0,'0.00000000',NULL,0,1);
INSERT INTO `B65362949_propaldet` VALUES (364,84,NULL,15,NULL,'Hora Desarrollo RFID\nDesarrollo aplicación movil - solicitud de vitolas certificadas',NULL,'21.000','0.000',3,'0.000',1,35,0,0,NULL,'60.00000000','2100.00000000','441.00000000','0.00000000','0.00000000','2541.00000000',1,NULL,NULL,0,'0.00000000',NULL,0,2);
INSERT INTO `B65362949_propaldet` VALUES (365,84,NULL,15,NULL,'Hora Desarrollo RFID\nPasarela comunicaciones ',NULL,'21.000','0.000',3,'0.000',1,16,0,0,NULL,'60.00000000','960.00000000','201.60000000','0.00000000','0.00000000','1161.60000000',1,NULL,NULL,0,'0.00000000',NULL,0,3);
INSERT INTO `B65362949_propaldet` VALUES (366,84,NULL,15,NULL,'Hora Desarrollo RFID
\nApliación Web:
\n- Mantenimiento de entidades (Mataderos / Fincas / Bodegas)
\n- Gestión de lotes
\n- Gestión ordenes de trabajo inspectores
\n- Estadisticas / Graficas / Informes',NULL,'21.000','0.000',3,'0.000',1,110,0,0,60,'60.00000000','6600.00000000','1386.00000000','0.00000000','0.00000000','7986.00000000',1,NULL,NULL,0,'0.00000000',NULL,0,4);
INSERT INTO `B65362949_propaldet` VALUES (368,84,NULL,3,NULL,'Precio mes en concepto de hosting.',NULL,'21.000','0.000',3,'0.000',1,1,0,0,150,'150.00000000','150.00000000','31.50000000','0.00000000','0.00000000','181.50000000',1,NULL,NULL,0,'0.00000000',NULL,0,5);
INSERT INTO `B65362949_propaldet` VALUES (370,86,NULL,15,NULL,'Hora Desarrollo RFID',NULL,'21.000','0.000',3,'0.000',1,315,0,0,60,'60.00000000','18900.00000000','3969.00000000','0.00000000','0.00000000','22869.00000000',1,NULL,NULL,0,'0.00000000',NULL,0,1);
INSERT INTO `B65362949_propaldet` VALUES (372,86,NULL,15,NULL,'Hora Desarrollo RFID\nDesarrollo Interface Web',NULL,'21.000','0.000',3,'0.000',1,75,0,0,NULL,'60.00000000','4500.00000000','945.00000000','0.00000000','0.00000000','5445.00000000',1,NULL,NULL,0,'0.00000000',NULL,0,2);
INSERT INTO `B65362949_propaldet` VALUES (373,86,NULL,15,NULL,'Hora Desarrollo RFID\nApp Android (lector / monitor)',NULL,'21.000','0.000',3,'0.000',1,105,0,0,NULL,'60.00000000','6300.00000000','1323.00000000','0.00000000','0.00000000','7623.00000000',1,NULL,NULL,0,'0.00000000',NULL,0,3);
INSERT INTO `B65362949_propaldet` VALUES (374,87,NULL,6,NULL,'',NULL,'21.000','0.000',3,'0.000',1,40,0,0,NULL,'42.00000000','1680.00000000','352.80000000','0.00000000','0.00000000','2032.80000000',1,NULL,NULL,0,'0.00000000',NULL,0,1);
INSERT INTO `B65362949_propaldet` VALUES (375,74,NULL,15,NULL,'Hora Desarrollo RFID',NULL,'21.000','0.000',3,'0.000',1,300,0,0,NULL,'60.00000000','18000.00000000','3780.00000000','0.00000000','0.00000000','21780.00000000',1,NULL,NULL,0,'0.00000000',NULL,0,1);
INSERT INTO `B65362949_propaldet` VALUES (376,88,NULL,7,NULL,'En el RMA, tenemos que indicar “Fecha Prevista Entrega” debajo de Fecha de creación. Esta fecha prevista ya la tenemos implementada en la Web en función del estado de la orden, y sería poner la fecha que tendríamos para el estado MBS0.
\nDentro de los datos de distribuidor, hay que añadir el CIF y teléfono de dicho distribuidor.',NULL,'21.000','0.000',3,'0.000',1,1,0,0,520,'520.00000000','520.00000000','109.20000000','0.00000000','0.00000000','629.20000000',1,NULL,NULL,0,'0.00000000',NULL,0,1);
INSERT INTO `B65362949_propaldet` VALUES (390,89,NULL,10,NULL,'Hora Helpdesk',NULL,'21.000','0.000',3,'0.000',1,168,0,0,19,'19.00000000','3192.00000000','670.32000000','0.00000000','0.00000000','3862.32000000',1,NULL,NULL,0,'0.00000000',NULL,0,1);
INSERT INTO `B65362949_propaldet` VALUES (391,73,NULL,15,NULL,'Hora Desarrollo RFID
\nAplicación movil para dispositivo portatil.',NULL,'21.000','0.000',3,'0.000',1,1,0,0,6300,'6300.00000000','6300.00000000','1323.00000000','0.00000000','0.00000000','7623.00000000',1,NULL,NULL,0,'0.00000000',NULL,0,1);
INSERT INTO `B65362949_propaldet` VALUES (392,73,NULL,15,NULL,'Hora Desarrollo RFID
\nAplicación web control dispositivos fijos',NULL,'21.000','0.000',3,'0.000',1,1,0,0,6600,'6600.00000000','6600.00000000','1386.00000000','0.00000000','0.00000000','7986.00000000',1,NULL,NULL,0,'0.00000000',NULL,0,2);
INSERT INTO `B65362949_propaldet` VALUES (393,73,NULL,15,NULL,'Hora Desarrollo RFID
\nPasarela comunicaciones (Dispositivo portatil)',NULL,'21.000','0.000',3,'0.000',1,1,0,0,960,'960.00000000','960.00000000','201.60000000','0.00000000','0.00000000','1161.60000000',1,NULL,NULL,0,'0.00000000',NULL,0,3);
INSERT INTO `B65362949_propaldet` VALUES (397,90,NULL,15,NULL,'Hora Desarrollo RFID
\nDesarrollo dispositivo movil:
\n- Software discriminador de lecturas
\n- LLamada a servicio de integración de sistemas',NULL,'21.000','0.000',3,'0.000',1,1,0,0,NULL,'4000.00000000','4000.00000000','840.00000000','0.00000000','0.00000000','4840.00000000',1,NULL,NULL,0,'0.00000000',NULL,0,1);
INSERT INTO `B65362949_propaldet` VALUES (398,91,NULL,15,NULL,'Hora Desarrollo RFID
\n
\nSe trata de implementar una aplicación Android para dispositivo ME3 con pistola RFID para la lectura de código de barras EAN128 con la siguiente información:
\n
\nIA (00) - codigo contenedor.
\nIA (30) - unidades del contenedor
\nIA (10) - número de lote
\n
\nUna vez realizada la lectura de los códigos de barras se realizará un escaneo de lectura RFID de los precintos discriminando repetidos y códigos no válidos (Que no correspondan al patrón de numeración definido por Precintia para el cliente ) del lote hasta alcanzar las unidades indicadas.
\nEl dispositivo mostrará la información leida y pedirá confirmación al usuario para persistirlo en el sistema.
\n
\nSe desarrollará un Gateway en modo de webservice que recibirá esta información del dispositivo y la persistirá en una BBDD mySQL de manera atómica.',NULL,'21.000','0.000',3,'0.000',1,1,0,0,2700,'2700.00000000','2700.00000000','567.00000000','0.00000000','0.00000000','3267.00000000',1,NULL,NULL,0,'0.00000000',NULL,0,1);
INSERT INTO `B65362949_propaldet` VALUES (400,93,NULL,7,NULL,'- Publicación web YOIGO, servicios Web y procesos batch en nuevo servidor.',NULL,'21.000','0.000',3,'0.000',1,8,0,0,35,'35.00000000','280.00000000','58.80000000','0.00000000','0.00000000','338.80000000',1,NULL,NULL,0,'0.00000000',NULL,0,1);
INSERT INTO `B65362949_propaldet` VALUES (401,94,NULL,15,NULL,'Hora Desarrollo RFID\nDiscriminación de lecturas y registro',NULL,'21.000','0.000',3,'0.000',1,32,0,0,NULL,'60.00000000','1920.00000000','403.20000000','0.00000000','0.00000000','2323.20000000',1,NULL,NULL,0,'0.00000000',NULL,0,1);
INSERT INTO `B65362949_propaldet` VALUES (402,94,NULL,15,NULL,'Hora Desarrollo RFID\nMonitor de lectores y cuadros de mando',NULL,'21.000','0.000',3,'0.000',1,40,0,0,NULL,'60.00000000','2400.00000000','504.00000000','0.00000000','0.00000000','2904.00000000',1,NULL,NULL,0,'0.00000000',NULL,0,2);
INSERT INTO `B65362949_propaldet` VALUES (403,94,NULL,15,NULL,'Hora Desarrollo RFID\nSistema de parametrización y mantenimiento',NULL,'21.000','0.000',3,'0.000',1,32,0,0,NULL,'60.00000000','1920.00000000','403.20000000','0.00000000','0.00000000','2323.20000000',1,NULL,NULL,0,'0.00000000',NULL,0,3);
INSERT INTO `B65362949_propaldet` VALUES (404,94,NULL,15,NULL,'Hora Desarrollo RFID
\nPruebas unitarias, integracion e instalación',NULL,'21.000','0.000',3,'0.000',1,24,0,0,45,'45.00000000','1080.00000000','226.80000000','0.00000000','0.00000000','1306.80000000',1,NULL,NULL,0,'0.00000000',NULL,0,4);
INSERT INTO `B65362949_propaldet` VALUES (406,96,NULL,6,NULL,'',NULL,'21.000','0.000',3,'0.000',1,715,0,0,40,'40.00000000','28600.00000000','6006.00000000','0.00000000','0.00000000','34606.00000000',1,NULL,NULL,0,'0.00000000',NULL,0,1);
INSERT INTO `B65362949_propaldet` VALUES (407,97,NULL,15,NULL,'Desarrollo software logistica interna',NULL,'21.000','0.000',3,'0.000',1,82,0,0,60,'60.00000000','4920.00000000','1033.20000000','0.00000000','0.00000000','5953.20000000',1,NULL,NULL,0,'0.00000000',NULL,0,1);
INSERT INTO `B65362949_propaldet` VALUES (408,97,NULL,15,NULL,'Desarrollo de software logistica retail',NULL,'21.000','0.000',3,'0.000',1,67,0,0,60,'60.00000000','4020.00000000','844.20000000','0.00000000','0.00000000','4864.20000000',1,NULL,NULL,0,'0.00000000',NULL,0,2);
INSERT INTO `B65362949_propaldet` VALUES (409,97,NULL,15,NULL,'Software impresión',NULL,'21.000','0.000',3,'0.000',1,16,0,0,60,'60.00000000','960.00000000','201.60000000','0.00000000','0.00000000','1161.60000000',1,NULL,NULL,0,'0.00000000',NULL,0,3);
INSERT INTO `B65362949_propaldet` VALUES (410,98,NULL,15,NULL,'Hora Desarrollo RFID\n- Modificar la pantalla principal para que se ponga en modo lectura de precintos cuando tenga leido el código de bbaras.
\n- Hacer una opción para borrar los precintos leidos en la pantalla de lectura
\n- Modificar la pantalla principal para que filtre por un tipo de pieza concreto.',NULL,'21.000','0.000',3,'0.000',1,4,0,0,NULL,'60.00000000','240.00000000','50.40000000','0.00000000','0.00000000','290.40000000',1,NULL,NULL,0,'0.00000000',NULL,0,1);
INSERT INTO `B65362949_propaldet` VALUES (411,98,NULL,15,NULL,'Hora Desarrollo RFID\nNo podemos valorar la incidencia de bloqueo de las lecturas sin un patrón para reproducir el problema.',NULL,'21.000','0.000',3,'0.000',1,0,0,0,NULL,'60.00000000','0.00000000','0.00000000','0.00000000','0.00000000','0.00000000',1,NULL,NULL,0,'0.00000000',NULL,3,2);
INSERT INTO `B65362949_propaldet` VALUES (412,99,NULL,NULL,NULL,'Programación e implantación sistema localización activos Hospital Oman',NULL,'21.000','0.000',3,'0.000',1,2500,0,0,NULL,'60.00000000','150000.00000000','31500.00000000','0.00000000','0.00000000','181500.00000000',1,NULL,NULL,0,'0.00000000',NULL,0,1);
INSERT INTO `B65362949_propaldet` VALUES (413,100,NULL,NULL,NULL,'Programación versión Android de la aplicación de Angrup.',NULL,'21.000','0.000',3,'0.000',1,1,0,0,NULL,'9500.00000000','9500.00000000','1995.00000000','0.00000000','0.00000000','11495.00000000',1,NULL,NULL,0,'0.00000000',NULL,0,1);
INSERT INTO `B65362949_propaldet` VALUES (414,101,NULL,NULL,NULL,'Desarrollar una página web que permita subir ficheros CSV con la información correspondiente a los codigos de barras. Los codigos de barras que no existan ya en el sistema se darán de alta y los que ya existan ser actualizaran con nueva información si cambia. El sistema procesará ficheros de hasta 8Mb. En esta misma página web se montará un webservice para el consumo de las aplicaciones móviles.',NULL,'21.000','0.000',3,'0.000',1,1,0,0,NULL,'630.00000000','630.00000000','132.30000000','0.00000000','0.00000000','762.30000000',1,NULL,NULL,0,'0.00000000',NULL,0,1);
INSERT INTO `B65362949_propaldet` VALUES (415,101,NULL,NULL,NULL,'Desarrollo de una aplicacion Android para teléfono móvil para publicar en la Play Store de uso público, que haciendo uso de la cámara lea el código de barras de la pieza, llame al servicio Web y muestre la información disponible sobre la pieza. La calidad de la lectura depende de la resolución de la cámara y su capacidad de enfoque a cortas distancias. Para dispositivos con problemas se ofrecerá la solución de teclear el código de barras mediante teclado. Los desarrollos se enfocarán a las versiones en uso en el mercado a día de hoy (4.0 o superior)',NULL,'21.000','0.000',3,'0.000',1,1,0,0,NULL,'1200.00000000','1200.00000000','252.00000000','0.00000000','0.00000000','1452.00000000',1,NULL,NULL,0,'0.00000000',NULL,0,2);
INSERT INTO `B65362949_propaldet` VALUES (416,101,NULL,NULL,NULL,'Desarrollo de la misma aplicación en IOS, para su publicación en el Apple Store y uso público, versiones iOS 10 o superiores.',NULL,'21.000','0.000',3,'0.000',1,1,0,0,NULL,'1200.00000000','1200.00000000','252.00000000','0.00000000','0.00000000','1452.00000000',1,NULL,NULL,0,'0.00000000',NULL,0,3);
INSERT INTO `B65362949_propaldet` VALUES (417,102,NULL,15,NULL,'Hora Desarrollo RFID
\nComponente web para la monitorización de los lectores, centralización de la lecturas, discriminación de datos y registros en BBDD.',NULL,'21.000','0.000',3,'0.000',1,1,0,0,6300,'6300.00000000','6300.00000000','1323.00000000','0.00000000','0.00000000','7623.00000000',1,NULL,NULL,0,'0.00000000',NULL,0,1);
INSERT INTO `B65362949_propaldet` VALUES (418,102,NULL,15,NULL,'Hora Desarrollo RFID
\nAplicación web panel de control para la explotación de los datos.',NULL,'21.000','0.000',3,'0.000',1,1,0,0,1700,'1700.00000000','1700.00000000','357.00000000','0.00000000','0.00000000','2057.00000000',1,NULL,NULL,0,'0.00000000',NULL,0,2);
INSERT INTO `B65362949_propaldet` VALUES (419,102,NULL,15,NULL,'Hora Desarrollo RFID
\nInstalación y pruebas primera instalación.',NULL,'21.000','0.000',3,'0.000',1,1,0,0,960,'960.00000000','960.00000000','201.60000000','0.00000000','0.00000000','1161.60000000',1,NULL,NULL,0,'0.00000000',NULL,0,3);
INSERT INTO `B65362949_propaldet` VALUES (420,103,NULL,15,NULL,'Hora Desarrollo RFID
\nAplicación movil para dispositivo portatil.',NULL,'21.000','0.000',3,'0.000',1,1,0,0,4300,'4300.00000000','4300.00000000','903.00000000','0.00000000','0.00000000','5203.00000000',1,NULL,NULL,0,'0.00000000',NULL,0,1);
INSERT INTO `B65362949_propaldet` VALUES (421,103,NULL,15,NULL,'Hora Desarrollo RFID
\nAplicación web panel control',NULL,'21.000','0.000',3,'0.000',1,1,0,0,3200,'3200.00000000','3200.00000000','672.00000000','0.00000000','0.00000000','3872.00000000',1,NULL,NULL,0,'0.00000000',NULL,0,2);
INSERT INTO `B65362949_propaldet` VALUES (422,103,NULL,15,NULL,'Hora Desarrollo RFID
\nPasarela comunicaciones (Dispositivo portatil)',NULL,'21.000','0.000',3,'0.000',1,1,0,0,NULL,'960.00000000','960.00000000','201.60000000','0.00000000','0.00000000','1161.60000000',1,NULL,NULL,0,'0.00000000',NULL,0,3);
INSERT INTO `B65362949_propaldet` VALUES (423,104,NULL,NULL,NULL,'- Se modifica el desplegable de tipos de servicio que actualmente se carga siempre con los mismos valores, por un procedimiento AJAX que recupere los valores HTML del formulario (Esquema/Fabricante/modelo) y que llame a un servicio desde javascript para recuperar los valores del desplegable tomados de las tablas propuestas a partir de esta información recuperada.',NULL,'21.000','0.000',3,'0.000',1,1,0,0,NULL,'520.00000000','520.00000000','109.20000000','0.00000000','0.00000000','629.20000000',1,NULL,NULL,0,'0.00000000',NULL,0,1);
INSERT INTO `B65362949_propaldet` VALUES (424,104,NULL,NULL,NULL,'- Trabajos anteriores',NULL,'21.000','0.000',3,'0.000',1,1,0,0,NULL,'285.00000000','285.00000000','59.85000000','0.00000000','0.00000000','344.85000000',1,NULL,NULL,0,'0.00000000',NULL,0,2);




--
