-- Table structure for table `B65362949_propaldet_extrafields`
--
CREATE TABLE `B65362949_propaldet_extrafields` (
  `rowid` int(11) NOT NULL AUTO_INCREMENT,
  `tms` timestamp NOT NULL DEFAULT CURRENT_TIMESTAMP ON UPDATE CURRENT_TIMESTAMP,
  `fk_object` int(11) NOT NULL,
  `import_key` varchar(14) DEFAULT NULL,
  PRIMARY KEY (`rowid`),
  KEY `idx_propaldet_extrafields` (`fk_object`)
) ENGINE=InnoDB DEFAULT CHARSET=utf8;

--
-- Dumping data for table `B65362949_propaldet_extrafields`
--




--
-- Table structure for table `B65362949_resource`
--
CREATE TABLE `B65362949_resource` (
  `rowid` int(11) NOT NULL AUTO_INCREMENT,
  `entity` int(11) DEFAULT NULL,
  `ref` varchar(255) DEFAULT NULL,
  `description` text,
  `fk_code_type_resource` varchar(32) DEFAULT NULL,
  `note_public` text,
  `note_private` text,
  `tms` timestamp NOT NULL DEFAULT CURRENT_TIMESTAMP ON UPDATE CURRENT_TIMESTAMP,
  PRIMARY KEY (`rowid`),
  KEY `fk_code_type_resource_idx` (`fk_code_type_resource`)
) ENGINE=InnoDB DEFAULT CHARSET=utf8;

--
-- Dumping data for table `B65362949_resource`
--




--
-- Table structure for table `B65362949_rights_def`
--
CREATE TABLE `B65362949_rights_def` (
  `id` int(11) NOT NULL DEFAULT '0',
  `libelle` varchar(255) DEFAULT NULL,
  `module` varchar(64) DEFAULT NULL,
  `entity` int(11) NOT NULL DEFAULT '1',
  `perms` varchar(50) DEFAULT NULL,
  `subperms` varchar(50) DEFAULT NULL,
  `type` varchar(1) DEFAULT NULL,
  `bydefault` tinyint(4) DEFAULT '0',
  PRIMARY KEY (`id`,`entity`)
) ENGINE=InnoDB DEFAULT CHARSET=utf8;

--
-- Dumping data for table `B65362949_rights_def`
--
INSERT INTO `B65362949_rights_def` VALUES (11,'Lire les factures','facture',1,'lire',NULL,'a',1);
INSERT INTO `B65362949_rights_def` VALUES (12,'Creer/modifier les factures','facture',1,'creer',NULL,'a',0);
INSERT INTO `B65362949_rights_def` VALUES (13,'Dévalider les factures','facture',1,'invoice_advance','unvalidate','a',0);
INSERT INTO `B65362949_rights_def` VALUES (14,'Valider les factures','facture',1,'valider',NULL,'a',0);
INSERT INTO `B65362949_rights_def` VALUES (15,'Envoyer les factures par mail','facture',1,'invoice_advance','send','a',0);
INSERT INTO `B65362949_rights_def` VALUES (16,'Emettre des paiements sur les factures','facture',1,'paiement',NULL,'a',0);
INSERT INTO `B65362949_rights_def` VALUES (19,'Supprimer les factures','facture',1,'supprimer',NULL,'a',0);
INSERT INTO `B65362949_rights_def` VALUES (21,'Lire les propositions commerciales','propale',1,'lire',NULL,'r',1);
INSERT INTO `B65362949_rights_def` VALUES (22,'Creer/modifier les propositions commerciales','propale',1,'creer',NULL,'w',0);
INSERT INTO `B65362949_rights_def` VALUES (24,'Valider les propositions commerciales','propale',1,'valider',NULL,'d',0);
INSERT INTO `B65362949_rights_def` VALUES (25,'Envoyer les propositions commerciales aux clients','propale',1,'propal_advance','send','d',0);
INSERT INTO `B65362949_rights_def` VALUES (26,'Cloturer les propositions commerciales','propale',1,'cloturer',NULL,'d',0);
INSERT INTO `B65362949_rights_def` VALUES (27,'Supprimer les propositions commerciales','propale',1,'supprimer',NULL,'d',0);
INSERT INTO `B65362949_rights_def` VALUES (28,'Exporter les propositions commerciales et attributs','propale',1,'export',NULL,'r',0);
INSERT INTO `B65362949_rights_def` VALUES (31,'Lire les produits','produit',1,'lire',NULL,'r',1);
INSERT INTO `B65362949_rights_def` VALUES (32,'Creer/modifier les produits','produit',1,'creer',NULL,'w',0);
INSERT INTO `B65362949_rights_def` VALUES (34,'Supprimer les produits','produit',1,'supprimer',NULL,'d',0);
INSERT INTO `B65362949_rights_def` VALUES (38,'Exporter les produits','produit',1,'export',NULL,'r',0);
INSERT INTO `B65362949_rights_def` VALUES (41,'Lire les projets et tâches (partagés ou dont je suis contact)','projet',1,'lire',NULL,'r',1);
INSERT INTO `B65362949_rights_def` VALUES (42,'Creer/modifier les projets et tâches (partagés ou dont je suis contact)','projet',1,'creer',NULL,'w',0);
INSERT INTO `B65362949_rights_def` VALUES (44,'Supprimer les projets et tâches (partagés ou dont je suis contact)','projet',1,'supprimer',NULL,'d',0);
INSERT INTO `B65362949_rights_def` VALUES (45,'Exporter les projets','projet',1,'export',NULL,'d',0);
INSERT INTO `B65362949_rights_def` VALUES (81,'Lire les commandes clients','commande',1,'lire',NULL,'r',1);
INSERT INTO `B65362949_rights_def` VALUES (82,'Creer/modifier les commandes clients','commande',1,'creer',NULL,'w',0);
INSERT INTO `B65362949_rights_def` VALUES (84,'Valider les commandes clients','commande',1,'valider',NULL,'d',0);
INSERT INTO `B65362949_rights_def` VALUES (86,'Envoyer les commandes clients','commande',1,'order_advance','send','d',0);
INSERT INTO `B65362949_rights_def` VALUES (87,'Cloturer les commandes clients','commande',1,'cloturer',NULL,'d',0);
INSERT INTO `B65362949_rights_def` VALUES (88,'Annuler les commandes clients','commande',1,'annuler',NULL,'d',0);
INSERT INTO `B65362949_rights_def` VALUES (89,'Supprimer les commandes clients','commande',1,'supprimer',NULL,'d',0);
INSERT INTO `B65362949_rights_def` VALUES (91,'Lire les charges','tax',1,'charges','lire','r',1);
INSERT INTO `B65362949_rights_def` VALUES (92,'Creer/modifier les charges','tax',1,'charges','creer','w',0);
INSERT INTO `B65362949_rights_def` VALUES (93,'Supprimer les charges','tax',1,'charges','supprimer','d',0);
INSERT INTO `B65362949_rights_def` VALUES (94,'Exporter les charges','tax',1,'charges','export','r',0);
INSERT INTO `B65362949_rights_def` VALUES (95,'Lire CA, bilans, resultats','compta',1,'resultat','lire','r',1);
INSERT INTO `B65362949_rights_def` VALUES (96,'Parametrer la ventilation','compta',1,'ventilation','parametrer','r',0);
INSERT INTO `B65362949_rights_def` VALUES (97,'Lire les ventilations de factures','compta',1,'ventilation','lire','r',1);
INSERT INTO `B65362949_rights_def` VALUES (98,'Ventiler les lignes de factures','compta',1,'ventilation','creer','r',0);
INSERT INTO `B65362949_rights_def` VALUES (101,'Lire les expeditions','expedition',1,'lire',NULL,'r',1);
INSERT INTO `B65362949_rights_def` VALUES (102,'Creer modifier les expeditions','expedition',1,'creer',NULL,'w',0);
INSERT INTO `B65362949_rights_def` VALUES (104,'Valider les expeditions','expedition',1,'valider',NULL,'d',0);
INSERT INTO `B65362949_rights_def` VALUES (105,'Envoyer les expeditions aux clients','expedition',1,'shipping_advance','send','d',0);
INSERT INTO `B65362949_rights_def` VALUES (106,'Exporter les expeditions','expedition',1,'shipment','export','r',0);
INSERT INTO `B65362949_rights_def` VALUES (109,'Supprimer les expeditions','expedition',1,'supprimer',NULL,'d',0);
INSERT INTO `B65362949_rights_def` VALUES (111,'Lire les comptes bancaires','banque',1,'lire',NULL,'r',1);
INSERT INTO `B65362949_rights_def` VALUES (112,'Creer/modifier montant/supprimer ecriture bancaire','banque',1,'modifier',NULL,'w',0);
INSERT INTO `B65362949_rights_def` VALUES (113,'Configurer les comptes bancaires (creer, gerer categories)','banque',1,'configurer',NULL,'a',0);
INSERT INTO `B65362949_rights_def` VALUES (114,'Rapprocher les ecritures bancaires','banque',1,'consolidate',NULL,'w',0);
INSERT INTO `B65362949_rights_def` VALUES (115,'Exporter transactions et releves','banque',1,'export',NULL,'r',0);
INSERT INTO `B65362949_rights_def` VALUES (116,'Virements entre comptes','banque',1,'transfer',NULL,'w',0);
INSERT INTO `B65362949_rights_def` VALUES (117,'Gerer les envois de cheques','banque',1,'cheque',NULL,'w',0);
INSERT INTO `B65362949_rights_def` VALUES (121,'Lire les societes','societe',1,'lire',NULL,'r',1);
INSERT INTO `B65362949_rights_def` VALUES (122,'Creer modifier les societes','societe',1,'creer',NULL,'w',0);
INSERT INTO `B65362949_rights_def` VALUES (125,'Supprimer les societes','societe',1,'supprimer',NULL,'d',0);
INSERT INTO `B65362949_rights_def` VALUES (126,'Exporter les societes','societe',1,'export',NULL,'r',0);
INSERT INTO `B65362949_rights_def` VALUES (141,'Lire tous les projets et tâches (y compris prives qui ne me sont pas affectes)','projet',1,'all','lire','r',0);
INSERT INTO `B65362949_rights_def` VALUES (142,'Creer/modifier tous les projets et tâches (y compris prives qui ne me sont pas affectes)','projet',1,'all','creer','w',0);
INSERT INTO `B65362949_rights_def` VALUES (144,'Supprimer tous les projets et tâches (y compris prives qui ne me sont pas affectes)','projet',1,'all','supprimer','d',0);
INSERT INTO `B65362949_rights_def` VALUES (151,'Read withdrawals','prelevement',1,'bons','lire','r',1);
INSERT INTO `B65362949_rights_def` VALUES (152,'Create/modify a withdrawals','prelevement',1,'bons','creer','w',0);
INSERT INTO `B65362949_rights_def` VALUES (153,'Send withdrawals to bank','prelevement',1,'bons','send','a',0);
INSERT INTO `B65362949_rights_def` VALUES (154,'credit/refuse withdrawals','prelevement',1,'bons','credit','a',0);
INSERT INTO `B65362949_rights_def` VALUES (161,'Lire les contrats','contrat',1,'lire',NULL,'r',1);
INSERT INTO `B65362949_rights_def` VALUES (162,'Creer / modifier les contrats','contrat',1,'creer',NULL,'w',0);
INSERT INTO `B65362949_rights_def` VALUES (163,'Activer un service d\'un contrat','contrat',1,'activer',NULL,'w',0);
INSERT INTO `B65362949_rights_def` VALUES (164,'Desactiver un service d\'un contrat','contrat',1,'desactiver',NULL,'w',0);
INSERT INTO `B65362949_rights_def` VALUES (165,'Supprimer un contrat','contrat',1,'supprimer',NULL,'d',0);
INSERT INTO `B65362949_rights_def` VALUES (171,'Lire les deplacements','deplacement',1,'lire',NULL,'r',1);
INSERT INTO `B65362949_rights_def` VALUES (172,'Creer/modifier les deplacements','deplacement',1,'creer',NULL,'w',0);
INSERT INTO `B65362949_rights_def` VALUES (173,'Supprimer les deplacements','deplacement',1,'supprimer',NULL,'d',0);
INSERT INTO `B65362949_rights_def` VALUES (178,'Exporter les deplacements','deplacement',1,'export',NULL,'d',0);
INSERT INTO `B65362949_rights_def` VALUES (251,'Consulter les autres utilisateurs','user',1,'user','lire','r',0);
INSERT INTO `B65362949_rights_def` VALUES (252,'Consulter les permissions des autres utilisateurs','user',1,'user_advance','readperms','r',0);
INSERT INTO `B65362949_rights_def` VALUES (253,'Creer/modifier utilisateurs internes et externes','user',1,'user','creer','w',0);
INSERT INTO `B65362949_rights_def` VALUES (254,'Creer/modifier utilisateurs externes seulement','user',1,'user_advance','write','w',0);

INSERT INTO `B65362949_rights_def` VALUES (256,'Supprimer ou desactiver les autres utilisateurs','user',1,'user','supprimer','d',0);
INSERT INTO `B65362949_rights_def` VALUES (262,'Consulter tous les tiers par utilisateurs internes (sinon uniquement si contact commercial). Non effectif pour utilisateurs externes (tjs limités à eux-meme).','societe',1,'client','voir','r',1);
INSERT INTO `B65362949_rights_def` VALUES (281,'Lire les contacts','societe',1,'contact','lire','r',1);
INSERT INTO `B65362949_rights_def` VALUES (282,'Creer modifier les contacts','societe',1,'contact','creer','w',0);
INSERT INTO `B65362949_rights_def` VALUES (283,'Supprimer les contacts','societe',1,'contact','supprimer','d',0);
INSERT INTO `B65362949_rights_def` VALUES (286,'Exporter les contacts','societe',1,'contact','export','d',0);
INSERT INTO `B65362949_rights_def` VALUES (341,'Consulter ses propres permissions','user',1,'self_advance','readperms','r',1);
INSERT INTO `B65362949_rights_def` VALUES (342,'Creer/modifier ses propres infos utilisateur','user',1,'self','creer','w',1);

INSERT INTO `B65362949_rights_def` VALUES (344,'Modifier ses propres permissions','user',1,'self_advance','writeperms','w',1);
INSERT INTO `B65362949_rights_def` VALUES (351,'Consulter les groupes','user',1,'group_advance','read','r',0);
INSERT INTO `B65362949_rights_def` VALUES (352,'Consulter les permissions des groupes','user',1,'group_advance','readperms','r',0);
INSERT INTO `B65362949_rights_def` VALUES (353,'Creer/modifier les groupes et leurs permissions','user',1,'group_advance','write','w',0);
INSERT INTO `B65362949_rights_def` VALUES (354,'Supprimer ou desactiver les groupes','user',1,'group_advance','delete','d',0);
INSERT INTO `B65362949_rights_def` VALUES (358,'Exporter les utilisateurs','user',1,'user','export','r',0);
INSERT INTO `B65362949_rights_def` VALUES (510,'Read salaries','salaries',1,'read',NULL,'r',0);
INSERT INTO `B65362949_rights_def` VALUES (512,'Create/modify salaries','salaries',1,'write',NULL,'w',0);
INSERT INTO `B65362949_rights_def` VALUES (514,'Delete salaries','salaries',1,'delete',NULL,'d',0);
INSERT INTO `B65362949_rights_def` VALUES (517,'Export salaries','salaries',1,'export',NULL,'r',0);
INSERT INTO `B65362949_rights_def` VALUES (531,'Lire les services','service',1,'lire',NULL,'r',1);
INSERT INTO `B65362949_rights_def` VALUES (532,'Creer/modifier les services','service',1,'creer',NULL,'w',0);
INSERT INTO `B65362949_rights_def` VALUES (534,'Supprimer les services','service',1,'supprimer',NULL,'d',0);
INSERT INTO `B65362949_rights_def` VALUES (538,'Exporter les services','service',1,'export',NULL,'r',0);
INSERT INTO `B65362949_rights_def` VALUES (1101,'Lire les bons de livraison','expedition',1,'livraison','lire','r',1);
INSERT INTO `B65362949_rights_def` VALUES (1102,'Creer modifier les bons de livraison','expedition',1,'livraison','creer','w',0);
INSERT INTO `B65362949_rights_def` VALUES (1104,'Valider les bons de livraison','expedition',1,'livraison','valider','d',0);
INSERT INTO `B65362949_rights_def` VALUES (1109,'Supprimer les bons de livraison','expedition',1,'livraison','supprimer','d',0);
INSERT INTO `B65362949_rights_def` VALUES (1181,'Consulter les fournisseurs','fournisseur',1,'lire',NULL,'r',1);
INSERT INTO `B65362949_rights_def` VALUES (1182,'Consulter les commandes fournisseur','fournisseur',1,'commande','lire','r',1);
INSERT INTO `B65362949_rights_def` VALUES (1183,'Creer une commande fournisseur','fournisseur',1,'commande','creer','w',0);
INSERT INTO `B65362949_rights_def` VALUES (1184,'Valider une commande fournisseur','fournisseur',1,'commande','valider','w',0);
INSERT INTO `B65362949_rights_def` VALUES (1185,'Approuver une commande fournisseur','fournisseur',1,'commande','approuver','w',0);
INSERT INTO `B65362949_rights_def` VALUES (1186,'Commander une commande fournisseur','fournisseur',1,'commande','commander','w',0);
INSERT INTO `B65362949_rights_def` VALUES (1187,'Receptionner une commande fournisseur','fournisseur',1,'commande','receptionner','d',0);
INSERT INTO `B65362949_rights_def` VALUES (1188,'Supprimer une commande fournisseur','fournisseur',1,'commande','supprimer','d',0);
INSERT INTO `B65362949_rights_def` VALUES (1201,'Lire les exports','export',1,'lire',NULL,'r',1);
INSERT INTO `B65362949_rights_def` VALUES (1202,'Creer/modifier un export','export',1,'creer',NULL,'w',0);
INSERT INTO `B65362949_rights_def` VALUES (1231,'Consulter les factures fournisseur','fournisseur',1,'facture','lire','r',1);
INSERT INTO `B65362949_rights_def` VALUES (1232,'Creer une facture fournisseur','fournisseur',1,'facture','creer','w',0);
INSERT INTO `B65362949_rights_def` VALUES (1233,'Valider une facture fournisseur','fournisseur',1,'facture','valider','w',0);
INSERT INTO `B65362949_rights_def` VALUES (1234,'Supprimer une facture fournisseur','fournisseur',1,'facture','supprimer','d',0);
INSERT INTO `B65362949_rights_def` VALUES (1235,'Envoyer les factures par mail','fournisseur',1,'supplier_invoice_advance','send','a',0);
INSERT INTO `B65362949_rights_def` VALUES (1236,'Exporter les factures fournisseurs, attributs et reglements','fournisseur',1,'facture','export','r',0);
INSERT INTO `B65362949_rights_def` VALUES (1237,'Exporter les commande fournisseurs, attributs','fournisseur',1,'commande','export','r',0);
INSERT INTO `B65362949_rights_def` VALUES (1321,'Exporter les factures clients, attributs et reglements','facture',1,'facture','export','r',0);
INSERT INTO `B65362949_rights_def` VALUES (1421,'Exporter les commandes clients et attributs','commande',1,'commande','export','r',0);
INSERT INTO `B65362949_rights_def` VALUES (2401,'Read actions/tasks linked to his account','agenda',1,'myactions','read','r',1);
INSERT INTO `B65362949_rights_def` VALUES (2402,'Create/modify actions/tasks linked to his account','agenda',1,'myactions','create','w',0);
INSERT INTO `B65362949_rights_def` VALUES (2403,'Delete actions/tasks linked to his account','agenda',1,'myactions','delete','w',0);
INSERT INTO `B65362949_rights_def` VALUES (2411,'Read actions/tasks of others','agenda',1,'allactions','read','r',0);
INSERT INTO `B65362949_rights_def` VALUES (2412,'Create/modify actions/tasks of others','agenda',1,'allactions','create','w',0);
INSERT INTO `B65362949_rights_def` VALUES (2413,'Delete actions/tasks of others','agenda',1,'allactions','delete','w',0);
INSERT INTO `B65362949_rights_def` VALUES (2414,'Export actions/tasks of others','agenda',1,'export',NULL,'w',0);
INSERT INTO `B65362949_rights_def` VALUES (2501,'Consulter/Télécharger les documents','ecm',1,'read',NULL,'r',1);
INSERT INTO `B65362949_rights_def` VALUES (2503,'Soumettre ou supprimer des documents','ecm',1,'upload',NULL,'w',1);
INSERT INTO `B65362949_rights_def` VALUES (2515,'Administrer les rubriques de documents','ecm',1,'setup',NULL,'w',1);
INSERT INTO `B65362949_rights_def` VALUES (20001,'Create/modify your own holidays','holiday',1,'write',NULL,'w',1);
INSERT INTO `B65362949_rights_def` VALUES (20002,'Create/modify hollidays for everybody','holiday',1,'write_all',NULL,'w',0);
INSERT INTO `B65362949_rights_def` VALUES (20003,'Delete holidays','holiday',1,'delete',NULL,'w',0);
INSERT INTO `B65362949_rights_def` VALUES (20004,'Setup holidays of users','holiday',1,'define_holiday',NULL,'w',0);
INSERT INTO `B65362949_rights_def` VALUES (20005,'See logs for holidays requests','holiday',1,'view_log',NULL,'w',0);
INSERT INTO `B65362949_rights_def` VALUES (20006,'Read holidays monthly report','holiday',1,'month_report',NULL,'w',0);
INSERT INTO `B65362949_rights_def` VALUES (59001,'Visualiser les marges','margins',1,'liretous',NULL,'r',1);
INSERT INTO `B65362949_rights_def` VALUES (59002,'Définir les marges','margins',1,'creer',NULL,'w',0);




--
-- Table structure for table `B65362949_societe`
--
CREATE TABLE `B65362949_societe` (
  `rowid` int(11) NOT NULL AUTO_INCREMENT,
  `nom` varchar(60) DEFAULT NULL,
  `entity` int(11) NOT NULL DEFAULT '1',
  `ref_ext` varchar(128) DEFAULT NULL,
  `ref_int` varchar(60) DEFAULT NULL,
  `statut` tinyint(4) DEFAULT '0',
  `parent` int(11) DEFAULT NULL,
  `tms` timestamp NOT NULL DEFAULT CURRENT_TIMESTAMP ON UPDATE CURRENT_TIMESTAMP,
  `datec` datetime DEFAULT NULL,
  `status` tinyint(4) DEFAULT '1',
  `code_client` varchar(24) DEFAULT NULL,
  `code_fournisseur` varchar(24) DEFAULT NULL,
  `code_compta` varchar(24) DEFAULT NULL,
  `code_compta_fournisseur` varchar(24) DEFAULT NULL,
  `address` varchar(255) DEFAULT NULL,
  `zip` varchar(25) DEFAULT NULL,
  `town` varchar(50) DEFAULT NULL,
  `fk_departement` int(11) DEFAULT '0',
  `fk_pays` int(11) DEFAULT '0',
  `phone` varchar(20) DEFAULT NULL,
  `fax` varchar(20) DEFAULT NULL,
  `url` varchar(255) DEFAULT NULL,
  `email` varchar(128) DEFAULT NULL,
  `skype` varchar(255) DEFAULT NULL,
  `fk_effectif` int(11) DEFAULT '0',
  `fk_typent` int(11) DEFAULT '0',
  `fk_forme_juridique` int(11) DEFAULT '0',
  `fk_currency` varchar(3) DEFAULT NULL,
  `siren` varchar(128) DEFAULT NULL,
  `siret` varchar(128) DEFAULT NULL,
  `ape` varchar(128) DEFAULT NULL,
  `idprof4` varchar(128) DEFAULT NULL,
  `idprof5` varchar(128) DEFAULT NULL,
  `idprof6` varchar(128) DEFAULT NULL,
  `tva_intra` varchar(20) DEFAULT NULL,
  `capital` double DEFAULT NULL,
  `fk_stcomm` int(11) NOT NULL DEFAULT '0',
  `note_private` text,
  `note_public` text,
  `prefix_comm` varchar(5) DEFAULT NULL,
  `client` tinyint(4) DEFAULT '0',
  `fournisseur` tinyint(4) DEFAULT '0',
  `supplier_account` varchar(32) DEFAULT NULL,
  `fk_prospectlevel` varchar(12) DEFAULT NULL,
  `customer_bad` tinyint(4) DEFAULT '0',
  `customer_rate` double DEFAULT '0',
  `supplier_rate` double DEFAULT '0',
  `fk_user_creat` int(11) DEFAULT NULL,
  `fk_user_modif` int(11) DEFAULT NULL,
  `remise_client` double DEFAULT '0',
  `mode_reglement` tinyint(4) DEFAULT NULL,
  `cond_reglement` tinyint(4) DEFAULT NULL,
  `mode_reglement_supplier` tinyint(4) DEFAULT NULL,
  `cond_reglement_supplier` tinyint(4) DEFAULT NULL,
  `tva_assuj` tinyint(4) DEFAULT '1',
  `localtax1_assuj` tinyint(4) DEFAULT '0',
  `localtax2_assuj` tinyint(4) DEFAULT '0',
  `barcode` varchar(255) DEFAULT NULL,
  `fk_barcode_type` int(11) DEFAULT '0',
  `price_level` int(11) DEFAULT NULL,
  `outstanding_limit` double(24,8) DEFAULT NULL,
  `default_lang` varchar(6) DEFAULT NULL,
  `logo` varchar(255) DEFAULT NULL,
  `canvas` varchar(32) DEFAULT NULL,
  `import_key` varchar(14) DEFAULT NULL,
  PRIMARY KEY (`rowid`),
  UNIQUE KEY `uk_societe_prefix_comm` (`prefix_comm`,`entity`),
  UNIQUE KEY `uk_societe_code_client` (`code_client`,`entity`),
  UNIQUE KEY `uk_societe_code_fournisseur` (`code_fournisseur`,`entity`),
  UNIQUE KEY `uk_societe_barcode` (`barcode`,`fk_barcode_type`,`entity`),
  KEY `idx_societe_user_creat` (`fk_user_creat`),
  KEY `idx_societe_user_modif` (`fk_user_modif`)
) ENGINE=InnoDB AUTO_INCREMENT=197 DEFAULT CHARSET=utf8;

--
-- Dumping data for table `B65362949_societe`
--
INSERT INTO `B65362949_societe` VALUES (1,'Isabel Rodríguez Fernández',1,NULL,NULL,0,NULL,'2015-03-14 00:53:40','2015-03-12 14:17:28',1,'019',NULL,NULL,NULL,'C/. Sant Josep, 59 Baixos','08520','Les Franqueses del Vallés',249,4,938473075,9384924125,'www.azor-serveis.com','azor-serveis@azor-serveis.com',NULL,1,8,NULL,NULL,'52163977T','',8690,'','','','',0,0,NULL,NULL,NULL,1,0,NULL,NULL,0,0,0,3,3,0,3,1,NULL,NULL,1,NULL,NULL,NULL,0,NULL,'500.00000000',NULL,NULL,NULL,NULL);
INSERT INTO `B65362949_societe` VALUES (2,'CSI Partner Spain, S.L.U.',1,NULL,NULL,0,NULL,'2016-12-01 16:25:22','2015-03-14 00:37:52',0,'039',NULL,NULL,NULL,'Av. Diagonal, 514  3º Local 4','08006','Barcelona',249,4,902442050,902442052,'www.csipartner.es','griselda.cami@csipartner.es',NULL,NULL,3,405,NULL,'B63853055','',4651,'','','','',0,0,NULL,NULL,NULL,1,0,NULL,NULL,0,0,0,3,2,0,3,1,NULL,NULL,1,NULL,NULL,NULL,0,NULL,'500.00000000',NULL,NULL,NULL,NULL);
INSERT INTO `B65362949_societe` VALUES (3,'María Barcelona, S.L.',1,NULL,NULL,0,NULL,'2017-05-25 12:44:17','2015-03-14 10:51:15',1,131,NULL,NULL,NULL,'Rambla Catalunya, 135 1º 2ª','08006','Barcelona',249,4,NULL,NULL,'www.mariabarcelona.com','ahuerga@mariabarcelona.com',NULL,NULL,3,405,NULL,'B60659059','','','','','','',0,0,NULL,NULL,NULL,1,0,NULL,NULL,0,0,0,3,3,0,2,1,NULL,NULL,1,NULL,NULL,NULL,0,NULL,'10000.00000000',NULL,NULL,NULL,NULL);
INSERT INTO `B65362949_societe` VALUES (4,'Outservico Informática, S.L.',1,NULL,NULL,0,NULL,'2016-12-01 16:31:06','2015-03-14 19:03:30',0,141,NULL,NULL,NULL,'Calle Tarragona, 149-151, 5ª planta','08015','Barcelona',249,4,NULL,NULL,'www.outservico.net','j.lizana@outservico.net',NULL,NULL,3,405,NULL,'B61717088','','','','','','',0,0,NULL,NULL,NULL,1,0,NULL,NULL,0,0,0,3,2,0,NULL,NULL,NULL,NULL,1,NULL,NULL,NULL,0,NULL,'500.00000000',NULL,NULL,NULL,NULL);
INSERT INTO `B65362949_societe` VALUES (5,'Supremo Coffee Systems, S.L.',1,NULL,NULL,0,NULL,'2017-10-03 11:31:26','2015-03-14 19:26:52',1,'061',NULL,NULL,NULL,'Santa Margarida de Boada Vell, 21','08184','Palau-Solità i Plegamans',249,4,NULL,NULL,'www.supremocs.es','administracion@supremocs.es',NULL,NULL,3,405,NULL,'B65787921','','','','','','',0,0,NULL,NULL,NULL,1,0,NULL,NULL,0,0,0,3,3,0,2,1,NULL,NULL,1,NULL,NULL,NULL,0,NULL,'500.00000000',NULL,NULL,NULL,NULL);
INSERT INTO `B65362949_societe` VALUES (6,'ARTEMI NOLLA GRUP GESTIÓ DE RESTAURANTS, S.L.',1,NULL,NULL,0,NULL,'2015-03-14 23:32:59','2015-03-14 19:50:11',1,'020',NULL,NULL,NULL,'C/ Diputació, 273, Pral.','08007','Barcelona',249,4,934677020,934677045,'www.angrup.com','mllop@angrup.com',NULL,NULL,3,405,NULL,'B62840673','','','','','','',0,0,NULL,NULL,NULL,1,0,NULL,NULL,0,0,0,3,3,0,2,4,NULL,NULL,1,NULL,0,NULL,0,NULL,'500.00000000',NULL,NULL,NULL,NULL);
INSERT INTO `B65362949_societe` VALUES (7,'EDICIONES Y ESTUDIOS S.L.',1,NULL,NULL,0,NULL,'2016-12-01 16:28:45','2015-03-14 20:09:51',0,'052',NULL,NULL,NULL,'C/ Enrique Larreta, 5-1ª',28036,'Madrid',269,4,NULL,NULL,'www.edicionesyestudios.com','jmurraca@edicionesyestudios.com',NULL,NULL,3,405,NULL,'B28921195','','','','','','',0,0,NULL,NULL,NULL,1,0,NULL,NULL,0,0,0,3,2,0,7,1,NULL,NULL,1,NULL,NULL,NULL,0,NULL,'500.00000000',NULL,NULL,NULL,NULL);
INSERT INTO `B65362949_societe` VALUES (8,'Kawasaki Motors Europe NV',1,NULL,NULL,0,NULL,'2015-03-14 23:33:54','2015-03-14 20:17:58',1,'036',NULL,NULL,NULL,'José Agustín Goytisolo 29 -31','08908','Hospitalet de Llobregat',249,4,NULL,NULL,'www.kawasaki.es','l.ensenyat@kawasaki.es',NULL,NULL,2,NULL,NULL,'W0032780I','','','','','','',0,0,NULL,NULL,NULL,1,0,NULL,NULL,0,0,0,3,3,0,2,2,NULL,NULL,1,NULL,0,NULL,0,NULL,'1500.00000000',NULL,NULL,NULL,NULL);
INSERT INTO `B65362949_societe` VALUES (9,'BRILLIANT IBÉRICA, S.L.',1,NULL,NULL,0,NULL,'2015-03-14 23:34:33','2015-03-14 21:00:02',1,'029',NULL,NULL,NULL,'Av. Castilla, 1, Centro Empresarial Best Point',28830,'Madrid',269,4,NULL,NULL,NULL,'robertoperez@icam.es',NULL,NULL,3,405,NULL,'B59147629','','','','','','',0,0,NULL,NULL,NULL,1,0,NULL,NULL,0,0,0,3,3,0,2,1,NULL,NULL,1,NULL,0,NULL,0,NULL,'500.00000000',NULL,NULL,NULL,NULL);
INSERT INTO `B65362949_societe` VALUES (10,'everis BPO S.L.',1,NULL,NULL,0,NULL,'2016-10-31 17:55:31','2015-03-14 21:22:36',1,122,NULL,NULL,NULL,'Avda Diagonal, 605','08028','Barcelona',249,4,917491010,NULL,NULL,'spain.supplier.invoices@everis.com',NULL,NULL,2,405,NULL,'B91251082','','','','','','',0,0,NULL,NULL,NULL,1,0,NULL,NULL,0,0,0,3,3,0,2,4,NULL,NULL,1,NULL,NULL,NULL,0,NULL,'10000.00000000',NULL,NULL,NULL,NULL);
INSERT INTO `B65362949_societe` VALUES (11,'PQD Análisis',1,NULL,NULL,0,NULL,'2016-02-02 14:28:02','2015-03-14 22:35:52',1,'099',NULL,NULL,NULL,'C/ Ulises 108, 2ª Planta',28043,'Madrid',269,4,NULL,NULL,NULL,'rgranados@pqd.es',NULL,NULL,3,405,NULL,'B85769099','','','','','','',0,0,NULL,NULL,NULL,1,0,NULL,NULL,0,0,0,3,3,0,2,1,NULL,NULL,1,NULL,NULL,NULL,0,NULL,'1000.00000000',NULL,NULL,NULL,NULL);
INSERT INTO `B65362949_societe` VALUES (12,'DIPTEC CONSULTORS, S.L.',1,NULL,NULL,0,NULL,'2015-03-14 23:35:48','2015-03-14 22:57:33',1,119,NULL,NULL,NULL,'C/GRAN VIA DE CARLOS III, 33-35 Entlo.2','08028','Barcelona',249,4,NULL,NULL,NULL,'miquel.roso@diptec.es',NULL,NULL,3,405,NULL,'B66174194','','','','','','',0,0,NULL,NULL,NULL,1,0,NULL,NULL,0,0,0,3,3,0,3,1,NULL,NULL,1,NULL,0,NULL,0,NULL,'500.00000000',NULL,NULL,NULL,NULL);
INSERT INTO `B65362949_societe` VALUES (13,'TIC AND TAG CONSULTORIA, S.L.',1,NULL,NULL,0,NULL,'2015-03-14 23:45:10','2015-03-14 23:44:52',1,NULL,NULL,NULL,NULL,'C/. Londres, 37 5º','08029','Barcelona',249,4,NULL,NULL,NULL,'xlopez@tic-tag.es',NULL,NULL,3,405,NULL,'B65932469','','','','','','',0,0,NULL,NULL,NULL,0,1,NULL,NULL,0,0,0,3,3,0,NULL,NULL,2,1,1,NULL,0,NULL,0,NULL,NULL,NULL,NULL,NULL,NULL);
INSERT INTO `B65362949_societe` VALUES (14,'ALES BOIRES Serveis Informàtics, S.C.P.',1,NULL,NULL,0,NULL,'2015-03-16 16:36:39','2015-03-15 16:24:21',1,NULL,NULL,NULL,NULL,'C/ Espigol, 1','08192','Sant Quirze del Vallés',249,4,937214361,NULL,NULL,NULL,NULL,NULL,3,403,NULL,'J65502718','','','','','','',0,0,NULL,NULL,NULL,0,1,NULL,NULL,0,0,0,3,3,0,NULL,NULL,2,1,1,NULL,1,NULL,0,NULL,NULL,NULL,NULL,NULL,NULL);
INSERT INTO `B65362949_societe` VALUES (15,'Telefónica de España, S.A.U.',1,NULL,NULL,0,NULL,'2015-03-16 16:36:22','2015-03-16 16:36:14',1,NULL,NULL,NULL,NULL,'Gran Vía, 20',28013,'Madrid',269,4,NULL,NULL,NULL,NULL,NULL,NULL,2,406,NULL,'A82018474','','','','','','',0,0,NULL,NULL,NULL,0,1,NULL,NULL,0,0,0,3,3,0,NULL,NULL,3,1,1,NULL,0,NULL,0,NULL,NULL,NULL,NULL,NULL,NULL);
INSERT INTO `B65362949_societe` VALUES (16,'Orange Spagne, S.A.U.',1,NULL,NULL,0,NULL,'2015-03-16 18:03:04','2015-03-16 18:03:02',1,NULL,NULL,NULL,NULL,'Paseo del Club Deportivo, 1 Edif. 8
\nParque Emp. La Finca',28223,'Pozuelo de Alarcón',269,4,NULL,NULL,NULL,NULL,NULL,NULL,2,406,NULL,'A82009812','','','','','','',0,0,NULL,NULL,NULL,0,1,NULL,NULL,0,0,0,3,3,0,NULL,NULL,3,1,1,NULL,0,NULL,0,NULL,NULL,NULL,NULL,NULL,NULL);
INSERT INTO `B65362949_societe` VALUES (17,'Rhenus Shipping S.L',1,NULL,NULL,0,NULL,'2015-03-17 10:56:27','2015-03-17 10:56:26',1,NULL,NULL,NULL,NULL,'C/ Llull 321','08019','Barcelona',249,4,NULL,NULL,NULL,NULL,NULL,NULL,3,405,NULL,'B65803876','','','','','','',0,0,NULL,NULL,NULL,0,1,NULL,NULL,0,0,0,3,3,0,NULL,NULL,2,1,1,NULL,0,NULL,0,NULL,NULL,NULL,NULL,NULL,NULL);
INSERT INTO `B65362949_societe` VALUES (18,'CINC BUSINESS CENTER, S.L.',1,NULL,NULL,0,NULL,'2015-08-20 09:28:40','2015-03-17 11:08:03',1,NULL,NULL,NULL,NULL,'C/ Llull, 321','08019','Barcelona',249,4,933030060,933030080,'www.cinc.es','enric.urreta@cinc.es',NULL,3,3,405,NULL,'B17912833','','','','','','',0,0,NULL,NULL,NULL,1,1,NULL,NULL,0,0,0,3,3,0,NULL,NULL,2,1,1,NULL,0,NULL,0,NULL,NULL,NULL,NULL,NULL,NULL);
INSERT INTO `B65362949_societe` VALUES (19,'Viva Aqua Service Spain, S.A.',1,NULL,NULL,0,NULL,'2015-03-17 11:20:39','2015-03-17 11:20:37',1,NULL,NULL,NULL,NULL,'Calle Brosquill, S/N
\nPol. Ind. Nº 7',46540,'El Puig',287,4,638937361,NULL,NULL,'juan.canumil@viva-aquaservice.com',NULL,NULL,3,406,NULL,'A41810920','','','','','','',0,0,NULL,NULL,NULL,0,1,NULL,NULL,0,0,0,3,3,0,NULL,NULL,3,1,1,NULL,0,NULL,0,NULL,NULL,NULL,NULL,NULL,NULL);
INSERT INTO `B65362949_societe` VALUES (20,'Sociedad Estatal Correos y Telégrafos, S.A.',1,NULL,NULL,0,NULL,'2015-03-17 11:27:58','2015-03-17 11:27:55',1,NULL,NULL,NULL,NULL,'Vía Dublín, 7',28042,'Madrid',269,4,NULL,NULL,NULL,NULL,NULL,NULL,2,406,NULL,'A83052407','','','','','','',0,0,NULL,NULL,NULL,0,1,NULL,NULL,0,0,0,3,3,0,NULL,NULL,4,1,1,NULL,0,NULL,0,NULL,NULL,NULL,NULL,NULL,NULL);
INSERT INTO `B65362949_societe` VALUES (21,'DINTIC NET WORKERS, S.L.',1,NULL,NULL,0,NULL,'2015-03-17 11:39:03','2015-03-17 11:39:05',1,NULL,NULL,NULL,NULL,'Arenys 39 Bustia 14
\nUrb. Can Massuet','08319','Dosrius',249,4,625324133,NULL,'www.dintic.es','dintic@dintic.es',NULL,NULL,3,405,NULL,'B65905770','','','','','','',0,0,NULL,NULL,NULL,0,1,NULL,NULL,0,0,0,3,3,0,NULL,NULL,2,1,1,NULL,0,NULL,0,NULL,NULL,NULL,NULL,NULL,NULL);
INSERT INTO `B65362949_societe` VALUES (22,'SEREMCA CONSULTING,S.L.U.',1,NULL,NULL,0,NULL,'2015-03-17 11:58:01','2015-03-17 11:58:04',1,NULL,NULL,NULL,NULL,'AV. MARE DE DEU DE MONTSERRAT 249, ENT.3ª','08041','Barcelona',249,4,934560421,934551064,NULL,'oficina@seremca.com',NULL,NULL,3,405,NULL,'B65063638','','','','','','',0,0,NULL,NULL,NULL,0,1,NULL,NULL,0,0,0,3,3,0,NULL,NULL,3,1,1,NULL,0,NULL,0,NULL,NULL,NULL,NULL,NULL,NULL);
INSERT INTO `B65362949_societe` VALUES (23,'Llavaneras Marítimas, SL',1,NULL,NULL,0,NULL,'2015-03-17 12:31:54','2015-03-17 12:31:54',1,NULL,NULL,NULL,NULL,'Córcega, 299','08008','Barcelona',249,4,NULL,NULL,NULL,NULL,NULL,NULL,3,405,NULL,'B08429573','','','','','','',0,0,NULL,NULL,NULL,0,1,NULL,NULL,0,0,0,3,3,0,NULL,NULL,4,1,1,NULL,0,NULL,0,NULL,NULL,NULL,NULL,NULL,NULL);
INSERT INTO `B65362949_societe` VALUES (24,'Material Informático - Varios',1,NULL,NULL,0,NULL,'2015-03-17 12:39:38','2015-03-17 12:39:29',1,NULL,NULL,NULL,NULL,'',NULL,NULL,0,4,NULL,NULL,NULL,NULL,NULL,NULL,0,NULL,NULL,'','','','','','','',0,0,NULL,NULL,NULL,0,1,NULL,NULL,0,0,0,3,3,0,NULL,NULL,6,1,1,NULL,0,NULL,0,NULL,NULL,NULL,NULL,NULL,NULL);
INSERT INTO `B65362949_societe` VALUES (25,'EMBUTIDOS Y JAMONES DIAZ S.L.',1,NULL,NULL,0,NULL,'2015-03-18 18:09:34','2015-03-17 16:51:02',1,124,NULL,NULL,NULL,'C/ LLUVIA Nº 21',28918,'LEGANÉS',269,4,NULL,NULL,'www.jamonesyembutidosdiaz.com','info@jamonesyembutidosdiaz.com',NULL,NULL,3,405,NULL,'B83860064','','','','','','',0,0,NULL,NULL,NULL,1,0,NULL,NULL,0,0,0,3,3,0,3,1,NULL,NULL,1,NULL,0,NULL,0,NULL,NULL,NULL,NULL,NULL,NULL);
INSERT INTO `B65362949_societe` VALUES (26,'TENYCOL, S.L.',1,NULL,NULL,0,NULL,'2016-03-07 11:35:40','2015-03-17 17:53:32',1,142,NULL,NULL,NULL,'C/ Pisuerga, 33
\nPol. Ind Sta Margarita','08223','Terrassa',249,4,NULL,NULL,NULL,'tonibeltran@tenycol.com',NULL,NULL,3,405,NULL,'B08264806','','','','','','',0,0,NULL,NULL,NULL,1,0,NULL,NULL,0,0,0,3,3,0,3,1,NULL,NULL,1,NULL,NULL,NULL,0,NULL,NULL,NULL,NULL,NULL,NULL);
INSERT INTO `B65362949_societe` VALUES (27,'CHATARRAS R. GARCIA, S.A.U.',1,NULL,NULL,0,NULL,'2017-04-27 14:00:26','2015-03-17 18:20:58',1,'025',NULL,NULL,NULL,'AV. VERGE DE MONTSERRAT, 10','08820','El Prat de Llobregat',249,4,NULL,NULL,'www.chargsa.com','ana@chargsa.com',NULL,3,3,406,NULL,'A58372525','','','','','','',0,0,NULL,NULL,NULL,1,0,NULL,NULL,0,0,0,3,3,0,2,1,NULL,NULL,1,NULL,NULL,NULL,0,NULL,'500.00000000',NULL,NULL,NULL,NULL);
INSERT INTO `B65362949_societe` VALUES (28,'Asesores Titulados S.A.',1,NULL,NULL,0,NULL,'2016-12-01 16:21:03','2015-03-17 18:37:07',0,132,NULL,NULL,NULL,'C/ Trópico nº 6,
\nPol.Ind. Las Monjas
\nEdificio ATISA',28850,'Torrejón de Ardoz',269,4,NULL,NULL,'www.atisa.es','m.monforte@atisa.es',NULL,NULL,3,406,NULL,'A28713667','','','','','','',0,0,NULL,NULL,NULL,1,0,NULL,NULL,0,0,0,3,2,0,2,1,NULL,NULL,1,NULL,NULL,NULL,0,NULL,NULL,NULL,NULL,NULL,NULL);
INSERT INTO `B65362949_societe` VALUES (29,'PC Componentes y Multimedia, S.L.',1,NULL,NULL,0,NULL,'2015-03-18 15:19:33','2015-03-18 15:19:31',1,NULL,NULL,NULL,NULL,'Avda Europa, 2-3
\nPol.Ind. Las Salinas',30840,'Alhama de Murcia',269,4,NULL,NULL,NULL,NULL,NULL,NULL,3,405,NULL,'B73347494','','','','','','',0,0,NULL,NULL,NULL,0,1,NULL,NULL,0,0,0,3,3,0,NULL,NULL,6,1,1,NULL,0,NULL,0,NULL,NULL,NULL,NULL,NULL,NULL);
INSERT INTO `B65362949_societe` VALUES (30,'SOLRED, S.A.',1,NULL,NULL,0,NULL,'2015-03-18 16:43:05','2015-03-18 16:41:37',1,NULL,NULL,NULL,NULL,'Méndez Álvaro, 44',28045,'MADRID',269,4,NULL,NULL,NULL,NULL,NULL,NULL,2,406,NULL,'A79707345','','','','','','',0,0,NULL,NULL,NULL,0,1,NULL,NULL,0,0,0,3,3,0,NULL,NULL,NULL,NULL,1,NULL,0,NULL,0,NULL,NULL,NULL,NULL,NULL,NULL);
INSERT INTO `B65362949_societe` VALUES (31,'HOTEL GRILL ALCALA DE HENARES, S.L.',1,NULL,NULL,0,NULL,'2015-03-18 17:17:19','2015-03-18 17:13:39',1,NULL,NULL,NULL,NULL,'Calle Fausto Elhuyar, 3',28806,'Alcalá de Henares',269,4,918025612,918029741,NULL,'madrid.alcala@campanile.com',NULL,NULL,2,405,NULL,'B62949763','','','','','','',0,0,NULL,NULL,NULL,0,1,NULL,NULL,0,0,0,3,3,0,NULL,NULL,6,1,1,NULL,0,NULL,0,NULL,NULL,NULL,NULL,NULL,NULL);
INSERT INTO `B65362949_societe` VALUES (34,'Sandra Tormo Britapaja',1,NULL,NULL,0,NULL,'2015-03-27 17:12:05','2015-03-27 17:08:59',1,NULL,NULL,NULL,NULL,'Avda. Fabregada 62 Atico 1º','08901','Hospitalet de Llobregat',249,4,650636553,NULL,NULL,'sandra.tormo@addapta.com',NULL,1,8,401,NULL,'47611935A','','','','','','',0,0,NULL,NULL,NULL,0,1,NULL,NULL,0,0,0,3,3,0,NULL,NULL,2,1,1,NULL,1,NULL,0,NULL,NULL,NULL,NULL,NULL,NULL);
INSERT INTO `B65362949_societe` VALUES (35,'Egregia Activos, SL',1,NULL,NULL,0,NULL,'2017-03-02 12:13:01','2015-04-07 13:13:42',1,133,NULL,NULL,NULL,'Aragón, 383 P.9','08013','Barcelona',249,4,NULL,NULL,NULL,'elisa.luque@egregia.net',NULL,NULL,3,405,NULL,'B66025271','','','','','','',0,0,NULL,NULL,NULL,1,0,NULL,NULL,0,0,0,3,3,0,3,1,NULL,NULL,1,NULL,NULL,NULL,0,NULL,NULL,NULL,NULL,NULL,NULL);
INSERT INTO `B65362949_societe` VALUES (36,'Motorlife Comunicación S.L.',1,NULL,NULL,0,NULL,'2016-12-01 16:21:53','2015-04-10 11:04:08',0,94,NULL,NULL,NULL,'Ctra. Fuencarral a Alcobendas, 44 Edif. 6 loft L37',28110,'ALGETE',269,4,NULL,NULL,NULL,'msant@motorlife.es',NULL,NULL,3,405,NULL,'B85773836','','','','','','',0,0,NULL,NULL,NULL,1,0,NULL,NULL,0,0,0,2,2,0,NULL,NULL,NULL,NULL,1,NULL,NULL,NULL,0,NULL,NULL,NULL,NULL,NULL,NULL);
INSERT INTO `B65362949_societe` VALUES (37,'Divendis Consulting, SL',1,NULL,NULL,0,NULL,'2015-04-13 13:51:51','2015-04-13 13:35:48',1,NULL,NULL,NULL,NULL,'Calle Hort de la Vila, 43, 2º 2ª','08017','Barcelona',249,4,NULL,NULL,NULL,NULL,NULL,NULL,3,405,NULL,'B65470254','','','','','','',0,0,NULL,NULL,NULL,0,1,NULL,NULL,0,0,0,3,3,0,NULL,NULL,NULL,NULL,1,NULL,0,NULL,0,NULL,NULL,NULL,NULL,NULL,NULL);
INSERT INTO `B65362949_societe` VALUES (38,'Aisnet-IT, SL',1,NULL,NULL,0,NULL,'2015-04-13 13:39:31','2015-04-13 13:39:36',1,NULL,NULL,NULL,NULL,'C/ Catalunya, 1B 2-1','08740','Sant Andreu de la Barca',249,4,NULL,NULL,NULL,NULL,NULL,NULL,3,405,NULL,'B64459910','','','','','','',0,0,NULL,NULL,NULL,0,1,NULL,NULL,0,0,0,3,3,0,NULL,NULL,NULL,NULL,1,NULL,0,NULL,0,NULL,NULL,NULL,NULL,NULL,NULL);
INSERT INTO `B65362949_societe` VALUES (39,'ABAST SOLUTIONS, S.A.',1,NULL,NULL,0,NULL,'2015-04-13 14:14:35','2015-04-13 14:12:38',1,NULL,NULL,NULL,NULL,'Avda. Francesc Cambó, 127','08003','Barcelona',249,4,NULL,NULL,NULL,NULL,NULL,NULL,3,406,NULL,'A59104612','','','','','','',0,0,NULL,NULL,NULL,0,1,NULL,NULL,0,0,0,3,3,0,NULL,NULL,NULL,NULL,1,NULL,0,NULL,0,NULL,NULL,NULL,NULL,NULL,NULL);
INSERT INTO `B65362949_societe` VALUES (40,'Ekipolis, SL',1,NULL,NULL,0,NULL,'2015-04-13 14:23:03','2015-04-13 14:22:29',1,NULL,NULL,NULL,NULL,'C/ Dr Fleming, 94','08440','Cardedeu',249,4,NULL,NULL,NULL,NULL,NULL,NULL,3,405,NULL,'B63975080','','','','','','',0,0,NULL,NULL,NULL,0,1,NULL,NULL,0,0,0,3,3,0,NULL,NULL,NULL,NULL,1,NULL,0,NULL,0,NULL,NULL,NULL,NULL,NULL,NULL);
INSERT INTO `B65362949_societe` VALUES (41,'Verus Marketing, SL',1,NULL,NULL,0,NULL,'2015-04-13 14:32:29','2015-04-13 14:32:34',1,NULL,NULL,NULL,NULL,'C/ Llull, 321','08019','Barcelona',249,4,NULL,NULL,NULL,NULL,NULL,NULL,3,405,NULL,'B83459719','','','','','','',0,0,NULL,NULL,NULL,0,1,NULL,NULL,0,0,0,3,3,0,NULL,NULL,NULL,NULL,1,NULL,0,NULL,0,NULL,NULL,NULL,NULL,NULL,NULL);
INSERT INTO `B65362949_societe` VALUES (42,'Memory Power, SA',1,NULL,NULL,0,NULL,'2015-04-13 16:32:29','2015-04-13 16:31:00',1,NULL,NULL,NULL,NULL,'Cronos, 63',28037,'Madrid',269,4,NULL,NULL,NULL,NULL,NULL,NULL,3,406,NULL,'A81570848','','','','','','',0,0,NULL,NULL,NULL,0,1,NULL,NULL,0,0,0,3,3,0,NULL,NULL,4,1,1,NULL,0,NULL,0,NULL,NULL,NULL,NULL,NULL,NULL);
INSERT INTO `B65362949_societe` VALUES (43,'Equifasa, SA',1,NULL,NULL,0,NULL,'2015-04-13 16:38:32','2015-04-13 16:38:37',1,NULL,NULL,NULL,NULL,'B. San Agustín, S/N',48230,'El Orrio',289,4,NULL,NULL,NULL,NULL,NULL,NULL,2,406,NULL,'A20372306','','','','','','',0,0,NULL,NULL,NULL,0,1,NULL,NULL,0,0,0,3,3,0,NULL,NULL,NULL,NULL,1,NULL,0,NULL,0,NULL,NULL,NULL,NULL,NULL,NULL);
INSERT INTO `B65362949_societe` VALUES (44,'PC Worshop, SL',1,NULL,NULL,0,NULL,'2015-04-13 16:52:45','2015-04-13 16:47:14',1,NULL,NULL,NULL,NULL,'Raurich, 2',NULL,'Sant Boi de Llobregat',249,4,NULL,NULL,NULL,NULL,NULL,NULL,0,NULL,NULL,'B64014793','','','','','','',0,0,NULL,NULL,NULL,0,1,NULL,NULL,0,0,0,3,3,0,NULL,NULL,4,1,1,NULL,0,NULL,0,NULL,NULL,NULL,NULL,NULL,NULL);
INSERT INTO `B65362949_societe` VALUES (45,'DN Electronic 2002, SL',1,NULL,NULL,0,NULL,'2015-04-13 17:28:39','2015-04-13 17:28:18',1,NULL,NULL,NULL,NULL,'Av. Pau Claris, 11','08760','Martorell',249,4,NULL,NULL,NULL,NULL,NULL,NULL,3,405,NULL,'B61947453','','','','','','',0,0,NULL,NULL,NULL,0,1,NULL,NULL,0,0,0,3,3,0,NULL,NULL,4,1,1,NULL,0,NULL,0,NULL,NULL,NULL,NULL,NULL,NULL);
INSERT INTO `B65362949_societe` VALUES (46,'IAM Consultores, SL',1,NULL,NULL,0,NULL,'2015-04-13 17:35:32','2015-04-13 17:35:27',1,NULL,NULL,NULL,NULL,'Abat Oliva, 1','08700','Igualada',249,4,NULL,NULL,NULL,NULL,NULL,NULL,3,405,NULL,'B63451827','','','','','','',0,0,NULL,NULL,NULL,0,1,NULL,NULL,0,0,0,3,3,0,NULL,NULL,4,1,1,NULL,0,NULL,0,NULL,NULL,NULL,NULL,NULL,NULL);
INSERT INTO `B65362949_societe` VALUES (47,'Sibaix Computers, SL',1,NULL,NULL,0,NULL,'2016-04-13 17:57:24','2015-04-13 17:51:09',1,NULL,NULL,NULL,NULL,'Av. Congost, 4','08760','Martorell',249,4,NULL,NULL,NULL,NULL,NULL,NULL,3,405,NULL,'B61180899','','','','','','',0,0,NULL,NULL,NULL,0,1,NULL,NULL,0,0,0,3,3,0,NULL,NULL,4,1,1,NULL,0,NULL,0,NULL,NULL,NULL,NULL,NULL,NULL);
INSERT INTO `B65362949_societe` VALUES (48,'Dreissig, SL',1,NULL,NULL,0,NULL,'2015-04-13 18:00:26','2015-04-13 17:59:34',1,NULL,NULL,NULL,NULL,'Llull, 321','08019','Barcelona',249,4,NULL,NULL,NULL,NULL,NULL,NULL,3,405,NULL,'B62841804','','','','','','',0,0,NULL,NULL,NULL,0,1,NULL,NULL,0,0,0,3,3,0,NULL,NULL,4,1,1,NULL,0,NULL,0,NULL,NULL,NULL,NULL,NULL,NULL);
INSERT INTO `B65362949_societe` VALUES (49,'Komkal',1,NULL,NULL,0,NULL,'2015-04-16 17:17:17','2015-04-16 17:17:29',1,NULL,NULL,NULL,NULL,'Pere IV, 405-411',NULL,'Barcelona',249,4,NULL,NULL,NULL,NULL,NULL,NULL,3,406,NULL,'','','','','','','',0,0,NULL,NULL,NULL,0,1,NULL,NULL,0,0,0,3,3,0,NULL,NULL,NULL,NULL,1,NULL,0,NULL,0,NULL,NULL,NULL,NULL,NULL,NULL);
INSERT INTO `B65362949_societe` VALUES (50,'BanSabadell Renting, SL',1,NULL,NULL,0,NULL,'2015-04-17 12:28:56','2015-04-17 12:29:11',1,NULL,NULL,NULL,NULL,'Parque de A.E. Can Sant Joan
\nCalle Sena, 12','08017','Sant Cugat del Vallés',249,4,NULL,NULL,NULL,NULL,NULL,NULL,2,405,NULL,'B60854932','','','','','','',0,0,NULL,NULL,NULL,0,1,NULL,NULL,0,0,0,3,3,0,NULL,NULL,NULL,NULL,1,NULL,0,NULL,0,NULL,NULL,NULL,NULL,NULL,NULL);
INSERT INTO `B65362949_societe` VALUES (51,'PARLEM TELECOM CIA. DE TELEC., S.L.',1,NULL,NULL,0,NULL,'2015-07-16 18:39:02','2015-05-05 14:19:40',1,'0143',NULL,NULL,NULL,'C/ Alaba 61, 5º','08005','Barcelona',249,4,NULL,NULL,'www.parlem.com','emercader@parlem.com',NULL,NULL,3,405,NULL,'B65851446','','','','','','',0,0,NULL,NULL,NULL,1,0,NULL,NULL,0,0,0,3,3,0,2,2,NULL,NULL,1,NULL,NULL,NULL,0,NULL,NULL,NULL,NULL,NULL,NULL);
INSERT INTO `B65362949_societe` VALUES (52,'Rubes Editorial S.L.',1,NULL,NULL,0,NULL,'2016-12-01 16:23:14','2015-05-13 13:42:35',0,80,NULL,NULL,NULL,'Girona 36, local','08010','Barcelona',249,4,NULL,NULL,NULL,'gerencia@rubes.es',NULL,NULL,0,NULL,NULL,'B60478351','','','','','','',0,0,NULL,NULL,NULL,1,0,NULL,NULL,0,0,0,2,2,0,NULL,NULL,NULL,NULL,1,NULL,NULL,NULL,0,NULL,NULL,NULL,NULL,NULL,NULL);
INSERT INTO `B65362949_societe` VALUES (53,'Desarrollos Informáticos Diusframi S.L',1,NULL,NULL,0,NULL,'2015-06-02 10:22:13','2015-05-14 15:16:39',1,144,NULL,NULL,NULL,'Rufino González, 32',28037,'Madrid',269,4,NULL,NULL,NULL,'forte@did.grupodiusframi.com',NULL,NULL,2,405,NULL,'B85612950','','','','','','',0,0,NULL,NULL,NULL,1,0,NULL,NULL,0,0,0,2,2,0,NULL,NULL,NULL,NULL,1,NULL,NULL,NULL,0,NULL,NULL,NULL,NULL,NULL,NULL);
INSERT INTO `B65362949_societe` VALUES (54,'Magatzem d\'Idees, SL',1,NULL,NULL,0,NULL,'2015-05-26 18:33:03','2015-05-17 11:40:59',1,121,NULL,NULL,NULL,'Ramon Turró, 203 1P','08005','Barcelona',249,4,NULL,NULL,NULL,'admin@mdi-co.eu',NULL,NULL,3,405,NULL,'B60695251','','','','','','',0,0,NULL,NULL,NULL,1,0,NULL,NULL,0,0,0,2,3,0,NULL,NULL,NULL,NULL,1,NULL,NULL,NULL,0,NULL,NULL,NULL,NULL,NULL,NULL);
INSERT INTO `B65362949_societe` VALUES (55,'Sinergia LEDs S.L.',1,NULL,NULL,0,NULL,'2016-12-01 17:21:24','2015-06-29 10:16:23',0,NULL,NULL,NULL,NULL,'Ronda Guinardó 62 Bajo 2 08025-Barcelona','08025','Barcelona',249,4,615150408,NULL,NULL,'administracion@sinergialeds.com',NULL,NULL,3,405,NULL,'B66432329','','','','','','',0,0,NULL,NULL,NULL,1,0,NULL,NULL,0,0,0,2,2,0,2,1,NULL,NULL,1,NULL,NULL,NULL,0,NULL,NULL,NULL,NULL,NULL,NULL);
INSERT INTO `B65362949_societe` VALUES (56,'Dental Mayca S.L.',1,NULL,NULL,0,NULL,'2015-06-30 12:27:20','2015-06-30 12:29:53',1,NULL,NULL,NULL,NULL,'Camarena, 101',28047,'Madrid',269,4,915099191,NULL,NULL,'manuelgg1979@gmail.com',NULL,NULL,3,405,NULL,'B80944291','','','','','','',0,0,NULL,NULL,NULL,1,0,NULL,NULL,0,0,0,3,3,0,3,1,NULL,NULL,1,NULL,0,NULL,0,NULL,NULL,NULL,NULL,NULL,NULL);
INSERT INTO `B65362949_societe` VALUES (57,'Media Markt  Diagonal Mar',1,NULL,NULL,0,NULL,'2015-07-14 14:09:22','2015-07-14 14:13:26',1,NULL,NULL,NULL,NULL,'CC Diagonal Mar','08019','Barcelona',249,4,NULL,NULL,NULL,NULL,NULL,NULL,2,406,NULL,'A63736284','','','','','','',0,0,NULL,NULL,NULL,0,1,NULL,NULL,0,0,0,3,3,0,NULL,NULL,NULL,NULL,1,NULL,0,NULL,0,NULL,NULL,NULL,NULL,NULL,NULL);
INSERT INTO `B65362949_societe` VALUES (58,'Serviaragon, SA',1,NULL,NULL,0,NULL,'2015-07-14 14:26:10','2015-07-14 14:30:14',1,NULL,NULL,NULL,NULL,'ES El Sisallar
\nCN240 PK 129',22500,'Binefar',263,4,NULL,NULL,NULL,NULL,NULL,NULL,2,406,NULL,'A50377738','','','','','','',0,0,NULL,NULL,NULL,0,1,NULL,NULL,0,0,0,3,3,0,NULL,NULL,NULL,NULL,1,NULL,0,NULL,0,NULL,NULL,NULL,NULL,NULL,NULL);
INSERT INTO `B65362949_societe` VALUES (59,'Repsol Comercial de Productos Petrolíferos, SA',1,NULL,NULL,0,NULL,'2015-07-14 14:33:49','2015-07-14 14:35:37',1,NULL,NULL,NULL,NULL,'Méndez Álvaro, 44',28045,'MADRID',269,4,NULL,NULL,NULL,NULL,NULL,NULL,2,406,NULL,'A80298839','','','','','','',0,0,NULL,NULL,NULL,0,1,NULL,NULL,0,0,0,3,3,0,NULL,NULL,NULL,NULL,1,NULL,0,NULL,0,NULL,NULL,NULL,NULL,NULL,NULL);
INSERT INTO `B65362949_societe` VALUES (60,'Qloudea - Informática Serrano Mas, SL - Fashion PC\'s',1,NULL,NULL,0,NULL,'2016-12-23 12:02:54','2015-07-14 15:54:52',1,NULL,NULL,NULL,NULL,'Hilarión Eslava, 178','03204','Elx',244,4,NULL,NULL,NULL,NULL,NULL,NULL,3,405,NULL,'B53947149','','','','','','',0,0,NULL,NULL,NULL,0,1,NULL,NULL,0,0,0,3,3,0,NULL,NULL,NULL,NULL,1,NULL,0,NULL,0,NULL,NULL,NULL,NULL,NULL,NULL);
INSERT INTO `B65362949_societe` VALUES (61,'Serrano - Rodríguez, SCP',1,NULL,NULL,0,NULL,'2015-07-14 16:03:39','2015-07-14 16:07:42',1,NULL,NULL,NULL,NULL,'Plomo, 10-12','08038','Barcelona',249,4,NULL,NULL,NULL,NULL,NULL,NULL,3,404,NULL,'J60240116','','','','','','',0,0,NULL,NULL,NULL,0,1,NULL,NULL,0,0,0,3,3,0,NULL,NULL,NULL,NULL,1,NULL,0,NULL,0,NULL,NULL,NULL,NULL,NULL,NULL);
INSERT INTO `B65362949_societe` VALUES (62,'CONSORCIO REGIONAL DE TRANSPORTES DE MADRID',1,NULL,NULL,0,NULL,'2015-07-14 16:16:10','2015-07-14 16:20:13',1,NULL,NULL,NULL,NULL,'PLAZA DESCUBRIDOR DIEGO DE ORDAS, 3',28003,'Madrid',269,4,NULL,NULL,NULL,NULL,NULL,NULL,0,NULL,NULL,'Q7850003J','','','','','','',0,0,NULL,NULL,NULL,0,1,NULL,NULL,0,0,0,3,3,0,NULL,NULL,NULL,NULL,1,NULL,0,NULL,0,NULL,NULL,NULL,NULL,NULL,NULL);
INSERT INTO `B65362949_societe` VALUES (63,'RENFE Viajeros, SA',1,NULL,NULL,0,NULL,'2015-07-14 16:21:46','2015-07-14 16:25:50',1,NULL,NULL,NULL,NULL,'Avda. Pio XII, 110',28036,'Madrid',269,4,NULL,NULL,NULL,NULL,NULL,NULL,2,406,NULL,'A86868189','','','','','','',0,0,NULL,NULL,NULL,0,1,NULL,NULL,0,0,0,3,3,0,NULL,NULL,NULL,NULL,1,NULL,0,NULL,0,NULL,NULL,NULL,NULL,NULL,NULL);
INSERT INTO `B65362949_societe` VALUES (64,'Holiday Autos',1,NULL,NULL,0,NULL,'2015-07-14 16:55:50','2015-07-14 16:59:54',1,NULL,NULL,NULL,NULL,'GLORIETA DE ATOCHA S/N',28045,'MADRID',269,4,NULL,NULL,NULL,NULL,NULL,NULL,3,401,NULL,'E4693898K','','','','','','',0,0,NULL,NULL,NULL,0,1,NULL,NULL,0,0,0,3,3,0,NULL,NULL,NULL,NULL,1,NULL,0,NULL,0,NULL,NULL,NULL,NULL,NULL,NULL);
INSERT INTO `B65362949_societe` VALUES (65,'Hostelería Franycer, SL',1,NULL,NULL,0,NULL,'2015-07-14 18:39:58','2015-07-14 17:53:49',1,NULL,NULL,NULL,NULL,'CC Glorias
\nAv. Diagonal, 280 local 405','08002','Barcelona',249,4,NULL,NULL,NULL,NULL,NULL,NULL,3,405,NULL,'B65049041','','','','','','',0,0,NULL,NULL,NULL,0,1,NULL,NULL,0,0,0,3,3,0,NULL,NULL,NULL,NULL,1,NULL,0,NULL,0,NULL,NULL,NULL,NULL,NULL,NULL);
INSERT INTO `B65362949_societe` VALUES (66,'Personal Computer Green, SLU',1,NULL,NULL,0,NULL,'2015-07-14 18:03:36','2015-07-14 18:07:40',1,NULL,NULL,NULL,NULL,'SEPULVEDA, 172 TIENDA 2','08011','Barcelona',249,4,NULL,NULL,NULL,NULL,NULL,NULL,3,405,NULL,'B61195202','','','','','','',0,0,NULL,NULL,NULL,0,1,NULL,NULL,0,0,0,3,3,0,NULL,NULL,NULL,NULL,1,NULL,0,NULL,0,NULL,NULL,NULL,NULL,NULL,NULL);
INSERT INTO `B65362949_societe` VALUES (67,'Tagliadrians Barcot, SL',1,NULL,NULL,0,NULL,'2015-07-14 18:23:27','2015-07-14 18:27:30',1,NULL,NULL,NULL,NULL,'CC Glorias
\nAv. Diagonal, 208','08010','Barcelona',249,4,NULL,NULL,NULL,NULL,NULL,NULL,3,405,NULL,'B64416654','','','','','','',0,0,NULL,NULL,NULL,0,1,NULL,NULL,0,0,0,3,3,0,NULL,NULL,NULL,NULL,1,NULL,0,NULL,0,NULL,NULL,NULL,NULL,NULL,NULL);
INSERT INTO `B65362949_societe` VALUES (68,'Ornina, SL',1,NULL,NULL,0,NULL,'2015-07-14 18:32:58','2015-07-14 18:33:48',1,NULL,NULL,NULL,NULL,'AV DIAGONAL, 661 671 
\nHOTEL REY JUAN CARLOS I','08028','Barcelona',249,4,NULL,NULL,NULL,NULL,NULL,NULL,3,405,NULL,'B65344210','','','','','','',0,0,NULL,NULL,NULL,0,1,NULL,NULL,0,0,0,3,3,0,NULL,NULL,NULL,NULL,1,NULL,0,NULL,0,NULL,NULL,NULL,NULL,NULL,NULL);
INSERT INTO `B65362949_societe` VALUES (69,'MBC INFORMATICS SL',1,NULL,NULL,0,NULL,'2015-07-20 07:44:11','2015-07-20 07:48:29',1,NULL,NULL,NULL,NULL,'MARQUES DE MONTOLIU, 2 PLT 1',43002,'Tarragona',284,4,NULL,NULL,NULL,NULL,NULL,NULL,3,405,NULL,'B43342799','','','','','','',0,0,NULL,NULL,NULL,0,1,NULL,NULL,0,0,0,3,3,0,NULL,NULL,NULL,NULL,1,NULL,0,NULL,0,NULL,NULL,NULL,NULL,NULL,NULL);
INSERT INTO `B65362949_societe` VALUES (70,'MADD INFORMATICS SL',1,NULL,NULL,0,NULL,'2015-07-20 07:49:28','2015-07-20 07:53:47',1,NULL,NULL,NULL,NULL,'FERRAN D\'ANTEQUERA, 19 BJ.','08700','Igualada',249,4,NULL,NULL,NULL,NULL,NULL,NULL,3,405,NULL,'B60665742','','','','','','',0,0,NULL,NULL,NULL,0,1,NULL,NULL,0,0,0,3,3,0,NULL,NULL,NULL,NULL,1,NULL,0,NULL,0,NULL,NULL,NULL,NULL,NULL,NULL);
INSERT INTO `B65362949_societe` VALUES (71,'P C R INFORMATICS SL',1,NULL,NULL,0,NULL,'2015-07-20 07:53:47','2015-07-20 07:58:06',1,NULL,NULL,NULL,NULL,'VALLES, 1','08243','Manresa',249,4,NULL,NULL,NULL,NULL,NULL,NULL,3,405,NULL,'B59316125','','','','','','',0,0,NULL,NULL,NULL,0,1,NULL,NULL,0,0,0,3,3,0,NULL,NULL,NULL,NULL,1,NULL,0,NULL,0,NULL,NULL,NULL,NULL,NULL,NULL);
INSERT INTO `B65362949_societe` VALUES (72,'THE INFORMATICS PROS SL',1,NULL,NULL,0,NULL,'2015-07-20 08:00:04','2015-07-20 08:04:22',1,NULL,NULL,NULL,NULL,'BURRIAC, 15','08310','Argentona',249,4,NULL,NULL,NULL,NULL,NULL,NULL,3,405,NULL,'B63923494','','','','','','',0,0,NULL,NULL,NULL,0,1,NULL,NULL,0,0,0,3,3,0,NULL,NULL,NULL,NULL,1,NULL,0,NULL,0,NULL,NULL,NULL,NULL,NULL,NULL);
INSERT INTO `B65362949_societe` VALUES (73,'ALL INFORMATICS EUROPE SL',1,NULL,NULL,0,NULL,'2015-07-20 08:11:29','2015-07-20 08:15:48',1,NULL,NULL,NULL,NULL,'GRAN VIA, 13 ESC DE P 5 PTA 3','08901','Hospitalet de Llobregat',249,4,NULL,NULL,NULL,NULL,NULL,NULL,3,405,NULL,'B65260234','','','','','','',0,0,NULL,NULL,NULL,0,1,NULL,NULL,0,0,0,3,3,0,NULL,NULL,NULL,NULL,1,NULL,0,NULL,0,NULL,NULL,NULL,NULL,NULL,NULL);
INSERT INTO `B65362949_societe` VALUES (74,'GESPRO INFORMATICS SL',1,NULL,NULL,0,NULL,'2015-07-20 08:15:24','2015-07-20 08:19:42',1,NULL,NULL,NULL,NULL,'AVDA DE LA GENERALITAT 27 1 A',NULL,'Tarrega',266,4,NULL,NULL,NULL,NULL,NULL,NULL,3,405,NULL,'B25527276','','','','','','',0,0,NULL,NULL,NULL,0,1,NULL,NULL,0,0,0,3,3,0,NULL,NULL,NULL,NULL,1,NULL,0,NULL,0,NULL,NULL,NULL,NULL,NULL,NULL);
INSERT INTO `B65362949_societe` VALUES (75,'HARDWER INFORMATICS SL',1,NULL,NULL,0,NULL,'2015-07-20 08:20:33','2015-07-20 08:24:52',1,NULL,NULL,NULL,NULL,'CAPIXAN PALLARES, 3 B',46500,'Sagunt',287,4,NULL,NULL,NULL,NULL,NULL,NULL,3,405,NULL,'B97655997','','','','','','',0,0,NULL,NULL,NULL,0,1,NULL,NULL,0,0,0,3,3,0,NULL,NULL,NULL,NULL,1,NULL,0,NULL,0,NULL,NULL,NULL,NULL,NULL,NULL);
INSERT INTO `B65362949_societe` VALUES (76,'ONDA INFORMATICS SL',1,NULL,NULL,0,NULL,'2015-07-20 08:25:15','2015-07-20 08:29:33',1,NULL,NULL,NULL,NULL,'MONTENDRE, 44 BJ IZ',12200,'Castellón',253,4,NULL,NULL,NULL,NULL,NULL,NULL,3,405,NULL,'B12750469','','','','','','',0,0,NULL,NULL,NULL,0,1,NULL,NULL,0,0,0,3,3,0,NULL,NULL,NULL,NULL,1,NULL,0,NULL,0,NULL,NULL,NULL,NULL,NULL,NULL);
INSERT INTO `B65362949_societe` VALUES (77,'BAGUENA INFORMATICS SL',1,NULL,NULL,0,NULL,'2015-07-20 09:36:39','2015-07-20 09:40:57',1,NULL,NULL,NULL,NULL,'CL DESCARTES Num.30 P.BJ',NULL,'Barcelona',249,4,NULL,NULL,NULL,NULL,NULL,NULL,3,405,NULL,'B61066635','','','','','','',0,0,NULL,NULL,NULL,0,1,NULL,NULL,0,0,0,3,3,0,NULL,NULL,NULL,NULL,1,NULL,0,NULL,0,NULL,NULL,NULL,NULL,NULL,NULL);
INSERT INTO `B65362949_societe` VALUES (78,'3ENRAYA INFORMATICS SL',1,NULL,NULL,0,NULL,'2015-07-20 09:39:22','2015-07-20 09:43:40',1,NULL,NULL,NULL,NULL,'MARIA CRISTINA, 13','08370','Calella',249,4,NULL,NULL,NULL,NULL,NULL,NULL,3,405,NULL,'B63462683','','','','','','',0,0,NULL,NULL,NULL,0,1,NULL,NULL,0,0,0,3,3,0,NULL,NULL,NULL,NULL,1,NULL,0,NULL,0,NULL,NULL,NULL,NULL,NULL,NULL);
INSERT INTO `B65362949_societe` VALUES (79,'TORRENT INFORMATICS SL',1,NULL,NULL,0,NULL,'2015-07-20 09:42:25','2015-07-20 09:46:43',1,NULL,NULL,NULL,NULL,'FRAY ANTONIO PARTES, 7',46900,'Torrent',287,4,NULL,NULL,NULL,NULL,NULL,NULL,3,405,NULL,'B97634448','','','','','','',0,0,NULL,NULL,NULL,0,1,NULL,NULL,0,0,0,3,3,0,NULL,NULL,NULL,NULL,1,NULL,0,NULL,0,NULL,NULL,NULL,NULL,NULL,NULL);
INSERT INTO `B65362949_societe` VALUES (80,'JOLIS INFORMATICS SL',1,NULL,NULL,0,NULL,'2015-07-20 09:45:14','2015-07-20 09:49:32',1,NULL,NULL,NULL,NULL,'DUERO, 68 72 BJ','08031','Barcelona',249,4,NULL,NULL,NULL,NULL,NULL,NULL,3,405,NULL,'B61524195','','','','','','',0,0,NULL,NULL,NULL,0,1,NULL,NULL,0,0,0,3,3,0,NULL,NULL,NULL,NULL,1,NULL,0,NULL,0,NULL,NULL,NULL,NULL,NULL,NULL);
INSERT INTO `B65362949_societe` VALUES (81,'INFORMATICS M I B RIPOLL SL',1,NULL,NULL,0,NULL,'2015-07-20 09:49:47','2015-07-20 09:54:05',1,NULL,NULL,NULL,NULL,'PROGRES, 44 BJ',17500,'Ripoll',258,4,NULL,NULL,NULL,NULL,NULL,NULL,3,405,NULL,'B17532466','','','','','','',0,0,NULL,NULL,NULL,0,1,NULL,NULL,0,0,0,3,3,0,NULL,NULL,NULL,NULL,1,NULL,0,NULL,0,NULL,NULL,NULL,NULL,NULL,NULL);
INSERT INTO `B65362949_societe` VALUES (82,'INFORMATICOS A TOPE SL',1,NULL,NULL,0,NULL,'2015-07-20 09:59:40','2015-07-20 10:03:58',1,NULL,NULL,NULL,NULL,'PABLO COSO CALERO, 92',41930,'Bormujos',282,4,NULL,NULL,NULL,NULL,NULL,NULL,3,405,NULL,'B91846667','','','','','','',0,0,NULL,NULL,NULL,0,1,NULL,NULL,0,0,0,3,3,0,NULL,NULL,NULL,NULL,1,NULL,0,NULL,0,NULL,NULL,NULL,NULL,NULL,NULL);
INSERT INTO `B65362949_societe` VALUES (83,'INFORMAX SERVICIOS INFORMATICOS SL',1,NULL,NULL,0,NULL,'2015-07-20 10:02:13','2015-07-20 10:06:31',1,NULL,NULL,NULL,NULL,'AERONAUTICA, 10 EDF HELIOS PLT.',41020,'Sevilla',282,4,NULL,NULL,NULL,NULL,NULL,NULL,3,405,NULL,'B91312116','','','','','','',0,0,NULL,NULL,NULL,0,1,NULL,NULL,0,0,0,3,3,0,NULL,NULL,NULL,NULL,1,NULL,0,NULL,0,NULL,NULL,NULL,NULL,NULL,NULL);
INSERT INTO `B65362949_societe` VALUES (84,'INFORMATICA Q SL',1,NULL,NULL,0,NULL,'2015-07-20 12:20:48','2015-07-20 12:25:07',1,NULL,NULL,NULL,NULL,'TOMAS BRETON, 50 52 EDF INDUBUILDING',28045,'MADRID',269,4,NULL,NULL,NULL,NULL,NULL,NULL,3,405,NULL,'B78795499','','','','','','',0,0,NULL,NULL,NULL,0,1,NULL,NULL,0,0,0,3,3,0,NULL,NULL,NULL,NULL,1,NULL,0,NULL,0,NULL,NULL,NULL,NULL,NULL,NULL);
INSERT INTO `B65362949_societe` VALUES (85,'Emsamar. SL',1,NULL,NULL,0,NULL,'2015-07-20 18:12:03','2015-07-20 18:16:23',1,NULL,NULL,NULL,NULL,'Pso. De la Infanta Isabel, 5',NULL,'Madrid',269,4,NULL,NULL,NULL,NULL,NULL,NULL,3,405,NULL,'B81167298','','','','','','',0,0,NULL,NULL,NULL,0,1,NULL,NULL,0,0,0,3,3,0,NULL,NULL,NULL,NULL,1,NULL,0,NULL,0,NULL,NULL,NULL,NULL,NULL,NULL);
INSERT INTO `B65362949_societe` VALUES (86,'Pastificio Service, SL',1,NULL,NULL,0,NULL,'2015-07-20 18:32:23','2015-07-20 18:36:42',1,NULL,NULL,NULL,NULL,'CC Diagonal Mar
\nAv. Diagonal, 3 local 3230','08019','BARCELONA',249,4,NULL,NULL,NULL,NULL,NULL,NULL,3,405,NULL,'B25452566','','','','','','',0,0,NULL,NULL,NULL,0,1,NULL,NULL,0,0,0,3,3,0,NULL,NULL,NULL,NULL,1,NULL,0,NULL,0,NULL,NULL,NULL,NULL,NULL,NULL);
INSERT INTO `B65362949_societe` VALUES (87,'Café 365',1,NULL,NULL,0,NULL,'2015-07-20 18:39:57','2015-07-20 18:44:16',1,NULL,NULL,NULL,NULL,'C/. Piereta, 49','08784','Piera',249,4,NULL,NULL,NULL,NULL,NULL,NULL,8,NULL,NULL,'X5599282R','','','','','','',0,0,NULL,NULL,NULL,0,1,NULL,NULL,0,0,0,3,3,0,NULL,NULL,NULL,NULL,1,NULL,0,NULL,0,NULL,NULL,NULL,NULL,NULL,NULL);
INSERT INTO `B65362949_societe` VALUES (88,'SIXT RENT A CAR S.L.',1,NULL,NULL,0,NULL,'2015-09-07 11:53:10','2015-09-07 11:59:34',1,NULL,NULL,NULL,NULL,'Carrer del Canal de Sant Jordi 29','07610','Palma de Mallorca',248,4,NULL,NULL,NULL,NULL,NULL,NULL,2,405,NULL,'B07947591','','','','','','',0,0,NULL,NULL,NULL,0,1,NULL,NULL,0,0,0,3,3,0,NULL,NULL,NULL,NULL,1,NULL,0,NULL,0,NULL,NULL,NULL,NULL,NULL,NULL);
INSERT INTO `B65362949_societe` VALUES (89,'José Guitart',1,NULL,NULL,0,NULL,'2015-09-15 09:22:25','2015-09-15 09:29:09',1,NULL,NULL,NULL,NULL,'Carrer del Garbell 18','08800','Vilanova i la Geltrú',249,4,626226604,NULL,NULL,'jose.guitart@gmail.com',NULL,NULL,8,401,NULL,'52429245D','','','','','','',0,0,NULL,NULL,NULL,0,1,NULL,NULL,0,0,0,3,3,0,NULL,NULL,NULL,NULL,1,NULL,1,NULL,0,NULL,NULL,NULL,NULL,NULL,NULL);
INSERT INTO `B65362949_societe` VALUES (90,'Eptisa Servicios de Ingeniería, S.L.',1,NULL,NULL,0,NULL,'2015-10-01 09:50:25','2015-10-01 09:57:51',1,NULL,NULL,NULL,NULL,'',NULL,NULL,269,4,NULL,NULL,'www.eptisa.com/es/','raul.cuadrado@ti.eptisa.com',NULL,NULL,3,405,NULL,'B85097962','','','','','','',0,0,NULL,NULL,NULL,2,0,NULL,NULL,0,0,0,2,2,0,NULL,NULL,NULL,NULL,1,NULL,NULL,NULL,0,NULL,NULL,NULL,NULL,NULL,NULL);
INSERT INTO `B65362949_societe` VALUES (91,'GRUPO GENERALI ESPAÑA, Agrupación de Interés Económico',1,NULL,NULL,0,NULL,'2017-04-27 13:58:25','2015-10-13 09:35:53',1,'062',NULL,NULL,NULL,'Calle Orense, 2',28020,'Madrid',269,4,NULL,NULL,NULL,'giulia.dinapoli@generali.com',NULL,NULL,2,406,NULL,'V81570335','','','','','','',0,0,NULL,NULL,NULL,1,0,NULL,NULL,0,0,0,2,3,0,2,1,NULL,NULL,1,NULL,NULL,NULL,0,NULL,'25000.00000000',NULL,NULL,NULL,NULL);
INSERT INTO `B65362949_societe` VALUES (92,'INFORTISA SL',1,NULL,NULL,0,NULL,'2015-10-19 15:51:42','2015-10-19 15:59:54',1,NULL,NULL,NULL,NULL,'CALLE DEL POZO, 1',46115,'ALFARA DEL PATRIARCA',287,4,NULL,NULL,NULL,NULL,NULL,NULL,0,NULL,NULL,'B46466421','','','','','','',0,0,NULL,NULL,NULL,0,1,NULL,NULL,0,0,0,3,3,0,NULL,NULL,NULL,NULL,1,NULL,0,NULL,0,NULL,NULL,NULL,NULL,NULL,NULL);
INSERT INTO `B65362949_societe` VALUES (93,'INFOR CRM SOLUTIONS ESPAÑA Y PORTUGAL SL',1,NULL,NULL,0,NULL,'2015-10-19 15:57:43','2015-10-19 16:05:55',1,NULL,NULL,NULL,NULL,'CALLE GRACIA, 56','08007','BARCELONA',249,4,NULL,NULL,NULL,NULL,NULL,NULL,0,NULL,NULL,'B83009464','','','','','','',0,0,NULL,NULL,NULL,0,1,NULL,NULL,0,0,0,3,3,0,NULL,NULL,NULL,NULL,1,NULL,0,NULL,0,NULL,NULL,NULL,NULL,NULL,NULL);
INSERT INTO `B65362949_societe` VALUES (94,'INFORTRON 2007 SL',1,NULL,NULL,0,NULL,'2015-10-19 16:05:00','2015-10-19 16:13:13',1,NULL,NULL,NULL,NULL,'CALLE POETA RAFAEL ALBERTI LO, 5 A',11500,'PUERTO DE SANTA MARIA',252,4,NULL,NULL,NULL,NULL,NULL,NULL,3,405,NULL,'B72013659','','','','','','',0,0,NULL,NULL,NULL,0,1,NULL,NULL,0,0,0,3,3,0,NULL,NULL,NULL,NULL,1,NULL,0,NULL,0,NULL,NULL,NULL,NULL,NULL,NULL);
INSERT INTO `B65362949_societe` VALUES (95,'INFORGROUP 2000 SL',1,NULL,NULL,0,NULL,'2015-10-19 16:08:59','2015-10-19 16:17:11',1,NULL,NULL,NULL,NULL,'CALLE PILAR DE ZARAGOZA, 22 PISO 3 DRCH.',28028,'MADRID',269,4,NULL,NULL,NULL,NULL,NULL,NULL,3,405,NULL,'B80815228','','','','','','',0,0,NULL,NULL,NULL,0,1,NULL,NULL,0,0,0,3,3,0,NULL,NULL,NULL,NULL,1,NULL,0,NULL,0,NULL,NULL,NULL,NULL,NULL,NULL);
INSERT INTO `B65362949_societe` VALUES (96,'INFORMATIC PRIM SL',1,NULL,NULL,0,NULL,'2015-10-19 16:58:41','2015-10-19 17:06:54',1,NULL,NULL,NULL,NULL,'CALLE PRIM, 155 PRINCIPAL 2','08020','BARCELONA',249,4,NULL,NULL,NULL,NULL,NULL,NULL,0,NULL,NULL,'B60698297','','','','','','',0,0,NULL,NULL,NULL,0,1,NULL,NULL,0,0,0,3,3,0,NULL,NULL,NULL,NULL,1,NULL,0,NULL,0,NULL,NULL,NULL,NULL,NULL,NULL);
INSERT INTO `B65362949_societe` VALUES (97,'INFORMATICALIBRE SL',1,NULL,NULL,0,NULL,'2015-10-19 17:10:19','2015-10-19 17:18:32',1,NULL,NULL,NULL,NULL,'CALLE PUERTA DE VALENCIA, 10 BJ.','02002','ALBACETE',243,4,NULL,NULL,NULL,NULL,NULL,NULL,0,NULL,NULL,'B02482396','','','','','','',0,0,NULL,NULL,NULL,0,1,NULL,NULL,0,0,0,3,3,0,NULL,NULL,NULL,NULL,1,NULL,0,NULL,0,NULL,NULL,NULL,NULL,NULL,NULL);
INSERT INTO `B65362949_societe` VALUES (98,'INFORPYME MONZON SL',1,NULL,NULL,0,NULL,'2015-10-19 17:25:21','2015-10-19 17:33:33',1,NULL,NULL,NULL,NULL,'CARRER SEGRIA, 34',25006,'LLEIDA',266,4,NULL,NULL,NULL,NULL,NULL,NULL,0,NULL,NULL,'B22261861','','','','','','',0,0,NULL,NULL,NULL,0,1,NULL,NULL,0,0,0,3,3,0,NULL,NULL,NULL,NULL,1,NULL,0,NULL,0,NULL,NULL,NULL,NULL,NULL,NULL);
INSERT INTO `B65362949_societe` VALUES (99,'TECH ONUBA SL',1,NULL,NULL,0,NULL,'2015-10-19 17:30:36','2015-10-19 17:38:49',1,NULL,NULL,NULL,NULL,'Calle PORTUGAL, 15','06172','TORRE DE MIGUEL SESMERO',247,4,NULL,NULL,NULL,NULL,NULL,NULL,0,NULL,NULL,'B21425970','','','','','','',0,0,NULL,NULL,NULL,0,1,NULL,NULL,0,0,0,3,3,0,NULL,NULL,NULL,NULL,1,NULL,0,NULL,0,NULL,NULL,NULL,NULL,NULL,NULL);
INSERT INTO `B65362949_societe` VALUES (100,'BITBOX SL',1,NULL,NULL,0,NULL,'2015-10-19 17:48:20','2015-10-19 17:56:33',1,NULL,NULL,NULL,NULL,'CALLE PESCADOR, 1 URB SALINETAS',35219,'TELDE',276,4,NULL,NULL,NULL,NULL,NULL,NULL,0,NULL,NULL,'B35790344','','','','','','',0,0,NULL,NULL,NULL,0,1,NULL,NULL,0,0,0,3,3,0,NULL,NULL,NULL,NULL,1,NULL,0,NULL,0,NULL,NULL,NULL,NULL,NULL,NULL);
INSERT INTO `B65362949_societe` VALUES (101,'BIT DENISSE SL',1,NULL,NULL,0,NULL,'2015-10-19 17:54:22','2015-10-19 18:02:35',1,NULL,NULL,NULL,NULL,'C/ URANO 9 BAJO A',NULL,'ALCORCON',269,4,NULL,NULL,NULL,NULL,NULL,NULL,0,NULL,NULL,'','','','','','','',0,0,NULL,NULL,NULL,0,1,NULL,NULL,0,0,0,3,3,0,NULL,NULL,NULL,NULL,1,NULL,0,NULL,0,NULL,NULL,NULL,NULL,NULL,NULL);
INSERT INTO `B65362949_societe` VALUES (102,'BYTE PASS SL',1,NULL,NULL,0,NULL,'2015-10-19 18:02:16','2015-10-19 18:10:29',1,NULL,NULL,NULL,NULL,'CARRER OSEP PLA, 2 B 3 PLT 10','08019','BARCELONA',249,4,NULL,NULL,NULL,NULL,NULL,NULL,0,NULL,NULL,'B65382343','','','','','','',0,0,NULL,NULL,NULL,0,1,NULL,NULL,0,0,0,3,3,0,NULL,NULL,NULL,NULL,1,NULL,0,NULL,0,NULL,NULL,NULL,NULL,NULL,NULL);
INSERT INTO `B65362949_societe` VALUES (103,'BYTE BUSINESS SL',1,NULL,NULL,0,NULL,'2015-10-19 18:08:43','2015-10-19 18:16:56',1,NULL,NULL,NULL,NULL,'C/ PAU CASALS 3',NULL,'GIRONA',258,4,NULL,NULL,NULL,NULL,NULL,NULL,0,NULL,NULL,'B55195572','','','','','','',0,0,NULL,NULL,NULL,0,1,NULL,NULL,0,0,0,3,3,0,NULL,NULL,NULL,NULL,1,NULL,0,NULL,0,NULL,NULL,NULL,NULL,NULL,NULL);
INSERT INTO `B65362949_societe` VALUES (104,'SOAIN SOFTWARE ASSOCIATES CORPORATION SL',1,NULL,NULL,0,NULL,'2015-10-19 18:14:59','2015-10-19 18:23:12',1,NULL,NULL,NULL,NULL,'CALLE ANABEL SEGURA, 11 EDF ALBATROS A',28108,'ALCOBENDAS',269,4,NULL,NULL,NULL,NULL,NULL,NULL,0,NULL,NULL,'B85083400','','','','','','',0,0,NULL,NULL,NULL,0,1,NULL,NULL,0,0,0,3,3,0,NULL,NULL,NULL,NULL,1,NULL,0,NULL,0,NULL,NULL,NULL,NULL,NULL,NULL);
INSERT INTO `B65362949_societe` VALUES (105,'SMARTOBJECTS SOFTWARE SYSTEMS SL',1,NULL,NULL,0,NULL,'2015-10-19 18:18:57','2015-10-19 18:27:10',1,NULL,NULL,NULL,NULL,'CALLE PEDRO ALONSO, 2 2 C',28043,'MADRID',269,4,NULL,NULL,NULL,NULL,NULL,NULL,0,NULL,NULL,'B85764942','','','','','','',0,0,NULL,NULL,NULL,0,1,NULL,NULL,0,0,0,3,3,0,NULL,NULL,NULL,NULL,1,NULL,0,NULL,0,NULL,NULL,NULL,NULL,NULL,NULL);
INSERT INTO `B65362949_societe` VALUES (106,'GESTION DE PUNTOS DE VENTA GESPEVESA SA',1,NULL,NULL,0,NULL,'2015-10-20 11:20:54','2015-10-20 11:29:08',1,NULL,NULL,NULL,NULL,'PASEO DE LA CASTELLANA, 257 1 IZQD.',28046,'MADRID',269,4,NULL,NULL,NULL,NULL,NULL,NULL,3,406,NULL,'A81931214','','','','','','',0,0,NULL,NULL,NULL,0,1,NULL,NULL,0,0,0,3,3,0,NULL,NULL,NULL,NULL,1,NULL,0,NULL,0,NULL,NULL,NULL,NULL,NULL,NULL);
INSERT INTO `B65362949_societe` VALUES (107,'LUJO IBERICO ALIMENTACION SL',1,NULL,NULL,0,NULL,'2015-10-20 11:54:12','2015-10-20 12:02:26',1,NULL,NULL,NULL,NULL,'Carrer Riera Baixa, 40','08208','Sabadell',249,4,NULL,NULL,NULL,NULL,NULL,NULL,0,NULL,NULL,'B64430333','','','','','','',0,0,NULL,NULL,NULL,0,1,NULL,NULL,0,0,0,3,3,0,NULL,NULL,NULL,NULL,1,NULL,0,NULL,0,NULL,NULL,NULL,NULL,NULL,NULL);
INSERT INTO `B65362949_societe` VALUES (108,'Restaurante Mykasa',1,NULL,NULL,0,NULL,'2015-10-20 11:58:17','2015-10-20 12:06:32',1,NULL,NULL,NULL,NULL,'Calle Pujades, 350 Local 1','08019','Barcelona',249,4,NULL,NULL,NULL,NULL,NULL,NULL,3,NULL,NULL,'J63927495','','','','','','',0,0,NULL,NULL,NULL,0,1,NULL,NULL,0,0,0,3,3,0,NULL,NULL,NULL,NULL,1,NULL,0,NULL,0,NULL,NULL,NULL,NULL,NULL,NULL);
INSERT INTO `B65362949_societe` VALUES (109,'CARBURANTES NAVAS SA',1,NULL,NULL,0,NULL,'2015-10-20 12:04:49','2015-10-20 12:13:04',1,NULL,NULL,NULL,NULL,'Ctra. BARCELONA, s/n KM 331',50016,'ZARAGOZA',291,4,NULL,NULL,NULL,NULL,NULL,NULL,0,NULL,NULL,'A50341973','','','','','','',0,0,NULL,NULL,NULL,0,1,NULL,NULL,0,0,0,3,3,0,NULL,NULL,NULL,NULL,1,NULL,0,NULL,0,NULL,NULL,NULL,NULL,NULL,NULL);
INSERT INTO `B65362949_societe` VALUES (110,'Material Oficina - Varios',1,NULL,NULL,0,NULL,'2015-10-20 12:28:31','2015-10-20 12:36:45',1,NULL,NULL,NULL,NULL,'',NULL,NULL,0,4,NULL,NULL,NULL,NULL,NULL,NULL,0,NULL,NULL,'','','','','','','',0,0,NULL,NULL,NULL,0,1,NULL,NULL,0,0,0,3,3,0,NULL,NULL,NULL,NULL,1,NULL,0,NULL,0,NULL,NULL,NULL,NULL,NULL,NULL);
INSERT INTO `B65362949_societe` VALUES (111,'Dietas',1,NULL,NULL,0,NULL,'2015-10-20 15:12:23','2015-10-20 15:20:38',1,NULL,NULL,NULL,NULL,'',NULL,NULL,0,4,NULL,NULL,NULL,NULL,NULL,NULL,0,NULL,NULL,'','','','','','','',0,0,NULL,NULL,NULL,0,1,NULL,NULL,0,0,0,3,3,0,NULL,NULL,NULL,NULL,1,NULL,0,NULL,0,NULL,NULL,NULL,NULL,NULL,NULL);
INSERT INTO `B65362949_societe` VALUES (112,'Parking',1,NULL,NULL,0,NULL,'2015-10-20 15:12:48','2015-10-20 15:21:03',1,NULL,NULL,NULL,NULL,'',NULL,NULL,0,4,NULL,NULL,NULL,NULL,NULL,NULL,0,NULL,NULL,'','','','','','','',0,0,NULL,NULL,NULL,0,1,NULL,NULL,0,0,0,3,3,0,NULL,NULL,NULL,NULL,1,NULL,0,NULL,0,NULL,NULL,NULL,NULL,NULL,NULL);
INSERT INTO `B65362949_societe` VALUES (113,'YHERLA, S.L.',1,NULL,NULL,0,NULL,'2015-11-18 11:37:58','2015-11-18 11:45:14',1,118,NULL,NULL,NULL,'Paseo les Massies, 11','08780','Pallejà',249,4,639353070,NULL,NULL,'jordi@yherla.cat',NULL,NULL,3,405,NULL,'B60517984','','','','','','',0,0,NULL,NULL,NULL,1,0,NULL,NULL,0,0,0,3,3,0,3,1,NULL,NULL,1,NULL,0,NULL,0,NULL,NULL,NULL,NULL,NULL,NULL);
INSERT INTO `B65362949_societe` VALUES (117,'Outservico Utilities Services, S.L.',1,NULL,NULL,0,NULL,'2016-12-01 16:30:29','2015-12-16 21:41:00',0,NULL,NULL,NULL,NULL,'CALLE ALBASANZ, 61',28037,'MADRID',269,4,913756771,915041942,'www.outservico.net','a.hernandez@outservico.net',NULL,NULL,3,405,NULL,'B85417202','',3514,'','','','',0,0,NULL,NULL,NULL,1,0,NULL,NULL,0,0,0,3,2,0,3,1,NULL,NULL,1,NULL,NULL,NULL,0,NULL,NULL,NULL,NULL,NULL,NULL);
INSERT INTO `B65362949_societe` VALUES (118,'MIGUEL ANGEL FERRER MEDINA',1,NULL,NULL,0,NULL,'2015-12-24 11:54:08','2015-12-24 12:05:09',1,123,NULL,NULL,NULL,'BOLIVIA 9',28016,'Madrid',269,4,615197963,NULL,'www.pescadosmiguel.com','peska30@hotmail.com',NULL,NULL,8,401,NULL,'47019489Z','','','','','','',0,0,NULL,NULL,NULL,1,0,NULL,NULL,0,0,0,3,3,0,NULL,NULL,NULL,NULL,1,NULL,0,NULL,0,NULL,NULL,NULL,NULL,NULL,NULL);
INSERT INTO `B65362949_societe` VALUES (119,'Marcil, SA',1,NULL,NULL,0,NULL,'2016-01-29 11:16:54','2016-01-29 11:29:24',1,NULL,NULL,NULL,NULL,'Johann Sebastian Bach, 24','08021','Barcelona',249,4,NULL,NULL,NULL,NULL,NULL,NULL,3,406,NULL,'A08510364','','','','','','',0,0,NULL,NULL,NULL,0,1,NULL,NULL,0,0,0,3,3,0,NULL,NULL,NULL,NULL,1,NULL,0,NULL,0,NULL,NULL,NULL,NULL,NULL,NULL);
INSERT INTO `B65362949_societe` VALUES (120,'BYTE UP SL',1,NULL,NULL,0,NULL,'2016-01-31 00:43:01','2016-01-31 00:55:35',1,NULL,NULL,NULL,NULL,'Cl Entenca Num.74','08015','Barcelona',249,4,NULL,NULL,NULL,NULL,NULL,NULL,3,405,NULL,'B66499294','','','','','','',0,0,NULL,NULL,NULL,0,1,NULL,NULL,0,0,0,3,3,0,NULL,NULL,NULL,NULL,1,NULL,0,NULL,0,NULL,NULL,NULL,NULL,NULL,NULL);
INSERT INTO `B65362949_societe` VALUES (121,'BYTE ARMY SL',1,NULL,NULL,0,NULL,'2016-01-31 00:58:40','2016-01-31 01:11:14',1,NULL,NULL,NULL,NULL,'PEZ, 12 PLT BJ OFC 3',28004,'Madrid',269,4,NULL,NULL,NULL,NULL,NULL,NULL,3,405,NULL,'B85399376','','','','','','',0,0,NULL,NULL,NULL,0,1,NULL,NULL,0,0,0,3,3,0,NULL,NULL,NULL,NULL,1,NULL,0,NULL,0,NULL,NULL,NULL,NULL,NULL,NULL);
INSERT INTO `B65362949_societe` VALUES (122,'BYTE LLEDO SL',1,NULL,NULL,0,NULL,'2016-01-31 01:09:38','2016-01-31 01:22:13',1,NULL,NULL,NULL,NULL,'Avgda Pais Valencia, 9','03580','Alfas del Pi',244,4,NULL,NULL,NULL,NULL,NULL,NULL,3,405,NULL,'B53723532','','','','','','',0,0,NULL,NULL,NULL,0,1,NULL,NULL,0,0,0,3,3,0,NULL,NULL,NULL,NULL,1,NULL,0,NULL,0,NULL,NULL,NULL,NULL,NULL,NULL);
INSERT INTO `B65362949_societe` VALUES (123,'BYTEPIX SL',1,NULL,NULL,0,NULL,'2016-01-31 01:27:46','2016-01-31 01:40:21',1,NULL,NULL,NULL,NULL,'C/ CLARA DEL REY 27 1º D',NULL,'Madrid',269,4,NULL,NULL,NULL,NULL,NULL,NULL,3,405,NULL,'B86468204','','','','','','',0,0,NULL,NULL,NULL,0,1,NULL,NULL,0,0,0,3,3,0,NULL,NULL,NULL,NULL,1,NULL,0,NULL,0,NULL,NULL,NULL,NULL,NULL,NULL);
INSERT INTO `B65362949_societe` VALUES (124,'BYTE DEALER SL',1,NULL,NULL,0,NULL,'2016-01-31 01:50:19','2016-01-31 02:02:53',1,NULL,NULL,NULL,NULL,'C/ GOMEZ TEJEDOR, 11',28223,'Pozuelo de Alarcón',269,4,NULL,NULL,NULL,NULL,NULL,NULL,3,405,NULL,'B87297230','','','','','','',0,0,NULL,NULL,NULL,0,1,NULL,NULL,0,0,0,3,3,0,NULL,NULL,NULL,NULL,1,NULL,0,NULL,0,NULL,NULL,NULL,NULL,NULL,NULL);
INSERT INTO `B65362949_societe` VALUES (125,'BYTE 4 GAMES SL',1,NULL,NULL,0,NULL,'2016-01-31 01:59:26','2016-01-31 02:12:00',1,NULL,NULL,NULL,NULL,'AVDA PERIS Y VALERO 166',46006,'Valencia',287,4,NULL,NULL,NULL,NULL,NULL,NULL,3,405,NULL,'B98715691','','','','','','',0,0,NULL,NULL,NULL,0,1,NULL,NULL,0,0,0,3,3,0,NULL,NULL,NULL,NULL,1,NULL,0,NULL,0,NULL,NULL,NULL,NULL,NULL,NULL);
INSERT INTO `B65362949_societe` VALUES (126,'BYTE DESIGNING SL',1,NULL,NULL,0,NULL,'2016-01-31 02:09:42','2016-01-31 02:22:16',1,NULL,NULL,NULL,NULL,'C/ SAN JUAN DE LA CRUZ, Nº 2',28223,'Pozuelo de Alarcón',269,4,NULL,NULL,NULL,NULL,NULL,NULL,3,405,NULL,'B86779477','','','','','','',0,0,NULL,NULL,NULL,0,1,NULL,NULL,0,0,0,3,3,0,NULL,NULL,NULL,NULL,1,NULL,0,NULL,0,NULL,NULL,NULL,NULL,NULL,NULL);
INSERT INTO `B65362949_societe` VALUES (127,'BYTE REVOLUTION SL',1,NULL,NULL,0,NULL,'2016-01-31 02:26:21','2016-01-31 02:38:55',1,NULL,NULL,NULL,NULL,'C/ SECUNDINO ZUAZO 4 Ptl.2 1º H',NULL,'Boadilla del Monte',269,4,NULL,NULL,NULL,NULL,NULL,NULL,3,405,NULL,'B84553668','','','','','','',0,0,NULL,NULL,NULL,0,1,NULL,NULL,0,0,0,3,3,0,NULL,NULL,NULL,NULL,1,NULL,0,NULL,0,NULL,NULL,NULL,NULL,NULL,NULL);
INSERT INTO `B65362949_societe` VALUES (128,'SOFT PAR SL',1,NULL,NULL,0,NULL,'2016-01-31 02:52:10','2016-01-31 03:04:44',1,NULL,NULL,NULL,NULL,'Calle Neopatria 87','08030','Barcelona',249,4,NULL,NULL,NULL,NULL,NULL,NULL,3,405,NULL,'B08920282','','','','','','',0,0,NULL,NULL,NULL,0,1,NULL,NULL,0,0,0,3,3,0,NULL,NULL,NULL,NULL,1,NULL,0,NULL,0,NULL,NULL,NULL,NULL,NULL,NULL);
INSERT INTO `B65362949_societe` VALUES (129,'SOFT SUR SL',1,NULL,NULL,0,NULL,'2016-01-31 10:31:40','2016-01-31 10:44:16',1,NULL,NULL,NULL,NULL,'PINTOR BORRASSA, 75 P BA','08205','Sabadell',249,4,NULL,NULL,NULL,NULL,NULL,NULL,3,405,NULL,'B30553150','','','','','','',0,0,NULL,NULL,NULL,0,1,NULL,NULL,0,0,0,3,3,0,NULL,NULL,NULL,NULL,1,NULL,0,NULL,0,NULL,NULL,NULL,NULL,NULL,NULL);
INSERT INTO `B65362949_societe` VALUES (130,'SOFT TRUE SL',1,NULL,NULL,0,NULL,'2016-01-31 10:36:01','2016-01-31 10:48:36',1,NULL,NULL,NULL,NULL,'MEDITERRANI, 56',25241,'Golmes',266,4,NULL,NULL,NULL,NULL,NULL,NULL,3,405,NULL,'B25694951','','','','','','',0,0,NULL,NULL,NULL,0,1,NULL,NULL,0,0,0,3,3,0,NULL,NULL,NULL,NULL,1,NULL,0,NULL,0,NULL,NULL,NULL,NULL,NULL,NULL);
INSERT INTO `B65362949_societe` VALUES (131,'SOFT ASTUR SL',1,NULL,NULL,0,NULL,'2016-01-31 10:41:11','2016-01-31 10:53:47',1,NULL,NULL,NULL,NULL,'JOSE CUETO, 34 2 DRCH',33401,'Aviles',274,4,NULL,NULL,NULL,NULL,NULL,NULL,3,405,NULL,'B33317876','','','','','','',0,0,NULL,NULL,NULL,0,1,NULL,NULL,0,0,0,3,3,0,NULL,NULL,NULL,NULL,1,NULL,0,NULL,0,NULL,NULL,NULL,NULL,NULL,NULL);
INSERT INTO `B65362949_societe` VALUES (132,'SOFTGAR SL',1,NULL,NULL,0,NULL,'2016-01-31 10:46:09','2016-01-31 10:58:45',1,NULL,NULL,NULL,NULL,'CARCAIXENT, 1','03112','Alicante',244,4,NULL,NULL,NULL,NULL,NULL,NULL,3,405,NULL,'B53914636','','','','','','',0,0,NULL,NULL,NULL,0,1,NULL,NULL,0,0,0,3,3,0,NULL,NULL,NULL,NULL,1,NULL,0,NULL,0,NULL,NULL,NULL,NULL,NULL,NULL);
INSERT INTO `B65362949_societe` VALUES (133,'SOFTENG SL',1,NULL,NULL,0,NULL,'2016-01-31 10:48:49','2016-01-31 11:01:25',1,NULL,NULL,NULL,NULL,'PAU CLARIS, 162','08037','Barcelona',249,4,NULL,NULL,NULL,NULL,NULL,NULL,3,405,NULL,'B61279980','','','','','','',0,0,NULL,NULL,NULL,0,1,NULL,NULL,0,0,0,3,3,0,NULL,NULL,NULL,NULL,1,NULL,0,NULL,0,NULL,NULL,NULL,NULL,NULL,NULL);
INSERT INTO `B65362949_societe` VALUES (134,'SOFTTRON SA',1,NULL,NULL,0,NULL,'2016-01-31 10:53:02','2016-01-31 11:05:37',1,NULL,NULL,NULL,NULL,'GAZTAMBIDE, 62',NULL,'Madrid',269,4,NULL,NULL,NULL,NULL,NULL,NULL,3,406,NULL,'A78854940','','','','','','',0,0,NULL,NULL,NULL,0,1,NULL,NULL,0,0,0,3,3,0,NULL,NULL,NULL,NULL,1,NULL,0,NULL,0,NULL,NULL,NULL,NULL,NULL,NULL);
INSERT INTO `B65362949_societe` VALUES (135,'SOFT CATALUNYA SL',1,NULL,NULL,0,NULL,'2016-01-31 10:56:11','2016-01-31 11:08:46',1,NULL,NULL,NULL,NULL,'CABALLERO, 48','08014','Barcelona',249,4,NULL,NULL,NULL,NULL,NULL,NULL,3,405,NULL,'B60645405','','','','','','',0,0,NULL,NULL,NULL,0,1,NULL,NULL,0,0,0,3,3,0,NULL,NULL,NULL,NULL,1,NULL,0,NULL,0,NULL,NULL,NULL,NULL,NULL,NULL);
INSERT INTO `B65362949_societe` VALUES (136,'MICRO II SL',1,NULL,NULL,0,NULL,'2016-01-31 11:01:11','2016-01-31 11:13:46',1,NULL,NULL,NULL,NULL,'SAN PABLO, 59','03012','Alicante',244,4,NULL,NULL,NULL,NULL,NULL,NULL,3,405,NULL,'B03168010','','','','','','',0,0,NULL,NULL,NULL,0,1,NULL,NULL,0,0,0,3,3,0,NULL,NULL,NULL,NULL,1,NULL,0,NULL,0,NULL,NULL,NULL,NULL,NULL,NULL);
INSERT INTO `B65362949_societe` VALUES (137,'MICRO GATE SL',1,NULL,NULL,0,NULL,'2016-01-31 11:04:32','2016-01-31 11:17:08',1,NULL,NULL,NULL,NULL,'MARAGALL, 19','08027','Barcelona',249,4,NULL,NULL,NULL,NULL,NULL,NULL,3,405,NULL,'B61954442','','','','','','',0,0,NULL,NULL,NULL,0,1,NULL,NULL,0,0,0,3,3,0,NULL,NULL,NULL,NULL,1,NULL,0,NULL,0,NULL,NULL,NULL,NULL,NULL,NULL);
INSERT INTO `B65362949_societe` VALUES (138,'ACENS TECHNOLOGIES SL',1,NULL,NULL,0,NULL,'2016-01-31 11:25:27','2016-01-31 11:38:02',1,NULL,NULL,NULL,NULL,'C/ San Rafael 14',28108,'ALCOBENDAS',269,4,NULL,NULL,NULL,NULL,NULL,NULL,3,405,NULL,'B8494873','','','','','','',0,0,NULL,NULL,NULL,0,1,NULL,NULL,0,0,0,3,3,0,NULL,NULL,NULL,NULL,1,NULL,0,NULL,0,NULL,NULL,NULL,NULL,NULL,NULL);
INSERT INTO `B65362949_societe` VALUES (139,'Eptisa Tecnologías de la Información, S.A.',1,NULL,NULL,0,NULL,'2016-02-03 17:15:39','2016-02-02 09:29:39',1,NULL,NULL,NULL,NULL,'Calle Emilio Muñoz, 35-37',28037,'Madrid',269,4,915949500,902011530,'www.eptisa.es','raul.cuadrado@ti.eptisa.com',NULL,NULL,2,406,NULL,'A79851341','','','','','','',0,0,NULL,NULL,NULL,1,1,NULL,NULL,0,0,0,3,3,0,NULL,NULL,7,NULL,1,NULL,0,NULL,0,NULL,NULL,NULL,NULL,NULL,NULL);
INSERT INTO `B65362949_societe` VALUES (140,'DATAWAREHOUSE',1,NULL,NULL,0,NULL,'2016-02-04 19:26:32','2016-02-04 19:39:19',1,NULL,NULL,NULL,NULL,'DATAWAREHOUSE','08019','Barcelona',249,4,NULL,NULL,NULL,NULL,NULL,NULL,0,NULL,NULL,'','','','','','','',0,0,NULL,NULL,NULL,1,1,NULL,NULL,0,0,0,3,3,0,NULL,NULL,NULL,NULL,1,NULL,0,NULL,0,NULL,NULL,NULL,NULL,NULL,NULL);
INSERT INTO `B65362949_societe` VALUES (141,'Transportes',1,NULL,NULL,0,NULL,'2016-02-05 11:07:24','2016-02-05 11:20:12',1,NULL,NULL,NULL,NULL,'',NULL,NULL,0,4,NULL,NULL,NULL,NULL,NULL,NULL,0,NULL,NULL,'','','','','','','',0,0,NULL,NULL,NULL,0,1,NULL,NULL,0,0,0,3,3,0,NULL,NULL,NULL,NULL,1,NULL,0,NULL,0,NULL,NULL,NULL,NULL,NULL,NULL);
INSERT INTO `B65362949_societe` VALUES (143,'Pau González Albiñana',1,NULL,NULL,0,NULL,'2016-03-14 18:59:34','2016-03-14 19:13:39',1,NULL,NULL,NULL,NULL,'C/ Josep Carner 24','08233','Vacarisses',249,4,NULL,NULL,NULL,NULL,NULL,NULL,8,401,NULL,'45644168R','','','','','','',0,0,NULL,NULL,NULL,0,1,NULL,NULL,0,0,0,3,3,0,NULL,NULL,2,1,1,NULL,1,NULL,0,NULL,NULL,NULL,NULL,NULL,NULL);
INSERT INTO `B65362949_societe` VALUES (144,'ASSESSORIA CATAFAL, S.L.',1,NULL,NULL,0,NULL,'2016-04-13 11:46:00','2016-04-13 12:00:20',1,NULL,NULL,NULL,NULL,'CL BAC DE RODA 176 EN','08020','Barcelona',249,4,932661074,932661633,NULL,NULL,NULL,NULL,3,405,NULL,'B61511614','','','','','','',0,0,NULL,NULL,NULL,0,1,NULL,NULL,0,0,0,3,3,0,NULL,NULL,NULL,NULL,1,NULL,0,NULL,0,NULL,NULL,NULL,NULL,NULL,NULL);
INSERT INTO `B65362949_societe` VALUES (145,'ADAMO TELECOM IBERIA S.A,',1,NULL,NULL,0,NULL,'2016-04-13 12:06:42','2016-04-13 12:21:02',1,NULL,NULL,NULL,NULL,'C/ LLACUNA, 22','08005,','Barcelona',249,4,NULL,NULL,NULL,NULL,NULL,NULL,2,406,NULL,'A65232357','','','','','','',0,0,NULL,NULL,NULL,0,1,NULL,NULL,0,0,0,3,3,0,NULL,NULL,NULL,NULL,1,NULL,0,NULL,0,NULL,NULL,NULL,NULL,NULL,NULL);
INSERT INTO `B65362949_societe` VALUES (146,'IKEA IBERICA, S.A.',1,NULL,NULL,0,NULL,'2016-04-13 14:38:22','2016-04-13 14:52:43',1,NULL,NULL,NULL,NULL,'AV. MATAPIÑONERA, 9',28703,'San Sebastián de los Reyes',269,4,NULL,NULL,NULL,NULL,NULL,NULL,2,406,NULL,'A28812618','','','','','','',0,0,NULL,NULL,NULL,0,1,NULL,NULL,0,0,0,3,3,0,NULL,NULL,NULL,NULL,1,NULL,0,NULL,0,NULL,NULL,NULL,NULL,NULL,NULL);
INSERT INTO `B65362949_societe` VALUES (147,'Proksa Asesores inmobiliarios, S.L.',1,NULL,NULL,0,NULL,'2016-09-28 19:28:02','2016-04-25 06:48:55',0,146,NULL,NULL,NULL,'Rambla de Sant Sebastià , 71','08921','Santa Coloma de Gramanet',249,4,934686007,NULL,'www.proksa.es','p.breton@proksa.es',NULL,NULL,3,405,NULL,'B66576604','','','','','','',0,0,NULL,NULL,NULL,1,0,NULL,NULL,0,0,0,2,2,0,NULL,NULL,NULL,NULL,1,NULL,NULL,NULL,0,NULL,NULL,NULL,NULL,NULL,NULL);
INSERT INTO `B65362949_societe` VALUES (148,'COMBUSTIBLE',1,NULL,NULL,0,NULL,'2016-05-12 11:49:40','2016-05-12 12:03:24',1,NULL,NULL,NULL,NULL,'',NULL,NULL,0,4,NULL,NULL,NULL,NULL,NULL,NULL,0,NULL,NULL,'','','','','','','',0,0,NULL,NULL,NULL,0,1,NULL,NULL,0,0,0,3,3,0,NULL,NULL,NULL,NULL,1,NULL,0,NULL,0,NULL,NULL,NULL,NULL,NULL,NULL);
INSERT INTO `B65362949_societe` VALUES (149,'Time Logistic S.L.',1,NULL,NULL,0,NULL,'2016-12-01 16:22:24','2016-05-20 10:21:23',0,147,NULL,NULL,NULL,'C/ Duran I Jorda, 6-8','08960','Sant Just Desvern',249,4,NULL,NULL,NULL,'jariza@festina.com',NULL,NULL,2,405,NULL,'B61756490','','','','','','',0,0,NULL,NULL,NULL,1,0,NULL,NULL,0,0,0,2,2,0,NULL,NULL,NULL,NULL,1,NULL,NULL,NULL,0,NULL,NULL,NULL,NULL,NULL,NULL);
INSERT INTO `B65362949_societe` VALUES (150,'Daniel Rodríguez Prieto',1,NULL,NULL,0,NULL,'2016-10-28 06:13:07','2016-06-29 10:38:28',1,NULL,NULL,NULL,NULL,'Francesc Ferrer i Guardia, 2D Int. 6-3','08100','Mollet del Valles, España',249,4,649693995,NULL,NULL,'dani.rodriguez@idaliza.com',NULL,NULL,8,401,NULL,'46654792M','','','','','','',0,0,NULL,NULL,NULL,2,1,NULL,NULL,0,0,0,3,2,0,NULL,NULL,NULL,NULL,1,NULL,0,NULL,0,NULL,NULL,NULL,NULL,NULL,NULL);
INSERT INTO `B65362949_societe` VALUES (151,'VIAJES EL CORTE INGLÉS, S.A.',1,NULL,NULL,0,NULL,'2016-07-11 19:08:44','2016-07-11 19:25:00',1,NULL,NULL,NULL,NULL,'Hermosilla, 112',28009,'Madrid',269,4,NULL,NULL,NULL,NULL,NULL,NULL,2,406,NULL,'A2822981','','','','','','',0,0,NULL,NULL,NULL,0,1,NULL,NULL,0,0,0,3,3,0,NULL,NULL,NULL,NULL,1,NULL,0,NULL,0,NULL,NULL,NULL,NULL,NULL,NULL);
INSERT INTO `B65362949_societe` VALUES (152,'Peaje',1,NULL,NULL,0,NULL,'2016-07-12 18:26:27','2016-07-12 18:42:46',1,NULL,NULL,NULL,NULL,'',NULL,NULL,0,4,NULL,NULL,NULL,NULL,NULL,NULL,0,NULL,NULL,'','','','','','','',0,0,NULL,NULL,NULL,0,1,NULL,NULL,0,0,0,3,3,0,NULL,NULL,NULL,NULL,1,NULL,0,NULL,0,NULL,NULL,NULL,NULL,NULL,NULL);
INSERT INTO `B65362949_societe` VALUES (153,'Dell Computer',1,NULL,NULL,0,NULL,'2016-07-13 13:05:10','2016-07-13 13:21:30',1,NULL,NULL,NULL,NULL,'c/Basauri 17',28023,'Madrid',269,4,NULL,NULL,NULL,NULL,NULL,NULL,2,406,NULL,'N0012622G','','','','','','',0,0,NULL,NULL,NULL,0,1,NULL,NULL,0,0,0,3,3,0,NULL,NULL,NULL,NULL,1,NULL,0,NULL,0,NULL,NULL,NULL,NULL,NULL,NULL);
INSERT INTO `B65362949_societe` VALUES (154,'Festina Lotus S.A.',1,NULL,NULL,0,NULL,'2016-12-01 16:22:59','2016-08-01 23:53:55',0,NULL,NULL,NULL,NULL,'C/ VELAZQUEZ 150 3-1',28002,'Madrid',269,4,NULL,NULL,NULL,'jariza@festina.com',NULL,NULL,2,406,NULL,'A08663684','','','','','','',0,0,NULL,NULL,NULL,1,0,NULL,NULL,0,0,0,2,2,0,NULL,NULL,NULL,NULL,1,NULL,NULL,NULL,0,NULL,NULL,NULL,NULL,NULL,NULL);
INSERT INTO `B65362949_societe` VALUES (155,'FNAC',1,NULL,NULL,0,NULL,'2016-08-16 14:25:53','2016-08-16 14:43:37',1,NULL,NULL,NULL,NULL,'Paseo de la Finca, 11, 2ª planta',28223,'Pozuelo de Alarcón',269,4,NULL,NULL,NULL,NULL,NULL,NULL,2,406,NULL,'A80500200','','','','','','',0,0,NULL,NULL,NULL,0,1,NULL,NULL,0,0,0,3,3,0,NULL,NULL,NULL,NULL,1,NULL,0,NULL,0,NULL,NULL,NULL,NULL,NULL,NULL);
INSERT INTO `B65362949_societe` VALUES (156,'Carrefour',1,NULL,NULL,0,NULL,'2016-08-16 15:03:39','2016-08-16 15:21:23',1,NULL,NULL,NULL,NULL,'Calle Llacuna, 155','08018','Barcelona',249,4,NULL,NULL,NULL,NULL,NULL,NULL,2,406,NULL,'A28425270','','','','','','',0,0,NULL,NULL,NULL,0,1,NULL,NULL,0,0,0,3,3,0,NULL,NULL,NULL,NULL,1,NULL,0,NULL,0,NULL,NULL,NULL,NULL,NULL,NULL);
INSERT INTO `B65362949_societe` VALUES (157,'Silvia Tormo',1,NULL,NULL,0,NULL,'2016-08-31 13:10:04','2016-08-31 13:18:44',1,NULL,NULL,NULL,NULL,'Pius xii 23 1-2','08901','Cornellà de Llobregat',249,4,660130211,NULL,NULL,'silvia.tormo@gmail.com',NULL,NULL,8,NULL,NULL,'47611935A','','','','','','',0,0,NULL,NULL,NULL,0,1,NULL,NULL,0,0,0,3,3,0,NULL,NULL,2,1,1,NULL,1,NULL,0,NULL,NULL,NULL,NULL,NULL,NULL);
INSERT INTO `B65362949_societe` VALUES (158,'RECANVIS MARTORELL',1,NULL,NULL,0,NULL,'2016-10-09 21:16:48','2016-10-09 21:36:44',1,NULL,NULL,NULL,NULL,'Ctra. de Piera, 4','08760','Martorell',249,4,NULL,NULL,NULL,NULL,NULL,NULL,3,405,NULL,'B60408010','','','','','','',0,0,NULL,NULL,NULL,0,1,NULL,NULL,0,0,0,3,3,0,NULL,NULL,NULL,NULL,1,NULL,0,NULL,0,NULL,NULL,NULL,NULL,NULL,NULL);
INSERT INTO `B65362949_societe` VALUES (159,'Anovo Ibérica Madrid, SL',1,NULL,NULL,0,NULL,'2017-04-27 14:01:41','2016-11-02 08:35:18',1,'012',NULL,NULL,NULL,'Isla de la Palma 32 Nave 15-16',28703,'San Sebastián de los Reyes',269,4,NULL,NULL,NULL,'jjmarcos@anovo.com',NULL,NULL,3,405,NULL,'B82479197','','','','','','',0,0,NULL,NULL,NULL,1,0,NULL,NULL,0,0,0,2,3,0,NULL,NULL,NULL,NULL,1,NULL,NULL,NULL,0,NULL,'2500.00000000',NULL,'logo-new.gif',NULL,NULL);
INSERT INTO `B65362949_societe` VALUES (160,'GEHOZAS, SL Hotel Madrid Las Rozas',1,NULL,NULL,0,NULL,'2016-11-23 16:30:23','2016-11-23 16:52:08',1,NULL,NULL,NULL,NULL,'Crta. A Coruña (NVI) km 22,5',28230,'Las Rozas',269,4,NULL,NULL,NULL,NULL,NULL,NULL,2,405,NULL,'B84079649','','','','','','',0,0,NULL,NULL,NULL,0,1,NULL,NULL,0,0,0,3,3,0,NULL,NULL,NULL,NULL,1,NULL,0,NULL,0,NULL,NULL,NULL,NULL,NULL,NULL);
INSERT INTO `B65362949_societe` VALUES (161,'Awan Sport Europa S.L.',1,NULL,NULL,0,NULL,'2017-11-06 12:52:26','2016-11-23 19:22:55',0,NULL,NULL,NULL,NULL,'C/ Modena, 30',28230,'Las Rozas',269,4,NULL,NULL,NULL,NULL,NULL,NULL,0,NULL,NULL,'','','','','','','',0,0,NULL,NULL,NULL,2,0,NULL,NULL,0,0,0,2,2,0,NULL,NULL,NULL,NULL,1,NULL,NULL,NULL,0,NULL,NULL,NULL,NULL,NULL,NULL);
INSERT INTO `B65362949_societe` VALUES (162,'AECSA APARCAMIENTOS ESTELA CASANOVAS S.L.',1,NULL,NULL,0,NULL,'2016-11-24 15:30:46','2016-11-24 15:52:33',1,NULL,NULL,NULL,NULL,'Dr. August Pi i Sunyer 3 Local 2','08034','Barcelona',249,4,NULL,NULL,NULL,NULL,NULL,NULL,3,405,NULL,'B58630286','','','','','','',0,0,NULL,NULL,NULL,0,1,NULL,NULL,0,0,0,3,3,0,NULL,NULL,NULL,NULL,1,NULL,0,NULL,0,NULL,NULL,NULL,NULL,NULL,NULL);
INSERT INTO `B65362949_societe` VALUES (163,'DAVID BEA RUIZ',1,NULL,NULL,0,NULL,'2016-11-24 21:09:30','2016-11-24 21:31:18',1,NULL,NULL,NULL,NULL,'Camí de Can Llonc, 46','08184','Palau-Solità i Plegamans',249,4,NULL,NULL,NULL,NULL,NULL,NULL,8,401,NULL,'43443441Y','','','','','','',0,0,NULL,NULL,NULL,0,1,NULL,NULL,0,0,0,3,3,0,NULL,NULL,NULL,NULL,1,NULL,1,NULL,0,NULL,NULL,NULL,NULL,NULL,NULL);
INSERT INTO `B65362949_societe` VALUES (164,'FNMT - Fábrica Nacional de Moneda y Timbre',1,NULL,NULL,0,NULL,'2016-12-02 21:09:29','2016-12-02 21:29:36',1,NULL,NULL,NULL,NULL,'C/ Jorge Juan, 106',28009,'Madrid',269,4,NULL,NULL,NULL,NULL,NULL,NULL,5,NULL,NULL,'Q2826004J','','','','','','',0,0,NULL,NULL,NULL,0,1,NULL,NULL,0,0,0,3,3,0,NULL,NULL,NULL,NULL,1,NULL,0,NULL,0,NULL,NULL,NULL,NULL,NULL,NULL);
INSERT INTO `B65362949_societe` VALUES (165,'Juan Carlos Alonso Álvarez',1,NULL,NULL,0,NULL,'2016-12-16 13:21:48','2016-12-16 13:44:26',1,NULL,NULL,NULL,NULL,'Av. Diagonal, 117','08005','Barcelona',249,4,NULL,NULL,NULL,NULL,NULL,NULL,8,401,NULL,'35549354W','','','','','','',0,0,NULL,NULL,NULL,0,1,NULL,NULL,0,0,0,3,3,0,NULL,NULL,NULL,NULL,1,NULL,1,NULL,0,NULL,NULL,NULL,NULL,NULL,NULL);
INSERT INTO `B65362949_societe` VALUES (166,'Eulalia Garriga Mas - Ukkotrade',1,NULL,NULL,0,NULL,'2017-02-14 16:37:17','2016-12-27 11:54:52',1,NULL,NULL,NULL,NULL,'Déu i Mata 156 6-1','08029','Barcelona',249,4,NULL,NULL,NULL,NULL,NULL,NULL,8,NULL,NULL,'46131208Q','','','','','','',0,0,NULL,NULL,NULL,1,0,NULL,NULL,0,0,0,3,3,0,NULL,NULL,NULL,NULL,1,NULL,NULL,NULL,0,NULL,NULL,NULL,NULL,NULL,NULL);
INSERT INTO `B65362949_societe` VALUES (167,'Endesa',1,NULL,NULL,0,NULL,'2017-01-09 11:44:32','2017-01-09 12:07:53',1,NULL,NULL,NULL,NULL,'Ribera del Loira, 60',28042,'Madrid',269,4,NULL,NULL,NULL,NULL,NULL,NULL,2,406,NULL,'A81948077','','','','','','',0,0,NULL,NULL,NULL,0,1,NULL,NULL,0,0,0,3,3,0,NULL,NULL,NULL,NULL,1,NULL,0,NULL,0,NULL,NULL,NULL,NULL,NULL,NULL);
INSERT INTO `B65362949_societe` VALUES (168,'Media Markt Getafe',1,NULL,NULL,0,NULL,'2017-01-10 14:20:40','2017-01-10 14:44:04',1,NULL,NULL,NULL,NULL,'Río Guadalquivir, 13
\nCC Nassica',28906,'Getafe',269,4,NULL,NULL,NULL,NULL,NULL,NULL,2,406,NULL,'A62348305','','','','','','',0,0,NULL,NULL,NULL,0,1,NULL,NULL,0,0,0,3,3,0,NULL,NULL,NULL,NULL,1,NULL,0,NULL,0,NULL,NULL,NULL,NULL,NULL,NULL);
INSERT INTO `B65362949_societe` VALUES (169,'Aeromodelo, SL',1,NULL,NULL,0,NULL,'2017-01-16 13:33:40','2017-01-16 13:57:19',1,NULL,NULL,NULL,NULL,'Hilarión Eslava, 64',28015,'Madrid',269,4,NULL,NULL,NULL,NULL,NULL,NULL,3,405,NULL,'B80597545','','','','','','',0,0,NULL,NULL,NULL,0,1,NULL,NULL,0,0,0,3,3,0,NULL,NULL,NULL,NULL,1,NULL,0,NULL,0,NULL,NULL,NULL,NULL,NULL,NULL);
INSERT INTO `B65362949_societe` VALUES (170,'MAPFRE ESPAÑA, COMPAÑIA DE SEGUROS Y REASEGUROS SA',1,NULL,NULL,0,NULL,'2017-01-23 12:19:20','2017-01-23 12:41:13',1,NULL,NULL,NULL,NULL,'CARRETERA DE POZUELO (M-515), 50',28222,'MAJADAHONDA',269,4,NULL,NULL,NULL,NULL,NULL,NULL,2,406,NULL,'A28141935','',6512,'','','','',0,0,NULL,NULL,NULL,0,1,NULL,NULL,0,0,0,3,3,0,NULL,NULL,NULL,NULL,0,NULL,0,NULL,0,NULL,NULL,NULL,NULL,NULL,NULL);
INSERT INTO `B65362949_societe` VALUES (171,'Apple Distribution International',1,NULL,NULL,0,NULL,'2017-01-23 17:26:47','2017-01-23 17:50:44',1,NULL,NULL,NULL,NULL,'Hollyhill Industrial Estate',NULL,NULL,0,4,NULL,NULL,NULL,NULL,NULL,NULL,2,NULL,NULL,'N0072469J','','','','','','',0,0,NULL,NULL,NULL,0,1,NULL,NULL,0,0,0,3,3,0,NULL,NULL,NULL,NULL,1,NULL,0,NULL,0,NULL,NULL,NULL,NULL,NULL,NULL);
INSERT INTO `B65362949_societe` VALUES (172,'Banco de Sabadell, S.A.',1,NULL,NULL,0,NULL,'2017-02-15 17:29:10','2017-02-15 17:54:07',1,NULL,NULL,NULL,NULL,'Pl. de Sant Roc, 20','08205','Sabadell',249,4,NULL,NULL,NULL,NULL,NULL,NULL,2,406,NULL,'A08000143','','','','','','',0,0,NULL,NULL,NULL,0,1,NULL,NULL,0,0,0,3,3,0,NULL,NULL,NULL,NULL,1,NULL,0,NULL,0,NULL,NULL,NULL,NULL,NULL,NULL);
INSERT INTO `B65362949_societe` VALUES (174,'Precintia Internacional, S.A.',1,NULL,NULL,0,NULL,'2017-09-28 15:17:04','2017-03-19 08:30:27',1,NULL,NULL,NULL,NULL,'c/ Vic, 26-28','08120','La Llagosta',249,4,NULL,NULL,NULL,'jaime.baucells@precintia.com',NULL,NULL,3,406,NULL,'A08843252','',2229,'','','','',2542230,0,NULL,NULL,NULL,1,0,NULL,NULL,0,0,0,2,3,0,NULL,NULL,NULL,NULL,1,NULL,NULL,NULL,0,NULL,NULL,NULL,NULL,NULL,NULL);
INSERT INTO `B65362949_societe` VALUES (175,'Meridiana Courier, SL - MRW',1,NULL,NULL,0,NULL,'2017-03-21 18:50:18','2017-03-21 19:15:53',1,NULL,NULL,NULL,NULL,'','08018','Barcelona',249,4,NULL,NULL,NULL,NULL,NULL,NULL,3,405,NULL,'B60450319','','','','','','',0,0,NULL,NULL,NULL,0,1,NULL,NULL,0,0,0,3,3,0,NULL,NULL,NULL,NULL,1,NULL,0,NULL,0,NULL,NULL,NULL,NULL,NULL,NULL);
INSERT INTO `B65362949_societe` VALUES (176,'Paradores de Turismo de España, SME, SA',1,NULL,NULL,0,NULL,'2017-03-23 10:13:35','2017-03-23 10:39:14',1,NULL,NULL,NULL,NULL,'José Abascal, 2-4, planta 6',28003,'Madrid',269,4,NULL,NULL,NULL,NULL,NULL,NULL,2,406,NULL,'A79855201','','','','','','',0,0,NULL,NULL,NULL,0,1,NULL,NULL,0,0,0,3,3,0,NULL,NULL,NULL,NULL,1,NULL,0,NULL,0,NULL,NULL,NULL,NULL,NULL,NULL);
INSERT INTO `B65362949_societe` VALUES (177,'Siemens (Cornella)',1,NULL,NULL,0,NULL,'2018-02-27 17:41:01','2017-04-05 11:02:13',1,NULL,NULL,NULL,NULL,'',NULL,NULL,0,4,NULL,NULL,NULL,NULL,NULL,NULL,0,NULL,NULL,'','','','','','','',0,0,NULL,NULL,NULL,1,0,NULL,NULL,0,0,0,2,2,0,NULL,NULL,NULL,NULL,1,NULL,NULL,NULL,0,NULL,NULL,NULL,NULL,NULL,NULL);
INSERT INTO `B65362949_societe` VALUES (178,'REINPE BAIX LLOBREGAT, SL',1,NULL,NULL,0,NULL,'2017-04-19 15:34:18','2017-04-19 15:52:26',1,'0150',NULL,NULL,NULL,'C/ FRANCESC SANTACANA, 5','08760','Martorell',249,4,937735151,NULL,'www.reinpe.cat','sat@reinpe.cat',NULL,3,3,405,NULL,'B59093211','','','','','','',0,0,NULL,NULL,NULL,1,1,NULL,NULL,0,0,0,3,3,0,3,2,NULL,NULL,1,NULL,0,NULL,0,NULL,'1000.00000000',NULL,NULL,NULL,NULL);
INSERT INTO `B65362949_societe` VALUES (179,'Gema E Santiago Garrido',1,NULL,NULL,0,NULL,'2017-05-16 11:16:26','2017-05-16 11:05:35',1,NULL,NULL,NULL,NULL,'Ernest Lluch 21 2 2','08904','Hospitalet de Llobregat',249,4,652811977,NULL,'www.divinossabores.com','gemaesantiago@gmail.com',NULL,NULL,8,401,NULL,'46733781N','','','','','','',0,0,NULL,NULL,NULL,1,0,NULL,NULL,0,0,0,3,3,0,NULL,NULL,NULL,NULL,1,NULL,NULL,NULL,0,NULL,NULL,NULL,NULL,NULL,NULL);
INSERT INTO `B65362949_societe` VALUES (180,'Anticipa',1,NULL,NULL,0,NULL,'2018-03-02 09:30:33','2017-05-28 13:40:57',0,NULL,NULL,NULL,NULL,'',NULL,NULL,0,4,NULL,NULL,NULL,NULL,NULL,NULL,0,NULL,NULL,'','','','','','','',0,0,NULL,NULL,NULL,2,0,NULL,NULL,0,0,0,2,2,0,NULL,NULL,NULL,NULL,1,NULL,NULL,NULL,0,NULL,NULL,NULL,NULL,NULL,NULL);
INSERT INTO `B65362949_societe` VALUES (181,'Neopost',1,NULL,NULL,0,NULL,'2017-06-17 08:11:47','2017-06-17 08:41:06',1,NULL,NULL,NULL,NULL,'',NULL,NULL,0,4,NULL,NULL,NULL,NULL,NULL,NULL,0,NULL,NULL,'','','','','','','',0,0,NULL,NULL,NULL,3,1,NULL,NULL,0,0,0,2,2,0,NULL,NULL,NULL,NULL,1,NULL,0,NULL,0,NULL,NULL,NULL,NULL,NULL,NULL);
INSERT INTO `B65362949_societe` VALUES (183,'Serlotor, SL',1,NULL,NULL,0,NULL,'2017-06-20 11:04:11','2017-06-20 11:30:34',1,NULL,NULL,NULL,NULL,'C/ Miquel Servet 13
\nPol.ind Sesrovires','08635','Sant Esteve de Sesrrovires',249,4,NULL,NULL,NULL,'esther.casado@serlotor.com',NULL,NULL,3,405,NULL,'B65739278','','','','','','',0,0,NULL,NULL,NULL,1,0,NULL,NULL,0,0,0,3,3,0,NULL,2,NULL,NULL,1,NULL,0,NULL,0,NULL,NULL,NULL,NULL,NULL,NULL);
INSERT INTO `B65362949_societe` VALUES (184,'Hotel Izán Trujillo',1,NULL,NULL,0,NULL,'2017-07-11 12:36:20','2017-07-11 13:06:16',1,NULL,NULL,NULL,NULL,'Plaza del Campillo, 1',10200,'Trujillo',251,4,NULL,NULL,NULL,NULL,NULL,NULL,0,NULL,NULL,'B82811571','','','','','','',0,0,NULL,NULL,NULL,0,1,NULL,NULL,0,0,0,3,3,0,NULL,NULL,NULL,NULL,1,NULL,0,NULL,0,NULL,NULL,NULL,NULL,NULL,NULL);
INSERT INTO `B65362949_societe` VALUES (185,'AYUNTAMIENTO BARCELONA',1,NULL,NULL,0,NULL,'2017-07-11 15:13:52','2017-07-11 15:44:13',1,NULL,NULL,NULL,NULL,'',NULL,NULL,0,4,NULL,NULL,NULL,NULL,NULL,NULL,0,NULL,NULL,'','','','','','','',0,0,NULL,NULL,NULL,0,1,NULL,NULL,0,0,0,3,3,0,NULL,NULL,NULL,NULL,1,NULL,0,NULL,0,NULL,NULL,NULL,NULL,NULL,NULL);
INSERT INTO `B65362949_societe` VALUES (186,'Hotel Cristina',1,NULL,NULL,0,NULL,'2017-07-11 15:48:59','2017-07-11 16:19:19',1,NULL,NULL,NULL,NULL,'',NULL,NULL,0,4,NULL,NULL,NULL,NULL,NULL,NULL,0,NULL,NULL,'A78312469','','','','','','',0,0,NULL,NULL,NULL,0,1,NULL,NULL,0,0,0,3,3,0,NULL,NULL,NULL,NULL,1,NULL,0,NULL,0,NULL,NULL,NULL,NULL,NULL,NULL);
INSERT INTO `B65362949_societe` VALUES (187,'Hotel Ciudad de Cordoba',1,NULL,NULL,0,NULL,'2017-07-11 15:53:02','2017-07-11 16:23:23',1,NULL,NULL,NULL,NULL,'',NULL,NULL,0,4,NULL,NULL,NULL,NULL,NULL,NULL,0,NULL,NULL,'B14532147','','','','','','',0,0,NULL,NULL,NULL,0,1,NULL,NULL,0,0,0,3,3,0,NULL,NULL,NULL,NULL,1,NULL,0,NULL,0,NULL,NULL,NULL,NULL,NULL,NULL);
INSERT INTO `B65362949_societe` VALUES (188,'Jamón Jarote, SL',1,NULL,NULL,0,NULL,'2017-07-12 15:52:28','2017-07-12 16:22:51',1,NULL,NULL,NULL,NULL,'Av. del Matadero, 40',14440,'Villanueva de Córdoba',255,4,NULL,NULL,NULL,NULL,NULL,NULL,3,405,NULL,'B14320733','','','','','','',0,0,NULL,NULL,NULL,0,1,NULL,NULL,0,0,0,3,3,0,NULL,NULL,NULL,NULL,1,NULL,0,NULL,0,NULL,NULL,NULL,NULL,NULL,NULL);
INSERT INTO `B65362949_societe` VALUES (189,'Castmay-Francisco Castillo Mayén',1,NULL,NULL,0,NULL,'2017-07-13 14:41:43','2017-07-13 15:12:08',1,NULL,NULL,NULL,NULL,'C/Fuenteobejuna, nº21',14005,'Córdoba,',255,4,NULL,NULL,NULL,NULL,NULL,NULL,0,401,NULL,'44352851L','','','','','','',0,0,NULL,NULL,NULL,0,1,NULL,NULL,0,0,0,3,3,0,NULL,NULL,NULL,NULL,1,NULL,0,NULL,0,NULL,NULL,NULL,NULL,NULL,NULL);
INSERT INTO `B65362949_societe` VALUES (190,'Plastic Omnium Automotive España S.A.',1,NULL,NULL,0,NULL,'2017-11-24 15:24:34','2017-11-24 15:47:42',1,NULL,NULL,NULL,NULL,'',NULL,NULL,0,4,NULL,NULL,NULL,NULL,NULL,NULL,0,NULL,NULL,'','','','','','','',0,0,NULL,NULL,NULL,2,0,NULL,NULL,0,0,0,2,2,0,NULL,NULL,NULL,NULL,1,NULL,NULL,NULL,0,NULL,NULL,NULL,NULL,NULL,NULL);
INSERT INTO `B65362949_societe` VALUES (191,'MATTIELLO VENETO S.L.',1,NULL,NULL,0,NULL,'2017-11-29 10:55:31','2017-11-29 11:18:51',1,152,NULL,NULL,NULL,'C/Joaquim Blume 7','08205','Sabadell',249,4,NULL,NULL,NULL,'administracion@mattielloveneto.es',NULL,NULL,3,405,NULL,'B66836909','','','','','','',0,0,NULL,NULL,NULL,1,0,NULL,NULL,0,0,0,3,3,0,NULL,NULL,NULL,NULL,1,NULL,0,NULL,0,NULL,NULL,NULL,NULL,NULL,NULL);
INSERT INTO `B65362949_societe` VALUES (192,'Nova Fincas',1,NULL,NULL,0,NULL,'2017-12-14 10:36:08','2017-12-14 11:00:04',1,NULL,NULL,NULL,NULL,'',NULL,NULL,0,4,NULL,NULL,NULL,NULL,NULL,NULL,0,NULL,NULL,'','','','','','','',0,0,NULL,NULL,NULL,3,1,NULL,NULL,0,0,0,2,2,0,NULL,NULL,NULL,NULL,1,NULL,0,NULL,0,NULL,NULL,NULL,NULL,NULL,NULL);
INSERT INTO `B65362949_societe` VALUES (193,'Xavier Figueras Peñalver',1,NULL,NULL,0,NULL,'2017-12-27 17:08:38','2017-12-27 15:19:26',1,NULL,NULL,NULL,NULL,'Ronda Ponent, 64','08781','Els Hostalets de Pierola',249,4,NULL,NULL,NULL,'inmalolo67@gmail.com',NULL,NULL,0,NULL,NULL,'36564390W','','','','','','',0,0,NULL,NULL,NULL,1,0,NULL,NULL,0,0,0,3,3,0,NULL,NULL,NULL,NULL,1,NULL,NULL,NULL,0,NULL,NULL,NULL,NULL,NULL,NULL);
INSERT INTO `B65362949_societe` VALUES (194,'Hotel Entredos servicios Hoteleros, SL',1,NULL,NULL,0,NULL,'2018-01-23 20:03:03','2018-01-23 20:28:35',1,NULL,NULL,NULL,NULL,'',37770,'Guijuelo',278,4,NULL,NULL,NULL,NULL,NULL,NULL,3,405,NULL,'B37420940','','','','','','',0,0,NULL,NULL,NULL,0,1,NULL,NULL,0,0,0,3,3,0,NULL,NULL,NULL,NULL,1,NULL,0,NULL,0,NULL,NULL,NULL,NULL,NULL,NULL);
INSERT INTO `B65362949_societe` VALUES (195,'José Antonio Camacho  Martínez',1,NULL,NULL,0,NULL,'2018-03-01 14:27:23','2018-02-06 16:05:41',1,NULL,NULL,NULL,NULL,'Calle Navarra 67, atico 1','08401','Granollers',249,4,'+34652642129',NULL,NULL,'josecamacho85@gmail.com',NULL,1,8,401,NULL,'47703149E','','','','','','',0,0,NULL,NULL,NULL,0,1,NULL,NULL,0,0,0,3,3,0,NULL,NULL,2,1,1,NULL,1,NULL,0,NULL,NULL,NULL,NULL,NULL,NULL);
INSERT INTO `B65362949_societe` VALUES (196,'Copistería TPI',1,NULL,NULL,0,NULL,'2018-02-20 12:00:44','2018-02-20 12:27:21',1,NULL,NULL,NULL,NULL,'María Aguiló, 92','08005','Barcelona',249,4,NULL,NULL,NULL,NULL,NULL,NULL,3,401,NULL,'46758536L','','','','','','',0,0,NULL,NULL,NULL,0,1,NULL,NULL,0,0,0,3,3,0,NULL,NULL,NULL,NULL,1,NULL,0,NULL,0,NULL,NULL,NULL,NULL,NULL,NULL);




--
-- Table structure for table `B65362949_societe_address`
--
CREATE TABLE `B65362949_societe_address` (
  `rowid` int(11) NOT NULL AUTO_INCREMENT,
  `datec` datetime DEFAULT NULL,
  `tms` timestamp NOT NULL DEFAULT CURRENT_TIMESTAMP ON UPDATE CURRENT_TIMESTAMP,
  `label` varchar(30) DEFAULT NULL,
  `fk_soc` int(11) DEFAULT '0',
  `name` varchar(60) DEFAULT NULL,
  `address` varchar(255) DEFAULT NULL,
  `zip` varchar(10) DEFAULT NULL,
  `town` varchar(50) DEFAULT NULL,
  `fk_pays` int(11) DEFAULT '0',
  `phone` varchar(20) DEFAULT NULL,
  `fax` varchar(20) DEFAULT NULL,
  `note` text,
  `fk_user_creat` int(11) DEFAULT NULL,
  `fk_user_modif` int(11) DEFAULT NULL,
  PRIMARY KEY (`rowid`)
) ENGINE=InnoDB DEFAULT CHARSET=utf8;

--
-- Dumping data for table `B65362949_societe_address`
--




--
-- Table structure for table `B65362949_societe_commerciaux`
--
CREATE TABLE `B65362949_societe_commerciaux` (
  `rowid` int(11) NOT NULL AUTO_INCREMENT,
  `fk_soc` int(11) DEFAULT NULL,
  `fk_user` int(11) DEFAULT NULL,
  PRIMARY KEY (`rowid`),
  UNIQUE KEY `uk_societe_commerciaux` (`fk_soc`,`fk_user`)
) ENGINE=InnoDB AUTO_INCREMENT=185 DEFAULT CHARSET=utf8;

--
-- Dumping data for table `B65362949_societe_commerciaux`
--
INSERT INTO `B65362949_societe_commerciaux` VALUES (1,1,3);
INSERT INTO `B65362949_societe_commerciaux` VALUES (2,2,3);
INSERT INTO `B65362949_societe_commerciaux` VALUES (159,3,2);
INSERT INTO `B65362949_societe_commerciaux` VALUES (3,3,3);
INSERT INTO `B65362949_societe_commerciaux` VALUES (4,4,3);
INSERT INTO `B65362949_societe_commerciaux` VALUES (5,5,3);
INSERT INTO `B65362949_societe_commerciaux` VALUES (6,6,3);
INSERT INTO `B65362949_societe_commerciaux` VALUES (7,7,3);
INSERT INTO `B65362949_societe_commerciaux` VALUES (8,8,3);
INSERT INTO `B65362949_societe_commerciaux` VALUES (9,9,3);
INSERT INTO `B65362949_societe_commerciaux` VALUES (10,10,3);
INSERT INTO `B65362949_societe_commerciaux` VALUES (11,11,3);
INSERT INTO `B65362949_societe_commerciaux` VALUES (12,12,3);
INSERT INTO `B65362949_societe_commerciaux` VALUES (13,13,3);
INSERT INTO `B65362949_societe_commerciaux` VALUES (14,14,3);
INSERT INTO `B65362949_societe_commerciaux` VALUES (15,15,3);
INSERT INTO `B65362949_societe_commerciaux` VALUES (16,16,3);
INSERT INTO `B65362949_societe_commerciaux` VALUES (17,17,3);
INSERT INTO `B65362949_societe_commerciaux` VALUES (18,18,3);
INSERT INTO `B65362949_societe_commerciaux` VALUES (19,19,3);
INSERT INTO `B65362949_societe_commerciaux` VALUES (20,20,3);
INSERT INTO `B65362949_societe_commerciaux` VALUES (21,21,3);
INSERT INTO `B65362949_societe_commerciaux` VALUES (22,22,3);
INSERT INTO `B65362949_societe_commerciaux` VALUES (23,23,3);
INSERT INTO `B65362949_societe_commerciaux` VALUES (24,24,3);
INSERT INTO `B65362949_societe_commerciaux` VALUES (25,25,3);
INSERT INTO `B65362949_societe_commerciaux` VALUES (26,26,3);
INSERT INTO `B65362949_societe_commerciaux` VALUES (27,27,3);
INSERT INTO `B65362949_societe_commerciaux` VALUES (28,28,3);
INSERT INTO `B65362949_societe_commerciaux` VALUES (29,29,3);
INSERT INTO `B65362949_societe_commerciaux` VALUES (30,30,3);
INSERT INTO `B65362949_societe_commerciaux` VALUES (31,31,3);
INSERT INTO `B65362949_societe_commerciaux` VALUES (32,32,2);
INSERT INTO `B65362949_societe_commerciaux` VALUES (33,33,3);
INSERT INTO `B65362949_societe_commerciaux` VALUES (34,34,3);
INSERT INTO `B65362949_societe_commerciaux` VALUES (35,35,3);
INSERT INTO `B65362949_societe_commerciaux` VALUES (36,36,2);
INSERT INTO `B65362949_societe_commerciaux` VALUES (37,37,3);
INSERT INTO `B65362949_societe_commerciaux` VALUES (38,38,3);
INSERT INTO `B65362949_societe_commerciaux` VALUES (39,39,3);
INSERT INTO `B65362949_societe_commerciaux` VALUES (40,40,3);
INSERT INTO `B65362949_societe_commerciaux` VALUES (41,41,3);
INSERT INTO `B65362949_societe_commerciaux` VALUES (42,42,3);
INSERT INTO `B65362949_societe_commerciaux` VALUES (43,43,3);
INSERT INTO `B65362949_societe_commerciaux` VALUES (44,44,3);
INSERT INTO `B65362949_societe_commerciaux` VALUES (45,45,3);
INSERT INTO `B65362949_societe_commerciaux` VALUES (46,46,3);
INSERT INTO `B65362949_societe_commerciaux` VALUES (47,47,3);
INSERT INTO `B65362949_societe_commerciaux` VALUES (48,48,3);
INSERT INTO `B65362949_societe_commerciaux` VALUES (49,49,3);
INSERT INTO `B65362949_societe_commerciaux` VALUES (50,50,3);
INSERT INTO `B65362949_societe_commerciaux` VALUES (51,51,3);
INSERT INTO `B65362949_societe_commerciaux` VALUES (52,52,2);
INSERT INTO `B65362949_societe_commerciaux` VALUES (53,53,2);
INSERT INTO `B65362949_societe_commerciaux` VALUES (54,54,2);
INSERT INTO `B65362949_societe_commerciaux` VALUES (55,55,2);
INSERT INTO `B65362949_societe_commerciaux` VALUES (56,56,3);
INSERT INTO `B65362949_societe_commerciaux` VALUES (57,57,3);
INSERT INTO `B65362949_societe_commerciaux` VALUES (58,58,3);
INSERT INTO `B65362949_societe_commerciaux` VALUES (59,59,3);
INSERT INTO `B65362949_societe_commerciaux` VALUES (60,60,3);
INSERT INTO `B65362949_societe_commerciaux` VALUES (61,61,3);
INSERT INTO `B65362949_societe_commerciaux` VALUES (62,62,3);
INSERT INTO `B65362949_societe_commerciaux` VALUES (63,63,3);
INSERT INTO `B65362949_societe_commerciaux` VALUES (64,64,3);
INSERT INTO `B65362949_societe_commerciaux` VALUES (65,65,3);
INSERT INTO `B65362949_societe_commerciaux` VALUES (66,66,3);
INSERT INTO `B65362949_societe_commerciaux` VALUES (67,67,3);
INSERT INTO `B65362949_societe_commerciaux` VALUES (68,68,3);
INSERT INTO `B65362949_societe_commerciaux` VALUES (69,69,3);
INSERT INTO `B65362949_societe_commerciaux` VALUES (70,70,3);
INSERT INTO `B65362949_societe_commerciaux` VALUES (71,71,3);
INSERT INTO `B65362949_societe_commerciaux` VALUES (72,72,3);
INSERT INTO `B65362949_societe_commerciaux` VALUES (73,73,3);
INSERT INTO `B65362949_societe_commerciaux` VALUES (74,74,3);
INSERT INTO `B65362949_societe_commerciaux` VALUES (75,75,3);
INSERT INTO `B65362949_societe_commerciaux` VALUES (76,76,3);
INSERT INTO `B65362949_societe_commerciaux` VALUES (77,77,3);
INSERT INTO `B65362949_societe_commerciaux` VALUES (78,78,3);
INSERT INTO `B65362949_societe_commerciaux` VALUES (79,79,3);
INSERT INTO `B65362949_societe_commerciaux` VALUES (80,80,3);
INSERT INTO `B65362949_societe_commerciaux` VALUES (81,81,3);
INSERT INTO `B65362949_societe_commerciaux` VALUES (82,82,3);
INSERT INTO `B65362949_societe_commerciaux` VALUES (83,83,3);
INSERT INTO `B65362949_societe_commerciaux` VALUES (84,84,3);
INSERT INTO `B65362949_societe_commerciaux` VALUES (85,85,3);
INSERT INTO `B65362949_societe_commerciaux` VALUES (86,86,3);
INSERT INTO `B65362949_societe_commerciaux` VALUES (87,87,3);
INSERT INTO `B65362949_societe_commerciaux` VALUES (88,88,3);
INSERT INTO `B65362949_societe_commerciaux` VALUES (89,89,3);
INSERT INTO `B65362949_societe_commerciaux` VALUES (90,90,2);
INSERT INTO `B65362949_societe_commerciaux` VALUES (91,91,2);
INSERT INTO `B65362949_societe_commerciaux` VALUES (92,92,3);
INSERT INTO `B65362949_societe_commerciaux` VALUES (93,93,3);
INSERT INTO `B65362949_societe_commerciaux` VALUES (94,94,3);
INSERT INTO `B65362949_societe_commerciaux` VALUES (95,95,3);
INSERT INTO `B65362949_societe_commerciaux` VALUES (96,96,3);
INSERT INTO `B65362949_societe_commerciaux` VALUES (97,97,3);
INSERT INTO `B65362949_societe_commerciaux` VALUES (98,98,3);
INSERT INTO `B65362949_societe_commerciaux` VALUES (99,99,3);
INSERT INTO `B65362949_societe_commerciaux` VALUES (100,100,3);
INSERT INTO `B65362949_societe_commerciaux` VALUES (101,101,3);
INSERT INTO `B65362949_societe_commerciaux` VALUES (102,102,3);
INSERT INTO `B65362949_societe_commerciaux` VALUES (103,103,3);
INSERT INTO `B65362949_societe_commerciaux` VALUES (104,104,3);
INSERT INTO `B65362949_societe_commerciaux` VALUES (105,105,3);
INSERT INTO `B65362949_societe_commerciaux` VALUES (106,106,3);
INSERT INTO `B65362949_societe_commerciaux` VALUES (107,107,3);
INSERT INTO `B65362949_societe_commerciaux` VALUES (108,108,3);
INSERT INTO `B65362949_societe_commerciaux` VALUES (109,109,3);
INSERT INTO `B65362949_societe_commerciaux` VALUES (110,110,3);
INSERT INTO `B65362949_societe_commerciaux` VALUES (111,111,3);
INSERT INTO `B65362949_societe_commerciaux` VALUES (112,112,3);
INSERT INTO `B65362949_societe_commerciaux` VALUES (116,117,3);
INSERT INTO `B65362949_societe_commerciaux` VALUES (117,118,3);
INSERT INTO `B65362949_societe_commerciaux` VALUES (118,119,3);
INSERT INTO `B65362949_societe_commerciaux` VALUES (119,120,3);
INSERT INTO `B65362949_societe_commerciaux` VALUES (120,121,3);
INSERT INTO `B65362949_societe_commerciaux` VALUES (121,122,3);
INSERT INTO `B65362949_societe_commerciaux` VALUES (122,123,3);
INSERT INTO `B65362949_societe_commerciaux` VALUES (123,124,3);
INSERT INTO `B65362949_societe_commerciaux` VALUES (124,125,3);
INSERT INTO `B65362949_societe_commerciaux` VALUES (125,126,3);
INSERT INTO `B65362949_societe_commerciaux` VALUES (126,127,3);
INSERT INTO `B65362949_societe_commerciaux` VALUES (127,128,3);
INSERT INTO `B65362949_societe_commerciaux` VALUES (128,129,3);
INSERT INTO `B65362949_societe_commerciaux` VALUES (129,130,3);
INSERT INTO `B65362949_societe_commerciaux` VALUES (130,131,3);
INSERT INTO `B65362949_societe_commerciaux` VALUES (131,132,3);
INSERT INTO `B65362949_societe_commerciaux` VALUES (132,133,3);
INSERT INTO `B65362949_societe_commerciaux` VALUES (133,134,3);
INSERT INTO `B65362949_societe_commerciaux` VALUES (134,135,3);
INSERT INTO `B65362949_societe_commerciaux` VALUES (135,136,3);
INSERT INTO `B65362949_societe_commerciaux` VALUES (136,137,3);
INSERT INTO `B65362949_societe_commerciaux` VALUES (137,138,3);
INSERT INTO `B65362949_societe_commerciaux` VALUES (138,139,3);
INSERT INTO `B65362949_societe_commerciaux` VALUES (139,140,3);
INSERT INTO `B65362949_societe_commerciaux` VALUES (140,141,3);
INSERT INTO `B65362949_societe_commerciaux` VALUES (141,142,3);
INSERT INTO `B65362949_societe_commerciaux` VALUES (142,143,3);
INSERT INTO `B65362949_societe_commerciaux` VALUES (143,144,3);
INSERT INTO `B65362949_societe_commerciaux` VALUES (144,145,3);
INSERT INTO `B65362949_societe_commerciaux` VALUES (145,146,3);
INSERT INTO `B65362949_societe_commerciaux` VALUES (146,147,2);
INSERT INTO `B65362949_societe_commerciaux` VALUES (147,148,3);
INSERT INTO `B65362949_societe_commerciaux` VALUES (148,149,2);
INSERT INTO `B65362949_societe_commerciaux` VALUES (149,150,3);
INSERT INTO `B65362949_societe_commerciaux` VALUES (150,151,3);
INSERT INTO `B65362949_societe_commerciaux` VALUES (151,152,3);
INSERT INTO `B65362949_societe_commerciaux` VALUES (152,153,3);
INSERT INTO `B65362949_societe_commerciaux` VALUES (153,154,2);
INSERT INTO `B65362949_societe_commerciaux` VALUES (154,155,3);
INSERT INTO `B65362949_societe_commerciaux` VALUES (155,156,3);
INSERT INTO `B65362949_societe_commerciaux` VALUES (156,157,3);
INSERT INTO `B65362949_societe_commerciaux` VALUES (157,158,3);
INSERT INTO `B65362949_societe_commerciaux` VALUES (158,159,2);
INSERT INTO `B65362949_societe_commerciaux` VALUES (160,160,3);
INSERT INTO `B65362949_societe_commerciaux` VALUES (161,161,2);
INSERT INTO `B65362949_societe_commerciaux` VALUES (162,162,3);
INSERT INTO `B65362949_societe_commerciaux` VALUES (163,163,3);
INSERT INTO `B65362949_societe_commerciaux` VALUES (164,164,3);
INSERT INTO `B65362949_societe_commerciaux` VALUES (165,165,3);
INSERT INTO `B65362949_societe_commerciaux` VALUES (166,166,3);
INSERT INTO `B65362949_societe_commerciaux` VALUES (167,173,2);
INSERT INTO `B65362949_societe_commerciaux` VALUES (168,174,2);
INSERT INTO `B65362949_societe_commerciaux` VALUES (169,177,2);
INSERT INTO `B65362949_societe_commerciaux` VALUES (170,180,2);
INSERT INTO `B65362949_societe_commerciaux` VALUES (171,181,2);
INSERT INTO `B65362949_societe_commerciaux` VALUES (172,182,2);
INSERT INTO `B65362949_societe_commerciaux` VALUES (173,184,3);
INSERT INTO `B65362949_societe_commerciaux` VALUES (174,185,3);
INSERT INTO `B65362949_societe_commerciaux` VALUES (175,186,3);
INSERT INTO `B65362949_societe_commerciaux` VALUES (176,187,3);
INSERT INTO `B65362949_societe_commerciaux` VALUES (177,188,3);
INSERT INTO `B65362949_societe_commerciaux` VALUES (178,189,3);
INSERT INTO `B65362949_societe_commerciaux` VALUES (179,190,2);
INSERT INTO `B65362949_societe_commerciaux` VALUES (180,192,2);
INSERT INTO `B65362949_societe_commerciaux` VALUES (181,193,3);
INSERT INTO `B65362949_societe_commerciaux` VALUES (182,194,3);
INSERT INTO `B65362949_societe_commerciaux` VALUES (183,195,3);
INSERT INTO `B65362949_societe_commerciaux` VALUES (184,196,3);




--
-- Table structure for table `B65362949_societe_extrafields`
--
CREATE TABLE `B65362949_societe_extrafields` (
  `rowid` int(11) NOT NULL AUTO_INCREMENT,
  `tms` timestamp NOT NULL DEFAULT CURRENT_TIMESTAMP ON UPDATE CURRENT_TIMESTAMP,
  `fk_object` int(11) NOT NULL,
  `import_key` varchar(14) DEFAULT NULL,
  PRIMARY KEY (`rowid`),
  KEY `idx_societe_extrafields` (`fk_object`)
) ENGINE=InnoDB DEFAULT CHARSET=utf8;

--
-- Dumping data for table `B65362949_societe_extrafields`
--




--
-- Table structure for table `B65362949_societe_log`
--
CREATE TABLE `B65362949_societe_log` (
  `id` int(11) NOT NULL AUTO_INCREMENT,
  `datel` datetime DEFAULT NULL,
  `fk_soc` int(11) DEFAULT NULL,
  `fk_statut` int(11) DEFAULT NULL,
  `fk_user` int(11) DEFAULT NULL,
  `author` varchar(30) DEFAULT NULL,
  `label` varchar(128) DEFAULT NULL,
  PRIMARY KEY (`id`)
) ENGINE=InnoDB DEFAULT CHARSET=utf8;

--
-- Dumping data for table `B65362949_societe_log`
--




--
-- Table structure for table `B65362949_societe_prices`
--
CREATE TABLE `B65362949_societe_prices` (
  `rowid` int(11) NOT NULL AUTO_INCREMENT,
  `fk_soc` int(11) DEFAULT '0',
  `tms` timestamp NOT NULL DEFAULT CURRENT_TIMESTAMP ON UPDATE CURRENT_TIMESTAMP,
  `datec` datetime DEFAULT NULL,
  `fk_user_author` int(11) DEFAULT NULL,
  `price_level` tinyint(4) DEFAULT '1',
  PRIMARY KEY (`rowid`)
) ENGINE=InnoDB DEFAULT CHARSET=utf8;

--
-- Dumping data for table `B65362949_societe_prices`
--




--
-- Table structure for table `B65362949_societe_remise`
--
CREATE TABLE `B65362949_societe_remise` (
  `rowid` int(11) NOT NULL AUTO_INCREMENT,
  `fk_soc` int(11) NOT NULL,
  `tms` timestamp NOT NULL DEFAULT CURRENT_TIMESTAMP ON UPDATE CURRENT_TIMESTAMP,
  `datec` datetime DEFAULT NULL,
  `fk_user_author` int(11) DEFAULT NULL,
  `remise_client` double(6,3) NOT NULL DEFAULT '0.000',
  `note` text,
  PRIMARY KEY (`rowid`)
) ENGINE=InnoDB DEFAULT CHARSET=utf8;

--
-- Dumping data for table `B65362949_societe_remise`
--




--
-- Table structure for table `B65362949_societe_remise_except`
--
CREATE TABLE `B65362949_societe_remise_except` (
  `rowid` int(11) NOT NULL AUTO_INCREMENT,
  `fk_soc` int(11) NOT NULL,
  `datec` datetime DEFAULT NULL,
  `amount_ht` double(24,8) NOT NULL,
  `amount_tva` double(24,8) NOT NULL DEFAULT '0.00000000',
  `amount_ttc` double(24,8) NOT NULL DEFAULT '0.00000000',
  `tva_tx` double(6,3) NOT NULL DEFAULT '0.000',
  `fk_user` int(11) NOT NULL,
  `fk_facture_line` int(11) DEFAULT NULL,
  `fk_facture` int(11) DEFAULT NULL,
  `fk_facture_source` int(11) DEFAULT NULL,
  `description` varchar(255) NOT NULL,
  PRIMARY KEY (`rowid`),
  KEY `idx_societe_remise_except_fk_user` (`fk_user`),
  KEY `idx_societe_remise_except_fk_soc` (`fk_soc`),
  KEY `idx_societe_remise_except_fk_facture_line` (`fk_facture_line`),
  KEY `idx_societe_remise_except_fk_facture` (`fk_facture`),
  KEY `idx_societe_remise_except_fk_facture_source` (`fk_facture_source`),
  CONSTRAINT `fk_societe_remise_fk_facture` FOREIGN KEY (`fk_facture`) REFERENCES `B65362949_facture` (`rowid`),
  CONSTRAINT `fk_societe_remise_fk_facture_line` FOREIGN KEY (`fk_facture_line`) REFERENCES `B65362949_facturedet` (`rowid`),
  CONSTRAINT `fk_societe_remise_fk_facture_source` FOREIGN KEY (`fk_facture_source`) REFERENCES `B65362949_facture` (`rowid`),
  CONSTRAINT `fk_societe_remise_fk_soc` FOREIGN KEY (`fk_soc`) REFERENCES `B65362949_societe` (`rowid`),
  CONSTRAINT `fk_societe_remise_fk_user` FOREIGN KEY (`fk_user`) REFERENCES `B65362949_user` (`rowid`)
) ENGINE=InnoDB DEFAULT CHARSET=utf8;

--
-- Dumping data for table `B65362949_societe_remise_except`
--




--
-- Table structure for table `B65362949_societe_rib`
--
CREATE TABLE `B65362949_societe_rib` (
  `rowid` int(11) NOT NULL AUTO_INCREMENT,
  `fk_soc` int(11) NOT NULL,
  `datec` datetime DEFAULT NULL,
  `tms` timestamp NOT NULL DEFAULT CURRENT_TIMESTAMP ON UPDATE CURRENT_TIMESTAMP,
  `label` varchar(30) DEFAULT NULL,
  `bank` varchar(255) DEFAULT NULL,
  `code_banque` varchar(7) DEFAULT NULL,
  `code_guichet` varchar(6) DEFAULT NULL,
  `number` varchar(255) DEFAULT NULL,
  `cle_rib` varchar(5) DEFAULT NULL,
  `bic` varchar(20) DEFAULT NULL,
  `iban_prefix` varchar(34) DEFAULT NULL,
  `domiciliation` varchar(255) DEFAULT NULL,
  `proprio` varchar(60) DEFAULT NULL,
  `owner_address` varchar(255) DEFAULT NULL,
  `default_rib` smallint(6) NOT NULL DEFAULT '0',
  `import_key` varchar(14) DEFAULT NULL,
  PRIMARY KEY (`rowid`)
) ENGINE=InnoDB AUTO_INCREMENT=25 DEFAULT CHARSET=utf8;

--
-- Dumping data for table `B65362949_societe_rib`
--
INSERT INTO `B65362949_societe_rib` VALUES (1,1,'2015-03-13 11:28:02','2015-03-13 11:28:45','Caixa Sabadell - 8527','Caixa Sabadell',2059,'0240','0001028527',54,'','ES42 2059 0240 5400 0102 8527','','Isabel Rodríguez Fernández','',1,NULL);
INSERT INTO `B65362949_societe_rib` VALUES (2,2,'2015-03-14 10:23:54','2015-03-23 14:53:57','Banco Sabadell - 7788','Banco Sabadell Atlántico','0081','0200','0001867788',25,'BSABESBBXXX','ES71 0081 0200 2500 0186 7788','','CSI PARTNER SPAIN, S.L.U.','',1,NULL);
INSERT INTO `B65362949_societe_rib` VALUES (3,3,'2015-03-14 11:07:41','2015-03-14 11:07:56','La Caixa - 9294','Caixabank, S.A.',2100,3060,2201789294,50,'','ES0921003060502201789294','','María Barcelona, S.L.','',1,NULL);
INSERT INTO `B65362949_societe_rib` VALUES (4,4,'2015-03-14 19:13:06','2015-03-14 19:15:21','Banco Santander - 0785','Banco Snatander','0049 ','1878 ',2810320785,95,'','ES25 0049 1878 9528 1032 0785','','Outservico Informática, S.L.','',1,NULL);
INSERT INTO `B65362949_societe_rib` VALUES (5,12,'2015-03-14 23:05:41','2015-03-14 23:07:38','La Caixa - 8634','Caixabank, S.A.',2100,'0879','0200398634',78,'','ES17 2100 0879 7802 0039 8634','','DIPTEC CONSULTORS, S.L.','',1,NULL);
INSERT INTO `B65362949_societe_rib` VALUES (6,13,'2015-03-14 23:47:44','2015-03-14 23:47:36','La Caixa - 0966','Caixabank, S.A.',2100,3277,2200240966,13,'','','','TIC AND TAG CONSULTORÍA, S.L.','',1,NULL);
INSERT INTO `B65362949_societe_rib` VALUES (7,17,'2015-03-17 11:47:23','2015-03-17 11:50:04','Banco Sabadell - 6752','Banco Sabadell Atlántico','0081','0200','0002476752',26,'','ES63 0081 0200 2600 0247 6752','','Rhenus Shipping S.L	','',1,NULL);
INSERT INTO `B65362949_societe_rib` VALUES (8,18,'2015-03-17 11:49:55','2015-03-17 11:49:40','Banco Sabadell - 8846','Banco Sabadell Atlántico','0081','0107','0001368846','05','','ES59 0081 0107 0500 0136 8846','','CINC BUSINESS CENTER, S.L.	','',1,NULL);
INSERT INTO `B65362949_societe_rib` VALUES (9,21,'2015-03-17 11:52:12','2015-03-17 11:51:57','Banco Sabadell - 3652','Banco Sabadell Atlántico','0081','0020','0001413652',19,'','ES69 0081 0020 1900 0141 3652','','DINTIC NET WORKERS, S.L.	','',1,NULL);
INSERT INTO `B65362949_societe_rib` VALUES (10,34,'2015-03-27 17:11:53','2016-08-31 13:16:35','Catalunya-Bank - 2944','Catalunya Banc, S.A.',2013,'0126','020178 2944',79,'CESCESBBXXX','ES44 2013 0126 79020178 2944 ','','Sandra Tormo Britapaja','',1,NULL);
INSERT INTO `B65362949_societe_rib` VALUES (11,35,'2015-04-07 13:17:09','2015-04-07 13:17:10','Banco Sabadell - 7640','Banco Sabadell Atlántico','0081','0066  ','0001377640',61,'','ES60 0081  0066  6100  0137 7640','','Egregia Activos, SL','',1,NULL);
INSERT INTO `B65362949_societe_rib` VALUES (12,56,'2015-06-30 12:35:16','2015-06-30 12:31:49','Bankia - 5551','Bankia','2038  ','1110  ',6000485551,12,'','ES30 ','','Dental Mayca S.L.','',1,NULL);
INSERT INTO `B65362949_societe_rib` VALUES (13,89,'2015-09-15 09:33:19','2015-09-15 09:26:35','Bankinter - 6141','Bankinter','0128',8700,'010.1866141',19,'','ES37 0128 8700 19 0101866141','','José Guitart','',1,NULL);
INSERT INTO `B65362949_societe_rib` VALUES (14,113,'2015-11-18 11:53:22','2015-11-18 11:43:53','BBVA - 1223','BBVA','0182',4890,'0201531223','07','','ES93 0182 4890 0702 0153 1223','','','',1,NULL);
INSERT INTO `B65362949_societe_rib` VALUES (15,118,'2015-12-24 12:09:23','2015-12-24 11:58:21','Barclays - 4744','Barclays','0065 ','1183 ','0001034744','56 ','','','','','',1,NULL);
INSERT INTO `B65362949_societe_rib` VALUES (16,143,'2016-03-14 19:15:36','2016-03-14 19:02:22','BBVA - 3599','BBVA','0182 ','8176 ','0201503599','57 ','','ES1601828176570201503599','','','',1,NULL);
INSERT INTO `B65362949_societe_rib` VALUES (17,157,'2016-08-31 13:30:44','2016-08-31 13:12:24','La Caixa - 8065','La Caixa',2100,3308,2200078065,92,'','ES17 2100 3308 9222 0007 8065','','','',1,NULL);
INSERT INTO `B65362949_societe_rib` VALUES (18,163,'2016-11-24 21:36:10','2016-11-24 21:14:23','Banco Sabadell - 0761','Banco Sabadell','0081','0060','0001560761',91,'','ES12 0081 0060 9100 0156 0761','','','',1,NULL);
INSERT INTO `B65362949_societe_rib` VALUES (19,26,'2017-03-06 17:33:10','2017-03-06 17:08:15','La Caixa - 4790','La Caixa',2100,'0719','0200024790',17,'','ES6221000719170200024790','','','',1,NULL);
INSERT INTO `B65362949_societe_rib` VALUES (20,178,'2017-04-19 15:55:13','2017-04-19 15:28:22','BBVA - 2840','BBVA','0182 ','0234','0201602840',64,'','ES8701820234640201602840','','REINPE BAIX LLOBREGAT, SL','',1,NULL);
INSERT INTO `B65362949_societe_rib` VALUES (21,183,'2017-06-20 11:50:56','2017-06-20 11:30:41','BSCH - 4794','BSCH','0049',1925,2110074794,26,'','ES7600491925262110074794','','','',1,NULL);
INSERT INTO `B65362949_societe_rib` VALUES (22,5,'2017-09-21 14:15:03','2017-09-21 13:42:05',9665,'Banco Sabadell','0081','0060','0001559665',91,'','ES19 0081 0060 9100 0155 9665','','Supremo Coffee Systems, S.L.	','',1,NULL);
INSERT INTO `B65362949_societe_rib` VALUES (23,25,'2018-01-30 11:35:31','2018-01-30 11:10:56','Banco Popular - 0742','Banco Popular','0072','0573','0000100742',31,'','ES1400720573310000100742','','','',1,NULL);
INSERT INTO `B65362949_societe_rib` VALUES (24,195,'2018-02-06 16:09:22','2018-02-06 15:43:18','La Caixa - 9944','La Caixa',2100,2904,'0202659944','06','','ES3921002904060202659944','','','',1,NULL);




--
-- Table structure for table `B65362949_socpeople`
--
CREATE TABLE `B65362949_socpeople` (
  `rowid` int(11) NOT NULL AUTO_INCREMENT,
  `datec` datetime DEFAULT NULL,
  `tms` timestamp NOT NULL DEFAULT CURRENT_TIMESTAMP ON UPDATE CURRENT_TIMESTAMP,
  `fk_soc` int(11) DEFAULT NULL,
  `entity` int(11) NOT NULL DEFAULT '1',
  `ref_ext` varchar(128) DEFAULT NULL,
  `civilite` varchar(6) DEFAULT NULL,
  `lastname` varchar(50) DEFAULT NULL,
  `firstname` varchar(50) DEFAULT NULL,
  `address` varchar(255) DEFAULT NULL,
  `zip` varchar(25) DEFAULT NULL,
  `town` varchar(255) DEFAULT NULL,
  `fk_departement` int(11) DEFAULT NULL,
  `fk_pays` int(11) DEFAULT '0',
  `birthday` date DEFAULT NULL,
  `poste` varchar(80) DEFAULT NULL,
  `phone` varchar(30) DEFAULT NULL,
  `phone_perso` varchar(30) DEFAULT NULL,
  `phone_mobile` varchar(30) DEFAULT NULL,
  `fax` varchar(30) DEFAULT NULL,
  `email` varchar(255) DEFAULT NULL,
  `jabberid` varchar(255) DEFAULT NULL,
  `skype` varchar(255) DEFAULT NULL,
  `no_email` smallint(6) NOT NULL DEFAULT '0',
  `priv` smallint(6) NOT NULL DEFAULT '0',
  `fk_user_creat` int(11) DEFAULT '0',
  `fk_user_modif` int(11) DEFAULT NULL,
  `note_private` text,
  `note_public` text,
  `default_lang` varchar(6) DEFAULT NULL,
  `canvas` varchar(32) DEFAULT NULL,
  `import_key` varchar(14) DEFAULT NULL,
  `statut` tinyint(4) NOT NULL DEFAULT '1',
  PRIMARY KEY (`rowid`),
  KEY `idx_socpeople_fk_soc` (`fk_soc`),
  KEY `idx_socpeople_fk_user_creat` (`fk_user_creat`),
  CONSTRAINT `fk_socpeople_fk_soc` FOREIGN KEY (`fk_soc`) REFERENCES `B65362949_societe` (`rowid`),
  CONSTRAINT `fk_socpeople_user_creat_user_rowid` FOREIGN KEY (`fk_user_creat`) REFERENCES `B65362949_user` (`rowid`)
) ENGINE=InnoDB AUTO_INCREMENT=36 DEFAULT CHARSET=utf8;

--
-- Dumping data for table `B65362949_socpeople`
--
INSERT INTO `B65362949_socpeople` VALUES (1,'2015-03-12 14:17:28','2015-03-19 11:41:05',1,1,NULL,'MME','Rodríguez Fernández','Isabel','C/. Sant Josep, 59 Baixos','08520','Les Franqueses del Vallés',249,4,NULL,'','','',607404142,'','azor-serveis@azor-serveis.com','','',0,0,3,3,'','',NULL,NULL,NULL,1);
INSERT INTO `B65362949_socpeople` VALUES (3,'2015-03-19 11:24:53','2015-03-19 12:04:34',3,1,NULL,'MR','Font','Pau','Rambla Catalunya, 135 1º 2ª','08006','Barcelona',249,4,NULL,'Director General',607414054,'','','','pfont@mariabarcelona.com','','',0,0,2,2,'','',NULL,NULL,NULL,1);
INSERT INTO `B65362949_socpeople` VALUES (4,'2015-03-19 11:34:24','2015-03-19 11:37:46',7,1,NULL,'MR','Navarro','Andrés','','','',269,4,NULL,'','','','','','anavarro@edicionesyestudios.com','','',0,0,3,3,'','',NULL,NULL,NULL,1);
INSERT INTO `B65362949_socpeople` VALUES (5,'2015-03-19 11:52:13','2015-03-19 11:51:53',2,1,NULL,'MLE','Igea','Adoración','','','',249,4,NULL,'Contable','','','','','adoracion.igea@csipartner.es','','',0,0,3,3,'','',NULL,NULL,NULL,1);
INSERT INTO `B65362949_socpeople` VALUES (6,'2015-03-27 17:08:59','2015-03-27 17:08:17',34,1,NULL,'MLE','Tormo Britapaja','Sandra','Avda. Fabregada 62 Atico 1º','08901','Hospitalet de Llobregat',249,4,NULL,'',650636553,'','','','sandra.tormo@addapta.com','','',0,0,3,3,NULL,NULL,NULL,NULL,NULL,1);
INSERT INTO `B65362949_socpeople` VALUES (7,'2015-03-31 15:34:01','2015-03-31 15:36:36',22,1,NULL,'MR','Calderón Bosch','Federico','','','',249,4,NULL,'Gestor','','','','','','','',0,0,NULL,3,'','',NULL,NULL,NULL,1);
INSERT INTO `B65362949_socpeople` VALUES (8,'2015-04-01 11:28:41','2015-04-01 11:27:47',4,1,NULL,'MLE','Cobos','María del Mar','','','',249,4,NULL,'Contable','','','','','m.cobos@outservico.net','','',0,0,3,3,'','',NULL,NULL,NULL,1);
INSERT INTO `B65362949_socpeople` VALUES (9,'2015-04-01 11:34:40','2016-02-02 14:28:53',11,1,NULL,'MLE','Fernández','Ana','','','',249,4,NULL,'Administración','','','','','afernandez@pqd.es','','',0,0,3,3,'','',NULL,NULL,NULL,1);
INSERT INTO `B65362949_socpeople` VALUES (10,'2015-04-21 11:26:41','2015-04-21 11:26:16',3,1,NULL,'','Strems','Cristina','','','',NULL,4,NULL,'','','','','','cestrems@mariabarcelona.com','','',0,0,2,2,'','',NULL,NULL,NULL,1);
INSERT INTO `B65362949_socpeople` VALUES (11,'2015-04-21 18:05:54','2015-04-21 18:05:28',3,1,NULL,'','Marti','Patricia','','','',NULL,4,NULL,'','','','','','pmarti@mariabarcelona.com','','',0,0,2,2,'','',NULL,NULL,NULL,1);
INSERT INTO `B65362949_socpeople` VALUES (12,'2015-04-23 16:58:39','2015-04-23 16:58:08',3,1,NULL,'','Andres','Victoria','','','',NULL,4,NULL,'','','','','','vandres@mariabarcelona.com','','',0,0,2,2,'','',NULL,NULL,NULL,1);
INSERT INTO `B65362949_socpeople` VALUES (13,'2015-05-06 15:08:46','2015-05-06 15:07:41',3,1,NULL,'','Fernandez','Arantxa','','','',NULL,4,NULL,'','','','','','afernandez@mariabarcelona.com','','',0,0,2,2,'','',NULL,NULL,NULL,1);
INSERT INTO `B65362949_socpeople` VALUES (14,'2015-05-19 20:16:36','2015-05-19 20:14:57',53,1,NULL,'MR','Ramos','Roberto','','','',NULL,4,NULL,'','','',669393287,'','rramos@did.grupodiusframi.com','','',0,0,2,2,'','',NULL,NULL,NULL,1);
INSERT INTO `B65362949_socpeople` VALUES (15,'2015-05-29 09:52:14','2015-05-29 09:50:11',51,1,NULL,'','Lopez Creixell','Xavier','','','',NULL,4,NULL,'','','','','','xlopez@parlem.com','','',0,0,2,2,'','',NULL,NULL,NULL,1);
INSERT INTO `B65362949_socpeople` VALUES (16,'2015-09-17 10:16:50','2015-09-17 10:10:00',6,1,NULL,'','Zafra','Cristina','','','',NULL,4,NULL,'Responsable de calidad','','','','','czafra@angrup.com','','',0,0,2,2,'','',NULL,NULL,NULL,1);
INSERT INTO `B65362949_socpeople` VALUES (17,'2015-11-16 14:18:20','2015-11-16 14:08:56',4,1,NULL,'MME','Bisbe','Ignacio','','','',249,4,NULL,'Director General','','','','','i.bisbe@outservico.net','','',0,0,3,3,'','',NULL,NULL,NULL,1);
INSERT INTO `B65362949_socpeople` VALUES (18,'2016-02-03 17:30:00','2016-02-03 17:17:16',139,1,NULL,'MME','Batata','Viviani','','','',NULL,4,NULL,'','','','','','viviani.batata@ti.eptisa.com','','',0,0,3,3,'','',NULL,NULL,NULL,1);
INSERT INTO `B65362949_socpeople` VALUES (19,'2016-03-08 12:30:18','2016-03-08 12:16:10',91,1,NULL,'MME','Elisabet Gutiérrez','','','','',NULL,4,NULL,'','','','','','elisabet.gutierrez@generali.com','','',0,0,3,3,'','',NULL,NULL,NULL,1);
INSERT INTO `B65362949_socpeople` VALUES (20,'2016-03-10 20:08:37','2016-03-10 19:54:24',91,1,NULL,'','Noel Rojo','','','','',NULL,4,NULL,'','','','','','noel.rojo@generali.com','','',0,0,3,3,'','',NULL,NULL,NULL,1);
INSERT INTO `B65362949_socpeople` VALUES (21,'2016-03-10 20:09:25','2016-03-10 19:55:11',91,1,NULL,'','Pau Gres','','','','',NULL,4,NULL,'','','','','','pau.gres@generali.com','','',0,0,3,3,'','',NULL,NULL,NULL,1);
INSERT INTO `B65362949_socpeople` VALUES (22,'2016-04-06 11:17:10','2016-04-06 11:03:10',91,1,NULL,'','Facturas','','','','',NULL,4,NULL,'','','','','','facturas.es@generali.com','','',0,0,3,3,'','',NULL,NULL,NULL,1);
INSERT INTO `B65362949_socpeople` VALUES (23,'2016-05-10 13:41:11','2016-05-10 13:27:31',8,1,NULL,'MLE','Palacin','Arantxa','','','',NULL,4,NULL,'','93 264 26 13','','','','A.Palacin@kawasaki.es','','',0,0,2,2,'','',NULL,NULL,NULL,1);
INSERT INTO `B65362949_socpeople` VALUES (24,'2016-05-12 12:42:19','2016-05-12 12:28:34',8,1,NULL,'MR','Regalón','Antonio','','','',NULL,4,NULL,'',932642600,'','','','A.Regalon@kawasaki.es','','',0,0,2,2,'','',NULL,NULL,NULL,1);
INSERT INTO `B65362949_socpeople` VALUES (25,'2016-05-23 12:05:11','2016-05-23 11:50:59',91,1,NULL,'MLE','DI NAPOLI PINILLOS','GIULIA','','','',NULL,4,NULL,'Administración','','','','','giulia.dinapoli@generali.com','','',0,0,3,3,'','',NULL,NULL,NULL,1);
INSERT INTO `B65362949_socpeople` VALUES (26,'2016-11-11 09:34:06','2016-11-11 09:12:51',3,1,NULL,'','Tormo','Silvia','','','',NULL,4,NULL,'','','','','','stormo@mariabarcelona.com','','',0,0,2,2,'','',NULL,NULL,NULL,1);
INSERT INTO `B65362949_socpeople` VALUES (27,'2016-11-24 20:22:04','2016-11-24 20:00:16',154,1,NULL,'','Administración','','','','',NULL,4,NULL,'','','','','','timelogistic@festina.com','','',0,0,2,2,'','',NULL,NULL,NULL,1);
INSERT INTO `B65362949_socpeople` VALUES (28,'2016-11-30 13:29:58','2016-11-30 13:07:57',3,1,NULL,'','Moreno','Carmen','','','',NULL,4,NULL,'','','','','','cmoreno@mariabarcelona.com','','',0,0,2,2,'','',NULL,NULL,NULL,1);
INSERT INTO `B65362949_socpeople` VALUES (29,'2017-03-16 18:01:36','2017-03-16 17:36:15',159,1,NULL,'MR','Delgado Amor','Borja','','','',NULL,4,NULL,'','','','','','bdelgado@anovo.com','','',0,0,2,2,'','',NULL,NULL,NULL,1);
INSERT INTO `B65362949_socpeople` VALUES (30,'2017-03-31 14:13:39','2017-03-31 13:47:37',159,1,NULL,'MME','Dobarro','Mercedes','','','',269,4,NULL,'Administración','','','','','mdobarro@anovo.com','','',0,0,3,3,'','',NULL,NULL,NULL,1);
INSERT INTO `B65362949_socpeople` VALUES (31,'2017-04-19 16:02:10','2017-04-19 15:35:20',178,1,NULL,'MLE','Correro','Cristina','','08760','Martorell',249,4,NULL,'Acdministración','','','','','ccorrero@reinpe.cat','','',0,0,3,3,'','',NULL,NULL,NULL,1);
INSERT INTO `B65362949_socpeople` VALUES (32,'2017-09-14 13:30:13','2017-09-14 12:57:18',178,1,NULL,'','Gemma','','','','',NULL,4,NULL,'','','','','','info@reinpe.cat','','',0,0,3,3,'','',NULL,NULL,NULL,1);
INSERT INTO `B65362949_socpeople` VALUES (33,'2017-11-23 18:30:30','2017-11-23 18:07:23',174,1,NULL,'MR','de Francisco','Ramón','','','',249,4,NULL,'','','','','','ramondefrancisco@precintia.com','','',0,0,3,3,'','',NULL,NULL,NULL,1);
INSERT INTO `B65362949_socpeople` VALUES (34,'2017-12-14 11:01:25','2017-12-14 10:37:29',192,1,NULL,'','Francisco Navarro','','','','',NULL,4,NULL,'Director','','','','','fnavarro@novafinques.com','','',0,0,2,2,'','',NULL,NULL,NULL,1);
INSERT INTO `B65362949_socpeople` VALUES (35,'2018-01-04 12:52:58','2018-01-04 12:28:12',174,1,NULL,'','Valle','Joaquin','Madrid','','',NULL,4,NULL,'Comercial','','',607963620,'','joaquin.valle@precintia.com','','',0,0,2,2,'','',NULL,NULL,NULL,1);




--
-- Table structure for table `B65362949_socpeople_extrafields`
--
CREATE TABLE `B65362949_socpeople_extrafields` (
  `rowid` int(11) NOT NULL AUTO_INCREMENT,
  `tms` timestamp NOT NULL DEFAULT CURRENT_TIMESTAMP ON UPDATE CURRENT_TIMESTAMP,
  `fk_object` int(11) NOT NULL,
  `import_key` varchar(14) DEFAULT NULL,
  PRIMARY KEY (`rowid`),
  KEY `idx_socpeople_extrafields` (`fk_object`)
) ENGINE=InnoDB DEFAULT CHARSET=utf8;

--
-- Dumping data for table `B65362949_socpeople_extrafields`
--




--
-- Table structure for table `B65362949_stock_mouvement`
--
CREATE TABLE `B65362949_stock_mouvement` (
  `rowid` int(11) NOT NULL AUTO_INCREMENT,
  `tms` timestamp NOT NULL DEFAULT CURRENT_TIMESTAMP ON UPDATE CURRENT_TIMESTAMP,
  `datem` datetime DEFAULT NULL,
  `fk_product` int(11) NOT NULL,
  `fk_entrepot` int(11) NOT NULL,
  `value` double DEFAULT NULL,
  `price` float(13,4) DEFAULT '0.0000',
  `type_mouvement` smallint(6) DEFAULT NULL,
  `fk_user_author` int(11) DEFAULT NULL,
  `label` varchar(128) DEFAULT NULL,
  `fk_origin` int(11) DEFAULT NULL,
  `origintype` varchar(32) DEFAULT NULL,
  PRIMARY KEY (`rowid`),
  KEY `idx_stock_mouvement_fk_product` (`fk_product`),
  KEY `idx_stock_mouvement_fk_entrepot` (`fk_entrepot`)
) ENGINE=InnoDB DEFAULT CHARSET=utf8;

--
-- Dumping data for table `B65362949_stock_mouvement`
--




--
-- Table structure for table `B65362949_texts`
--
CREATE TABLE `B65362949_texts` (
  `rowid` int(11) NOT NULL AUTO_INCREMENT,
  `module` varchar(32) DEFAULT NULL,
  `typemodele` varchar(32) DEFAULT NULL,
  `sortorder` smallint(6) DEFAULT NULL,
  `private` smallint(6) NOT NULL DEFAULT '0',
  `fk_user` int(11) DEFAULT NULL,
  `title` varchar(128) DEFAULT NULL,
  `filename` varchar(128) DEFAULT NULL,
  `content` text,
  `tms` timestamp NOT NULL DEFAULT CURRENT_TIMESTAMP ON UPDATE CURRENT_TIMESTAMP,
  PRIMARY KEY (`rowid`)
) ENGINE=InnoDB DEFAULT CHARSET=utf8;

--
-- Dumping data for table `B65362949_texts`
--




--
-- Table structure for table `B65362949_tva`
--
CREATE TABLE `B65362949_tva` (
  `rowid` int(11) NOT NULL AUTO_INCREMENT,
  `tms` timestamp NOT NULL DEFAULT CURRENT_TIMESTAMP ON UPDATE CURRENT_TIMESTAMP,
  `datep` date DEFAULT NULL,
  `datev` date DEFAULT NULL,
  `amount` double NOT NULL DEFAULT '0',
  `fk_typepayment` int(11) DEFAULT NULL,
  `num_payment` varchar(50) DEFAULT NULL,
  `label` varchar(255) DEFAULT NULL,
  `entity` int(11) NOT NULL DEFAULT '1',
  `note` text,
  `fk_bank` int(11) DEFAULT NULL,
  `fk_user_creat` int(11) DEFAULT NULL,
  `fk_user_modif` int(11) DEFAULT NULL,
  PRIMARY KEY (`rowid`)
) ENGINE=InnoDB AUTO_INCREMENT=23 DEFAULT CHARSET=utf8;

--
-- Dumping data for table `B65362949_tva`
--
INSERT INTO `B65362949_tva` VALUES (4,'2015-10-21 15:20:59','2015-01-30','2014-12-31',488.36,2,'NRC-3030081517102N35C93023','Pago IVA 4T2014',1,NULL,654,3,NULL);
INSERT INTO `B65362949_tva` VALUES (5,'2015-10-21 15:24:50','2015-10-20','2015-09-30',399.19,2,'NRC-3030081706732S0DAACD25','Pago IVA 3T2015',1,NULL,655,3,NULL);
INSERT INTO `B65362949_tva` VALUES (8,'2016-02-01 18:14:53','2016-02-01','2015-12-31',991.66,2,'NRC-3030081229813S9C7F863F','Pago IVA 4T2015',1,NULL,840,3,NULL);
INSERT INTO `B65362949_tva` VALUES (9,'2016-04-21 12:10:33','2016-04-18','2016-03-31',8718.86,2,'NRC-3030081411682R77EF60D8','Pago IVA 1T2016',1,NULL,1045,3,NULL);
INSERT INTO `B65362949_tva` VALUES (11,'2016-12-27 15:28:39','2016-07-20','2016-06-30',10170.04,2,'NRC-3030081188924A1A55CC11','Pago IVA 2T2016',1,NULL,1390,3,NULL);
INSERT INTO `B65362949_tva` VALUES (12,'2016-12-27 15:28:39','2016-10-20','2016-09-30',7502.79,3,'','Pago IVA 3T2016',1,NULL,1631,3,NULL);
INSERT INTO `B65362949_tva` VALUES (13,'2017-02-15 17:06:36','2017-01-31','2016-12-31',4607.41,3,'','Pago IVA 4T2016',1,NULL,1995,3,NULL);
INSERT INTO `B65362949_tva` VALUES (14,'2017-04-20 12:57:06','2017-03-31','2017-03-31',1629.56,3,'','Pago IVA 1T2017',1,NULL,2254,3,NULL);
INSERT INTO `B65362949_tva` VALUES (15,'2018-02-20 12:22:44','2017-06-30','2017-06-30',14573.61,2,'','Pago IVA 2T2017',1,NULL,2486,3,NULL);
INSERT INTO `B65362949_tva` VALUES (16,'2018-02-20 12:20:58','2017-09-30','2017-09-30',1338.55,3,'','Pago IVA 3T2017',1,NULL,2725,3,NULL);
INSERT INTO `B65362949_tva` VALUES (17,'2018-02-20 12:20:58','2017-09-30','2017-09-30',1342.78,3,'','Pago IVA 3T2017',1,NULL,2737,3,NULL);
INSERT INTO `B65362949_tva` VALUES (19,'2018-02-20 12:20:58','2017-09-30','2017-09-30',1347.04,3,'','Pago IVA 3T2017',1,NULL,2838,3,NULL);
INSERT INTO `B65362949_tva` VALUES (20,'2018-03-05 12:55:52','2017-12-31','2017-12-31',1875.26,3,'','Pago IVA 4T2017',1,NULL,2857,3,NULL);
INSERT INTO `B65362949_tva` VALUES (21,'2018-03-05 12:55:52','2017-12-31','2017-12-31',1875.26,3,'','Pago IVA 4T2017',1,NULL,2858,3,NULL);
INSERT INTO `B65362949_tva` VALUES (22,'2018-03-05 12:55:52','2017-12-31','2017-12-31',1875.27,3,'','Pago IVA 4T2017',1,NULL,2859,3,NULL);




--
-- Table structure for table `B65362949_user`
--
CREATE TABLE `B65362949_user` (
  `rowid` int(11) NOT NULL AUTO_INCREMENT,
  `entity` int(11) NOT NULL DEFAULT '1',
  `ref_ext` varchar(50) DEFAULT NULL,
  `ref_int` varchar(50) DEFAULT NULL,
  `datec` datetime DEFAULT NULL,
  `tms` timestamp NOT NULL DEFAULT CURRENT_TIMESTAMP ON UPDATE CURRENT_TIMESTAMP,
  `login` varchar(24) NOT NULL,
  `pass` varchar(32) DEFAULT NULL,
  `pass_crypted` varchar(128) DEFAULT NULL,
  `pass_temp` varchar(32) DEFAULT NULL,
  `civilite` varchar(6) DEFAULT NULL,
  `lastname` varchar(50) DEFAULT NULL,
  `firstname` varchar(50) DEFAULT NULL,
  `address` varchar(255) DEFAULT NULL,
  `zip` varchar(25) DEFAULT NULL,
  `town` varchar(50) DEFAULT NULL,
  `fk_state` int(11) DEFAULT '0',
  `fk_country` int(11) DEFAULT '0',
  `job` varchar(128) DEFAULT NULL,
  `skype` varchar(255) DEFAULT NULL,
  `office_phone` varchar(20) DEFAULT NULL,
  `office_fax` varchar(20) DEFAULT NULL,
  `user_mobile` varchar(20) DEFAULT NULL,
  `email` varchar(255) DEFAULT NULL,
  `signature` text,
  `admin` smallint(6) DEFAULT '0',
  `module_comm` smallint(6) DEFAULT '1',
  `module_compta` smallint(6) DEFAULT '1',
  `fk_societe` int(11) DEFAULT NULL,
  `fk_socpeople` int(11) DEFAULT NULL,
  `fk_member` int(11) DEFAULT NULL,
  `fk_user` int(11) DEFAULT NULL,
  `thm` double(24,8) DEFAULT NULL,
  `note` text,
  `datelastlogin` datetime DEFAULT NULL,
  `datepreviouslogin` datetime DEFAULT NULL,
  `egroupware_id` int(11) DEFAULT NULL,
  `ldap_sid` varchar(255) DEFAULT NULL,
  `openid` varchar(255) DEFAULT NULL,
  `statut` tinyint(4) DEFAULT '1',
  `photo` varchar(255) DEFAULT NULL,
  `lang` varchar(6) DEFAULT NULL,
  `color` varchar(6) DEFAULT NULL,
  `barcode` varchar(255) DEFAULT NULL,
  `fk_barcode_type` int(11) DEFAULT '0',
  `accountancy_code` varchar(24) DEFAULT NULL,
  `nb_holiday` int(11) DEFAULT '0',
  `salary` double(24,8) DEFAULT NULL,
  PRIMARY KEY (`rowid`),
  UNIQUE KEY `uk_user_login` (`login`,`entity`),
  UNIQUE KEY `uk_user_fk_socpeople` (`fk_socpeople`),
  UNIQUE KEY `uk_user_fk_member` (`fk_member`),
  KEY `uk_user_fk_societe` (`fk_societe`)
) ENGINE=InnoDB AUTO_INCREMENT=18 DEFAULT CHARSET=utf8;

--
-- Dumping data for table `B65362949_user`
--
INSERT INTO `B65362949_user` VALUES (1,0,NULL,NULL,'2015-03-12 13:16:41','2015-03-12 13:45:33','administrador','4dd4pt422','0d64cd99ad9253fb8420dc5a149153df',NULL,NULL,'SuperAdmin','','','','',NULL,NULL,'','','','','','','',1,1,1,NULL,NULL,NULL,NULL,NULL,'','2016-01-04 17:57:40','2015-12-28 19:13:13',NULL,'',NULL,1,NULL,NULL,NULL,NULL,0,'',0,NULL);
INSERT INTO `B65362949_user` VALUES (2,0,NULL,NULL,'2015-03-12 13:32:44','2015-04-21 11:25:01','sergio.garcia','laguna22','4683cdc08d3325dc6e4535408aef18a5',NULL,NULL,'Garcia Martinez','Sergio','','','',NULL,NULL,'Administrador','','','','','sergio.garcia@addapta.com','Consultor TIC
\n
\nTel:	        +34 902 070 470
\nFax:  	+34 935 530 743
\nMóvil:	+34 622 939 535
\nSkype:    sergio.garcia-addapta.com
\nWeb:	www.addapta.com
\n
\nDirección:	
\nEdificio CINC
\nC/Llull 321
\nDistrito tecnológico 22@
\n08019 Barcelona
\nBarcelona',1,1,1,NULL,NULL,NULL,NULL,NULL,'','2018-03-09 08:57:38','2018-03-07 21:50:43',NULL,'',NULL,1,NULL,NULL,NULL,NULL,0,'',0,NULL);
INSERT INTO `B65362949_user` VALUES (3,0,NULL,NULL,'2015-03-12 13:36:12','2015-03-19 11:11:04','jose.valle','jmv4ll3','243cef656a67c7c2f45a91843d8784c9',NULL,NULL,'Valle Llamas','José Manuel','','','',NULL,NULL,'Gerente','',902070470,935530743,652402155,'jose.valle@addapta.com','José Manuel Valle Llamas
\nDirector Tec. de la Información
\n
\nTel: +34 902 070 470
\nFax: +34 935 530 743
\nMóvil: +34 652 402 155
\nSkype: jose.valle-addapta.com
\nWeb: www.addapta.com
\n
\nDirección:	
\nEdificio CINC
\nC/Llull 321
\nDistrito tecnológico 22@
\n08019 Barcelona
\nBarcelona',1,1,1,NULL,NULL,NULL,NULL,NULL,'','2018-03-12 09:02:19','2018-03-09 15:40:45',NULL,'',NULL,1,NULL,NULL,NULL,NULL,0,'',0,NULL);
INSERT INTO `B65362949_user` VALUES (4,0,NULL,NULL,'2015-03-19 12:34:58','2016-12-27 11:48:52','silvia.tormo','4dd4pt422','0d64cd99ad9253fb8420dc5a149153df',NULL,NULL,'Tormo Britapaja','Silvia','','','',NULL,NULL,'Desarrolladora','','','','','silvia.tormo@addapta.com','',0,1,1,NULL,NULL,NULL,2,NULL,'',NULL,NULL,NULL,'',NULL,0,NULL,NULL,NULL,NULL,0,'',0,NULL);
INSERT INTO `B65362949_user` VALUES (5,0,NULL,NULL,'2015-03-20 12:11:23','2018-03-01 14:04:08','montse.romero','4dd4pt422','0d64cd99ad9253fb8420dc5a149153df',NULL,NULL,'Romero Jordán','Montse','','','',NULL,NULL,'Programadora UNIX','','','',658578559,'','',0,1,1,NULL,NULL,NULL,2,NULL,'','2017-02-20 14:09:44','2017-02-20 14:07:23',NULL,'',NULL,0,NULL,NULL,NULL,NULL,0,'',0,NULL);
INSERT INTO `B65362949_user` VALUES (7,0,NULL,NULL,'2015-07-22 14:50:41','2016-12-27 11:50:17','joan.serra','bmvqsf32','7e9d656042d241f70de3aefee11ed0d1',NULL,NULL,'Serra Piqué','Joan','','','',NULL,NULL,'Desarrollador','','','','','','',0,1,1,NULL,NULL,NULL,NULL,NULL,'',NULL,NULL,NULL,'',NULL,0,NULL,NULL,NULL,NULL,0,'',0,NULL);
INSERT INTO `B65362949_user` VALUES (8,0,NULL,NULL,'2016-01-13 16:22:39','2016-12-27 12:39:58','david.alcalde','4dd4pt422','0d64cd99ad9253fb8420dc5a149153df',NULL,NULL,'Alcalde Repullo','David','','','',NULL,NULL,'','','','',620682162,'','',0,1,1,NULL,NULL,NULL,2,NULL,'',NULL,NULL,NULL,'',NULL,1,NULL,NULL,NULL,NULL,0,'',0,NULL);
INSERT INTO `B65362949_user` VALUES (9,0,NULL,NULL,'2016-01-13 16:24:07','2016-12-27 11:49:40','guillermo.fernandez','3s2pqf1k','331e20595b1aaace17395e0a8c640265',NULL,NULL,'Fernández del Moral','Guillermo','','','',NULL,NULL,'','','','',675100028,'guillermo.fernandez@addapta.com','',0,1,1,NULL,NULL,NULL,2,NULL,'',NULL,NULL,NULL,'',NULL,0,NULL,NULL,NULL,NULL,0,'',0,NULL);
INSERT INTO `B65362949_user` VALUES (11,0,NULL,NULL,'2016-08-08 10:17:24','2017-02-20 16:51:46','alex.garcia','4dd4pt422','0d64cd99ad9253fb8420dc5a149153df',NULL,NULL,'García Julià','Alejandro','','','',NULL,NULL,'Desarrollador','','','',674625082,'','',0,1,1,NULL,NULL,NULL,2,NULL,'','2017-01-25 20:36:12','2016-12-27 13:13:57',NULL,'',NULL,0,NULL,NULL,NULL,NULL,0,'',0,NULL);
INSERT INTO `B65362949_user` VALUES (12,0,NULL,NULL,'2016-12-02 16:39:42','2016-12-27 12:40:34','jose.camacho','4dd4pt422','0d64cd99ad9253fb8420dc5a149153df',NULL,NULL,'Camacho Martínez','José Antonio','','','',NULL,NULL,'','','','','','','',0,1,1,NULL,NULL,NULL,2,NULL,'','2016-12-27 13:11:28','2016-12-27 12:53:21',NULL,'',NULL,1,NULL,NULL,NULL,NULL,0,'',0,NULL);
INSERT INTO `B65362949_user` VALUES (13,0,NULL,NULL,'2017-02-20 14:16:32','2018-03-01 14:03:39','albert.martinez','4dd4pt422','0d64cd99ad9253fb8420dc5a149153df',NULL,NULL,'Martinez Fernandez','Albert','','','',NULL,NULL,'Desarrollador','','','','687 527 435','','',0,1,1,NULL,NULL,NULL,2,NULL,'',NULL,NULL,NULL,'',NULL,0,NULL,NULL,NULL,NULL,0,'',0,NULL);
INSERT INTO `B65362949_user` VALUES (14,0,NULL,NULL,'2017-03-28 20:07:44','2018-03-01 14:03:50','borja.saiz',NULL,NULL,NULL,NULL,'Saiz García','Borja','','','',NULL,NULL,'','','','','','','',0,1,1,NULL,NULL,NULL,NULL,NULL,'',NULL,NULL,NULL,'',NULL,0,NULL,NULL,NULL,NULL,0,'',0,NULL);
INSERT INTO `B65362949_user` VALUES (15,0,NULL,NULL,'2018-01-25 13:04:09','2018-01-25 12:38:33','carles.rovira','nr3mx04y','5f78ee98bdbe403faa4ebce0eceed3d6',NULL,NULL,'Rovira Quintana','Carles','','','',NULL,NULL,'','','','','','','',0,1,1,NULL,NULL,NULL,NULL,NULL,'',NULL,NULL,NULL,'',NULL,1,NULL,NULL,NULL,NULL,0,'',0,NULL);
INSERT INTO `B65362949_user` VALUES (16,0,NULL,NULL,'2018-02-12 14:12:54','2018-02-12 13:46:36','joananton.cardenas','addapta','32514d8989a95158e5da2e9dfea08394',NULL,NULL,'Cardenas','Joan','','','',NULL,NULL,'Socio','','','','','','',1,1,1,NULL,NULL,NULL,NULL,NULL,'','2018-03-02 14:56:39','2018-02-12 15:02:47',NULL,'',NULL,1,NULL,NULL,NULL,NULL,0,'',0,NULL);
INSERT INTO `B65362949_user` VALUES (17,0,NULL,NULL,'2018-03-01 14:30:10','2018-03-01 14:03:12','raul.solorzano','679kvwp1','26e89f8b4c04fc1b941ea8c473716c07',NULL,NULL,'Solorzano Navarro','Raúl','','','',NULL,NULL,'Desarrollador','','','','','','',0,1,1,NULL,NULL,NULL,NULL,NULL,'',NULL,NULL,NULL,'',NULL,1,NULL,NULL,NULL,NULL,0,'',0,NULL);




--
-- Table structure for table `B65362949_user_alert`
--
CREATE TABLE `B65362949_user_alert` (
  `rowid` int(11) NOT NULL AUTO_INCREMENT,
  `type` int(11) DEFAULT NULL,
  `fk_contact` int(11) DEFAULT NULL,
  `fk_user` int(11) DEFAULT NULL,
  PRIMARY KEY (`rowid`)
) ENGINE=InnoDB DEFAULT CHARSET=utf8;

--
-- Dumping data for table `B65362949_user_alert`
--




--
-- Table structure for table `B65362949_user_clicktodial`
--
CREATE TABLE `B65362949_user_clicktodial` (
  `fk_user` int(11) NOT NULL,
  `url` varchar(255) DEFAULT NULL,
  `login` varchar(32) DEFAULT NULL,
  `pass` varchar(64) DEFAULT NULL,
  `poste` varchar(20) DEFAULT NULL,
  PRIMARY KEY (`fk_user`)
) ENGINE=InnoDB DEFAULT CHARSET=utf8;

--
-- Dumping data for table `B65362949_user_clicktodial`
--




--
-- Table structure for table `B65362949_user_extrafields`
--
CREATE TABLE `B65362949_user_extrafields` (
  `rowid` int(11) NOT NULL AUTO_INCREMENT,
  `tms` timestamp NOT NULL DEFAULT CURRENT_TIMESTAMP ON UPDATE CURRENT_TIMESTAMP,
  `fk_object` int(11) NOT NULL,
  `import_key` varchar(14) DEFAULT NULL,
  PRIMARY KEY (`rowid`),
  KEY `idx_user_extrafields` (`fk_object`)
) ENGINE=InnoDB DEFAULT CHARSET=utf8;

--
-- Dumping data for table `B65362949_user_extrafields`
--




--
-- Table structure for table `B65362949_user_param`
--
CREATE TABLE `B65362949_user_param` (
  `fk_user` int(11) NOT NULL,
  `entity` int(11) NOT NULL DEFAULT '1',
  `param` varchar(64) NOT NULL,
  `value` varchar(255) NOT NULL,
  UNIQUE KEY `uk_user_param` (`fk_user`,`param`,`entity`)
) ENGINE=InnoDB DEFAULT CHARSET=utf8;

--
-- Dumping data for table `B65362949_user_param`
--
INSERT INTO `B65362949_user_param` VALUES (2,1,'MAIN_BOXES_0',1);
INSERT INTO `B65362949_user_param` VALUES (3,1,'MAIN_BOXES_0',1);




--
-- Table structure for table `B65362949_user_rights`
--
CREATE TABLE `B65362949_user_rights` (
  `rowid` int(11) NOT NULL AUTO_INCREMENT,
  `fk_user` int(11) NOT NULL,
  `fk_id` int(11) NOT NULL,
  PRIMARY KEY (`rowid`),
  UNIQUE KEY `uk_user_rights` (`fk_user`,`fk_id`),
  CONSTRAINT `fk_user_rights_fk_user_user` FOREIGN KEY (`fk_user`) REFERENCES `B65362949_user` (`rowid`)
) ENGINE=InnoDB AUTO_INCREMENT=1499 DEFAULT CHARSET=utf8;

--
-- Dumping data for table `B65362949_user_rights`
--
INSERT INTO `B65362949_user_rights` VALUES (172,1,11);
INSERT INTO `B65362949_user_rights` VALUES (165,1,12);
INSERT INTO `B65362949_user_rights` VALUES (166,1,13);
INSERT INTO `B65362949_user_rights` VALUES (168,1,14);
INSERT INTO `B65362949_user_rights` VALUES (169,1,15);
INSERT INTO `B65362949_user_rights` VALUES (171,1,16);
INSERT INTO `B65362949_user_rights` VALUES (173,1,19);
INSERT INTO `B65362949_user_rights` VALUES (1197,1,21);
INSERT INTO `B65362949_user_rights` VALUES (1171,1,22);
INSERT INTO `B65362949_user_rights` VALUES (1177,1,24);
INSERT INTO `B65362949_user_rights` VALUES (1182,1,25);
INSERT INTO `B65362949_user_rights` VALUES (1186,1,26);
INSERT INTO `B65362949_user_rights` VALUES (1192,1,27);
INSERT INTO `B65362949_user_rights` VALUES (1198,1,28);
INSERT INTO `B65362949_user_rights` VALUES (1263,1,31);
INSERT INTO `B65362949_user_rights` VALUES (1252,1,32);
INSERT INTO `B65362949_user_rights` VALUES (1258,1,34);
INSERT INTO `B65362949_user_rights` VALUES (1264,1,38);
INSERT INTO `B65362949_user_rights` VALUES (306,1,41);
INSERT INTO `B65362949_user_rights` VALUES (303,1,42);
INSERT INTO `B65362949_user_rights` VALUES (305,1,44);
INSERT INTO `B65362949_user_rights` VALUES (307,1,45);
INSERT INTO `B65362949_user_rights` VALUES (1317,1,61);
INSERT INTO `B65362949_user_rights` VALUES (1306,1,62);
INSERT INTO `B65362949_user_rights` VALUES (1312,1,64);
INSERT INTO `B65362949_user_rights` VALUES (1318,1,67);
INSERT INTO `B65362949_user_rights` VALUES (1323,1,68);
INSERT INTO `B65362949_user_rights` VALUES (223,1,71);
INSERT INTO `B65362949_user_rights` VALUES (218,1,72);
INSERT INTO `B65362949_user_rights` VALUES (220,1,74);
INSERT INTO `B65362949_user_rights` VALUES (224,1,75);
INSERT INTO `B65362949_user_rights` VALUES (222,1,76);
INSERT INTO `B65362949_user_rights` VALUES (226,1,78);
INSERT INTO `B65362949_user_rights` VALUES (227,1,79);
INSERT INTO `B65362949_user_rights` VALUES (1046,1,81);
INSERT INTO `B65362949_user_rights` VALUES (1020,1,82);
INSERT INTO `B65362949_user_rights` VALUES (1026,1,84);
INSERT INTO `B65362949_user_rights` VALUES (1031,1,86);
INSERT INTO `B65362949_user_rights` VALUES (1035,1,87);
INSERT INTO `B65362949_user_rights` VALUES (1041,1,88);
INSERT INTO `B65362949_user_rights` VALUES (1047,1,89);
INSERT INTO `B65362949_user_rights` VALUES (208,1,91);
INSERT INTO `B65362949_user_rights` VALUES (205,1,92);
INSERT INTO `B65362949_user_rights` VALUES (207,1,93);
INSERT INTO `B65362949_user_rights` VALUES (209,1,94);
INSERT INTO `B65362949_user_rights` VALUES (111,1,95);
INSERT INTO `B65362949_user_rights` VALUES (112,1,96);
INSERT INTO `B65362949_user_rights` VALUES (114,1,97);
INSERT INTO `B65362949_user_rights` VALUES (115,1,98);
INSERT INTO `B65362949_user_rights` VALUES (989,1,101);
INSERT INTO `B65362949_user_rights` VALUES (972,1,102);
INSERT INTO `B65362949_user_rights` VALUES (978,1,104);
INSERT INTO `B65362949_user_rights` VALUES (983,1,105);
INSERT INTO `B65362949_user_rights` VALUES (986,1,106);
INSERT INTO `B65362949_user_rights` VALUES (990,1,109);
INSERT INTO `B65362949_user_rights` VALUES (201,1,111);
INSERT INTO `B65362949_user_rights` VALUES (192,1,112);
INSERT INTO `B65362949_user_rights` VALUES (194,1,113);
INSERT INTO `B65362949_user_rights` VALUES (196,1,114);
INSERT INTO `B65362949_user_rights` VALUES (198,1,115);
INSERT INTO `B65362949_user_rights` VALUES (200,1,116);
INSERT INTO `B65362949_user_rights` VALUES (202,1,117);
INSERT INTO `B65362949_user_rights` VALUES (1341,1,121);
INSERT INTO `B65362949_user_rights` VALUES (1330,1,122);
INSERT INTO `B65362949_user_rights` VALUES (1336,1,125);
INSERT INTO `B65362949_user_rights` VALUES (1342,1,126);
INSERT INTO `B65362949_user_rights` VALUES (311,1,141);
INSERT INTO `B65362949_user_rights` VALUES (310,1,142);
INSERT INTO `B65362949_user_rights` VALUES (312,1,144);
INSERT INTO `B65362949_user_rights` VALUES (161,1,151);
INSERT INTO `B65362949_user_rights` VALUES (158,1,152);
INSERT INTO `B65362949_user_rights` VALUES (160,1,153);
INSERT INTO `B65362949_user_rights` VALUES (162,1,154);
INSERT INTO `B65362949_user_rights` VALUES (82,1,161);
INSERT INTO `B65362949_user_rights` VALUES (77,1,162);
INSERT INTO `B65362949_user_rights` VALUES (79,1,163);
INSERT INTO `B65362949_user_rights` VALUES (81,1,164);
INSERT INTO `B65362949_user_rights` VALUES (83,1,165);
INSERT INTO `B65362949_user_rights` VALUES (240,1,171);
INSERT INTO `B65362949_user_rights` VALUES (237,1,172);
INSERT INTO `B65362949_user_rights` VALUES (239,1,173);
INSERT INTO `B65362949_user_rights` VALUES (241,1,178);
INSERT INTO `B65362949_user_rights` VALUES (1347,1,262);
INSERT INTO `B65362949_user_rights` VALUES (1365,1,281);
INSERT INTO `B65362949_user_rights` VALUES (1354,1,282);
INSERT INTO `B65362949_user_rights` VALUES (1360,1,283);
INSERT INTO `B65362949_user_rights` VALUES (1366,1,286);
INSERT INTO `B65362949_user_rights` VALUES (1,1,341);
INSERT INTO `B65362949_user_rights` VALUES (2,1,342);
INSERT INTO `B65362949_user_rights` VALUES (3,1,343);
INSERT INTO `B65362949_user_rights` VALUES (4,1,344);
INSERT INTO `B65362949_user_rights` VALUES (233,1,510);
INSERT INTO `B65362949_user_rights` VALUES (230,1,512);
INSERT INTO `B65362949_user_rights` VALUES (232,1,514);
INSERT INTO `B65362949_user_rights` VALUES (234,1,517);
INSERT INTO `B65362949_user_rights` VALUES (104,1,531);
INSERT INTO `B65362949_user_rights` VALUES (101,1,532);
INSERT INTO `B65362949_user_rights` VALUES (103,1,534);
INSERT INTO `B65362949_user_rights` VALUES (105,1,538);
INSERT INTO `B65362949_user_rights` VALUES (1010,1,1101);
INSERT INTO `B65362949_user_rights` VALUES (999,1,1102);
INSERT INTO `B65362949_user_rights` VALUES (1005,1,1104);
INSERT INTO `B65362949_user_rights` VALUES (1011,1,1109);
INSERT INTO `B65362949_user_rights` VALUES (242,1,1181);
INSERT INTO `B65362949_user_rights` VALUES (266,1,1182);
INSERT INTO `B65362949_user_rights` VALUES (245,1,1183);
INSERT INTO `B65362949_user_rights` VALUES (247,1,1184);
INSERT INTO `B65362949_user_rights` VALUES (249,1,1185);
INSERT INTO `B65362949_user_rights` VALUES (251,1,1186);
INSERT INTO `B65362949_user_rights` VALUES (253,1,1187);
INSERT INTO `B65362949_user_rights` VALUES (255,1,1188);
INSERT INTO `B65362949_user_rights` VALUES (933,1,1201);
INSERT INTO `B65362949_user_rights` VALUES (934,1,1202);
INSERT INTO `B65362949_user_rights` VALUES (264,1,1231);
INSERT INTO `B65362949_user_rights` VALUES (258,1,1232);
INSERT INTO `B65362949_user_rights` VALUES (260,1,1233);
INSERT INTO `B65362949_user_rights` VALUES (262,1,1234);
INSERT INTO `B65362949_user_rights` VALUES (263,1,1235);
INSERT INTO `B65362949_user_rights` VALUES (265,1,1236);
INSERT INTO `B65362949_user_rights` VALUES (267,1,1237);
INSERT INTO `B65362949_user_rights` VALUES (174,1,1321);
INSERT INTO `B65362949_user_rights` VALUES (1052,1,1421);
INSERT INTO `B65362949_user_rights` VALUES (293,1,2401);
INSERT INTO `B65362949_user_rights` VALUES (292,1,2402);
INSERT INTO `B65362949_user_rights` VALUES (294,1,2403);
INSERT INTO `B65362949_user_rights` VALUES (298,1,2411);
INSERT INTO `B65362949_user_rights` VALUES (297,1,2412);
INSERT INTO `B65362949_user_rights` VALUES (299,1,2413);
INSERT INTO `B65362949_user_rights` VALUES (300,1,2414);
INSERT INTO `B65362949_user_rights` VALUES (510,1,2501);
INSERT INTO `B65362949_user_rights` VALUES (505,1,2503);
INSERT INTO `B65362949_user_rights` VALUES (511,1,2515);
INSERT INTO `B65362949_user_rights` VALUES (210,1,20001);
INSERT INTO `B65362949_user_rights` VALUES (211,1,20002);
INSERT INTO `B65362949_user_rights` VALUES (212,1,20003);
INSERT INTO `B65362949_user_rights` VALUES (213,1,20004);
INSERT INTO `B65362949_user_rights` VALUES (214,1,20005);
INSERT INTO `B65362949_user_rights` VALUES (215,1,20006);
INSERT INTO `B65362949_user_rights` VALUES (1161,1,59001);
INSERT INTO `B65362949_user_rights` VALUES (1164,1,59002);
INSERT INTO `B65362949_user_rights` VALUES (547,2,11);
INSERT INTO `B65362949_user_rights` VALUES (548,2,12);
INSERT INTO `B65362949_user_rights` VALUES (549,2,13);
INSERT INTO `B65362949_user_rights` VALUES (550,2,14);
INSERT INTO `B65362949_user_rights` VALUES (551,2,15);
INSERT INTO `B65362949_user_rights` VALUES (552,2,16);
INSERT INTO `B65362949_user_rights` VALUES (553,2,19);
INSERT INTO `B65362949_user_rights` VALUES (1199,2,21);
INSERT INTO `B65362949_user_rights` VALUES (1173,2,22);
INSERT INTO `B65362949_user_rights` VALUES (1179,2,24);
INSERT INTO `B65362949_user_rights` VALUES (1183,2,25);
INSERT INTO `B65362949_user_rights` VALUES (1188,2,26);
INSERT INTO `B65362949_user_rights` VALUES (1194,2,27);
INSERT INTO `B65362949_user_rights` VALUES (1200,2,28);
INSERT INTO `B65362949_user_rights` VALUES (1265,2,31);
INSERT INTO `B65362949_user_rights` VALUES (1254,2,32);
INSERT INTO `B65362949_user_rights` VALUES (1260,2,34);
INSERT INTO `B65362949_user_rights` VALUES (1266,2,38);
INSERT INTO `B65362949_user_rights` VALUES (580,2,41);
INSERT INTO `B65362949_user_rights` VALUES (581,2,42);
INSERT INTO `B65362949_user_rights` VALUES (582,2,44);
INSERT INTO `B65362949_user_rights` VALUES (583,2,45);
INSERT INTO `B65362949_user_rights` VALUES (1319,2,61);
INSERT INTO `B65362949_user_rights` VALUES (1308,2,62);
INSERT INTO `B65362949_user_rights` VALUES (1314,2,64);
INSERT INTO `B65362949_user_rights` VALUES (1320,2,67);
INSERT INTO `B65362949_user_rights` VALUES (1324,2,68);
INSERT INTO `B65362949_user_rights` VALUES (317,2,71);
INSERT INTO `B65362949_user_rights` VALUES (318,2,78);
INSERT INTO `B65362949_user_rights` VALUES (1048,2,81);
INSERT INTO `B65362949_user_rights` VALUES (1022,2,82);
INSERT INTO `B65362949_user_rights` VALUES (1028,2,84);
INSERT INTO `B65362949_user_rights` VALUES (1032,2,86);
INSERT INTO `B65362949_user_rights` VALUES (1037,2,87);
INSERT INTO `B65362949_user_rights` VALUES (1043,2,88);
INSERT INTO `B65362949_user_rights` VALUES (1049,2,89);
INSERT INTO `B65362949_user_rights` VALUES (615,2,91);
INSERT INTO `B65362949_user_rights` VALUES (616,2,92);
INSERT INTO `B65362949_user_rights` VALUES (617,2,93);
INSERT INTO `B65362949_user_rights` VALUES (618,2,94);
INSERT INTO `B65362949_user_rights` VALUES (594,2,95);
INSERT INTO `B65362949_user_rights` VALUES (595,2,96);
INSERT INTO `B65362949_user_rights` VALUES (596,2,97);
INSERT INTO `B65362949_user_rights` VALUES (597,2,98);
INSERT INTO `B65362949_user_rights` VALUES (991,2,101);
INSERT INTO `B65362949_user_rights` VALUES (974,2,102);
INSERT INTO `B65362949_user_rights` VALUES (980,2,104);
INSERT INTO `B65362949_user_rights` VALUES (984,2,105);
INSERT INTO `B65362949_user_rights` VALUES (987,2,106);
INSERT INTO `B65362949_user_rights` VALUES (992,2,109);
INSERT INTO `B65362949_user_rights` VALUES (523,2,111);
INSERT INTO `B65362949_user_rights` VALUES (524,2,112);
INSERT INTO `B65362949_user_rights` VALUES (525,2,113);
INSERT INTO `B65362949_user_rights` VALUES (526,2,114);
INSERT INTO `B65362949_user_rights` VALUES (527,2,115);
INSERT INTO `B65362949_user_rights` VALUES (528,2,116);
INSERT INTO `B65362949_user_rights` VALUES (529,2,117);
INSERT INTO `B65362949_user_rights` VALUES (1343,2,121);
INSERT INTO `B65362949_user_rights` VALUES (1332,2,122);
INSERT INTO `B65362949_user_rights` VALUES (1338,2,125);
INSERT INTO `B65362949_user_rights` VALUES (1344,2,126);
INSERT INTO `B65362949_user_rights` VALUES (584,2,141);
INSERT INTO `B65362949_user_rights` VALUES (585,2,142);
INSERT INTO `B65362949_user_rights` VALUES (586,2,144);
INSERT INTO `B65362949_user_rights` VALUES (576,2,151);
INSERT INTO `B65362949_user_rights` VALUES (577,2,152);
INSERT INTO `B65362949_user_rights` VALUES (578,2,153);
INSERT INTO `B65362949_user_rights` VALUES (579,2,154);
INSERT INTO `B65362949_user_rights` VALUES (538,2,161);
INSERT INTO `B65362949_user_rights` VALUES (539,2,162);
INSERT INTO `B65362949_user_rights` VALUES (540,2,163);
INSERT INTO `B65362949_user_rights` VALUES (541,2,164);
INSERT INTO `B65362949_user_rights` VALUES (542,2,165);
INSERT INTO `B65362949_user_rights` VALUES (543,2,171);
INSERT INTO `B65362949_user_rights` VALUES (544,2,172);
INSERT INTO `B65362949_user_rights` VALUES (545,2,173);
INSERT INTO `B65362949_user_rights` VALUES (546,2,178);
INSERT INTO `B65362949_user_rights` VALUES (1348,2,262);
INSERT INTO `B65362949_user_rights` VALUES (1367,2,281);
INSERT INTO `B65362949_user_rights` VALUES (1356,2,282);
INSERT INTO `B65362949_user_rights` VALUES (1362,2,283);
INSERT INTO `B65362949_user_rights` VALUES (1368,2,286);
INSERT INTO `B65362949_user_rights` VALUES (330,2,341);
INSERT INTO `B65362949_user_rights` VALUES (331,2,342);
INSERT INTO `B65362949_user_rights` VALUES (332,2,343);
INSERT INTO `B65362949_user_rights` VALUES (333,2,344);
INSERT INTO `B65362949_user_rights` VALUES (598,2,510);
INSERT INTO `B65362949_user_rights` VALUES (599,2,512);
INSERT INTO `B65362949_user_rights` VALUES (600,2,514);
INSERT INTO `B65362949_user_rights` VALUES (601,2,517);
INSERT INTO `B65362949_user_rights` VALUES (602,2,531);
INSERT INTO `B65362949_user_rights` VALUES (603,2,532);
INSERT INTO `B65362949_user_rights` VALUES (604,2,534);
INSERT INTO `B65362949_user_rights` VALUES (605,2,538);
INSERT INTO `B65362949_user_rights` VALUES (1012,2,1101);
INSERT INTO `B65362949_user_rights` VALUES (1001,2,1102);
INSERT INTO `B65362949_user_rights` VALUES (1007,2,1104);
INSERT INTO `B65362949_user_rights` VALUES (1013,2,1109);
INSERT INTO `B65362949_user_rights` VALUES (555,2,1181);
INSERT INTO `B65362949_user_rights` VALUES (556,2,1182);
INSERT INTO `B65362949_user_rights` VALUES (557,2,1183);
INSERT INTO `B65362949_user_rights` VALUES (558,2,1184);
INSERT INTO `B65362949_user_rights` VALUES (559,2,1185);
INSERT INTO `B65362949_user_rights` VALUES (560,2,1186);
INSERT INTO `B65362949_user_rights` VALUES (561,2,1187);
INSERT INTO `B65362949_user_rights` VALUES (562,2,1188);
INSERT INTO `B65362949_user_rights` VALUES (935,2,1201);
INSERT INTO `B65362949_user_rights` VALUES (936,2,1202);
INSERT INTO `B65362949_user_rights` VALUES (563,2,1231);
INSERT INTO `B65362949_user_rights` VALUES (564,2,1232);
INSERT INTO `B65362949_user_rights` VALUES (565,2,1233);
INSERT INTO `B65362949_user_rights` VALUES (566,2,1234);
INSERT INTO `B65362949_user_rights` VALUES (567,2,1235);
INSERT INTO `B65362949_user_rights` VALUES (568,2,1236);
INSERT INTO `B65362949_user_rights` VALUES (569,2,1237);
INSERT INTO `B65362949_user_rights` VALUES (554,2,1321);
INSERT INTO `B65362949_user_rights` VALUES (1053,2,1421);
INSERT INTO `B65362949_user_rights` VALUES (516,2,2401);
INSERT INTO `B65362949_user_rights` VALUES (517,2,2402);
INSERT INTO `B65362949_user_rights` VALUES (518,2,2403);
INSERT INTO `B65362949_user_rights` VALUES (519,2,2411);
INSERT INTO `B65362949_user_rights` VALUES (520,2,2412);
INSERT INTO `B65362949_user_rights` VALUES (521,2,2413);
INSERT INTO `B65362949_user_rights` VALUES (522,2,2414);
INSERT INTO `B65362949_user_rights` VALUES (512,2,2501);
INSERT INTO `B65362949_user_rights` VALUES (507,2,2503);
INSERT INTO `B65362949_user_rights` VALUES (513,2,2515);
INSERT INTO `B65362949_user_rights` VALUES (570,2,20001);
INSERT INTO `B65362949_user_rights` VALUES (571,2,20002);
INSERT INTO `B65362949_user_rights` VALUES (572,2,20003);
INSERT INTO `B65362949_user_rights` VALUES (573,2,20004);
INSERT INTO `B65362949_user_rights` VALUES (574,2,20005);
INSERT INTO `B65362949_user_rights` VALUES (575,2,20006);
INSERT INTO `B65362949_user_rights` VALUES (1162,2,59001);
INSERT INTO `B65362949_user_rights` VALUES (1165,2,59002);
INSERT INTO `B65362949_user_rights` VALUES (429,3,11);
INSERT INTO `B65362949_user_rights` VALUES (430,3,12);
INSERT INTO `B65362949_user_rights` VALUES (431,3,13);
INSERT INTO `B65362949_user_rights` VALUES (432,3,14);
INSERT INTO `B65362949_user_rights` VALUES (433,3,15);
INSERT INTO `B65362949_user_rights` VALUES (434,3,16);
INSERT INTO `B65362949_user_rights` VALUES (435,3,19);
INSERT INTO `B65362949_user_rights` VALUES (1201,3,21);
INSERT INTO `B65362949_user_rights` VALUES (1175,3,22);
INSERT INTO `B65362949_user_rights` VALUES (1181,3,24);
INSERT INTO `B65362949_user_rights` VALUES (1184,3,25);
INSERT INTO `B65362949_user_rights` VALUES (1190,3,26);
INSERT INTO `B65362949_user_rights` VALUES (1196,3,27);
INSERT INTO `B65362949_user_rights` VALUES (1202,3,28);
INSERT INTO `B65362949_user_rights` VALUES (1267,3,31);
INSERT INTO `B65362949_user_rights` VALUES (1256,3,32);
INSERT INTO `B65362949_user_rights` VALUES (1262,3,34);
INSERT INTO `B65362949_user_rights` VALUES (1268,3,38);
INSERT INTO `B65362949_user_rights` VALUES (679,3,41);
INSERT INTO `B65362949_user_rights` VALUES (680,3,42);
INSERT INTO `B65362949_user_rights` VALUES (464,3,44);
INSERT INTO `B65362949_user_rights` VALUES (465,3,45);
INSERT INTO `B65362949_user_rights` VALUES (1321,3,61);
INSERT INTO `B65362949_user_rights` VALUES (1310,3,62);
INSERT INTO `B65362949_user_rights` VALUES (1316,3,64);
INSERT INTO `B65362949_user_rights` VALUES (1322,3,67);
INSERT INTO `B65362949_user_rights` VALUES (1325,3,68);
INSERT INTO `B65362949_user_rights` VALUES (391,3,71);
INSERT INTO `B65362949_user_rights` VALUES (392,3,72);
INSERT INTO `B65362949_user_rights` VALUES (393,3,74);
INSERT INTO `B65362949_user_rights` VALUES (394,3,75);
INSERT INTO `B65362949_user_rights` VALUES (395,3,76);
INSERT INTO `B65362949_user_rights` VALUES (396,3,78);
INSERT INTO `B65362949_user_rights` VALUES (397,3,79);
INSERT INTO `B65362949_user_rights` VALUES (1050,3,81);
INSERT INTO `B65362949_user_rights` VALUES (1024,3,82);
INSERT INTO `B65362949_user_rights` VALUES (1030,3,84);
INSERT INTO `B65362949_user_rights` VALUES (1033,3,86);
INSERT INTO `B65362949_user_rights` VALUES (1039,3,87);
INSERT INTO `B65362949_user_rights` VALUES (1045,3,88);
INSERT INTO `B65362949_user_rights` VALUES (1051,3,89);
INSERT INTO `B65362949_user_rights` VALUES (497,3,91);
INSERT INTO `B65362949_user_rights` VALUES (498,3,92);
INSERT INTO `B65362949_user_rights` VALUES (499,3,93);
INSERT INTO `B65362949_user_rights` VALUES (500,3,94);
INSERT INTO `B65362949_user_rights` VALUES (420,3,95);
INSERT INTO `B65362949_user_rights` VALUES (421,3,96);
INSERT INTO `B65362949_user_rights` VALUES (422,3,97);
INSERT INTO `B65362949_user_rights` VALUES (423,3,98);
INSERT INTO `B65362949_user_rights` VALUES (993,3,101);
INSERT INTO `B65362949_user_rights` VALUES (976,3,102);
INSERT INTO `B65362949_user_rights` VALUES (982,3,104);
INSERT INTO `B65362949_user_rights` VALUES (985,3,105);
INSERT INTO `B65362949_user_rights` VALUES (988,3,106);
INSERT INTO `B65362949_user_rights` VALUES (994,3,109);
INSERT INTO `B65362949_user_rights` VALUES (405,3,111);
INSERT INTO `B65362949_user_rights` VALUES (406,3,112);
INSERT INTO `B65362949_user_rights` VALUES (407,3,113);
INSERT INTO `B65362949_user_rights` VALUES (408,3,114);
INSERT INTO `B65362949_user_rights` VALUES (409,3,115);
INSERT INTO `B65362949_user_rights` VALUES (410,3,116);
INSERT INTO `B65362949_user_rights` VALUES (411,3,117);
INSERT INTO `B65362949_user_rights` VALUES (1345,3,121);
INSERT INTO `B65362949_user_rights` VALUES (1334,3,122);
INSERT INTO `B65362949_user_rights` VALUES (1340,3,125);
INSERT INTO `B65362949_user_rights` VALUES (1346,3,126);
INSERT INTO `B65362949_user_rights` VALUES (466,3,141);
INSERT INTO `B65362949_user_rights` VALUES (467,3,142);
INSERT INTO `B65362949_user_rights` VALUES (468,3,144);
INSERT INTO `B65362949_user_rights` VALUES (458,3,151);
INSERT INTO `B65362949_user_rights` VALUES (459,3,152);
INSERT INTO `B65362949_user_rights` VALUES (460,3,153);
INSERT INTO `B65362949_user_rights` VALUES (461,3,154);
INSERT INTO `B65362949_user_rights` VALUES (424,3,161);
INSERT INTO `B65362949_user_rights` VALUES (425,3,162);
INSERT INTO `B65362949_user_rights` VALUES (426,3,163);
INSERT INTO `B65362949_user_rights` VALUES (427,3,164);
INSERT INTO `B65362949_user_rights` VALUES (428,3,165);
INSERT INTO `B65362949_user_rights` VALUES (623,3,171);
INSERT INTO `B65362949_user_rights` VALUES (620,3,172);
INSERT INTO `B65362949_user_rights` VALUES (622,3,173);
INSERT INTO `B65362949_user_rights` VALUES (624,3,178);
INSERT INTO `B65362949_user_rights` VALUES (1349,3,262);
INSERT INTO `B65362949_user_rights` VALUES (1369,3,281);
INSERT INTO `B65362949_user_rights` VALUES (1358,3,282);
INSERT INTO `B65362949_user_rights` VALUES (1364,3,283);
INSERT INTO `B65362949_user_rights` VALUES (1370,3,286);
INSERT INTO `B65362949_user_rights` VALUES (360,3,341);
INSERT INTO `B65362949_user_rights` VALUES (361,3,342);
INSERT INTO `B65362949_user_rights` VALUES (362,3,343);
INSERT INTO `B65362949_user_rights` VALUES (363,3,344);
INSERT INTO `B65362949_user_rights` VALUES (480,3,510);
INSERT INTO `B65362949_user_rights` VALUES (481,3,512);
INSERT INTO `B65362949_user_rights` VALUES (482,3,514);
INSERT INTO `B65362949_user_rights` VALUES (483,3,517);
INSERT INTO `B65362949_user_rights` VALUES (484,3,531);
INSERT INTO `B65362949_user_rights` VALUES (485,3,532);
INSERT INTO `B65362949_user_rights` VALUES (486,3,534);
INSERT INTO `B65362949_user_rights` VALUES (487,3,538);
INSERT INTO `B65362949_user_rights` VALUES (1014,3,1101);
INSERT INTO `B65362949_user_rights` VALUES (1003,3,1102);
INSERT INTO `B65362949_user_rights` VALUES (1009,3,1104);
INSERT INTO `B65362949_user_rights` VALUES (1015,3,1109);
INSERT INTO `B65362949_user_rights` VALUES (437,3,1181);
INSERT INTO `B65362949_user_rights` VALUES (438,3,1182);
INSERT INTO `B65362949_user_rights` VALUES (439,3,1183);
INSERT INTO `B65362949_user_rights` VALUES (440,3,1184);
INSERT INTO `B65362949_user_rights` VALUES (441,3,1185);
INSERT INTO `B65362949_user_rights` VALUES (442,3,1186);
INSERT INTO `B65362949_user_rights` VALUES (443,3,1187);
INSERT INTO `B65362949_user_rights` VALUES (444,3,1188);
INSERT INTO `B65362949_user_rights` VALUES (937,3,1201);
INSERT INTO `B65362949_user_rights` VALUES (938,3,1202);
INSERT INTO `B65362949_user_rights` VALUES (445,3,1231);
INSERT INTO `B65362949_user_rights` VALUES (446,3,1232);
INSERT INTO `B65362949_user_rights` VALUES (447,3,1233);
INSERT INTO `B65362949_user_rights` VALUES (448,3,1234);
INSERT INTO `B65362949_user_rights` VALUES (449,3,1235);
INSERT INTO `B65362949_user_rights` VALUES (450,3,1236);
INSERT INTO `B65362949_user_rights` VALUES (451,3,1237);
INSERT INTO `B65362949_user_rights` VALUES (436,3,1321);
INSERT INTO `B65362949_user_rights` VALUES (1054,3,1421);
INSERT INTO `B65362949_user_rights` VALUES (398,3,2401);
INSERT INTO `B65362949_user_rights` VALUES (399,3,2402);
INSERT INTO `B65362949_user_rights` VALUES (400,3,2403);
INSERT INTO `B65362949_user_rights` VALUES (401,3,2411);
INSERT INTO `B65362949_user_rights` VALUES (402,3,2412);
INSERT INTO `B65362949_user_rights` VALUES (403,3,2413);
INSERT INTO `B65362949_user_rights` VALUES (404,3,2414);
INSERT INTO `B65362949_user_rights` VALUES (514,3,2501);
INSERT INTO `B65362949_user_rights` VALUES (509,3,2503);
INSERT INTO `B65362949_user_rights` VALUES (515,3,2515);
INSERT INTO `B65362949_user_rights` VALUES (452,3,20001);
INSERT INTO `B65362949_user_rights` VALUES (681,3,20002);
INSERT INTO `B65362949_user_rights` VALUES (454,3,20003);
INSERT INTO `B65362949_user_rights` VALUES (455,3,20004);
INSERT INTO `B65362949_user_rights` VALUES (456,3,20005);
INSERT INTO `B65362949_user_rights` VALUES (457,3,20006);
INSERT INTO `B65362949_user_rights` VALUES (1163,3,59001);
INSERT INTO `B65362949_user_rights` VALUES (1166,3,59002);
INSERT INTO `B65362949_user_rights` VALUES (639,4,341);
INSERT INTO `B65362949_user_rights` VALUES (640,4,342);
INSERT INTO `B65362949_user_rights` VALUES (642,4,344);
INSERT INTO `B65362949_user_rights` VALUES (647,4,2401);
INSERT INTO `B65362949_user_rights` VALUES (666,5,341);
INSERT INTO `B65362949_user_rights` VALUES (667,5,342);
INSERT INTO `B65362949_user_rights` VALUES (669,5,344);
INSERT INTO `B65362949_user_rights` VALUES (674,5,2401);
INSERT INTO `B65362949_user_rights` VALUES (1269,5,20001);
INSERT INTO `B65362949_user_rights` VALUES (818,7,11);
INSERT INTO `B65362949_user_rights` VALUES (819,7,21);
INSERT INTO `B65362949_user_rights` VALUES (820,7,31);
INSERT INTO `B65362949_user_rights` VALUES (821,7,41);
INSERT INTO `B65362949_user_rights` VALUES (822,7,81);
INSERT INTO `B65362949_user_rights` VALUES (823,7,91);
INSERT INTO `B65362949_user_rights` VALUES (824,7,95);
INSERT INTO `B65362949_user_rights` VALUES (825,7,97);
INSERT INTO `B65362949_user_rights` VALUES (826,7,111);
INSERT INTO `B65362949_user_rights` VALUES (827,7,121);
INSERT INTO `B65362949_user_rights` VALUES (828,7,151);
INSERT INTO `B65362949_user_rights` VALUES (829,7,161);
INSERT INTO `B65362949_user_rights` VALUES (830,7,171);
INSERT INTO `B65362949_user_rights` VALUES (831,7,262);
INSERT INTO `B65362949_user_rights` VALUES (832,7,281);
INSERT INTO `B65362949_user_rights` VALUES (833,7,341);
INSERT INTO `B65362949_user_rights` VALUES (834,7,342);
INSERT INTO `B65362949_user_rights` VALUES (835,7,343);
INSERT INTO `B65362949_user_rights` VALUES (836,7,344);
INSERT INTO `B65362949_user_rights` VALUES (837,7,531);
INSERT INTO `B65362949_user_rights` VALUES (838,7,1181);
INSERT INTO `B65362949_user_rights` VALUES (839,7,1182);
INSERT INTO `B65362949_user_rights` VALUES (840,7,1231);
INSERT INTO `B65362949_user_rights` VALUES (841,7,2401);
INSERT INTO `B65362949_user_rights` VALUES (842,7,2501);
INSERT INTO `B65362949_user_rights` VALUES (843,7,2503);
INSERT INTO `B65362949_user_rights` VALUES (844,7,2515);
INSERT INTO `B65362949_user_rights` VALUES (845,7,20001);
INSERT INTO `B65362949_user_rights` VALUES (846,8,11);
INSERT INTO `B65362949_user_rights` VALUES (847,8,21);
INSERT INTO `B65362949_user_rights` VALUES (848,8,31);
INSERT INTO `B65362949_user_rights` VALUES (849,8,41);
INSERT INTO `B65362949_user_rights` VALUES (850,8,81);
INSERT INTO `B65362949_user_rights` VALUES (851,8,91);
INSERT INTO `B65362949_user_rights` VALUES (852,8,95);
INSERT INTO `B65362949_user_rights` VALUES (853,8,97);
INSERT INTO `B65362949_user_rights` VALUES (854,8,111);
INSERT INTO `B65362949_user_rights` VALUES (855,8,121);
INSERT INTO `B65362949_user_rights` VALUES (856,8,151);
INSERT INTO `B65362949_user_rights` VALUES (857,8,161);
INSERT INTO `B65362949_user_rights` VALUES (858,8,171);
INSERT INTO `B65362949_user_rights` VALUES (859,8,262);
INSERT INTO `B65362949_user_rights` VALUES (860,8,281);
INSERT INTO `B65362949_user_rights` VALUES (861,8,341);
INSERT INTO `B65362949_user_rights` VALUES (862,8,342);
INSERT INTO `B65362949_user_rights` VALUES (863,8,343);
INSERT INTO `B65362949_user_rights` VALUES (864,8,344);
INSERT INTO `B65362949_user_rights` VALUES (865,8,531);
INSERT INTO `B65362949_user_rights` VALUES (866,8,1181);
INSERT INTO `B65362949_user_rights` VALUES (867,8,1182);
INSERT INTO `B65362949_user_rights` VALUES (868,8,1231);
INSERT INTO `B65362949_user_rights` VALUES (869,8,2401);
INSERT INTO `B65362949_user_rights` VALUES (870,8,2501);
INSERT INTO `B65362949_user_rights` VALUES (871,8,2503);
INSERT INTO `B65362949_user_rights` VALUES (872,8,2515);
INSERT INTO `B65362949_user_rights` VALUES (873,8,20001);
INSERT INTO `B65362949_user_rights` VALUES (874,9,11);
INSERT INTO `B65362949_user_rights` VALUES (875,9,21);
INSERT INTO `B65362949_user_rights` VALUES (876,9,31);
INSERT INTO `B65362949_user_rights` VALUES (877,9,41);
INSERT INTO `B65362949_user_rights` VALUES (878,9,81);
INSERT INTO `B65362949_user_rights` VALUES (879,9,91);
INSERT INTO `B65362949_user_rights` VALUES (880,9,95);
INSERT INTO `B65362949_user_rights` VALUES (881,9,97);
INSERT INTO `B65362949_user_rights` VALUES (882,9,111);
INSERT INTO `B65362949_user_rights` VALUES (883,9,121);
INSERT INTO `B65362949_user_rights` VALUES (884,9,151);
INSERT INTO `B65362949_user_rights` VALUES (885,9,161);
INSERT INTO `B65362949_user_rights` VALUES (886,9,171);
INSERT INTO `B65362949_user_rights` VALUES (887,9,262);
INSERT INTO `B65362949_user_rights` VALUES (888,9,281);
INSERT INTO `B65362949_user_rights` VALUES (889,9,341);
INSERT INTO `B65362949_user_rights` VALUES (890,9,342);
INSERT INTO `B65362949_user_rights` VALUES (891,9,343);
INSERT INTO `B65362949_user_rights` VALUES (892,9,344);
INSERT INTO `B65362949_user_rights` VALUES (893,9,531);
INSERT INTO `B65362949_user_rights` VALUES (894,9,1181);
INSERT INTO `B65362949_user_rights` VALUES (895,9,1182);
INSERT INTO `B65362949_user_rights` VALUES (896,9,1231);
INSERT INTO `B65362949_user_rights` VALUES (897,9,2401);
INSERT INTO `B65362949_user_rights` VALUES (898,9,2501);
INSERT INTO `B65362949_user_rights` VALUES (899,9,2503);
INSERT INTO `B65362949_user_rights` VALUES (900,9,2515);
INSERT INTO `B65362949_user_rights` VALUES (901,9,20001);
INSERT INTO `B65362949_user_rights` VALUES (939,11,11);
INSERT INTO `B65362949_user_rights` VALUES (940,11,21);
INSERT INTO `B65362949_user_rights` VALUES (941,11,31);
INSERT INTO `B65362949_user_rights` VALUES (942,11,41);
INSERT INTO `B65362949_user_rights` VALUES (943,11,81);
INSERT INTO `B65362949_user_rights` VALUES (944,11,91);
INSERT INTO `B65362949_user_rights` VALUES (945,11,95);
INSERT INTO `B65362949_user_rights` VALUES (946,11,97);
INSERT INTO `B65362949_user_rights` VALUES (947,11,111);
INSERT INTO `B65362949_user_rights` VALUES (948,11,121);
INSERT INTO `B65362949_user_rights` VALUES (949,11,151);
INSERT INTO `B65362949_user_rights` VALUES (950,11,161);
INSERT INTO `B65362949_user_rights` VALUES (951,11,171);
INSERT INTO `B65362949_user_rights` VALUES (952,11,262);
INSERT INTO `B65362949_user_rights` VALUES (953,11,281);
INSERT INTO `B65362949_user_rights` VALUES (954,11,341);
INSERT INTO `B65362949_user_rights` VALUES (955,11,342);
INSERT INTO `B65362949_user_rights` VALUES (956,11,343);
INSERT INTO `B65362949_user_rights` VALUES (957,11,344);
INSERT INTO `B65362949_user_rights` VALUES (958,11,531);
INSERT INTO `B65362949_user_rights` VALUES (959,11,1181);
INSERT INTO `B65362949_user_rights` VALUES (960,11,1182);
INSERT INTO `B65362949_user_rights` VALUES (961,11,1201);
INSERT INTO `B65362949_user_rights` VALUES (962,11,1231);
INSERT INTO `B65362949_user_rights` VALUES (963,11,2401);
INSERT INTO `B65362949_user_rights` VALUES (964,11,2501);
INSERT INTO `B65362949_user_rights` VALUES (965,11,2503);
INSERT INTO `B65362949_user_rights` VALUES (966,11,2515);
INSERT INTO `B65362949_user_rights` VALUES (967,11,20001);
INSERT INTO `B65362949_user_rights` VALUES (1139,12,251);
INSERT INTO `B65362949_user_rights` VALUES (1140,12,252);
INSERT INTO `B65362949_user_rights` VALUES (1141,12,253);
INSERT INTO `B65362949_user_rights` VALUES (1142,12,254);
INSERT INTO `B65362949_user_rights` VALUES (1143,12,255);
INSERT INTO `B65362949_user_rights` VALUES (1144,12,256);
INSERT INTO `B65362949_user_rights` VALUES (1145,12,341);
INSERT INTO `B65362949_user_rights` VALUES (1146,12,342);
INSERT INTO `B65362949_user_rights` VALUES (1147,12,343);
INSERT INTO `B65362949_user_rights` VALUES (1148,12,344);
INSERT INTO `B65362949_user_rights` VALUES (1149,12,351);
INSERT INTO `B65362949_user_rights` VALUES (1150,12,352);
INSERT INTO `B65362949_user_rights` VALUES (1151,12,353);
INSERT INTO `B65362949_user_rights` VALUES (1152,12,354);
INSERT INTO `B65362949_user_rights` VALUES (1153,12,358);
INSERT INTO `B65362949_user_rights` VALUES (1154,12,2401);
INSERT INTO `B65362949_user_rights` VALUES (1155,12,2402);
INSERT INTO `B65362949_user_rights` VALUES (1156,12,2403);
INSERT INTO `B65362949_user_rights` VALUES (1157,12,2411);
INSERT INTO `B65362949_user_rights` VALUES (1158,12,2412);
INSERT INTO `B65362949_user_rights` VALUES (1159,12,2413);
INSERT INTO `B65362949_user_rights` VALUES (1160,12,2414);
INSERT INTO `B65362949_user_rights` VALUES (1133,12,20001);
INSERT INTO `B65362949_user_rights` VALUES (1134,12,20002);
INSERT INTO `B65362949_user_rights` VALUES (1135,12,20003);
INSERT INTO `B65362949_user_rights` VALUES (1136,12,20004);
INSERT INTO `B65362949_user_rights` VALUES (1137,12,20005);
INSERT INTO `B65362949_user_rights` VALUES (1138,12,20006);
INSERT INTO `B65362949_user_rights` VALUES (1270,13,11);
INSERT INTO `B65362949_user_rights` VALUES (1271,13,21);
INSERT INTO `B65362949_user_rights` VALUES (1272,13,31);
INSERT INTO `B65362949_user_rights` VALUES (1273,13,41);
INSERT INTO `B65362949_user_rights` VALUES (1274,13,81);
INSERT INTO `B65362949_user_rights` VALUES (1275,13,91);
INSERT INTO `B65362949_user_rights` VALUES (1276,13,95);
INSERT INTO `B65362949_user_rights` VALUES (1277,13,97);
INSERT INTO `B65362949_user_rights` VALUES (1278,13,101);
INSERT INTO `B65362949_user_rights` VALUES (1279,13,111);
INSERT INTO `B65362949_user_rights` VALUES (1280,13,121);
INSERT INTO `B65362949_user_rights` VALUES (1281,13,151);
INSERT INTO `B65362949_user_rights` VALUES (1282,13,161);
INSERT INTO `B65362949_user_rights` VALUES (1283,13,171);
INSERT INTO `B65362949_user_rights` VALUES (1284,13,262);
INSERT INTO `B65362949_user_rights` VALUES (1285,13,281);
INSERT INTO `B65362949_user_rights` VALUES (1286,13,341);
INSERT INTO `B65362949_user_rights` VALUES (1287,13,342);
INSERT INTO `B65362949_user_rights` VALUES (1288,13,343);
INSERT INTO `B65362949_user_rights` VALUES (1289,13,344);
INSERT INTO `B65362949_user_rights` VALUES (1290,13,531);
INSERT INTO `B65362949_user_rights` VALUES (1291,13,1101);
INSERT INTO `B65362949_user_rights` VALUES (1292,13,1181);
INSERT INTO `B65362949_user_rights` VALUES (1293,13,1182);
INSERT INTO `B65362949_user_rights` VALUES (1294,13,1201);
INSERT INTO `B65362949_user_rights` VALUES (1295,13,1231);
INSERT INTO `B65362949_user_rights` VALUES (1296,13,2401);
INSERT INTO `B65362949_user_rights` VALUES (1297,13,2501);
INSERT INTO `B65362949_user_rights` VALUES (1298,13,2503);
INSERT INTO `B65362949_user_rights` VALUES (1299,13,2515);
INSERT INTO `B65362949_user_rights` VALUES (1300,13,20001);
INSERT INTO `B65362949_user_rights` VALUES (1301,13,59001);
INSERT INTO `B65362949_user_rights` VALUES (1371,14,11);
INSERT INTO `B65362949_user_rights` VALUES (1372,14,21);
INSERT INTO `B65362949_user_rights` VALUES (1373,14,31);
INSERT INTO `B65362949_user_rights` VALUES (1374,14,41);
INSERT INTO `B65362949_user_rights` VALUES (1375,14,81);
INSERT INTO `B65362949_user_rights` VALUES (1376,14,91);
INSERT INTO `B65362949_user_rights` VALUES (1377,14,95);
INSERT INTO `B65362949_user_rights` VALUES (1378,14,97);
INSERT INTO `B65362949_user_rights` VALUES (1379,14,101);
INSERT INTO `B65362949_user_rights` VALUES (1380,14,111);
INSERT INTO `B65362949_user_rights` VALUES (1381,14,121);
INSERT INTO `B65362949_user_rights` VALUES (1382,14,151);
INSERT INTO `B65362949_user_rights` VALUES (1383,14,161);
INSERT INTO `B65362949_user_rights` VALUES (1384,14,171);
INSERT INTO `B65362949_user_rights` VALUES (1385,14,262);
INSERT INTO `B65362949_user_rights` VALUES (1386,14,281);
INSERT INTO `B65362949_user_rights` VALUES (1387,14,341);
INSERT INTO `B65362949_user_rights` VALUES (1388,14,342);
INSERT INTO `B65362949_user_rights` VALUES (1389,14,343);
INSERT INTO `B65362949_user_rights` VALUES (1390,14,344);
INSERT INTO `B65362949_user_rights` VALUES (1391,14,531);
INSERT INTO `B65362949_user_rights` VALUES (1392,14,1101);
INSERT INTO `B65362949_user_rights` VALUES (1393,14,1181);
INSERT INTO `B65362949_user_rights` VALUES (1394,14,1182);
INSERT INTO `B65362949_user_rights` VALUES (1395,14,1201);
INSERT INTO `B65362949_user_rights` VALUES (1396,14,1231);
INSERT INTO `B65362949_user_rights` VALUES (1397,14,2401);
INSERT INTO `B65362949_user_rights` VALUES (1398,14,2501);
INSERT INTO `B65362949_user_rights` VALUES (1399,14,2503);
INSERT INTO `B65362949_user_rights` VALUES (1400,14,2515);
INSERT INTO `B65362949_user_rights` VALUES (1401,14,20001);
INSERT INTO `B65362949_user_rights` VALUES (1402,14,59001);
INSERT INTO `B65362949_user_rights` VALUES (1403,15,11);
INSERT INTO `B65362949_user_rights` VALUES (1404,15,21);
INSERT INTO `B65362949_user_rights` VALUES (1405,15,31);
INSERT INTO `B65362949_user_rights` VALUES (1406,15,41);
INSERT INTO `B65362949_user_rights` VALUES (1407,15,81);
INSERT INTO `B65362949_user_rights` VALUES (1408,15,91);
INSERT INTO `B65362949_user_rights` VALUES (1409,15,95);
INSERT INTO `B65362949_user_rights` VALUES (1410,15,97);
INSERT INTO `B65362949_user_rights` VALUES (1411,15,101);
INSERT INTO `B65362949_user_rights` VALUES (1412,15,111);
INSERT INTO `B65362949_user_rights` VALUES (1413,15,121);
INSERT INTO `B65362949_user_rights` VALUES (1414,15,151);
INSERT INTO `B65362949_user_rights` VALUES (1415,15,161);
INSERT INTO `B65362949_user_rights` VALUES (1416,15,171);
INSERT INTO `B65362949_user_rights` VALUES (1417,15,262);
INSERT INTO `B65362949_user_rights` VALUES (1418,15,281);
INSERT INTO `B65362949_user_rights` VALUES (1419,15,341);
INSERT INTO `B65362949_user_rights` VALUES (1420,15,342);
INSERT INTO `B65362949_user_rights` VALUES (1421,15,343);
INSERT INTO `B65362949_user_rights` VALUES (1422,15,344);
INSERT INTO `B65362949_user_rights` VALUES (1423,15,531);
INSERT INTO `B65362949_user_rights` VALUES (1424,15,1101);
INSERT INTO `B65362949_user_rights` VALUES (1425,15,1181);
INSERT INTO `B65362949_user_rights` VALUES (1426,15,1182);
INSERT INTO `B65362949_user_rights` VALUES (1427,15,1201);
INSERT INTO `B65362949_user_rights` VALUES (1428,15,1231);
INSERT INTO `B65362949_user_rights` VALUES (1429,15,2401);
INSERT INTO `B65362949_user_rights` VALUES (1430,15,2501);
INSERT INTO `B65362949_user_rights` VALUES (1431,15,2503);
INSERT INTO `B65362949_user_rights` VALUES (1432,15,2515);
INSERT INTO `B65362949_user_rights` VALUES (1433,15,20001);
INSERT INTO `B65362949_user_rights` VALUES (1434,15,59001);
INSERT INTO `B65362949_user_rights` VALUES (1435,16,11);
INSERT INTO `B65362949_user_rights` VALUES (1436,16,21);
INSERT INTO `B65362949_user_rights` VALUES (1437,16,31);
INSERT INTO `B65362949_user_rights` VALUES (1438,16,41);
INSERT INTO `B65362949_user_rights` VALUES (1439,16,81);
INSERT INTO `B65362949_user_rights` VALUES (1440,16,91);
INSERT INTO `B65362949_user_rights` VALUES (1441,16,95);
INSERT INTO `B65362949_user_rights` VALUES (1442,16,97);
INSERT INTO `B65362949_user_rights` VALUES (1443,16,101);
INSERT INTO `B65362949_user_rights` VALUES (1444,16,111);
INSERT INTO `B65362949_user_rights` VALUES (1445,16,121);
INSERT INTO `B65362949_user_rights` VALUES (1446,16,151);
INSERT INTO `B65362949_user_rights` VALUES (1447,16,161);
INSERT INTO `B65362949_user_rights` VALUES (1448,16,171);
INSERT INTO `B65362949_user_rights` VALUES (1449,16,262);
INSERT INTO `B65362949_user_rights` VALUES (1450,16,281);
INSERT INTO `B65362949_user_rights` VALUES (1451,16,341);
INSERT INTO `B65362949_user_rights` VALUES (1452,16,342);
INSERT INTO `B65362949_user_rights` VALUES (1453,16,343);
INSERT INTO `B65362949_user_rights` VALUES (1454,16,344);
INSERT INTO `B65362949_user_rights` VALUES (1455,16,531);
INSERT INTO `B65362949_user_rights` VALUES (1456,16,1101);
INSERT INTO `B65362949_user_rights` VALUES (1457,16,1181);
INSERT INTO `B65362949_user_rights` VALUES (1458,16,1182);
INSERT INTO `B65362949_user_rights` VALUES (1459,16,1201);
INSERT INTO `B65362949_user_rights` VALUES (1460,16,1231);
INSERT INTO `B65362949_user_rights` VALUES (1461,16,2401);
INSERT INTO `B65362949_user_rights` VALUES (1462,16,2501);
INSERT INTO `B65362949_user_rights` VALUES (1463,16,2503);
INSERT INTO `B65362949_user_rights` VALUES (1464,16,2515);
INSERT INTO `B65362949_user_rights` VALUES (1465,16,20001);
INSERT INTO `B65362949_user_rights` VALUES (1466,16,59001);
INSERT INTO `B65362949_user_rights` VALUES (1467,17,11);
INSERT INTO `B65362949_user_rights` VALUES (1468,17,21);
INSERT INTO `B65362949_user_rights` VALUES (1469,17,31);
INSERT INTO `B65362949_user_rights` VALUES (1470,17,41);
INSERT INTO `B65362949_user_rights` VALUES (1471,17,81);
INSERT INTO `B65362949_user_rights` VALUES (1472,17,91);
INSERT INTO `B65362949_user_rights` VALUES (1473,17,95);
INSERT INTO `B65362949_user_rights` VALUES (1474,17,97);
INSERT INTO `B65362949_user_rights` VALUES (1475,17,101);
INSERT INTO `B65362949_user_rights` VALUES (1476,17,111);
INSERT INTO `B65362949_user_rights` VALUES (1477,17,121);
INSERT INTO `B65362949_user_rights` VALUES (1478,17,151);
INSERT INTO `B65362949_user_rights` VALUES (1479,17,161);
INSERT INTO `B65362949_user_rights` VALUES (1480,17,171);
INSERT INTO `B65362949_user_rights` VALUES (1481,17,262);
INSERT INTO `B65362949_user_rights` VALUES (1482,17,281);
INSERT INTO `B65362949_user_rights` VALUES (1483,17,341);
INSERT INTO `B65362949_user_rights` VALUES (1484,17,342);
INSERT INTO `B65362949_user_rights` VALUES (1485,17,343);
INSERT INTO `B65362949_user_rights` VALUES (1486,17,344);
INSERT INTO `B65362949_user_rights` VALUES (1487,17,531);
INSERT INTO `B65362949_user_rights` VALUES (1488,17,1101);
INSERT INTO `B65362949_user_rights` VALUES (1489,17,1181);
INSERT INTO `B65362949_user_rights` VALUES (1490,17,1182);
INSERT INTO `B65362949_user_rights` VALUES (1491,17,1201);
INSERT INTO `B65362949_user_rights` VALUES (1492,17,1231);
INSERT INTO `B65362949_user_rights` VALUES (1493,17,2401);
INSERT INTO `B65362949_user_rights` VALUES (1494,17,2501);
INSERT INTO `B65362949_user_rights` VALUES (1495,17,2503);
INSERT INTO `B65362949_user_rights` VALUES (1496,17,2515);
INSERT INTO `B65362949_user_rights` VALUES (1497,17,20001);
INSERT INTO `B65362949_user_rights` VALUES (1498,17,59001);




--
-- Table structure for table `B65362949_usergroup`
--
CREATE TABLE `B65362949_usergroup` (
  `rowid` int(11) NOT NULL AUTO_INCREMENT,
  `nom` varchar(255) NOT NULL,
  `entity` int(11) NOT NULL DEFAULT '1',
  `datec` datetime DEFAULT NULL,
  `tms` timestamp NOT NULL DEFAULT CURRENT_TIMESTAMP ON UPDATE CURRENT_TIMESTAMP,
  `note` text,
  PRIMARY KEY (`rowid`),
  UNIQUE KEY `uk_usergroup_name` (`nom`,`entity`)
) ENGINE=InnoDB AUTO_INCREMENT=4 DEFAULT CHARSET=utf8;

--
-- Dumping data for table `B65362949_usergroup`
--
INSERT INTO `B65362949_usergroup` VALUES (1,'Gerencia',1,'2015-03-12 13:37:18','2015-03-12 13:37:17','');
INSERT INTO `B65362949_usergroup` VALUES (2,'Trabajadores',1,'2015-03-19 12:32:21','2015-03-19 12:32:01','');
INSERT INTO `B65362949_usergroup` VALUES (3,'Externos',1,'2015-04-14 18:39:32','2015-04-14 18:39:24','');




--
-- Table structure for table `B65362949_usergroup_rights`
--
CREATE TABLE `B65362949_usergroup_rights` (
  `rowid` int(11) NOT NULL AUTO_INCREMENT,
  `fk_usergroup` int(11) NOT NULL,
  `fk_id` int(11) NOT NULL,
  PRIMARY KEY (`rowid`),
  UNIQUE KEY `fk_usergroup` (`fk_usergroup`,`fk_id`),
  CONSTRAINT `fk_usergroup_rights_fk_usergroup` FOREIGN KEY (`fk_usergroup`) REFERENCES `B65362949_usergroup` (`rowid`)
) ENGINE=InnoDB AUTO_INCREMENT=16 DEFAULT CHARSET=utf8;

--
-- Dumping data for table `B65362949_usergroup_rights`
--
INSERT INTO `B65362949_usergroup_rights` VALUES (12,3,11);
INSERT INTO `B65362949_usergroup_rights` VALUES (4,3,91);
INSERT INTO `B65362949_usergroup_rights` VALUES (14,3,95);
INSERT INTO `B65362949_usergroup_rights` VALUES (15,3,111);
INSERT INTO `B65362949_usergroup_rights` VALUES (6,3,121);
INSERT INTO `B65362949_usergroup_rights` VALUES (9,3,151);
INSERT INTO `B65362949_usergroup_rights` VALUES (7,3,262);
INSERT INTO `B65362949_usergroup_rights` VALUES (8,3,510);
INSERT INTO `B65362949_usergroup_rights` VALUES (10,3,1181);
INSERT INTO `B65362949_usergroup_rights` VALUES (11,3,1231);
INSERT INTO `B65362949_usergroup_rights` VALUES (13,3,2501);




--
-- Table structure for table `B65362949_usergroup_user`
--
CREATE TABLE `B65362949_usergroup_user` (
  `rowid` int(11) NOT NULL AUTO_INCREMENT,
  `entity` int(11) NOT NULL DEFAULT '1',
  `fk_user` int(11) NOT NULL,
  `fk_usergroup` int(11) NOT NULL,
  PRIMARY KEY (`rowid`),
  UNIQUE KEY `uk_usergroup_user` (`entity`,`fk_user`,`fk_usergroup`),
  KEY `fk_usergroup_user_fk_user` (`fk_user`),
  KEY `fk_usergroup_user_fk_usergroup` (`fk_usergroup`),
  CONSTRAINT `fk_usergroup_user_fk_user` FOREIGN KEY (`fk_user`) REFERENCES `B65362949_user` (`rowid`),
  CONSTRAINT `fk_usergroup_user_fk_usergroup` FOREIGN KEY (`fk_usergroup`) REFERENCES `B65362949_usergroup` (`rowid`)
) ENGINE=InnoDB AUTO_INCREMENT=22 DEFAULT CHARSET=utf8;

--
-- Dumping data for table `B65362949_usergroup_user`
--
INSERT INTO `B65362949_usergroup_user` VALUES (4,1,1,1);
INSERT INTO `B65362949_usergroup_user` VALUES (1,1,2,1);
INSERT INTO `B65362949_usergroup_user` VALUES (5,1,2,2);
INSERT INTO `B65362949_usergroup_user` VALUES (2,1,3,1);
INSERT INTO `B65362949_usergroup_user` VALUES (6,1,3,2);
INSERT INTO `B65362949_usergroup_user` VALUES (21,1,4,2);
INSERT INTO `B65362949_usergroup_user` VALUES (7,1,5,2);
INSERT INTO `B65362949_usergroup_user` VALUES (19,1,7,2);
INSERT INTO `B65362949_usergroup_user` VALUES (10,1,8,2);
INSERT INTO `B65362949_usergroup_user` VALUES (14,1,9,2);
INSERT INTO `B65362949_usergroup_user` VALUES (12,1,11,2);
INSERT INTO `B65362949_usergroup_user` VALUES (11,1,12,2);
INSERT INTO `B65362949_usergroup_user` VALUES (15,1,13,2);
INSERT INTO `B65362949_usergroup_user` VALUES (18,1,14,2);
INSERT INTO `B65362949_usergroup_user` VALUES (17,1,15,2);
INSERT INTO `B65362949_usergroup_user` VALUES (13,1,16,1);
INSERT INTO `B65362949_usergroup_user` VALUES (16,1,16,2);
INSERT INTO `B65362949_usergroup_user` VALUES (20,1,17,2);




--
-- Table structure for table `B65479115_accounting_account`
--
CREATE TABLE `B65479115_accounting_account` (
  `rowid` int(11) NOT NULL AUTO_INCREMENT,
  `entity` int(11) NOT NULL DEFAULT '1',
  `datec` datetime DEFAULT NULL,
  `tms` timestamp NOT NULL DEFAULT CURRENT_TIMESTAMP ON UPDATE CURRENT_TIMESTAMP,
  `fk_pcg_version` varchar(32) NOT NULL,
  `pcg_type` varchar(20) NOT NULL,
  `pcg_subtype` varchar(20) NOT NULL,
  `account_number` varchar(32) NOT NULL,
  `account_parent` varchar(32) DEFAULT '0',
  `label` varchar(255) NOT NULL,
  `fk_accounting_category` int(11) DEFAULT '0',
  `fk_user_author` int(11) DEFAULT NULL,
  `fk_user_modif` int(11) DEFAULT NULL,
  `active` tinyint(4) NOT NULL DEFAULT '1',
  `import_key` varchar(14) DEFAULT NULL,
  `extraparams` varchar(255) DEFAULT NULL,
  PRIMARY KEY (`rowid`),
  UNIQUE KEY `uk_accounting_account` (`account_number`,`entity`,`fk_pcg_version`),
  KEY `idx_accounting_account_fk_pcg_version` (`fk_pcg_version`)
) ENGINE=InnoDB DEFAULT CHARSET=utf8;

--
-- Dumping data for table `B65479115_accounting_account`
--




--
-- Table structure for table `B65479115_accounting_bookkeeping`
--
CREATE TABLE `B65479115_accounting_bookkeeping` (
  `rowid` int(11) NOT NULL AUTO_INCREMENT,
  `entity` int(11) NOT NULL DEFAULT '1',
  `doc_date` date NOT NULL,
  `doc_type` varchar(30) NOT NULL,
  `doc_ref` varchar(300) NOT NULL,
  `fk_doc` int(11) NOT NULL,
  `fk_docdet` int(11) NOT NULL,
  `thirdparty_code` varchar(32) DEFAULT NULL,
  `subledger_account` varchar(32) DEFAULT NULL,
  `subledger_label` varchar(255) DEFAULT NULL,
  `numero_compte` varchar(32) NOT NULL,
  `label_compte` varchar(255) NOT NULL,
  `label_operation` varchar(255) DEFAULT NULL,
  `debit` double(24,8) NOT NULL,
  `credit` double(24,8) NOT NULL,
  `montant` double(24,8) NOT NULL,
  `sens` varchar(1) DEFAULT NULL,
  `multicurrency_amount` double(24,8) DEFAULT NULL,
  `multicurrency_code` varchar(255) DEFAULT NULL,
  `lettering_code` varchar(255) DEFAULT NULL,
  `date_lettering` datetime DEFAULT NULL,
  `date_lim_reglement` datetime DEFAULT NULL,
  `fk_user_author` int(11) NOT NULL,
  `fk_user_modif` int(11) DEFAULT NULL,
  `date_creation` datetime DEFAULT NULL,
  `tms` timestamp NOT NULL DEFAULT CURRENT_TIMESTAMP ON UPDATE CURRENT_TIMESTAMP,
  `fk_user` int(11) DEFAULT NULL,
  `code_journal` varchar(32) NOT NULL,
  `journal_label` varchar(255) DEFAULT NULL,
  `piece_num` int(11) NOT NULL,
  `validated` tinyint(4) NOT NULL DEFAULT '0',
  `date_validated` datetime DEFAULT NULL,
  `import_key` varchar(14) DEFAULT NULL,
  `extraparams` varchar(255) DEFAULT NULL,
  PRIMARY KEY (`rowid`),
  KEY `idx_accounting_bookkeeping_doc_date` (`doc_date`),
  KEY `idx_accounting_bookkeeping_fk_doc` (`fk_doc`),
  KEY `idx_accounting_bookkeeping_fk_docdet` (`fk_docdet`),
  KEY `idx_accounting_bookkeeping_numero_compte` (`numero_compte`),
  KEY `idx_accounting_bookkeeping_code_journal` (`code_journal`)
) ENGINE=InnoDB DEFAULT CHARSET=utf8;

--
-- Dumping data for table `B65479115_accounting_bookkeeping`
--




--
-- Table structure for table `B65479115_accounting_bookkeeping_tmp`
--
CREATE TABLE `B65479115_accounting_bookkeeping_tmp` (
  `rowid` int(11) NOT NULL AUTO_INCREMENT,
  `entity` int(11) NOT NULL DEFAULT '1',
  `doc_date` date NOT NULL,
  `doc_type` varchar(30) NOT NULL,
  `doc_ref` varchar(300) NOT NULL,
  `fk_doc` int(11) NOT NULL,
  `fk_docdet` int(11) NOT NULL,
  `thirdparty_code` varchar(32) DEFAULT NULL,
  `subledger_account` varchar(32) DEFAULT NULL,
  `subledger_label` varchar(255) DEFAULT NULL,
  `numero_compte` varchar(32) DEFAULT NULL,
  `label_compte` varchar(255) NOT NULL,
  `label_operation` varchar(255) DEFAULT NULL,
  `debit` double(24,8) NOT NULL,
  `credit` double(24,8) NOT NULL,
  `montant` double(24,8) NOT NULL,
  `sens` varchar(1) DEFAULT NULL,
  `multicurrency_amount` double(24,8) DEFAULT NULL,
  `multicurrency_code` varchar(255) DEFAULT NULL,
  `lettering_code` varchar(255) DEFAULT NULL,
  `date_lettering` datetime DEFAULT NULL,
  `date_lim_reglement` datetime DEFAULT NULL,
  `fk_user_author` int(11) NOT NULL,
  `fk_user_modif` int(11) DEFAULT NULL,
  `date_creation` datetime DEFAULT NULL,
  `tms` timestamp NOT NULL DEFAULT CURRENT_TIMESTAMP ON UPDATE CURRENT_TIMESTAMP,
  `fk_user` int(11) DEFAULT NULL,
  `code_journal` varchar(32) NOT NULL,
  `journal_label` varchar(255) DEFAULT NULL,
  `piece_num` int(11) NOT NULL,
  `validated` tinyint(4) NOT NULL DEFAULT '0',
  `date_validated` datetime DEFAULT NULL,
  `import_key` varchar(14) DEFAULT NULL,
  `extraparams` varchar(255) DEFAULT NULL,
  PRIMARY KEY (`rowid`),
  KEY `idx_accounting_bookkeeping_doc_date` (`doc_date`),
  KEY `idx_accounting_bookkeeping_fk_docdet` (`fk_docdet`),
  KEY `idx_accounting_bookkeeping_numero_compte` (`numero_compte`),
  KEY `idx_accounting_bookkeeping_code_journal` (`code_journal`)
) ENGINE=InnoDB DEFAULT CHARSET=utf8;

--
-- Dumping data for table `B65479115_accounting_bookkeeping_tmp`
--




--
-- Table structure for table `B65479115_accounting_fiscalyear`
--
CREATE TABLE `B65479115_accounting_fiscalyear` (
  `rowid` int(11) NOT NULL AUTO_INCREMENT,
  `label` varchar(128) NOT NULL,
  `date_start` date DEFAULT NULL,
  `date_end` date DEFAULT NULL,
  `statut` tinyint(4) NOT NULL DEFAULT '0',
  `entity` int(11) NOT NULL DEFAULT '1',
  `datec` datetime NOT NULL,
  `tms` timestamp NOT NULL DEFAULT CURRENT_TIMESTAMP ON UPDATE CURRENT_TIMESTAMP,
  `fk_user_author` int(11) DEFAULT NULL,
  `fk_user_modif` int(11) DEFAULT NULL,
  PRIMARY KEY (`rowid`)
) ENGINE=InnoDB DEFAULT CHARSET=utf8;

--
-- Dumping data for table `B65479115_accounting_fiscalyear`
--




--
-- Table structure for table `B65479115_accounting_journal`
--
CREATE TABLE `B65479115_accounting_journal` (
  `rowid` int(11) NOT NULL AUTO_INCREMENT,
  `entity` int(11) NOT NULL DEFAULT '1',
  `code` varchar(32) NOT NULL,
  `label` varchar(128) NOT NULL,
  `nature` smallint(6) NOT NULL DEFAULT '1',
  `active` smallint(6) DEFAULT '0',
  PRIMARY KEY (`rowid`),
  UNIQUE KEY `uk_accounting_journal_code` (`code`)
) ENGINE=InnoDB AUTO_INCREMENT=7 DEFAULT CHARSET=utf8;

--
-- Dumping data for table `B65479115_accounting_journal`
--
INSERT INTO `B65479115_accounting_journal` VALUES (1,1,'VT','Sale Journal',2,1);
INSERT INTO `B65479115_accounting_journal` VALUES (2,1,'AC','Purchase Journal',3,1);
INSERT INTO `B65479115_accounting_journal` VALUES (3,1,'BQ','Bank Journal',4,1);
INSERT INTO `B65479115_accounting_journal` VALUES (4,1,'OD','Other Journal',1,1);
INSERT INTO `B65479115_accounting_journal` VALUES (5,1,'AN','Has new Journal',9,1);
INSERT INTO `B65479115_accounting_journal` VALUES (6,1,'ER','Expense Report Journal',5,1);




--
-- Table structure for table `B65479115_accounting_system`
--
CREATE TABLE `B65479115_accounting_system` (
  `rowid` int(11) NOT NULL AUTO_INCREMENT,
  `fk_country` int(11) DEFAULT NULL,
  `pcg_version` varchar(32) NOT NULL,
  `label` varchar(128) NOT NULL,
  `active` smallint(6) DEFAULT '0',
  PRIMARY KEY (`rowid`),
  UNIQUE KEY `uk_accounting_system_pcg_version` (`pcg_version`)
) ENGINE=InnoDB AUTO_INCREMENT=28 DEFAULT CHARSET=utf8;

--
-- Dumping data for table `B65479115_accounting_system`
--
INSERT INTO `B65479115_accounting_system` VALUES (1,1,'PCG99-ABREGE','The simple accountancy french plan',1);
INSERT INTO `B65479115_accounting_system` VALUES (2,1,'PCG99-BASE','The base accountancy french plan',1);
INSERT INTO `B65479115_accounting_system` VALUES (3,1,'PCG14-DEV','The developed accountancy french plan 2014',1);
INSERT INTO `B65479115_accounting_system` VALUES (4,2,'PCMN-BASE','The base accountancy belgium plan',1);
INSERT INTO `B65479115_accounting_system` VALUES (5,4,'PCG08-PYME','The PYME accountancy spanish plan',1);
INSERT INTO `B65479115_accounting_system` VALUES (6,6,'PCG_SUISSE','Switzerland plan',1);
INSERT INTO `B65479115_accounting_system` VALUES (7,7,'ENG-BASE','England plan',1);
INSERT INTO `B65479115_accounting_system` VALUES (8,10,'PCT','The Tunisia plan',1);
INSERT INTO `B65479115_accounting_system` VALUES (9,67,'PC-MIPYME','The PYME accountancy Chile plan',1);
INSERT INTO `B65479115_accounting_system` VALUES (10,80,'DK-STD','Standardkontoplan fra SKAT',1);
INSERT INTO `B65479115_accounting_system` VALUES (11,140,'PCN-LUXEMBURG','Plan comptable normalisé Luxembourgeois',1);
INSERT INTO `B65479115_accounting_system` VALUES (12,12,'PCG','The Moroccan chart of accounts',1);
INSERT INTO `B65479115_accounting_system` VALUES (13,49,'SYSCOHADA-BJ','Plan comptable Ouest-Africain',1);
INSERT INTO `B65479115_accounting_system` VALUES (14,60,'SYSCOHADA-BF','Plan comptable Ouest-Africain',1);
INSERT INTO `B65479115_accounting_system` VALUES (15,24,'SYSCOHADA-CM','Plan comptable Ouest-Africain',1);
INSERT INTO `B65479115_accounting_system` VALUES (16,65,'SYSCOHADA-CF','Plan comptable Ouest-Africain',1);
INSERT INTO `B65479115_accounting_system` VALUES (17,71,'SYSCOHADA-KM','Plan comptable Ouest-Africain',1);
INSERT INTO `B65479115_accounting_system` VALUES (18,72,'SYSCOHADA-CG','Plan comptable Ouest-Africain',1);
INSERT INTO `B65479115_accounting_system` VALUES (19,21,'SYSCOHADA-CI','Plan comptable Ouest-Africain',1);
INSERT INTO `B65479115_accounting_system` VALUES (20,16,'SYSCOHADA-GA','Plan comptable Ouest-Africain',1);
INSERT INTO `B65479115_accounting_system` VALUES (21,87,'SYSCOHADA-GQ','Plan comptable Ouest-Africain',1);
INSERT INTO `B65479115_accounting_system` VALUES (22,147,'SYSCOHADA-ML','Plan comptable Ouest-Africain',1);
INSERT INTO `B65479115_accounting_system` VALUES (23,168,'SYSCOHADA-NE','Plan comptable Ouest-Africain',1);
INSERT INTO `B65479115_accounting_system` VALUES (24,73,'SYSCOHADA-CD','Plan comptable Ouest-Africain',1);
INSERT INTO `B65479115_accounting_system` VALUES (25,22,'SYSCOHADA-SN','Plan comptable Ouest-Africain',1);
INSERT INTO `B65479115_accounting_system` VALUES (26,66,'SYSCOHADA-TD','Plan comptable Ouest-Africain',1);
INSERT INTO `B65479115_accounting_system` VALUES (27,15,'SYSCOHADA-TG','Plan comptable Ouest-Africain',1);




--
-- Table structure for table `B65479115_actioncomm`
--
CREATE TABLE `B65479115_actioncomm` (
  `id` int(11) NOT NULL AUTO_INCREMENT,
  `ref_ext` varchar(255) DEFAULT NULL,
  `entity` int(11) NOT NULL DEFAULT '1',
  `datep` datetime DEFAULT NULL,
  `datep2` datetime DEFAULT NULL,
  `fk_action` int(11) DEFAULT NULL,
  `code` varchar(32) DEFAULT NULL,
  `datec` datetime DEFAULT NULL,
  `tms` timestamp NOT NULL DEFAULT CURRENT_TIMESTAMP ON UPDATE CURRENT_TIMESTAMP,
  `fk_user_author` int(11) DEFAULT NULL,
  `fk_user_mod` int(11) DEFAULT NULL,
  `fk_project` int(11) DEFAULT NULL,
  `fk_soc` int(11) DEFAULT NULL,
  `fk_contact` int(11) DEFAULT NULL,
  `fk_parent` int(11) NOT NULL DEFAULT '0',
  `fk_user_action` int(11) DEFAULT NULL,
  `fk_user_done` int(11) DEFAULT NULL,
  `transparency` int(11) DEFAULT NULL,
  `priority` smallint(6) DEFAULT NULL,
  `fulldayevent` smallint(6) NOT NULL DEFAULT '0',
  `punctual` smallint(6) NOT NULL DEFAULT '1',
  `percent` smallint(6) NOT NULL DEFAULT '0',
  `location` varchar(128) DEFAULT NULL,
  `durationp` double DEFAULT NULL,
  `label` varchar(255) NOT NULL,
  `note` text,
  `email_subject` varchar(255) DEFAULT NULL,
  `email_msgid` varchar(255) DEFAULT NULL,
  `email_from` varchar(255) DEFAULT NULL,
  `email_sender` varchar(255) DEFAULT NULL,
  `email_to` varchar(255) DEFAULT NULL,
  `email_tocc` varchar(255) DEFAULT NULL,
  `email_tobcc` varchar(255) DEFAULT NULL,
  `errors_to` varchar(255) DEFAULT NULL,
  `recurid` varchar(128) DEFAULT NULL,
  `recurrule` varchar(128) DEFAULT NULL,
  `recurdateend` datetime DEFAULT NULL,
  `fk_element` int(11) DEFAULT NULL,
  `elementtype` varchar(255) DEFAULT NULL,
  `import_key` varchar(14) DEFAULT NULL,
  `extraparams` varchar(255) DEFAULT NULL,
  PRIMARY KEY (`id`),
  KEY `idx_actioncomm_fk_soc` (`fk_soc`),
  KEY `idx_actioncomm_fk_contact` (`fk_contact`),
  KEY `idx_actioncomm_code` (`code`),
  KEY `idx_actioncomm_fk_element` (`fk_element`),
  KEY `idx_actioncomm_fk_user_action` (`fk_user_action`),
  KEY `idx_actioncomm_fk_project` (`fk_project`),
  KEY `idx_actioncomm_datep` (`datep`),
  KEY `idx_actioncomm_datep2` (`datep2`),
  KEY `idx_actioncomm_recurid` (`recurid`),
  KEY `idx_actioncomm_ref_ext` (`ref_ext`)
) ENGINE=InnoDB DEFAULT CHARSET=utf8;

--
-- Dumping data for table `B65479115_actioncomm`
--




--
-- Table structure for table `B65479115_actioncomm_extrafields`
--
CREATE TABLE `B65479115_actioncomm_extrafields` (
  `rowid` int(11) NOT NULL AUTO_INCREMENT,
  `tms` timestamp NOT NULL DEFAULT CURRENT_TIMESTAMP ON UPDATE CURRENT_TIMESTAMP,
  `fk_object` int(11) NOT NULL,
  `import_key` varchar(14) DEFAULT NULL,
  PRIMARY KEY (`rowid`),
  KEY `idx_actioncomm_extrafields` (`fk_object`)
) ENGINE=InnoDB DEFAULT CHARSET=utf8;

--
-- Dumping data for table `B65479115_actioncomm_extrafields`
--




--
-- Table structure for table `B65479115_actioncomm_reminder`
--
CREATE TABLE `B65479115_actioncomm_reminder` (
  `rowid` int(11) NOT NULL AUTO_INCREMENT,
  `dateremind` datetime NOT NULL,
  `typeremind` varchar(32) NOT NULL,
  `fk_user` int(11) NOT NULL,
  `offsetvalue` int(11) NOT NULL,
  `offsetunit` varchar(1) NOT NULL,
  `status` int(11) NOT NULL DEFAULT '0',
  PRIMARY KEY (`rowid`),
  UNIQUE KEY `uk_actioncomm_reminder_unique` (`fk_user`,`typeremind`,`offsetvalue`,`offsetunit`),
  KEY `idx_actioncomm_reminder_rowid` (`rowid`),
  KEY `idx_actioncomm_reminder_dateremind` (`dateremind`),
  KEY `idx_actioncomm_reminder_fk_user` (`fk_user`)
) ENGINE=InnoDB DEFAULT CHARSET=utf8;

--
-- Dumping data for table `B65479115_actioncomm_reminder`
--




--
-- Table structure for table `B65479115_actioncomm_resources`
--
CREATE TABLE `B65479115_actioncomm_resources` (
  `rowid` int(11) NOT NULL AUTO_INCREMENT,
  `fk_actioncomm` int(11) NOT NULL,
  `element_type` varchar(50) NOT NULL,
  `fk_element` int(11) NOT NULL,
  `answer_status` varchar(50) DEFAULT NULL,
  `mandatory` smallint(6) DEFAULT NULL,
  `transparency` smallint(6) DEFAULT '1',
  PRIMARY KEY (`rowid`),
  UNIQUE KEY `uk_actioncomm_resources` (`fk_actioncomm`,`element_type`,`fk_element`),
  KEY `idx_actioncomm_resources_fk_element` (`fk_element`)
) ENGINE=InnoDB DEFAULT CHARSET=utf8;

--
-- Dumping data for table `B65479115_actioncomm_resources`
--




--
-- Table structure for table `B65479115_adherent`
--
CREATE TABLE `B65479115_adherent` (
  `rowid` int(11) NOT NULL AUTO_INCREMENT,
  `entity` int(11) NOT NULL DEFAULT '1',
  `ref_ext` varchar(128) DEFAULT NULL,
  `civility` varchar(6) DEFAULT NULL,
  `lastname` varchar(50) DEFAULT NULL,
  `firstname` varchar(50) DEFAULT NULL,
  `login` varchar(50) DEFAULT NULL,
  `pass` varchar(50) DEFAULT NULL,
  `pass_crypted` varchar(128) DEFAULT NULL,
  `fk_adherent_type` int(11) NOT NULL,
  `morphy` varchar(3) NOT NULL,
  `societe` varchar(128) DEFAULT NULL,
  `fk_soc` int(11) DEFAULT NULL,
  `address` text,
  `zip` varchar(30) DEFAULT NULL,
  `town` varchar(50) DEFAULT NULL,
  `state_id` int(11) DEFAULT NULL,
  `country` int(11) DEFAULT NULL,
  `email` varchar(255) DEFAULT NULL,
  `skype` varchar(255) DEFAULT NULL,
  `phone` varchar(30) DEFAULT NULL,
  `phone_perso` varchar(30) DEFAULT NULL,
  `phone_mobile` varchar(30) DEFAULT NULL,
  `birth` date DEFAULT NULL,
  `photo` varchar(255) DEFAULT NULL,
  `statut` smallint(6) NOT NULL DEFAULT '0',
  `public` smallint(6) NOT NULL DEFAULT '0',
  `datefin` datetime DEFAULT NULL,
  `note_private` text,
  `note_public` text,
  `model_pdf` varchar(255) DEFAULT NULL,
  `datevalid` datetime DEFAULT NULL,
  `datec` datetime DEFAULT NULL,
  `tms` timestamp NOT NULL DEFAULT CURRENT_TIMESTAMP ON UPDATE CURRENT_TIMESTAMP,
  `fk_user_author` int(11) DEFAULT NULL,
  `fk_user_mod` int(11) DEFAULT NULL,
  `fk_user_valid` int(11) DEFAULT NULL,
  `canvas` varchar(32) DEFAULT NULL,
  `import_key` varchar(14) DEFAULT NULL,
  PRIMARY KEY (`rowid`),
  UNIQUE KEY `uk_adherent_login` (`login`,`entity`),
  UNIQUE KEY `uk_adherent_fk_soc` (`fk_soc`),
  KEY `idx_adherent_fk_adherent_type` (`fk_adherent_type`)
) ENGINE=InnoDB DEFAULT CHARSET=utf8;

--
-- Dumping data for table `B65479115_adherent`
--




--
-- Table structure for table `B65479115_adherent_extrafields`
--
CREATE TABLE `B65479115_adherent_extrafields` (
  `rowid` int(11) NOT NULL AUTO_INCREMENT,
  `tms` timestamp NOT NULL DEFAULT CURRENT_TIMESTAMP ON UPDATE CURRENT_TIMESTAMP,
  `fk_object` int(11) NOT NULL,
  `import_key` varchar(14) DEFAULT NULL,
  PRIMARY KEY (`rowid`),
  KEY `idx_adherent_extrafields` (`fk_object`)
) ENGINE=InnoDB DEFAULT CHARSET=utf8;

--
-- Dumping data for table `B65479115_adherent_extrafields`
--




--
-- Table structure for table `B65479115_adherent_type`
--
CREATE TABLE `B65479115_adherent_type` (
  `rowid` int(11) NOT NULL AUTO_INCREMENT,
  `entity` int(11) NOT NULL DEFAULT '1',
  `tms` timestamp NOT NULL DEFAULT CURRENT_TIMESTAMP ON UPDATE CURRENT_TIMESTAMP,
  `statut` smallint(6) NOT NULL DEFAULT '0',
  `libelle` varchar(50) NOT NULL,
  `subscription` varchar(3) NOT NULL DEFAULT 'yes',
  `vote` varchar(3) NOT NULL DEFAULT 'yes',
  `note` text,
  `mail_valid` text,
  PRIMARY KEY (`rowid`),
  UNIQUE KEY `uk_adherent_type_libelle` (`libelle`,`entity`)
) ENGINE=InnoDB DEFAULT CHARSET=utf8;

--
-- Dumping data for table `B65479115_adherent_type`
--




--
-- Table structure for table `B65479115_adherent_type_extrafields`
--
CREATE TABLE `B65479115_adherent_type_extrafields` (
  `rowid` int(11) NOT NULL AUTO_INCREMENT,
  `tms` timestamp NOT NULL DEFAULT CURRENT_TIMESTAMP ON UPDATE CURRENT_TIMESTAMP,
  `fk_object` int(11) NOT NULL,
  `import_key` varchar(14) DEFAULT NULL,
  PRIMARY KEY (`rowid`),
  KEY `idx_adherent_type_extrafields` (`fk_object`)
) ENGINE=InnoDB DEFAULT CHARSET=utf8;

--
-- Dumping data for table `B65479115_adherent_type_extrafields`
--




--
-- Table structure for table `B65479115_advtargetemailing`
--
CREATE TABLE `B65479115_advtargetemailing` (
  `rowid` int(11) NOT NULL AUTO_INCREMENT,
  `name` varchar(180) NOT NULL,
  `entity` int(11) NOT NULL DEFAULT '1',
  `fk_mailing` int(11) NOT NULL,
  `filtervalue` text,
  `fk_user_author` int(11) NOT NULL,
  `datec` datetime NOT NULL,
  `fk_user_mod` int(11) NOT NULL,
  `tms` timestamp NOT NULL DEFAULT CURRENT_TIMESTAMP ON UPDATE CURRENT_TIMESTAMP,
  PRIMARY KEY (`rowid`),
  UNIQUE KEY `uk_advtargetemailing_name` (`name`)
) ENGINE=InnoDB DEFAULT CHARSET=utf8;

--
-- Dumping data for table `B65479115_advtargetemailing`
--




--
-- Table structure for table `B65479115_bank`
--
CREATE TABLE `B65479115_bank` (
  `rowid` int(11) NOT NULL AUTO_INCREMENT,
  `datec` datetime DEFAULT NULL,
  `tms` timestamp NOT NULL DEFAULT CURRENT_TIMESTAMP ON UPDATE CURRENT_TIMESTAMP,
  `datev` date DEFAULT NULL,
  `dateo` date DEFAULT NULL,
  `amount` double(24,8) NOT NULL DEFAULT '0.00000000',
  `label` varchar(255) DEFAULT NULL,
  `fk_account` int(11) DEFAULT NULL,
  `fk_user_author` int(11) DEFAULT NULL,
  `fk_user_rappro` int(11) DEFAULT NULL,
  `fk_type` varchar(6) DEFAULT NULL,
  `num_releve` varchar(50) DEFAULT NULL,
  `num_chq` varchar(50) DEFAULT NULL,
  `numero_compte` varchar(32) DEFAULT NULL,
  `rappro` tinyint(4) DEFAULT '0',
  `note` text,
  `fk_bordereau` int(11) DEFAULT '0',
  `banque` varchar(255) DEFAULT NULL,
  `emetteur` varchar(255) DEFAULT NULL,
  `author` varchar(40) DEFAULT NULL,
  PRIMARY KEY (`rowid`),
  KEY `idx_bank_datev` (`datev`),
  KEY `idx_bank_dateo` (`dateo`),
  KEY `idx_bank_fk_account` (`fk_account`),
  KEY `idx_bank_rappro` (`rappro`),
  KEY `idx_bank_num_releve` (`num_releve`)
) ENGINE=InnoDB AUTO_INCREMENT=3 DEFAULT CHARSET=utf8;

--
-- Dumping data for table `B65479115_bank`
--
INSERT INTO `B65479115_bank` VALUES (1,'2018-03-12 08:44:52','2018-03-12 08:50:48','2018-03-12','2018-03-12','3000.00000000','Capital Social',2,1,NULL,'LIQ',NULL,NULL,'',0,NULL,0,NULL,NULL,NULL);




--
-- Table structure for table `B65479115_bank_account`
--
CREATE TABLE `B65479115_bank_account` (
  `rowid` int(11) NOT NULL AUTO_INCREMENT,
  `datec` datetime DEFAULT NULL,
  `tms` timestamp NOT NULL DEFAULT CURRENT_TIMESTAMP ON UPDATE CURRENT_TIMESTAMP,
  `ref` varchar(12) NOT NULL,
  `label` varchar(30) NOT NULL,
  `entity` int(11) NOT NULL DEFAULT '1',
  `fk_user_author` int(11) DEFAULT NULL,
  `fk_user_modif` int(11) DEFAULT NULL,
  `bank` varchar(60) DEFAULT NULL,
  `code_banque` varchar(128) DEFAULT NULL,
  `code_guichet` varchar(6) DEFAULT NULL,
  `number` varchar(255) DEFAULT NULL,
  `cle_rib` varchar(5) DEFAULT NULL,
  `bic` varchar(11) DEFAULT NULL,
  `iban_prefix` varchar(34) DEFAULT NULL,
  `country_iban` varchar(2) DEFAULT NULL,
  `cle_iban` varchar(2) DEFAULT NULL,
  `domiciliation` varchar(255) DEFAULT NULL,
  `state_id` int(11) DEFAULT NULL,
  `fk_pays` int(11) NOT NULL,
  `proprio` varchar(60) DEFAULT NULL,
  `owner_address` varchar(255) DEFAULT NULL,
  `courant` smallint(6) NOT NULL DEFAULT '0',
  `clos` smallint(6) NOT NULL DEFAULT '0',
  `rappro` smallint(6) DEFAULT '1',
  `url` varchar(128) DEFAULT NULL,
  `account_number` varchar(32) DEFAULT NULL,
  `fk_accountancy_journal` int(11) DEFAULT NULL,
  `currency_code` varchar(3) NOT NULL,
  `min_allowed` int(11) DEFAULT '0',
  `min_desired` int(11) DEFAULT '0',
  `comment` text,
  `note_public` text,
  `model_pdf` varchar(255) DEFAULT NULL,
  `import_key` varchar(14) DEFAULT NULL,
  `extraparams` varchar(255) DEFAULT NULL,
  PRIMARY KEY (`rowid`),
  UNIQUE KEY `uk_bank_account_label` (`label`,`entity`),
  KEY `idx_fk_accountancy_journal` (`fk_accountancy_journal`)
) ENGINE=InnoDB AUTO_INCREMENT=3 DEFAULT CHARSET=utf8;

--
-- Dumping data for table `B65479115_bank_account`
--
INSERT INTO `B65479115_bank_account` VALUES (1,'2018-03-06 18:20:15','2018-03-06 17:54:42','Caja','Caja',1,NULL,NULL,'','','','','','','',NULL,NULL,'',524,4,'','',2,0,1,NULL,570,NULL,'EUR',NULL,NULL,'',NULL,NULL,NULL,NULL);
INSERT INTO `B65479115_bank_account` VALUES (2,'2018-03-06 18:39:58','2018-03-12 12:11:05','BS-2535','Banco Sabadell - 2535',1,NULL,NULL,'Banco Sabadell Atlántico','0081','0057','0002312535',31,'BSABESBB','ES5300810057310002312535',NULL,NULL,'',524,4,'addapta IT Partner, S.L.','',1,0,0,NULL,572,NULL,'EUR',NULL,NULL,'',NULL,NULL,NULL,NULL);




--
-- Table structure for table `B65479115_bank_account_extrafields`
--
CREATE TABLE `B65479115_bank_account_extrafields` (
  `rowid` int(11) NOT NULL AUTO_INCREMENT,
  `tms` timestamp NOT NULL DEFAULT CURRENT_TIMESTAMP ON UPDATE CURRENT_TIMESTAMP,
  `fk_object` int(11) NOT NULL,
  `import_key` varchar(14) DEFAULT NULL,
  PRIMARY KEY (`rowid`),
  KEY `idx_bank_account_extrafields` (`fk_object`)
) ENGINE=InnoDB DEFAULT CHARSET=utf8;

--
-- Dumping data for table `B65479115_bank_account_extrafields`
--




--
-- Table structure for table `B65479115_bank_categ`
--
CREATE TABLE `B65479115_bank_categ` (
  `rowid` int(11) NOT NULL AUTO_INCREMENT,
  `label` varchar(255) DEFAULT NULL,
  `entity` int(11) NOT NULL DEFAULT '1',
  PRIMARY KEY (`rowid`)
) ENGINE=InnoDB DEFAULT CHARSET=utf8;

--
-- Dumping data for table `B65479115_bank_categ`
--




--
-- Table structure for table `B65479115_bank_class`
--
CREATE TABLE `B65479115_bank_class` (
  `lineid` int(11) NOT NULL,
  `fk_categ` int(11) NOT NULL,
  UNIQUE KEY `uk_bank_class_lineid` (`lineid`,`fk_categ`)
) ENGINE=InnoDB DEFAULT CHARSET=utf8;

--
-- Dumping data for table `B65479115_bank_class`
--




--
-- Table structure for table `B65479115_bank_url`
--
CREATE TABLE `B65479115_bank_url` (
  `rowid` int(11) NOT NULL AUTO_INCREMENT,
  `fk_bank` int(11) DEFAULT NULL,
  `url_id` int(11) DEFAULT NULL,
  `url` varchar(255) DEFAULT NULL,
  `label` varchar(255) DEFAULT NULL,
  `type` varchar(24) NOT NULL,
  PRIMARY KEY (`rowid`),
  UNIQUE KEY `uk_bank_url` (`fk_bank`,`type`)
) ENGINE=InnoDB DEFAULT CHARSET=utf8;

--
-- Dumping data for table `B65479115_bank_url`
--




--
-- Table structure for table `B65479115_blockedlog`
--
CREATE TABLE `B65479115_blockedlog` (
  `rowid` int(11) NOT NULL AUTO_INCREMENT,
  `entity` int(11) NOT NULL DEFAULT '1',
  `date_creation` datetime DEFAULT NULL,
  `tms` timestamp NOT NULL DEFAULT CURRENT_TIMESTAMP ON UPDATE CURRENT_TIMESTAMP,
  `action` varchar(50) DEFAULT NULL,
  `amounts` double(24,8) NOT NULL,
  `element` varchar(50) DEFAULT NULL,
  `fk_user` int(11) DEFAULT NULL,
  `user_fullname` varchar(255) DEFAULT NULL,
  `fk_object` int(11) DEFAULT NULL,
  `ref_object` varchar(255) DEFAULT NULL,
  `date_object` datetime DEFAULT NULL,
  `signature` varchar(100) NOT NULL,
  `signature_line` varchar(100) NOT NULL,
  `object_data` text,
  `certified` int(11) DEFAULT NULL,
  PRIMARY KEY (`rowid`),
  KEY `signature` (`signature`),
  KEY `fk_object_element` (`fk_object`,`element`),
  KEY `entity` (`entity`),
  KEY `fk_user` (`fk_user`),
  KEY `entity_action` (`entity`,`action`),
  KEY `entity_action_certified` (`entity`,`action`,`certified`)
) ENGINE=InnoDB DEFAULT CHARSET=utf8;

--
-- Dumping data for table `B65479115_blockedlog`
--




--
-- Table structure for table `B65479115_blockedlog_authority`
--
CREATE TABLE `B65479115_blockedlog_authority` (
  `rowid` int(11) NOT NULL AUTO_INCREMENT,
  `blockchain` longtext NOT NULL,
  `signature` varchar(100) NOT NULL,
  `tms` timestamp NOT NULL DEFAULT CURRENT_TIMESTAMP ON UPDATE CURRENT_TIMESTAMP,
  PRIMARY KEY (`rowid`),
  KEY `signature` (`signature`)
) ENGINE=InnoDB DEFAULT CHARSET=utf8;

--
-- Dumping data for table `B65479115_blockedlog_authority`
--




--
-- Table structure for table `B65479115_bookmark`
--
CREATE TABLE `B65479115_bookmark` (
  `rowid` int(11) NOT NULL AUTO_INCREMENT,
  `fk_user` int(11) NOT NULL,
  `dateb` datetime DEFAULT NULL,
  `url` varchar(255) NOT NULL,
  `target` varchar(16) DEFAULT NULL,
  `title` varchar(64) DEFAULT NULL,
  `favicon` varchar(24) DEFAULT NULL,
  `position` int(11) DEFAULT '0',
  `entity` int(11) NOT NULL DEFAULT '1',
  PRIMARY KEY (`rowid`),
  UNIQUE KEY `uk_bookmark_url` (`fk_user`,`url`),
  UNIQUE KEY `uk_bookmark_title` (`fk_user`,`title`)
) ENGINE=InnoDB DEFAULT CHARSET=utf8;

--
-- Dumping data for table `B65479115_bookmark`
--




--
-- Table structure for table `B65479115_bordereau_cheque`
--
CREATE TABLE `B65479115_bordereau_cheque` (
  `rowid` int(11) NOT NULL AUTO_INCREMENT,
  `ref` varchar(30) NOT NULL,
  `ref_ext` varchar(255) DEFAULT NULL,
  `datec` datetime NOT NULL,
  `date_bordereau` date DEFAULT NULL,
  `amount` double(24,8) NOT NULL,
  `nbcheque` smallint(6) NOT NULL,
  `fk_bank_account` int(11) DEFAULT NULL,
  `fk_user_author` int(11) DEFAULT NULL,
  `statut` smallint(6) NOT NULL DEFAULT '0',
  `tms` timestamp NOT NULL DEFAULT CURRENT_TIMESTAMP ON UPDATE CURRENT_TIMESTAMP,
  `note` text,
  `entity` int(11) NOT NULL DEFAULT '1',
  PRIMARY KEY (`rowid`),
  UNIQUE KEY `uk_bordereau_cheque` (`ref`,`entity`)
) ENGINE=InnoDB DEFAULT CHARSET=utf8;

--
-- Dumping data for table `B65479115_bordereau_cheque`
--




--
-- Table structure for table `B65479115_boxes`
--
CREATE TABLE `B65479115_boxes` (
  `rowid` int(11) NOT NULL AUTO_INCREMENT,
  `entity` int(11) NOT NULL DEFAULT '1',
  `box_id` int(11) NOT NULL,
  `position` smallint(6) NOT NULL,
  `box_order` varchar(3) NOT NULL,
  `fk_user` int(11) NOT NULL DEFAULT '0',
  `maxline` int(11) DEFAULT NULL,
  `params` varchar(255) DEFAULT NULL,
  PRIMARY KEY (`rowid`),
  UNIQUE KEY `uk_boxes` (`entity`,`box_id`,`position`,`fk_user`),
  KEY `idx_boxes_boxid` (`box_id`),
  KEY `idx_boxes_fk_user` (`fk_user`)
) ENGINE=InnoDB AUTO_INCREMENT=551 DEFAULT CHARSET=utf8;

--
-- Dumping data for table `B65479115_boxes`
--
INSERT INTO `B65479115_boxes` VALUES (1,1,1,0,'A01',0,NULL,NULL);
INSERT INTO `B65479115_boxes` VALUES (3,1,3,0,'A15',0,NULL,NULL);
INSERT INTO `B65479115_boxes` VALUES (4,1,4,0,'B24',0,NULL,NULL);
INSERT INTO `B65479115_boxes` VALUES (5,1,5,0,'B14',0,NULL,NULL);
INSERT INTO `B65479115_boxes` VALUES (6,1,6,0,'A23',0,NULL,NULL);
INSERT INTO `B65479115_boxes` VALUES (7,1,7,0,'A13',0,NULL,NULL);
INSERT INTO `B65479115_boxes` VALUES (8,1,8,0,'B22',0,NULL,NULL);
INSERT INTO `B65479115_boxes` VALUES (9,1,9,0,'B12',0,NULL,NULL);
INSERT INTO `B65479115_boxes` VALUES (10,1,10,0,'A21',0,NULL,NULL);
INSERT INTO `B65479115_boxes` VALUES (11,1,11,0,'A11',0,NULL,NULL);
INSERT INTO `B65479115_boxes` VALUES (12,1,12,0,'B20',0,NULL,NULL);
INSERT INTO `B65479115_boxes` VALUES (13,1,13,0,'B10',0,NULL,NULL);
INSERT INTO `B65479115_boxes` VALUES (14,1,14,0,'A19',0,NULL,NULL);
INSERT INTO `B65479115_boxes` VALUES (15,1,15,0,'A09',0,NULL,NULL);
INSERT INTO `B65479115_boxes` VALUES (16,1,16,0,'B18',0,NULL,NULL);
INSERT INTO `B65479115_boxes` VALUES (17,1,17,0,'B08',0,NULL,NULL);
INSERT INTO `B65479115_boxes` VALUES (18,1,18,0,'A17',0,NULL,NULL);
INSERT INTO `B65479115_boxes` VALUES (19,1,19,0,'B16',0,NULL,NULL);
INSERT INTO `B65479115_boxes` VALUES (281,1,20,0,'B06',0,NULL,NULL);
INSERT INTO `B65479115_boxes` VALUES (282,1,21,0,'A07',0,NULL,NULL);
INSERT INTO `B65479115_boxes` VALUES (283,1,22,0,'B04',0,NULL,NULL);
INSERT INTO `B65479115_boxes` VALUES (284,1,23,0,'A05',0,NULL,NULL);
INSERT INTO `B65479115_boxes` VALUES (285,1,24,0,'B02',0,NULL,NULL);
INSERT INTO `B65479115_boxes` VALUES (286,1,25,0,'A03',0,NULL,NULL);
INSERT INTO `B65479115_boxes` VALUES (333,1,1,0,'A01',2,NULL,NULL);
INSERT INTO `B65479115_boxes` VALUES (334,1,20,0,'A02',2,NULL,NULL);
INSERT INTO `B65479115_boxes` VALUES (335,1,5,0,'A03',2,NULL,NULL);
INSERT INTO `B65479115_boxes` VALUES (336,1,13,0,'A04',2,NULL,NULL);
INSERT INTO `B65479115_boxes` VALUES (337,1,11,0,'A05',2,NULL,NULL);
INSERT INTO `B65479115_boxes` VALUES (338,1,7,0,'A06',2,NULL,NULL);
INSERT INTO `B65479115_boxes` VALUES (339,1,3,0,'A07',2,NULL,NULL);
INSERT INTO `B65479115_boxes` VALUES (340,1,16,0,'B01',2,NULL,NULL);
INSERT INTO `B65479115_boxes` VALUES (341,1,14,0,'B02',2,NULL,NULL);
INSERT INTO `B65479115_boxes` VALUES (342,1,8,0,'B03',2,NULL,NULL);
INSERT INTO `B65479115_boxes` VALUES (343,1,6,0,'B04',2,NULL,NULL);
INSERT INTO `B65479115_boxes` VALUES (344,1,4,0,'B05',2,NULL,NULL);
INSERT INTO `B65479115_boxes` VALUES (545,1,5,0,'A01',1,NULL,NULL);
INSERT INTO `B65479115_boxes` VALUES (546,1,20,0,'A02',1,NULL,NULL);
INSERT INTO `B65479115_boxes` VALUES (547,1,4,0,'B01',1,NULL,NULL);
INSERT INTO `B65479115_boxes` VALUES (548,1,24,0,'B02',1,NULL,NULL);
INSERT INTO `B65479115_boxes` VALUES (549,1,6,0,'B03',1,NULL,NULL);
INSERT INTO `B65479115_boxes` VALUES (550,1,22,0,'B04',1,NULL,NULL);




--
-- Table structure for table `B65479115_boxes_def`
--
CREATE TABLE `B65479115_boxes_def` (
  `rowid` int(11) NOT NULL AUTO_INCREMENT,
  `file` varchar(200) NOT NULL,
  `entity` int(11) NOT NULL DEFAULT '1',
  `tms` timestamp NOT NULL DEFAULT CURRENT_TIMESTAMP ON UPDATE CURRENT_TIMESTAMP,
  `note` varchar(130) DEFAULT NULL,
  PRIMARY KEY (`rowid`),
  UNIQUE KEY `uk_boxes_def` (`file`,`entity`,`note`)
) ENGINE=InnoDB AUTO_INCREMENT=26 DEFAULT CHARSET=utf8;

--
-- Dumping data for table `B65479115_boxes_def`
--
INSERT INTO `B65479115_boxes_def` VALUES (1,'box_lastlogin.php',1,'2018-03-06 16:23:48',NULL);
INSERT INTO `B65479115_boxes_def` VALUES (3,'box_factures_imp.php',1,'2018-03-06 16:29:46',NULL);
INSERT INTO `B65479115_boxes_def` VALUES (4,'box_factures.php',1,'2018-03-06 16:29:46',NULL);
INSERT INTO `B65479115_boxes_def` VALUES (5,'box_graph_invoices_permonth.php',1,'2018-03-06 16:29:46',NULL);
INSERT INTO `B65479115_boxes_def` VALUES (6,'box_clients.php',1,'2018-03-06 16:29:47',NULL);
INSERT INTO `B65479115_boxes_def` VALUES (7,'box_prospect.php',1,'2018-03-06 16:29:47',NULL);
INSERT INTO `B65479115_boxes_def` VALUES (8,'box_contacts.php',1,'2018-03-06 16:29:47',NULL);
INSERT INTO `B65479115_boxes_def` VALUES (9,'box_activity.php',1,'2018-03-06 16:29:47','(WarningUsingThisBoxSlowDown)');
INSERT INTO `B65479115_boxes_def` VALUES (10,'box_goodcustomers.php',1,'2018-03-06 16:29:47','(WarningUsingThisBoxSlowDown)');
INSERT INTO `B65479115_boxes_def` VALUES (11,'box_comptes.php',1,'2018-03-06 16:29:58',NULL);
INSERT INTO `B65479115_boxes_def` VALUES (12,'box_graph_propales_permonth.php',1,'2018-03-06 16:30:05',NULL);
INSERT INTO `B65479115_boxes_def` VALUES (13,'box_propales.php',1,'2018-03-06 16:30:05',NULL);
INSERT INTO `B65479115_boxes_def` VALUES (14,'box_produits.php',1,'2018-03-06 16:30:05',NULL);
INSERT INTO `B65479115_boxes_def` VALUES (15,'box_produits_alerte_stock.php',1,'2018-03-06 16:30:05',NULL);
INSERT INTO `B65479115_boxes_def` VALUES (16,'box_graph_product_distribution.php',1,'2018-03-06 16:30:05',NULL);
INSERT INTO `B65479115_boxes_def` VALUES (17,'box_services_contracts.php',1,'2018-03-06 16:30:26',NULL);
INSERT INTO `B65479115_boxes_def` VALUES (18,'box_project.php',1,'2018-03-06 16:31:09',NULL);
INSERT INTO `B65479115_boxes_def` VALUES (19,'box_task.php',1,'2018-03-06 16:31:09',NULL);
INSERT INTO `B65479115_boxes_def` VALUES (20,'box_graph_invoices_supplier_permonth.php',1,'2018-03-06 17:36:47',NULL);
INSERT INTO `B65479115_boxes_def` VALUES (21,'box_graph_orders_supplier_permonth.php',1,'2018-03-06 17:36:47',NULL);
INSERT INTO `B65479115_boxes_def` VALUES (22,'box_fournisseurs.php',1,'2018-03-06 17:36:47',NULL);
INSERT INTO `B65479115_boxes_def` VALUES (23,'box_factures_fourn_imp.php',1,'2018-03-06 17:36:47',NULL);
INSERT INTO `B65479115_boxes_def` VALUES (24,'box_factures_fourn.php',1,'2018-03-06 17:36:47',NULL);
INSERT INTO `B65479115_boxes_def` VALUES (25,'box_supplier_orders.php',1,'2018-03-06 17:36:47',NULL);




--
-- Table structure for table `B65479115_budget`
--
CREATE TABLE `B65479115_budget` (
  `rowid` int(11) NOT NULL AUTO_INCREMENT,
  `entity` int(11) NOT NULL DEFAULT '1',
  `label` varchar(255) NOT NULL,
  `status` int(11) DEFAULT NULL,
  `note` text,
  `date_start` date DEFAULT NULL,
  `date_end` date DEFAULT NULL,
  `datec` datetime DEFAULT NULL,
  `tms` timestamp NOT NULL DEFAULT CURRENT_TIMESTAMP ON UPDATE CURRENT_TIMESTAMP,
  `fk_user_creat` int(11) DEFAULT NULL,
  `fk_user_modif` int(11) DEFAULT NULL,
  `import_key` int(11) DEFAULT NULL,
  PRIMARY KEY (`rowid`)
) ENGINE=InnoDB DEFAULT CHARSET=utf8;

--
-- Dumping data for table `B65479115_budget`
--




--
-- Table structure for table `B65479115_budget_lines`
--
CREATE TABLE `B65479115_budget_lines` (
  `rowid` int(11) NOT NULL AUTO_INCREMENT,
  `fk_budget` int(11) NOT NULL,
  `fk_project_ids` varchar(180) NOT NULL,
  `amount` double(24,8) NOT NULL,
  `datec` datetime DEFAULT NULL,
  `tms` timestamp NOT NULL DEFAULT CURRENT_TIMESTAMP ON UPDATE CURRENT_TIMESTAMP,
  `fk_user_creat` int(11) DEFAULT NULL,
  `fk_user_modif` int(11) DEFAULT NULL,
  `import_key` int(11) DEFAULT NULL,
  PRIMARY KEY (`rowid`),
  UNIQUE KEY `uk_budget_lines` (`fk_budget`,`fk_project_ids`)
) ENGINE=InnoDB DEFAULT CHARSET=utf8;

--
-- Dumping data for table `B65479115_budget_lines`
--




--
-- Table structure for table `B65479115_c_accounting_category`
--
CREATE TABLE `B65479115_c_accounting_category` (
  `rowid` int(11) NOT NULL AUTO_INCREMENT,
  `code` varchar(16) NOT NULL,
  `label` varchar(255) NOT NULL,
  `range_account` varchar(255) NOT NULL,
  `sens` tinyint(4) NOT NULL DEFAULT '0',
  `category_type` tinyint(4) NOT NULL DEFAULT '0',
  `formula` varchar(255) NOT NULL,
  `position` int(11) DEFAULT '0',
  `fk_country` int(11) DEFAULT NULL,
  `active` int(11) DEFAULT '1',
  PRIMARY KEY (`rowid`),
  UNIQUE KEY `uk_c_accounting_category` (`code`)
) ENGINE=InnoDB AUTO_INCREMENT=4 DEFAULT CHARSET=utf8;

--
-- Dumping data for table `B65479115_c_accounting_category`
--
INSERT INTO `B65479115_c_accounting_category` VALUES (1,'VENTES','Income of products/services','Example: 7xxxxx',0,0,'',10,1,1);
INSERT INTO `B65479115_c_accounting_category` VALUES (2,'DEPENSES','Expenses of products/services','Example: 6xxxxx',0,0,'',20,1,1);
INSERT INTO `B65479115_c_accounting_category` VALUES (3,'PROFIT','Balance','',0,1,'VENTES+DEPENSES',30,1,1);




--
-- Table structure for table `B65479115_c_action_trigger`
--
CREATE TABLE `B65479115_c_action_trigger` (
  `rowid` int(11) NOT NULL AUTO_INCREMENT,
  `elementtype` varchar(24) NOT NULL,
  `code` varchar(32) NOT NULL,
  `label` varchar(128) NOT NULL,
  `description` varchar(255) DEFAULT NULL,
  `rang` int(11) DEFAULT '0',
  PRIMARY KEY (`rowid`),
  UNIQUE KEY `uk_action_trigger_code` (`code`),
  KEY `idx_action_trigger_rang` (`rang`)
) ENGINE=InnoDB AUTO_INCREMENT=64 DEFAULT CHARSET=utf8;

--
-- Dumping data for table `B65479115_c_action_trigger`
--
INSERT INTO `B65479115_c_action_trigger` VALUES (1,'societe','COMPANY_CREATE','Third party created','Executed when a third party is created',1);
INSERT INTO `B65479115_c_action_trigger` VALUES (2,'societe','COMPANY_SENTBYMAIL','Mails sent from third party card','Executed when you send email from third party card',1);
INSERT INTO `B65479115_c_action_trigger` VALUES (3,'propal','PROPAL_VALIDATE','Customer proposal validated','Executed when a commercial proposal is validated',2);
INSERT INTO `B65479115_c_action_trigger` VALUES (4,'propal','PROPAL_SENTBYMAIL','Commercial proposal sent by mail','Executed when a commercial proposal is sent by mail',3);
INSERT INTO `B65479115_c_action_trigger` VALUES (5,'propal','PROPAL_CLOSE_SIGNED','Customer proposal closed signed','Executed when a customer proposal is closed signed',2);
INSERT INTO `B65479115_c_action_trigger` VALUES (6,'propal','PROPAL_CLOSE_REFUSED','Customer proposal closed refused','Executed when a customer proposal is closed refused',2);
INSERT INTO `B65479115_c_action_trigger` VALUES (7,'propal','PROPAL_CLASSIFY_BILLED','Customer proposal set billed','Executed when a customer proposal is set to billed',2);
INSERT INTO `B65479115_c_action_trigger` VALUES (8,'commande','ORDER_VALIDATE','Customer order validate','Executed when a customer order is validated',4);
INSERT INTO `B65479115_c_action_trigger` VALUES (9,'commande','ORDER_CLOSE','Customer order classify delivered','Executed when a customer order is set delivered',5);
INSERT INTO `B65479115_c_action_trigger` VALUES (10,'commande','ORDER_CLASSIFY_BILLED','Customer order classify billed','Executed when a customer order is set to billed',5);
INSERT INTO `B65479115_c_action_trigger` VALUES (11,'commande','ORDER_CANCEL','Customer order canceled','Executed when a customer order is canceled',5);
INSERT INTO `B65479115_c_action_trigger` VALUES (12,'commande','ORDER_SENTBYMAIL','Customer order sent by mail','Executed when a customer order is sent by mail ',5);
INSERT INTO `B65479115_c_action_trigger` VALUES (13,'facture','BILL_VALIDATE','Customer invoice validated','Executed when a customer invoice is approved',6);
INSERT INTO `B65479115_c_action_trigger` VALUES (14,'facture','BILL_PAYED','Customer invoice payed','Executed when a customer invoice is payed',7);
INSERT INTO `B65479115_c_action_trigger` VALUES (15,'facture','BILL_CANCEL','Customer invoice canceled','Executed when a customer invoice is conceled',8);
INSERT INTO `B65479115_c_action_trigger` VALUES (16,'facture','BILL_SENTBYMAIL','Customer invoice sent by mail','Executed when a customer invoice is sent by mail',9);
INSERT INTO `B65479115_c_action_trigger` VALUES (17,'facture','BILL_UNVALIDATE','Customer invoice unvalidated','Executed when a customer invoice status set back to draft',9);
INSERT INTO `B65479115_c_action_trigger` VALUES (18,'proposal_supplier','PROPOSAL_SUPPLIER_VALIDATE','Price request validated','Executed when a commercial proposal is validated',10);
INSERT INTO `B65479115_c_action_trigger` VALUES (19,'proposal_supplier','PROPOSAL_SUPPLIER_SENTBYMAIL','Price request sent by mail','Executed when a commercial proposal is sent by mail',10);
INSERT INTO `B65479115_c_action_trigger` VALUES (20,'proposal_supplier','PROPOSAL_SUPPLIER_CLOSE_SIGNED','Price request closed signed','Executed when a customer proposal is closed signed',10);
INSERT INTO `B65479115_c_action_trigger` VALUES (21,'proposal_supplier','PROPOSAL_SUPPLIER_CLOSE_REFUSED','Price request closed refused','Executed when a customer proposal is closed refused',10);
INSERT INTO `B65479115_c_action_trigger` VALUES (22,'order_supplier','ORDER_SUPPLIER_VALIDATE','Supplier order validated','Executed when a supplier order is validated',12);
INSERT INTO `B65479115_c_action_trigger` VALUES (23,'order_supplier','ORDER_SUPPLIER_APPROVE','Supplier order request approved','Executed when a supplier order is approved',13);
INSERT INTO `B65479115_c_action_trigger` VALUES (24,'order_supplier','ORDER_SUPPLIER_SUBMIT','Supplier order request submited','Executed when a supplier order is approved',13);
INSERT INTO `B65479115_c_action_trigger` VALUES (25,'order_supplier','ORDER_SUPPLIER_RECEIVE','Supplier order request received','Executed when a supplier order is received',13);
INSERT INTO `B65479115_c_action_trigger` VALUES (26,'order_supplier','ORDER_SUPPLIER_REFUSE','Supplier order request refused','Executed when a supplier order is refused',13);
INSERT INTO `B65479115_c_action_trigger` VALUES (27,'order_supplier','ORDER_SUPPLIER_SENTBYMAIL','Supplier order sent by mail','Executed when a supplier order is sent by mail',14);
INSERT INTO `B65479115_c_action_trigger` VALUES (28,'order_supplier','ORDER_SUPPLIER_CLASSIFY_BILLED','Supplier order set billed','Executed when a supplier order is set as billed',14);
INSERT INTO `B65479115_c_action_trigger` VALUES (29,'invoice_supplier','BILL_SUPPLIER_VALIDATE','Supplier invoice validated','Executed when a supplier invoice is validated',15);
INSERT INTO `B65479115_c_action_trigger` VALUES (30,'invoice_supplier','BILL_SUPPLIER_UNVALIDATE','Supplier invoice unvalidated','Executed when a supplier invoice status is set back to draft',15);
INSERT INTO `B65479115_c_action_trigger` VALUES (31,'invoice_supplier','BILL_SUPPLIER_PAYED','Supplier invoice payed','Executed when a supplier invoice is payed',16);
INSERT INTO `B65479115_c_action_trigger` VALUES (32,'invoice_supplier','BILL_SUPPLIER_SENTBYMAIL','Supplier invoice sent by mail','Executed when a supplier invoice is sent by mail',17);
INSERT INTO `B65479115_c_action_trigger` VALUES (33,'invoice_supplier','BILL_SUPPLIER_CANCELED','Supplier invoice cancelled','Executed when a supplier invoice is cancelled',17);
INSERT INTO `B65479115_c_action_trigger` VALUES (34,'contrat','CONTRACT_VALIDATE','Contract validated','Executed when a contract is validated',18);
INSERT INTO `B65479115_c_action_trigger` VALUES (35,'contrat','CONTRACT_SENTBYMAIL','Contract sent by mail','Executed when a contract is sent by mail',18);
INSERT INTO `B65479115_c_action_trigger` VALUES (36,'shipping','SHIPPING_VALIDATE','Shipping validated','Executed when a shipping is validated',20);
INSERT INTO `B65479115_c_action_trigger` VALUES (37,'shipping','SHIPPING_SENTBYMAIL','Shipping sent by mail','Executed when a shipping is sent by mail',21);
INSERT INTO `B65479115_c_action_trigger` VALUES (38,'member','MEMBER_VALIDATE','Member validated','Executed when a member is validated',22);
INSERT INTO `B65479115_c_action_trigger` VALUES (39,'member','MEMBER_SENTBYMAIL','Mails sent from member card','Executed when you send email from member card',23);
INSERT INTO `B65479115_c_action_trigger` VALUES (40,'member','MEMBER_SUBSCRIPTION','Member subscribed','Executed when a member is subscribed',24);
INSERT INTO `B65479115_c_action_trigger` VALUES (41,'member','MEMBER_RESILIATE','Member resiliated','Executed when a member is resiliated',25);
INSERT INTO `B65479115_c_action_trigger` VALUES (42,'member','MEMBER_DELETE','Member deleted','Executed when a member is deleted',26);
INSERT INTO `B65479115_c_action_trigger` VALUES (43,'ficheinter','FICHINTER_VALIDATE','Intervention validated','Executed when a intervention is validated',30);
INSERT INTO `B65479115_c_action_trigger` VALUES (44,'ficheinter','FICHINTER_CLASSIFY_BILLED','Intervention set billed','Executed when a intervention is set to billed (when option FICHINTER_CLASSIFY_BILLED is set)',32);
INSERT INTO `B65479115_c_action_trigger` VALUES (45,'ficheinter','FICHINTER_CLASSIFY_UNBILLED','Intervention set unbilled','Executed when a intervention is set to unbilled (when option FICHINTER_CLASSIFY_BILLED is set)',33);
INSERT INTO `B65479115_c_action_trigger` VALUES (46,'ficheinter','FICHINTER_REOPEN','Intervention opened','Executed when a intervention is re-opened',34);
INSERT INTO `B65479115_c_action_trigger` VALUES (47,'ficheinter','FICHINTER_SENTBYMAIL','Intervention sent by mail','Executed when a intervention is sent by mail',35);
INSERT INTO `B65479115_c_action_trigger` VALUES (48,'product','PRODUCT_CREATE','Product or service created','Executed when a product or sevice is created',40);
INSERT INTO `B65479115_c_action_trigger` VALUES (49,'product','PRODUCT_DELETE','Product or service deleted','Executed when a product or sevice is deleted',42);
INSERT INTO `B65479115_c_action_trigger` VALUES (50,'expensereport','EXPENSE_REPORT_CREATE','Expense report created','Executed when an expense report is created',201);
INSERT INTO `B65479115_c_action_trigger` VALUES (51,'expensereport','EXPENSE_REPORT_VALIDATE','Expense report validated','Executed when an expense report is validated',202);
INSERT INTO `B65479115_c_action_trigger` VALUES (52,'expensereport','EXPENSE_REPORT_APPROVE','Expense report approved','Executed when an expense report is approved',203);
INSERT INTO `B65479115_c_action_trigger` VALUES (53,'expensereport','EXPENSE_REPORT_PAYED','Expense report billed','Executed when an expense report is set as billed',204);
INSERT INTO `B65479115_c_action_trigger` VALUES (54,'project','PROJECT_VALIDATE','Project validation','Executed when a project is validated',141);
INSERT INTO `B65479115_c_action_trigger` VALUES (55,'project','PROJECT_DELETE','Project deleted','Executed when a project is deleted',143);
INSERT INTO `B65479115_c_action_trigger` VALUES (56,'product','PRODUCT_MODIFY','Product or service modified','Executed when a product or sevice is modified',41);
INSERT INTO `B65479115_c_action_trigger` VALUES (57,'member','MEMBER_MODIFY','Member modified','Executed when a member is modified',23);
INSERT INTO `B65479115_c_action_trigger` VALUES (58,'ficheinter','FICHINTER_MODIFY','Intervention modified','Executed when a intervention is modified',31);
INSERT INTO `B65479115_c_action_trigger` VALUES (59,'project','PROJECT_CREATE','Project creation','Executed when a project is created',140);
INSERT INTO `B65479115_c_action_trigger` VALUES (60,'project','PROJECT_MODIFY','Project modified','Executed when a project is modified',142);
INSERT INTO `B65479115_c_action_trigger` VALUES (61,'project','TASK_CREATE','Task created','Executed when a project task is created',150);
INSERT INTO `B65479115_c_action_trigger` VALUES (62,'project','TASK_MODIFY','Task modified','Executed when a project task is modified',151);
INSERT INTO `B65479115_c_action_trigger` VALUES (63,'project','TASK_DELETE','Task deleted','Executed when a project task is deleted',152);




--
-- Table structure for table `B65479115_c_actioncomm`
--
CREATE TABLE `B65479115_c_actioncomm` (
  `id` int(11) NOT NULL,
  `code` varchar(12) NOT NULL,
  `type` varchar(50) NOT NULL DEFAULT 'system',
  `libelle` varchar(48) NOT NULL,
  `module` varchar(16) DEFAULT NULL,
  `active` tinyint(4) NOT NULL DEFAULT '1',
  `todo` tinyint(4) DEFAULT NULL,
  `color` varchar(9) DEFAULT NULL,
  `picto` varchar(48) DEFAULT NULL,
  `position` int(11) NOT NULL DEFAULT '0',
  PRIMARY KEY (`id`),
  UNIQUE KEY `uk_c_actioncomm` (`code`)
) ENGINE=InnoDB DEFAULT CHARSET=utf8;

--
-- Dumping data for table `B65479115_c_actioncomm`
--
INSERT INTO `B65479115_c_actioncomm` VALUES (1,'AC_TEL','system','Phone call',NULL,1,NULL,NULL,NULL,2);
INSERT INTO `B65479115_c_actioncomm` VALUES (2,'AC_FAX','system','Send Fax',NULL,1,NULL,NULL,NULL,3);
INSERT INTO `B65479115_c_actioncomm` VALUES (4,'AC_EMAIL','system','Send Email',NULL,1,NULL,NULL,NULL,4);
INSERT INTO `B65479115_c_actioncomm` VALUES (5,'AC_RDV','system','Rendez-vous',NULL,1,NULL,NULL,NULL,1);
INSERT INTO `B65479115_c_actioncomm` VALUES (11,'AC_INT','system','Intervention on site',NULL,1,NULL,NULL,NULL,4);
INSERT INTO `B65479115_c_actioncomm` VALUES (40,'AC_OTH_AUTO','systemauto','Other (automatically inserted events)',NULL,1,NULL,NULL,NULL,20);
INSERT INTO `B65479115_c_actioncomm` VALUES (50,'AC_OTH','system','Other (manually inserted events)',NULL,1,NULL,NULL,NULL,5);




--
-- Table structure for table `B65479115_c_availability`
--
CREATE TABLE `B65479115_c_availability` (
  `rowid` int(11) NOT NULL AUTO_INCREMENT,
  `code` varchar(30) NOT NULL,
  `label` varchar(60) NOT NULL,
  `active` tinyint(4) NOT NULL DEFAULT '1',
  PRIMARY KEY (`rowid`),
  UNIQUE KEY `uk_c_availability` (`code`)
) ENGINE=InnoDB AUTO_INCREMENT=5 DEFAULT CHARSET=utf8;

--
-- Dumping data for table `B65479115_c_availability`
--
INSERT INTO `B65479115_c_availability` VALUES (1,'AV_NOW','Immediate',1);
INSERT INTO `B65479115_c_availability` VALUES (2,'AV_1W','1 week',1);
INSERT INTO `B65479115_c_availability` VALUES (3,'AV_2W','2 weeks',1);
INSERT INTO `B65479115_c_availability` VALUES (4,'AV_3W','3 weeks',1);




--
-- Table structure for table `B65479115_c_barcode_type`
--
CREATE TABLE `B65479115_c_barcode_type` (
  `rowid` int(11) NOT NULL AUTO_INCREMENT,
  `code` varchar(16) NOT NULL,
  `entity` int(11) NOT NULL DEFAULT '1',
  `libelle` varchar(50) NOT NULL,
  `coder` varchar(16) NOT NULL,
  `example` varchar(16) NOT NULL,
  PRIMARY KEY (`rowid`),
  UNIQUE KEY `uk_c_barcode_type` (`code`,`entity`)
) ENGINE=InnoDB DEFAULT CHARSET=utf8;

--
-- Dumping data for table `B65479115_c_barcode_type`
--




--
-- Table structure for table `B65479115_c_chargesociales`
--
CREATE TABLE `B65479115_c_chargesociales` (
  `id` int(11) NOT NULL AUTO_INCREMENT,
  `libelle` varchar(80) DEFAULT NULL,
  `deductible` smallint(6) NOT NULL DEFAULT '0',
  `active` tinyint(4) NOT NULL DEFAULT '1',
  `code` varchar(12) NOT NULL,
  `accountancy_code` varchar(32) DEFAULT NULL,
  `fk_pays` int(11) NOT NULL DEFAULT '1',
  `module` varchar(32) DEFAULT NULL,
  PRIMARY KEY (`id`)
) ENGINE=InnoDB AUTO_INCREMENT=4114 DEFAULT CHARSET=utf8;

--
-- Dumping data for table `B65479115_c_chargesociales`
--
INSERT INTO `B65479115_c_chargesociales` VALUES (1,'Allocations familiales',1,1,'TAXFAM',NULL,1,NULL);
INSERT INTO `B65479115_c_chargesociales` VALUES (2,'CSG Deductible',1,1,'TAXCSGD',NULL,1,NULL);
INSERT INTO `B65479115_c_chargesociales` VALUES (3,'CSG/CRDS NON Deductible',0,1,'TAXCSGND',NULL,1,NULL);
INSERT INTO `B65479115_c_chargesociales` VALUES (10,'Taxe apprentissage',0,1,'TAXAPP',NULL,1,NULL);
INSERT INTO `B65479115_c_chargesociales` VALUES (11,'Taxe professionnelle',0,1,'TAXPRO',NULL,1,NULL);
INSERT INTO `B65479115_c_chargesociales` VALUES (12,'Cotisation fonciere des entreprises',0,1,'TAXCFE',NULL,1,NULL);
INSERT INTO `B65479115_c_chargesociales` VALUES (13,'Cotisation sur la valeur ajoutee des entreprises',0,1,'TAXCVAE',NULL,1,NULL);
INSERT INTO `B65479115_c_chargesociales` VALUES (20,'Impots locaux/fonciers',0,1,'TAXFON',NULL,1,NULL);
INSERT INTO `B65479115_c_chargesociales` VALUES (25,'Impots revenus',0,1,'TAXREV',NULL,1,NULL);
INSERT INTO `B65479115_c_chargesociales` VALUES (30,'Assurance Sante',0,1,'TAXSECU',NULL,1,NULL);
INSERT INTO `B65479115_c_chargesociales` VALUES (40,'Mutuelle',0,1,'TAXMUT',NULL,1,NULL);
INSERT INTO `B65479115_c_chargesociales` VALUES (50,'Assurance vieillesse',0,1,'TAXRET',NULL,1,NULL);
INSERT INTO `B65479115_c_chargesociales` VALUES (60,'Assurance Chomage',0,1,'TAXCHOM',NULL,1,NULL);
INSERT INTO `B65479115_c_chargesociales` VALUES (201,'ONSS',1,1,'TAXBEONSS',NULL,2,NULL);
INSERT INTO `B65479115_c_chargesociales` VALUES (210,'Precompte professionnel',1,1,'TAXBEPREPRO',NULL,2,NULL);
INSERT INTO `B65479115_c_chargesociales` VALUES (220,'Prime existence',1,1,'TAXBEPRIEXI',NULL,2,NULL);
INSERT INTO `B65479115_c_chargesociales` VALUES (230,'Precompte immobilier',1,1,'TAXBEPREIMMO',NULL,2,NULL);
INSERT INTO `B65479115_c_chargesociales` VALUES (4101,'Krankenversicherung',1,1,'TAXATKV',NULL,41,NULL);
INSERT INTO `B65479115_c_chargesociales` VALUES (4102,'Unfallversicherung',1,1,'TAXATUV',NULL,41,NULL);
INSERT INTO `B65479115_c_chargesociales` VALUES (4103,'Pensionsversicherung',1,1,'TAXATPV',NULL,41,NULL);
INSERT INTO `B65479115_c_chargesociales` VALUES (4104,'Arbeitslosenversicherung',1,1,'TAXATAV',NULL,41,NULL);
INSERT INTO `B65479115_c_chargesociales` VALUES (4105,'Insolvenzentgeltsicherungsfond',1,1,'TAXATIESG',NULL,41,NULL);
INSERT INTO `B65479115_c_chargesociales` VALUES (4106,'Wohnbauförderung',1,1,'TAXATWF',NULL,41,NULL);
INSERT INTO `B65479115_c_chargesociales` VALUES (4107,'Arbeiterkammerumlage',1,1,'TAXATAK',NULL,41,NULL);
INSERT INTO `B65479115_c_chargesociales` VALUES (4108,'Mitarbeitervorsorgekasse',1,1,'TAXATMVK',NULL,41,NULL);
INSERT INTO `B65479115_c_chargesociales` VALUES (4109,'Familienlastenausgleichsfond',1,1,'TAXATFLAF',NULL,41,NULL);
INSERT INTO `B65479115_c_chargesociales` VALUES (4110,'S.S. Reg. General	',1,1,'TAXSS',NULL,4,NULL);
INSERT INTO `B65479115_c_chargesociales` VALUES (4111,'S.S. Reg. Autónomos	',1,1,'TAXSSAUT',NULL,4,NULL);
INSERT INTO `B65479115_c_chargesociales` VALUES (4112,'IRPF Reg. General	',1,1,'TAXIRPF',NULL,4,NULL);
INSERT INTO `B65479115_c_chargesociales` VALUES (4113,'IRPF Reg. Autónomos	',1,1,'TAXIRPFAUT',NULL,4,NULL);




--
-- Table structure for table `B65479115_c_civility`
--
CREATE TABLE `B65479115_c_civility` (
  `rowid` int(11) NOT NULL,
  `code` varchar(6) NOT NULL,
  `label` varchar(50) DEFAULT NULL,
  `active` tinyint(4) NOT NULL DEFAULT '1',
  `module` varchar(32) DEFAULT NULL,
  PRIMARY KEY (`rowid`),
  UNIQUE KEY `uk_c_civility` (`code`)
) ENGINE=InnoDB DEFAULT CHARSET=utf8;

--
-- Dumping data for table `B65479115_c_civility`
--
INSERT INTO `B65479115_c_civility` VALUES (1,'MME','Madame',1,NULL);
INSERT INTO `B65479115_c_civility` VALUES (3,'MR','Monsieur',1,NULL);
INSERT INTO `B65479115_c_civility` VALUES (5,'MLE','Mademoiselle',1,NULL);
INSERT INTO `B65479115_c_civility` VALUES (7,'MTRE','Maître',1,NULL);
INSERT INTO `B65479115_c_civility` VALUES (8,'DR','Docteur',1,NULL);




--
-- Table structure for table `B65479115_c_country`
--
CREATE TABLE `B65479115_c_country` (
  `rowid` int(11) NOT NULL,
  `code` varchar(2) NOT NULL,
  `code_iso` varchar(3) DEFAULT NULL,
  `label` varchar(50) NOT NULL,
  `active` tinyint(4) NOT NULL DEFAULT '1',
  `favorite` tinyint(4) NOT NULL DEFAULT '0',
  PRIMARY KEY (`rowid`),
  UNIQUE KEY `idx_c_country_code` (`code`),
  UNIQUE KEY `idx_c_country_label` (`label`),
  UNIQUE KEY `idx_c_country_code_iso` (`code_iso`)
) ENGINE=InnoDB DEFAULT CHARSET=utf8;

--
-- Dumping data for table `B65479115_c_country`
--
INSERT INTO `B65479115_c_country` VALUES (0,'',NULL,'-',1,1);
INSERT INTO `B65479115_c_country` VALUES (1,'FR','FRA','France',1,0);
INSERT INTO `B65479115_c_country` VALUES (2,'BE','BEL','Belgium',1,0);
INSERT INTO `B65479115_c_country` VALUES (3,'IT','ITA','Italy',1,0);
INSERT INTO `B65479115_c_country` VALUES (4,'ES','ESP','Spain',1,0);
INSERT INTO `B65479115_c_country` VALUES (5,'DE','DEU','Germany',1,0);
INSERT INTO `B65479115_c_country` VALUES (6,'CH','CHE','Switzerland',1,0);
INSERT INTO `B65479115_c_country` VALUES (7,'GB','GBR','United Kingdom',1,0);
INSERT INTO `B65479115_c_country` VALUES (8,'IE','IRL','Irland',1,0);
INSERT INTO `B65479115_c_country` VALUES (9,'CN','CHN','China',1,0);
INSERT INTO `B65479115_c_country` VALUES (10,'TN','TUN','Tunisia',1,0);
INSERT INTO `B65479115_c_country` VALUES (11,'US','USA','United States',1,0);
INSERT INTO `B65479115_c_country` VALUES (12,'MA','MAR','Maroc',1,0);
INSERT INTO `B65479115_c_country` VALUES (13,'DZ','DZA','Algeria',1,0);
INSERT INTO `B65479115_c_country` VALUES (14,'CA','CAN','Canada',1,0);
INSERT INTO `B65479115_c_country` VALUES (15,'TG','TGO','Togo',1,0);
INSERT INTO `B65479115_c_country` VALUES (16,'GA','GAB','Gabon',1,0);
INSERT INTO `B65479115_c_country` VALUES (17,'NL','NLD','Nederland',1,0);
INSERT INTO `B65479115_c_country` VALUES (18,'HU','HUN','Hongrie',1,0);
INSERT INTO `B65479115_c_country` VALUES (19,'RU','RUS','Russia',1,0);
INSERT INTO `B65479115_c_country` VALUES (20,'SE','SWE','Sweden',1,0);
INSERT INTO `B65479115_c_country` VALUES (21,'CI','CIV','Côte d\'Ivoire',1,0);
INSERT INTO `B65479115_c_country` VALUES (22,'SN','SEN','Senegal',1,0);
INSERT INTO `B65479115_c_country` VALUES (23,'AR','ARG','Argentine',1,0);
INSERT INTO `B65479115_c_country` VALUES (24,'CM','CMR','Cameroun',1,0);
INSERT INTO `B65479115_c_country` VALUES (25,'PT','PRT','Portugal',1,0);
INSERT INTO `B65479115_c_country` VALUES (26,'SA','SAU','Saudi Arabia',1,0);
INSERT INTO `B65479115_c_country` VALUES (27,'MC','MCO','Monaco',1,0);
INSERT INTO `B65479115_c_country` VALUES (28,'AU','AUS','Australia',1,0);
INSERT INTO `B65479115_c_country` VALUES (29,'SG','SGP','Singapour',1,0);
INSERT INTO `B65479115_c_country` VALUES (30,'AF','AFG','Afghanistan',1,0);
INSERT INTO `B65479115_c_country` VALUES (31,'AX','ALA','Iles Aland',1,0);
INSERT INTO `B65479115_c_country` VALUES (32,'AL','ALB','Albanie',1,0);
INSERT INTO `B65479115_c_country` VALUES (33,'AS','ASM','Samoa américaines',1,0);
INSERT INTO `B65479115_c_country` VALUES (34,'AD','AND','Andorre',1,0);
INSERT INTO `B65479115_c_country` VALUES (35,'AO','AGO','Angola',1,0);
INSERT INTO `B65479115_c_country` VALUES (36,'AI','AIA','Anguilla',1,0);
INSERT INTO `B65479115_c_country` VALUES (37,'AQ','ATA','Antarctique',1,0);
INSERT INTO `B65479115_c_country` VALUES (38,'AG','ATG','Antigua-et-Barbuda',1,0);
INSERT INTO `B65479115_c_country` VALUES (39,'AM','ARM','Arménie',1,0);
INSERT INTO `B65479115_c_country` VALUES (40,'AW','ABW','Aruba',1,0);
INSERT INTO `B65479115_c_country` VALUES (41,'AT','AUT','Autriche',1,0);
INSERT INTO `B65479115_c_country` VALUES (42,'AZ','AZE','Azerbaïdjan',1,0);
INSERT INTO `B65479115_c_country` VALUES (43,'BS','BHS','Bahamas',1,0);
INSERT INTO `B65479115_c_country` VALUES (44,'BH','BHR','Bahreïn',1,0);
INSERT INTO `B65479115_c_country` VALUES (45,'BD','BGD','Bangladesh',1,0);
INSERT INTO `B65479115_c_country` VALUES (46,'BB','BRB','Barbade',1,0);
INSERT INTO `B65479115_c_country` VALUES (47,'BY','BLR','Biélorussie',1,0);
INSERT INTO `B65479115_c_country` VALUES (48,'BZ','BLZ','Belize',1,0);
INSERT INTO `B65479115_c_country` VALUES (49,'BJ','BEN','Bénin',1,0);
INSERT INTO `B65479115_c_country` VALUES (50,'BM','BMU','Bermudes',1,0);
INSERT INTO `B65479115_c_country` VALUES (51,'BT','BTN','Bhoutan',1,0);
INSERT INTO `B65479115_c_country` VALUES (52,'BO','BOL','Bolivie',1,0);
INSERT INTO `B65479115_c_country` VALUES (53,'BA','BIH','Bosnie-Herzégovine',1,0);
INSERT INTO `B65479115_c_country` VALUES (54,'BW','BWA','Botswana',1,0);
INSERT INTO `B65479115_c_country` VALUES (55,'BV','BVT','Ile Bouvet',1,0);
INSERT INTO `B65479115_c_country` VALUES (56,'BR','BRA','Brazil',1,0);
INSERT INTO `B65479115_c_country` VALUES (57,'IO','IOT','Territoire britannique de l\'Océan Indien',1,0);
INSERT INTO `B65479115_c_country` VALUES (58,'BN','BRN','Brunei',1,0);
INSERT INTO `B65479115_c_country` VALUES (59,'BG','BGR','Bulgarie',1,0);
INSERT INTO `B65479115_c_country` VALUES (60,'BF','BFA','Burkina Faso',1,0);
INSERT INTO `B65479115_c_country` VALUES (61,'BI','BDI','Burundi',1,0);
INSERT INTO `B65479115_c_country` VALUES (62,'KH','KHM','Cambodge',1,0);
INSERT INTO `B65479115_c_country` VALUES (63,'CV','CPV','Cap-Vert',1,0);
INSERT INTO `B65479115_c_country` VALUES (64,'KY','CYM','Iles Cayman',1,0);
INSERT INTO `B65479115_c_country` VALUES (65,'CF','CAF','République centrafricaine',1,0);
INSERT INTO `B65479115_c_country` VALUES (66,'TD','TCD','Tchad',1,0);
INSERT INTO `B65479115_c_country` VALUES (67,'CL','CHL','Chili',1,0);
INSERT INTO `B65479115_c_country` VALUES (68,'CX','CXR','Ile Christmas',1,0);
INSERT INTO `B65479115_c_country` VALUES (69,'CC','CCK','Iles des Cocos (Keeling)',1,0);
INSERT INTO `B65479115_c_country` VALUES (70,'CO','COL','Colombie',1,0);
INSERT INTO `B65479115_c_country` VALUES (71,'KM','COM','Comores',1,0);
INSERT INTO `B65479115_c_country` VALUES (72,'CG','COG','Congo',1,0);
INSERT INTO `B65479115_c_country` VALUES (73,'CD','COD','République démocratique du Congo',1,0);
INSERT INTO `B65479115_c_country` VALUES (74,'CK','COK','Iles Cook',1,0);
INSERT INTO `B65479115_c_country` VALUES (75,'CR','CRI','Costa Rica',1,0);
INSERT INTO `B65479115_c_country` VALUES (76,'HR','HRV','Croatie',1,0);
INSERT INTO `B65479115_c_country` VALUES (77,'CU','CUB','Cuba',1,0);
INSERT INTO `B65479115_c_country` VALUES (78,'CY','CYP','Cyprus',1,0);
INSERT INTO `B65479115_c_country` VALUES (79,'CZ','CZE','République Tchèque',1,0);
INSERT INTO `B65479115_c_country` VALUES (80,'DK','DNK','Danemark',1,0);
INSERT INTO `B65479115_c_country` VALUES (81,'DJ','DJI','Djibouti',1,0);
INSERT INTO `B65479115_c_country` VALUES (82,'DM','DMA','Dominique',1,0);
INSERT INTO `B65479115_c_country` VALUES (83,'DO','DOM','République Dominicaine',1,0);
INSERT INTO `B65479115_c_country` VALUES (84,'EC','ECU','Equateur',1,0);
INSERT INTO `B65479115_c_country` VALUES (85,'EG','EGY','Egypte',1,0);
INSERT INTO `B65479115_c_country` VALUES (86,'SV','SLV','Salvador',1,0);
INSERT INTO `B65479115_c_country` VALUES (87,'GQ','GNQ','Guinée Equatoriale',1,0);
INSERT INTO `B65479115_c_country` VALUES (88,'ER','ERI','Erythrée',1,0);
INSERT INTO `B65479115_c_country` VALUES (89,'EE','EST','Estonia',1,0);
INSERT INTO `B65479115_c_country` VALUES (90,'ET','ETH','Ethiopie',1,0);
INSERT INTO `B65479115_c_country` VALUES (91,'FK','FLK','Iles Falkland',1,0);
INSERT INTO `B65479115_c_country` VALUES (92,'FO','FRO','Iles Féroé',1,0);
INSERT INTO `B65479115_c_country` VALUES (93,'FJ','FJI','Iles Fidji',1,0);
INSERT INTO `B65479115_c_country` VALUES (94,'FI','FIN','Finlande',1,0);
INSERT INTO `B65479115_c_country` VALUES (95,'GF','GUF','Guyane française',1,0);
INSERT INTO `B65479115_c_country` VALUES (96,'PF','PYF','Polynésie française',1,0);
INSERT INTO `B65479115_c_country` VALUES (97,'TF','ATF','Terres australes françaises',1,0);
INSERT INTO `B65479115_c_country` VALUES (98,'GM','GMB','Gambie',1,0);
INSERT INTO `B65479115_c_country` VALUES (99,'GE','GEO','Georgia',1,0);
INSERT INTO `B65479115_c_country` VALUES (100,'GH','GHA','Ghana',1,0);
INSERT INTO `B65479115_c_country` VALUES (101,'GI','GIB','Gibraltar',1,0);
INSERT INTO `B65479115_c_country` VALUES (102,'GR','GRC','Greece',1,0);
INSERT INTO `B65479115_c_country` VALUES (103,'GL','GRL','Groenland',1,0);
INSERT INTO `B65479115_c_country` VALUES (104,'GD','GRD','Grenade',1,0);
INSERT INTO `B65479115_c_country` VALUES (106,'GU','GUM','Guam',1,0);
INSERT INTO `B65479115_c_country` VALUES (107,'GT','GTM','Guatemala',1,0);
INSERT INTO `B65479115_c_country` VALUES (108,'GN','GIN','Guinea',1,0);
INSERT INTO `B65479115_c_country` VALUES (109,'GW','GNB','Guinea-Bissao',1,0);
INSERT INTO `B65479115_c_country` VALUES (111,'HT','HTI','Haiti',1,0);
INSERT INTO `B65479115_c_country` VALUES (112,'HM','HMD','Iles Heard et McDonald',1,0);
INSERT INTO `B65479115_c_country` VALUES (113,'VA','VAT','Saint-Siège (Vatican)',1,0);
INSERT INTO `B65479115_c_country` VALUES (114,'HN','HND','Honduras',1,0);
INSERT INTO `B65479115_c_country` VALUES (115,'HK','HKG','Hong Kong',1,0);
INSERT INTO `B65479115_c_country` VALUES (116,'IS','ISL','Islande',1,0);
INSERT INTO `B65479115_c_country` VALUES (117,'IN','IND','India',1,0);
INSERT INTO `B65479115_c_country` VALUES (118,'ID','IDN','Indonésie',1,0);
INSERT INTO `B65479115_c_country` VALUES (119,'IR','IRN','Iran',1,0);
INSERT INTO `B65479115_c_country` VALUES (120,'IQ','IRQ','Iraq',1,0);
INSERT INTO `B65479115_c_country` VALUES (121,'IL','ISR','Israel',1,0);
INSERT INTO `B65479115_c_country` VALUES (122,'JM','JAM','Jamaïque',1,0);
INSERT INTO `B65479115_c_country` VALUES (123,'JP','JPN','Japon',1,0);
INSERT INTO `B65479115_c_country` VALUES (124,'JO','JOR','Jordanie',1,0);
INSERT INTO `B65479115_c_country` VALUES (125,'KZ','KAZ','Kazakhstan',1,0);
INSERT INTO `B65479115_c_country` VALUES (126,'KE','KEN','Kenya',1,0);
INSERT INTO `B65479115_c_country` VALUES (127,'KI','KIR','Kiribati',1,0);
INSERT INTO `B65479115_c_country` VALUES (128,'KP','PRK','North Corea',1,0);
INSERT INTO `B65479115_c_country` VALUES (129,'KR','KOR','South Corea',1,0);
INSERT INTO `B65479115_c_country` VALUES (130,'KW','KWT','Koweït',1,0);
INSERT INTO `B65479115_c_country` VALUES (131,'KG','KGZ','Kirghizistan',1,0);
INSERT INTO `B65479115_c_country` VALUES (132,'LA','LAO','Laos',1,0);
INSERT INTO `B65479115_c_country` VALUES (133,'LV','LVA','Lettonie',1,0);
INSERT INTO `B65479115_c_country` VALUES (134,'LB','LBN','Liban',1,0);
INSERT INTO `B65479115_c_country` VALUES (135,'LS','LSO','Lesotho',1,0);
INSERT INTO `B65479115_c_country` VALUES (136,'LR','LBR','Liberia',1,0);
INSERT INTO `B65479115_c_country` VALUES (137,'LY','LBY','Libye',1,0);
INSERT INTO `B65479115_c_country` VALUES (138,'LI','LIE','Liechtenstein',1,0);
INSERT INTO `B65479115_c_country` VALUES (139,'LT','LTU','Lituanie',1,0);
INSERT INTO `B65479115_c_country` VALUES (140,'LU','LUX','Luxembourg',1,0);
INSERT INTO `B65479115_c_country` VALUES (141,'MO','MAC','Macao',1,0);
INSERT INTO `B65479115_c_country` VALUES (142,'MK','MKD','ex-République yougoslave de Macédoine',1,0);
INSERT INTO `B65479115_c_country` VALUES (143,'MG','MDG','Madagascar',1,0);
INSERT INTO `B65479115_c_country` VALUES (144,'MW','MWI','Malawi',1,0);
INSERT INTO `B65479115_c_country` VALUES (145,'MY','MYS','Malaisie',1,0);
INSERT INTO `B65479115_c_country` VALUES (146,'MV','MDV','Maldives',1,0);
INSERT INTO `B65479115_c_country` VALUES (147,'ML','MLI','Mali',1,0);
INSERT INTO `B65479115_c_country` VALUES (148,'MT','MLT','Malte',1,0);
INSERT INTO `B65479115_c_country` VALUES (149,'MH','MHL','Iles Marshall',1,0);
INSERT INTO `B65479115_c_country` VALUES (151,'MR','MRT','Mauritanie',1,0);
INSERT INTO `B65479115_c_country` VALUES (152,'MU','MUS','Maurice',1,0);
INSERT INTO `B65479115_c_country` VALUES (153,'YT','MYT','Mayotte',1,0);
INSERT INTO `B65479115_c_country` VALUES (154,'MX','MEX','Mexique',1,0);
INSERT INTO `B65479115_c_country` VALUES (155,'FM','FSM','Micronésie',1,0);
INSERT INTO `B65479115_c_country` VALUES (156,'MD','MDA','Moldavie',1,0);
INSERT INTO `B65479115_c_country` VALUES (157,'MN','MNG','Mongolie',1,0);
INSERT INTO `B65479115_c_country` VALUES (158,'MS','MSR','Monserrat',1,0);
INSERT INTO `B65479115_c_country` VALUES (159,'MZ','MOZ','Mozambique',1,0);
INSERT INTO `B65479115_c_country` VALUES (160,'MM','MMR','Birmanie (Myanmar)',1,0);
INSERT INTO `B65479115_c_country` VALUES (161,'NA','NAM','Namibie',1,0);
INSERT INTO `B65479115_c_country` VALUES (162,'NR','NRU','Nauru',1,0);
INSERT INTO `B65479115_c_country` VALUES (163,'NP','NPL','Népal',1,0);
INSERT INTO `B65479115_c_country` VALUES (165,'NC','NCL','Nouvelle-Calédonie',1,0);
INSERT INTO `B65479115_c_country` VALUES (166,'NZ','NZL','Nouvelle-Zélande',1,0);
INSERT INTO `B65479115_c_country` VALUES (167,'NI','NIC','Nicaragua',1,0);
INSERT INTO `B65479115_c_country` VALUES (168,'NE','NER','Niger',1,0);
INSERT INTO `B65479115_c_country` VALUES (169,'NG','NGA','Nigeria',1,0);
INSERT INTO `B65479115_c_country` VALUES (170,'NU','NIU','Nioué',1,0);
INSERT INTO `B65479115_c_country` VALUES (171,'NF','NFK','Ile Norfolk',1,0);
INSERT INTO `B65479115_c_country` VALUES (172,'MP','MNP','Mariannes du Nord',1,0);
INSERT INTO `B65479115_c_country` VALUES (173,'NO','NOR','Norvège',1,0);
INSERT INTO `B65479115_c_country` VALUES (174,'OM','OMN','Oman',1,0);
INSERT INTO `B65479115_c_country` VALUES (175,'PK','PAK','Pakistan',1,0);
INSERT INTO `B65479115_c_country` VALUES (176,'PW','PLW','Palaos',1,0);
INSERT INTO `B65479115_c_country` VALUES (177,'PS','PSE','Territoire Palestinien Occupé',1,0);
INSERT INTO `B65479115_c_country` VALUES (178,'PA','PAN','Panama',1,0);
INSERT INTO `B65479115_c_country` VALUES (179,'PG','PNG','Papouasie-Nouvelle-Guinée',1,0);
INSERT INTO `B65479115_c_country` VALUES (180,'PY','PRY','Paraguay',1,0);
INSERT INTO `B65479115_c_country` VALUES (181,'PE','PER','Peru',1,0);
INSERT INTO `B65479115_c_country` VALUES (182,'PH','PHL','Philippines',1,0);
INSERT INTO `B65479115_c_country` VALUES (183,'PN','PCN','Iles Pitcairn',1,0);
INSERT INTO `B65479115_c_country` VALUES (184,'PL','POL','Pologne',1,0);
INSERT INTO `B65479115_c_country` VALUES (185,'PR','PRI','Porto Rico',1,0);
INSERT INTO `B65479115_c_country` VALUES (186,'QA','QAT','Qatar',1,0);
INSERT INTO `B65479115_c_country` VALUES (188,'RO','ROU','Roumanie',1,0);
INSERT INTO `B65479115_c_country` VALUES (189,'RW','RWA','Rwanda',1,0);
INSERT INTO `B65479115_c_country` VALUES (190,'SH','SHN','Sainte-Hélène',1,0);
INSERT INTO `B65479115_c_country` VALUES (191,'KN','KNA','Saint-Christophe-et-Niévès',1,0);
INSERT INTO `B65479115_c_country` VALUES (192,'LC','LCA','Sainte-Lucie',1,0);
INSERT INTO `B65479115_c_country` VALUES (193,'PM','SPM','Saint-Pierre-et-Miquelon',1,0);
INSERT INTO `B65479115_c_country` VALUES (194,'VC','VCT','Saint-Vincent-et-les-Grenadines',1,0);
INSERT INTO `B65479115_c_country` VALUES (195,'WS','WSM','Samoa',1,0);
INSERT INTO `B65479115_c_country` VALUES (196,'SM','SMR','Saint-Marin',1,0);
INSERT INTO `B65479115_c_country` VALUES (197,'ST','STP','Sao Tomé-et-Principe',1,0);
INSERT INTO `B65479115_c_country` VALUES (198,'RS','SRB','Serbie',1,0);
INSERT INTO `B65479115_c_country` VALUES (199,'SC','SYC','Seychelles',1,0);
INSERT INTO `B65479115_c_country` VALUES (200,'SL','SLE','Sierra Leone',1,0);
INSERT INTO `B65479115_c_country` VALUES (201,'SK','SVK','Slovaquie',1,0);
INSERT INTO `B65479115_c_country` VALUES (202,'SI','SVN','Slovénie',1,0);
INSERT INTO `B65479115_c_country` VALUES (203,'SB','SLB','Iles Salomon',1,0);
INSERT INTO `B65479115_c_country` VALUES (204,'SO','SOM','Somalie',1,0);
INSERT INTO `B65479115_c_country` VALUES (205,'ZA','ZAF','Afrique du Sud',1,0);
INSERT INTO `B65479115_c_country` VALUES (206,'GS','SGS','Iles Géorgie du Sud et Sandwich du Sud',1,0);
INSERT INTO `B65479115_c_country` VALUES (207,'LK','LKA','Sri Lanka',1,0);
INSERT INTO `B65479115_c_country` VALUES (208,'SD','SDN','Soudan',1,0);
INSERT INTO `B65479115_c_country` VALUES (209,'SR','SUR','Suriname',1,0);
INSERT INTO `B65479115_c_country` VALUES (210,'SJ','SJM','Iles Svalbard et Jan Mayen',1,0);
INSERT INTO `B65479115_c_country` VALUES (211,'SZ','SWZ','Swaziland',1,0);
INSERT INTO `B65479115_c_country` VALUES (212,'SY','SYR','Syrie',1,0);
INSERT INTO `B65479115_c_country` VALUES (213,'TW','TWN','Taïwan',1,0);
INSERT INTO `B65479115_c_country` VALUES (214,'TJ','TJK','Tadjikistan',1,0);
INSERT INTO `B65479115_c_country` VALUES (215,'TZ','TZA','Tanzanie',1,0);
INSERT INTO `B65479115_c_country` VALUES (216,'TH','THA','Thaïlande',1,0);
INSERT INTO `B65479115_c_country` VALUES (217,'TL','TLS','Timor Oriental',1,0);
INSERT INTO `B65479115_c_country` VALUES (218,'TK','TKL','Tokélaou',1,0);
INSERT INTO `B65479115_c_country` VALUES (219,'TO','TON','Tonga',1,0);
INSERT INTO `B65479115_c_country` VALUES (220,'TT','TTO','Trinité-et-Tobago',1,0);
INSERT INTO `B65479115_c_country` VALUES (221,'TR','TUR','Turquie',1,0);
INSERT INTO `B65479115_c_country` VALUES (222,'TM','TKM','Turkménistan',1,0);
INSERT INTO `B65479115_c_country` VALUES (223,'TC','TCA','Iles Turks-et-Caicos',1,0);
INSERT INTO `B65479115_c_country` VALUES (224,'TV','TUV','Tuvalu',1,0);
INSERT INTO `B65479115_c_country` VALUES (225,'UG','UGA','Ouganda',1,0);
INSERT INTO `B65479115_c_country` VALUES (226,'UA','UKR','Ukraine',1,0);
INSERT INTO `B65479115_c_country` VALUES (227,'AE','ARE','United Arab Emirates',1,0);
INSERT INTO `B65479115_c_country` VALUES (228,'UM','UMI','Iles mineures éloignées des États-Unis',1,0);
INSERT INTO `B65479115_c_country` VALUES (229,'UY','URY','Uruguay',1,0);
INSERT INTO `B65479115_c_country` VALUES (230,'UZ','UZB','Ouzbékistan',1,0);
INSERT INTO `B65479115_c_country` VALUES (231,'VU','VUT','Vanuatu',1,0);
INSERT INTO `B65479115_c_country` VALUES (232,'VE','VEN','Vénézuela',1,0);
INSERT INTO `B65479115_c_country` VALUES (233,'VN','VNM','Viêt Nam',1,0);
INSERT INTO `B65479115_c_country` VALUES (234,'VG','VGB','Iles Vierges britanniques',1,0);
INSERT INTO `B65479115_c_country` VALUES (235,'VI','VIR','Iles Vierges américaines',1,0);
INSERT INTO `B65479115_c_country` VALUES (236,'WF','WLF','Wallis-et-Futuna',1,0);
INSERT INTO `B65479115_c_country` VALUES (237,'EH','ESH','Sahara occidental',1,0);
INSERT INTO `B65479115_c_country` VALUES (238,'YE','YEM','Yémen',1,0);
INSERT INTO `B65479115_c_country` VALUES (239,'ZM','ZMB','Zambie',1,0);
INSERT INTO `B65479115_c_country` VALUES (240,'ZW','ZWE','Zimbabwe',1,0);
INSERT INTO `B65479115_c_country` VALUES (241,'GG','GGY','Guernesey',1,0);
INSERT INTO `B65479115_c_country` VALUES (242,'IM','IMN','Ile de Man',1,0);
INSERT INTO `B65479115_c_country` VALUES (243,'JE','JEY','Jersey',1,0);
INSERT INTO `B65479115_c_country` VALUES (244,'ME','MNE','Monténégro',1,0);
INSERT INTO `B65479115_c_country` VALUES (245,'BL','BLM','Saint-Barthélemy',1,0);
INSERT INTO `B65479115_c_country` VALUES (246,'MF','MAF','Saint-Martin',1,0);
INSERT INTO `B65479115_c_country` VALUES (300,'CW','CUW','Curaçao',1,0);
INSERT INTO `B65479115_c_country` VALUES (301,'SX','SXM','Sint Maarten',1,0);




--
