-- Table structure for table `B65362949_bookmark`
--
CREATE TABLE `B65362949_bookmark` (
  `rowid` int(11) NOT NULL AUTO_INCREMENT,
  `fk_soc` int(11) DEFAULT NULL,
  `fk_user` int(11) NOT NULL,
  `dateb` datetime DEFAULT NULL,
  `url` varchar(255) NOT NULL,
  `target` varchar(16) DEFAULT NULL,
  `title` varchar(64) DEFAULT NULL,
  `favicon` varchar(24) DEFAULT NULL,
  `position` int(11) DEFAULT '0',
  `entity` int(11) NOT NULL DEFAULT '1',
  PRIMARY KEY (`rowid`),
  UNIQUE KEY `uk_bookmark_url` (`fk_user`,`url`),
  UNIQUE KEY `uk_bookmark_title` (`fk_user`,`title`)
) ENGINE=InnoDB DEFAULT CHARSET=utf8;

--
-- Dumping data for table `B65362949_bookmark`
--




--
-- Table structure for table `B65362949_bordereau_cheque`
--
CREATE TABLE `B65362949_bordereau_cheque` (
  `rowid` int(11) NOT NULL AUTO_INCREMENT,
  `number` varchar(16) NOT NULL,
  `ref_ext` varchar(255) DEFAULT NULL,
  `datec` datetime NOT NULL,
  `date_bordereau` date DEFAULT NULL,
  `amount` double(24,8) NOT NULL,
  `nbcheque` smallint(6) NOT NULL,
  `fk_bank_account` int(11) DEFAULT NULL,
  `fk_user_author` int(11) DEFAULT NULL,
  `statut` smallint(6) NOT NULL DEFAULT '0',
  `tms` timestamp NOT NULL DEFAULT CURRENT_TIMESTAMP ON UPDATE CURRENT_TIMESTAMP,
  `note` text,
  `entity` int(11) NOT NULL DEFAULT '1',
  PRIMARY KEY (`rowid`),
  UNIQUE KEY `uk_bordereau_cheque` (`number`,`entity`)
) ENGINE=InnoDB AUTO_INCREMENT=23 DEFAULT CHARSET=utf8;

--
-- Dumping data for table `B65362949_bordereau_cheque`
--
INSERT INTO `B65362949_bordereau_cheque` VALUES (3,1,'','2015-03-27 14:14:42','2015-03-26','120.70000000',1,1,3,1,'2015-03-27 14:14:39',NULL,1);
INSERT INTO `B65362949_bordereau_cheque` VALUES (4,2,'','2015-04-14 20:25:37','2015-04-14','120.70000000',1,1,3,1,'2015-04-14 20:25:47',NULL,1);
INSERT INTO `B65362949_bordereau_cheque` VALUES (6,3,'','2015-05-06 12:58:13','2015-05-05','120.70000000',1,1,3,1,'2015-05-06 13:02:38',NULL,1);
INSERT INTO `B65362949_bordereau_cheque` VALUES (9,4,'','2015-05-13 11:11:35','2015-05-15','1210.00000000',1,1,3,1,'2015-06-02 11:20:13',NULL,1);
INSERT INTO `B65362949_bordereau_cheque` VALUES (10,5,'','2015-06-02 11:25:56','2015-06-05','120.70000000',1,1,3,1,'2015-06-08 14:36:30',NULL,1);
INSERT INTO `B65362949_bordereau_cheque` VALUES (11,6,'','2015-07-02 12:26:28','2015-07-01','120.70000000',1,1,3,1,'2015-07-02 12:23:25',NULL,1);
INSERT INTO `B65362949_bordereau_cheque` VALUES (12,7,'','2015-07-20 09:36:19','2015-07-22','605.00000000',1,1,3,1,'2015-07-23 10:29:39',NULL,1);
INSERT INTO `B65362949_bordereau_cheque` VALUES (13,8,'','2015-09-09 13:59:24','2015-08-10','120.70000000',1,1,3,1,'2015-09-09 13:53:19',NULL,1);
INSERT INTO `B65362949_bordereau_cheque` VALUES (14,9,'','2015-09-17 13:35:44','2015-09-22','605.00000000',1,1,3,1,'2015-09-17 13:29:14',NULL,1);
INSERT INTO `B65362949_bordereau_cheque` VALUES (16,10,'','2015-10-21 10:13:42','2015-10-21','605.00000000',1,1,3,1,'2015-11-09 11:43:30',NULL,1);
INSERT INTO `B65362949_bordereau_cheque` VALUES (17,11,'','2015-11-09 11:55:49','2015-11-09','605.00000000',1,1,3,1,'2015-11-09 11:46:56',NULL,1);
INSERT INTO `B65362949_bordereau_cheque` VALUES (18,12,'','2015-12-02 11:13:50','2015-12-02','120.70000000',1,1,3,1,'2015-12-02 11:03:54',NULL,1);
INSERT INTO `B65362949_bordereau_cheque` VALUES (20,13,'','2015-12-02 11:19:05','2015-12-02','603.50000000',5,1,3,1,'2015-12-02 11:09:05',NULL,1);
INSERT INTO `B65362949_bordereau_cheque` VALUES (21,14,'','2015-12-14 12:32:14','2015-12-14','605.00000000',1,1,3,1,'2015-12-14 12:21:57',NULL,1);
INSERT INTO `B65362949_bordereau_cheque` VALUES (22,15,'','2016-01-27 13:38:16','2016-01-29','241.40000000',1,1,3,1,'2016-01-27 13:26:16',NULL,1);




--
-- Table structure for table `B65362949_boxes`
--
CREATE TABLE `B65362949_boxes` (
  `rowid` int(11) NOT NULL AUTO_INCREMENT,
  `entity` int(11) NOT NULL DEFAULT '1',
  `box_id` int(11) NOT NULL,
  `position` smallint(6) NOT NULL,
  `box_order` varchar(3) NOT NULL,
  `fk_user` int(11) NOT NULL DEFAULT '0',
  `maxline` int(11) DEFAULT NULL,
  `params` varchar(255) DEFAULT NULL,
  PRIMARY KEY (`rowid`),
  UNIQUE KEY `uk_boxes` (`entity`,`box_id`,`position`,`fk_user`),
  KEY `idx_boxes_boxid` (`box_id`),
  KEY `idx_boxes_fk_user` (`fk_user`),
  CONSTRAINT `fk_boxes_box_id` FOREIGN KEY (`box_id`) REFERENCES `B65362949_boxes_def` (`rowid`)
) ENGINE=InnoDB AUTO_INCREMENT=937 DEFAULT CHARSET=utf8;

--
-- Dumping data for table `B65362949_boxes`
--
INSERT INTO `B65362949_boxes` VALUES (1,1,1,0,'B08',0,NULL,NULL);
INSERT INTO `B65362949_boxes` VALUES (2,1,2,0,'B20',0,NULL,NULL);
INSERT INTO `B65362949_boxes` VALUES (3,1,3,0,'B24',0,NULL,NULL);
INSERT INTO `B65362949_boxes` VALUES (4,1,4,0,'A11',0,NULL,NULL);
INSERT INTO `B65362949_boxes` VALUES (9,1,9,0,'A25',0,NULL,NULL);
INSERT INTO `B65362949_boxes` VALUES (10,1,10,0,'B12',0,NULL,NULL);
INSERT INTO `B65362949_boxes` VALUES (11,1,11,0,'B16',0,NULL,NULL);
INSERT INTO `B65362949_boxes` VALUES (17,1,17,0,'A21',0,NULL,NULL);
INSERT INTO `B65362949_boxes` VALUES (18,1,18,0,'A15',0,NULL,NULL);
INSERT INTO `B65362949_boxes` VALUES (19,1,19,0,'B10',0,NULL,NULL);
INSERT INTO `B65362949_boxes` VALUES (20,1,20,0,'A13',0,NULL,NULL);
INSERT INTO `B65362949_boxes` VALUES (22,1,22,0,'B22',0,NULL,NULL);
INSERT INTO `B65362949_boxes` VALUES (23,1,23,0,'B18',0,NULL,NULL);
INSERT INTO `B65362949_boxes` VALUES (24,1,24,0,'B14',0,NULL,NULL);
INSERT INTO `B65362949_boxes` VALUES (25,1,25,0,'A09',0,NULL,NULL);
INSERT INTO `B65362949_boxes` VALUES (26,1,26,0,'A23',0,NULL,NULL);
INSERT INTO `B65362949_boxes` VALUES (27,1,27,0,'A19',0,NULL,NULL);
INSERT INTO `B65362949_boxes` VALUES (31,1,31,0,'B26',0,NULL,NULL);
INSERT INTO `B65362949_boxes` VALUES (135,1,32,0,'A17',0,NULL,NULL);
INSERT INTO `B65362949_boxes` VALUES (810,1,38,0,'A07',0,NULL,NULL);
INSERT INTO `B65362949_boxes` VALUES (811,1,39,0,'B06',0,NULL,NULL);
INSERT INTO `B65362949_boxes` VALUES (828,1,40,0,'A05',0,NULL,NULL);
INSERT INTO `B65362949_boxes` VALUES (829,1,41,0,'B04',0,NULL,NULL);
INSERT INTO `B65362949_boxes` VALUES (830,1,42,0,'A03',0,NULL,NULL);
INSERT INTO `B65362949_boxes` VALUES (831,1,43,0,'B02',0,NULL,NULL);
INSERT INTO `B65362949_boxes` VALUES (832,1,44,0,'A01',0,NULL,NULL);
INSERT INTO `B65362949_boxes` VALUES (862,1,19,0,'A01',3,NULL,NULL);
INSERT INTO `B65362949_boxes` VALUES (863,1,25,0,'A02',3,NULL,NULL);
INSERT INTO `B65362949_boxes` VALUES (864,1,27,0,'A03',3,NULL,NULL);
INSERT INTO `B65362949_boxes` VALUES (865,1,2,0,'A04',3,NULL,NULL);
INSERT INTO `B65362949_boxes` VALUES (866,1,10,0,'A05',3,NULL,NULL);
INSERT INTO `B65362949_boxes` VALUES (867,1,17,0,'A06',3,NULL,NULL);
INSERT INTO `B65362949_boxes` VALUES (868,1,22,0,'B01',3,NULL,NULL);
INSERT INTO `B65362949_boxes` VALUES (869,1,20,0,'B02',3,NULL,NULL);
INSERT INTO `B65362949_boxes` VALUES (870,1,18,0,'B03',3,NULL,NULL);
INSERT INTO `B65362949_boxes` VALUES (871,1,3,0,'B04',3,NULL,NULL);
INSERT INTO `B65362949_boxes` VALUES (872,1,9,0,'B05',3,NULL,NULL);
INSERT INTO `B65362949_boxes` VALUES (873,1,11,0,'B06',3,NULL,NULL);
INSERT INTO `B65362949_boxes` VALUES (874,1,31,0,'B07',3,NULL,NULL);
INSERT INTO `B65362949_boxes` VALUES (921,1,19,0,'A01',2,NULL,NULL);
INSERT INTO `B65362949_boxes` VALUES (922,1,32,0,'A02',2,NULL,NULL);
INSERT INTO `B65362949_boxes` VALUES (923,1,1,0,'A03',2,NULL,NULL);
INSERT INTO `B65362949_boxes` VALUES (924,1,25,0,'A04',2,NULL,NULL);
INSERT INTO `B65362949_boxes` VALUES (925,1,27,0,'A05',2,NULL,NULL);
INSERT INTO `B65362949_boxes` VALUES (926,1,2,0,'A06',2,NULL,NULL);
INSERT INTO `B65362949_boxes` VALUES (927,1,10,0,'A07',2,NULL,NULL);
INSERT INTO `B65362949_boxes` VALUES (928,1,17,0,'A08',2,NULL,NULL);
INSERT INTO `B65362949_boxes` VALUES (929,1,20,0,'B01',2,NULL,NULL);
INSERT INTO `B65362949_boxes` VALUES (930,1,24,0,'B02',2,NULL,NULL);
INSERT INTO `B65362949_boxes` VALUES (931,1,26,0,'B03',2,NULL,NULL);
INSERT INTO `B65362949_boxes` VALUES (932,1,18,0,'B04',2,NULL,NULL);
INSERT INTO `B65362949_boxes` VALUES (933,1,3,0,'B05',2,NULL,NULL);
INSERT INTO `B65362949_boxes` VALUES (934,1,9,0,'B06',2,NULL,NULL);
INSERT INTO `B65362949_boxes` VALUES (935,1,11,0,'B07',2,NULL,NULL);
INSERT INTO `B65362949_boxes` VALUES (936,1,31,0,'B08',2,NULL,NULL);




--
-- Table structure for table `B65362949_boxes_def`
--
CREATE TABLE `B65362949_boxes_def` (
  `rowid` int(11) NOT NULL AUTO_INCREMENT,
  `file` varchar(200) NOT NULL,
  `entity` int(11) NOT NULL DEFAULT '1',
  `tms` timestamp NOT NULL DEFAULT CURRENT_TIMESTAMP ON UPDATE CURRENT_TIMESTAMP,
  `note` varchar(130) DEFAULT NULL,
  PRIMARY KEY (`rowid`),
  UNIQUE KEY `uk_boxes_def` (`file`,`entity`,`note`)
) ENGINE=InnoDB AUTO_INCREMENT=45 DEFAULT CHARSET=utf8;

--
-- Dumping data for table `B65362949_boxes_def`
--
INSERT INTO `B65362949_boxes_def` VALUES (1,'box_clients.php',1,'2015-03-12 13:18:51',NULL);
INSERT INTO `B65362949_boxes_def` VALUES (2,'box_prospect.php',1,'2015-03-12 13:18:51',NULL);
INSERT INTO `B65362949_boxes_def` VALUES (3,'box_contacts.php',1,'2015-03-12 13:18:51',NULL);
INSERT INTO `B65362949_boxes_def` VALUES (4,'box_activity.php',1,'2015-03-12 13:18:51','(WarningUsingThisBoxSlowDown)');
INSERT INTO `B65362949_boxes_def` VALUES (9,'box_contracts.php',1,'2015-03-12 13:18:56',NULL);
INSERT INTO `B65362949_boxes_def` VALUES (10,'box_services_expired.php',1,'2015-03-12 13:18:56',NULL);
INSERT INTO `B65362949_boxes_def` VALUES (11,'box_services_contracts.php',1,'2015-03-12 13:18:57',NULL);
INSERT INTO `B65362949_boxes_def` VALUES (17,'box_factures_imp.php',1,'2015-03-12 13:19:10',NULL);
INSERT INTO `B65362949_boxes_def` VALUES (18,'box_factures.php',1,'2015-03-12 13:19:10',NULL);
INSERT INTO `B65362949_boxes_def` VALUES (19,'box_graph_invoices_permonth.php',1,'2015-03-12 13:19:10',NULL);
INSERT INTO `B65362949_boxes_def` VALUES (20,'box_comptes.php',1,'2015-03-12 13:19:10',NULL);
INSERT INTO `B65362949_boxes_def` VALUES (22,'box_graph_invoices_supplier_permonth.php',1,'2015-03-12 13:19:47',NULL);
INSERT INTO `B65362949_boxes_def` VALUES (23,'box_graph_orders_supplier_permonth.php',1,'2015-03-12 13:19:47',NULL);
INSERT INTO `B65362949_boxes_def` VALUES (24,'box_fournisseurs.php',1,'2015-03-12 13:19:47',NULL);
INSERT INTO `B65362949_boxes_def` VALUES (25,'box_factures_fourn_imp.php',1,'2015-03-12 13:19:47',NULL);
INSERT INTO `B65362949_boxes_def` VALUES (26,'box_factures_fourn.php',1,'2015-03-12 13:19:47',NULL);
INSERT INTO `B65362949_boxes_def` VALUES (27,'box_supplier_orders.php',1,'2015-03-12 13:19:47',NULL);
INSERT INTO `B65362949_boxes_def` VALUES (31,'box_actions.php',1,'2015-03-12 13:19:59',NULL);
INSERT INTO `B65362949_boxes_def` VALUES (32,'box_graph_enterprise_performance.php@salpicadero',1,'2015-03-20 14:22:50','Rendimiento empresarial');
INSERT INTO `B65362949_boxes_def` VALUES (38,'box_commandes.php',1,'2016-09-23 11:46:46',NULL);
INSERT INTO `B65362949_boxes_def` VALUES (39,'box_graph_orders_permonth.php',1,'2016-09-23 11:46:46',NULL);
INSERT INTO `B65362949_boxes_def` VALUES (40,'box_graph_propales_permonth.php',1,'2017-01-03 08:42:18',NULL);
INSERT INTO `B65362949_boxes_def` VALUES (41,'box_propales.php',1,'2017-01-03 08:42:18',NULL);
INSERT INTO `B65362949_boxes_def` VALUES (42,'box_produits.php',1,'2017-01-03 08:42:19',NULL);
INSERT INTO `B65362949_boxes_def` VALUES (43,'box_produits_alerte_stock.php',1,'2017-01-03 08:42:19',NULL);
INSERT INTO `B65362949_boxes_def` VALUES (44,'box_graph_product_distribution.php',1,'2017-01-03 08:42:19',NULL);




--
-- Table structure for table `B65362949_c_action_trigger`
--
CREATE TABLE `B65362949_c_action_trigger` (
  `rowid` int(11) NOT NULL AUTO_INCREMENT,
  `code` varchar(32) NOT NULL,
  `label` varchar(128) NOT NULL,
  `description` varchar(255) DEFAULT NULL,
  `elementtype` varchar(16) NOT NULL,
  `rang` int(11) DEFAULT '0',
  PRIMARY KEY (`rowid`),
  UNIQUE KEY `uk_action_trigger_code` (`code`),
  KEY `idx_action_trigger_rang` (`rang`)
) ENGINE=InnoDB AUTO_INCREMENT=38 DEFAULT CHARSET=utf8;

--
-- Dumping data for table `B65362949_c_action_trigger`
--
INSERT INTO `B65362949_c_action_trigger` VALUES (1,'FICHINTER_VALIDATE','Intervention validated','Executed when a intervention is validated','ficheinter',19);
INSERT INTO `B65362949_c_action_trigger` VALUES (2,'BILL_VALIDATE','Customer invoice validated','Executed when a customer invoice is approved','facture',6);
INSERT INTO `B65362949_c_action_trigger` VALUES (3,'ORDER_SUPPLIER_APPROVE','Supplier order request approved','Executed when a supplier order is approved','order_supplier',12);
INSERT INTO `B65362949_c_action_trigger` VALUES (4,'ORDER_SUPPLIER_REFUSE','Supplier order request refused','Executed when a supplier order is refused','order_supplier',13);
INSERT INTO `B65362949_c_action_trigger` VALUES (5,'ORDER_VALIDATE','Customer order validate','Executed when a customer order is validated','commande',4);
INSERT INTO `B65362949_c_action_trigger` VALUES (6,'PROPAL_VALIDATE','Customer proposal validated','Executed when a commercial proposal is validated','propal',2);
INSERT INTO `B65362949_c_action_trigger` VALUES (9,'COMPANY_SENTBYMAIL','Mails sent from third party card','Executed when you send email from third party card','societe',1);
INSERT INTO `B65362949_c_action_trigger` VALUES (10,'COMPANY_CREATE','Third party created','Executed when a third party is created','societe',1);
INSERT INTO `B65362949_c_action_trigger` VALUES (11,'CONTRACT_VALIDATE','Contract validated','Executed when a contract is validated','contrat',18);
INSERT INTO `B65362949_c_action_trigger` VALUES (12,'PROPAL_SENTBYMAIL','Commercial proposal sent by mail','Executed when a commercial proposal is sent by mail','propal',3);
INSERT INTO `B65362949_c_action_trigger` VALUES (13,'ORDER_SENTBYMAIL','Customer order sent by mail','Executed when a customer order is sent by mail ','commande',5);
INSERT INTO `B65362949_c_action_trigger` VALUES (14,'BILL_PAYED','Customer invoice payed','Executed when a customer invoice is payed','facture',7);
INSERT INTO `B65362949_c_action_trigger` VALUES (15,'BILL_CANCEL','Customer invoice canceled','Executed when a customer invoice is conceled','facture',8);
INSERT INTO `B65362949_c_action_trigger` VALUES (16,'BILL_SENTBYMAIL','Customer invoice sent by mail','Executed when a customer invoice is sent by mail','facture',9);
INSERT INTO `B65362949_c_action_trigger` VALUES (17,'ORDER_SUPPLIER_VALIDATE','Supplier order validated','Executed when a supplier order is validated','order_supplier',11);
INSERT INTO `B65362949_c_action_trigger` VALUES (18,'ORDER_SUPPLIER_SENTBYMAIL','Supplier order sent by mail','Executed when a supplier order is sent by mail','order_supplier',14);
INSERT INTO `B65362949_c_action_trigger` VALUES (19,'BILL_SUPPLIER_VALIDATE','Supplier invoice validated','Executed when a supplier invoice is validated','invoice_supplier',15);
INSERT INTO `B65362949_c_action_trigger` VALUES (20,'BILL_SUPPLIER_PAYED','Supplier invoice payed','Executed when a supplier invoice is payed','invoice_supplier',16);
INSERT INTO `B65362949_c_action_trigger` VALUES (21,'BILL_SUPPLIER_SENTBYMAIL','Supplier invoice sent by mail','Executed when a supplier invoice is sent by mail','invoice_supplier',17);
INSERT INTO `B65362949_c_action_trigger` VALUES (22,'SHIPPING_VALIDATE','Shipping validated','Executed when a shipping is validated','shipping',20);
INSERT INTO `B65362949_c_action_trigger` VALUES (23,'SHIPPING_SENTBYMAIL','Shipping sent by mail','Executed when a shipping is sent by mail','shipping',21);
INSERT INTO `B65362949_c_action_trigger` VALUES (24,'MEMBER_VALIDATE','Member validated','Executed when a member is validated','member',22);
INSERT INTO `B65362949_c_action_trigger` VALUES (25,'MEMBER_SUBSCRIPTION','Member subscribed','Executed when a member is subscribed','member',23);
INSERT INTO `B65362949_c_action_trigger` VALUES (26,'MEMBER_RESILIATE','Member resiliated','Executed when a member is resiliated','member',24);
INSERT INTO `B65362949_c_action_trigger` VALUES (27,'MEMBER_DELETE','Member deleted','Executed when a member is deleted','member',25);
INSERT INTO `B65362949_c_action_trigger` VALUES (28,'BILL_UNVALIDATE','Customer invoice unvalidated','Executed when a customer invoice status set back to draft','facture',10);
INSERT INTO `B65362949_c_action_trigger` VALUES (29,'FICHINTER_SENTBYMAIL','Intervention sent by mail','Executed when a intervention is sent by mail','ficheinter',29);
INSERT INTO `B65362949_c_action_trigger` VALUES (30,'PROJECT_CREATE','Project creation','Executed when a project is created','project',30);
INSERT INTO `B65362949_c_action_trigger` VALUES (31,'PROPAL_CLOSE_SIGNED','Customer proposal closed signed','Executed when a customer proposal is closed signed','propal',31);
INSERT INTO `B65362949_c_action_trigger` VALUES (32,'PROPAL_CLOSE_REFUSED','Customer proposal closed refused','Executed when a customer proposal is closed refused','propal',32);
INSERT INTO `B65362949_c_action_trigger` VALUES (33,'BILL_SUPPLIER_CANCELED','Supplier invoice cancelled','Executed when a supplier invoice is cancelled','invoice_supplier',33);
INSERT INTO `B65362949_c_action_trigger` VALUES (34,'MEMBER_MODIFY','Member modified','Executed when a member is modified','member',34);
INSERT INTO `B65362949_c_action_trigger` VALUES (35,'TASK_CREATE','Task created','Executed when a project task is created','project',35);
INSERT INTO `B65362949_c_action_trigger` VALUES (36,'TASK_MODIFY','Task modified','Executed when a project task is modified','project',36);
INSERT INTO `B65362949_c_action_trigger` VALUES (37,'TASK_DELETE','Task deleted','Executed when a project task is deleted','project',37);




--
-- Table structure for table `B65362949_c_actioncomm`
--
CREATE TABLE `B65362949_c_actioncomm` (
  `id` int(11) NOT NULL,
  `code` varchar(12) NOT NULL,
  `type` varchar(10) NOT NULL DEFAULT 'system',
  `libelle` varchar(48) NOT NULL,
  `module` varchar(16) DEFAULT NULL,
  `active` tinyint(4) NOT NULL DEFAULT '1',
  `todo` tinyint(4) DEFAULT NULL,
  `position` int(11) NOT NULL DEFAULT '0',
  PRIMARY KEY (`id`),
  UNIQUE KEY `uk_c_actioncomm` (`code`)
) ENGINE=InnoDB DEFAULT CHARSET=utf8;

--
-- Dumping data for table `B65362949_c_actioncomm`
--
INSERT INTO `B65362949_c_actioncomm` VALUES (1,'AC_TEL','system','Phone call',NULL,1,NULL,2);
INSERT INTO `B65362949_c_actioncomm` VALUES (2,'AC_FAX','system','Send Fax',NULL,1,NULL,3);
INSERT INTO `B65362949_c_actioncomm` VALUES (3,'AC_PROP','systemauto','Send commercial proposal by email','propal',0,NULL,10);
INSERT INTO `B65362949_c_actioncomm` VALUES (4,'AC_EMAIL','system','Send Email',NULL,1,NULL,4);
INSERT INTO `B65362949_c_actioncomm` VALUES (5,'AC_RDV','system','Rendez-vous',NULL,1,NULL,1);
INSERT INTO `B65362949_c_actioncomm` VALUES (8,'AC_COM','systemauto','Send customer order by email','order',0,NULL,8);
INSERT INTO `B65362949_c_actioncomm` VALUES (9,'AC_FAC','systemauto','Send customer invoice by email','invoice',0,NULL,6);
INSERT INTO `B65362949_c_actioncomm` VALUES (10,'AC_SHIP','systemauto','Send shipping by email','shipping',0,NULL,11);
INSERT INTO `B65362949_c_actioncomm` VALUES (30,'AC_SUP_ORD','systemauto','Send supplier order by email','order_supplier',0,NULL,9);
INSERT INTO `B65362949_c_actioncomm` VALUES (31,'AC_SUP_INV','systemauto','Send supplier invoice by email','invoice_supplier',0,NULL,7);
INSERT INTO `B65362949_c_actioncomm` VALUES (40,'AC_OTH_AUTO','systemauto','Other (automatically inserted events)',NULL,1,NULL,20);
INSERT INTO `B65362949_c_actioncomm` VALUES (50,'AC_OTH','system','Other (manually inserted events)',NULL,1,NULL,5);




--
-- Table structure for table `B65362949_c_availability`
--
CREATE TABLE `B65362949_c_availability` (
  `rowid` int(11) NOT NULL AUTO_INCREMENT,
  `code` varchar(30) NOT NULL,
  `label` varchar(60) NOT NULL,
  `active` tinyint(4) NOT NULL DEFAULT '1',
  PRIMARY KEY (`rowid`),
  UNIQUE KEY `uk_c_availability` (`code`)
) ENGINE=InnoDB AUTO_INCREMENT=5 DEFAULT CHARSET=utf8;

--
-- Dumping data for table `B65362949_c_availability`
--
INSERT INTO `B65362949_c_availability` VALUES (1,'AV_NOW','Immediate',1);
INSERT INTO `B65362949_c_availability` VALUES (2,'AV_1W','1 week',1);
INSERT INTO `B65362949_c_availability` VALUES (3,'AV_2W','2 weeks',1);
INSERT INTO `B65362949_c_availability` VALUES (4,'AV_3W','3 weeks',1);




--
-- Table structure for table `B65362949_c_barcode_type`
--
CREATE TABLE `B65362949_c_barcode_type` (
  `rowid` int(11) NOT NULL AUTO_INCREMENT,
  `code` varchar(16) NOT NULL,
  `entity` int(11) NOT NULL DEFAULT '1',
  `libelle` varchar(50) NOT NULL,
  `coder` varchar(16) NOT NULL,
  `example` varchar(16) NOT NULL,
  PRIMARY KEY (`rowid`),
  UNIQUE KEY `uk_c_barcode_type` (`code`,`entity`)
) ENGINE=InnoDB DEFAULT CHARSET=utf8;

--
-- Dumping data for table `B65362949_c_barcode_type`
--




--
-- Table structure for table `B65362949_c_chargesociales`
--
CREATE TABLE `B65362949_c_chargesociales` (
  `id` int(11) NOT NULL AUTO_INCREMENT,
  `libelle` varchar(80) DEFAULT NULL,
  `deductible` smallint(6) NOT NULL DEFAULT '0',
  `active` tinyint(4) NOT NULL DEFAULT '1',
  `code` varchar(12) NOT NULL,
  `accountancy_code` varchar(24) DEFAULT NULL,
  `fk_pays` int(11) NOT NULL DEFAULT '1',
  `module` varchar(32) DEFAULT NULL,
  PRIMARY KEY (`id`)
) ENGINE=InnoDB AUTO_INCREMENT=235 DEFAULT CHARSET=utf8;

--
-- Dumping data for table `B65362949_c_chargesociales`
--
INSERT INTO `B65362949_c_chargesociales` VALUES (1,'Allocations familiales',1,1,'TAXFAM',NULL,1,NULL);
INSERT INTO `B65362949_c_chargesociales` VALUES (2,'CSG Deductible',1,1,'TAXCSGD',NULL,1,NULL);
INSERT INTO `B65362949_c_chargesociales` VALUES (3,'CSG/CRDS NON Deductible',0,1,'TAXCSGND',NULL,1,NULL);
INSERT INTO `B65362949_c_chargesociales` VALUES (10,'Taxe apprentissage',0,1,'TAXAPP',NULL,1,NULL);
INSERT INTO `B65362949_c_chargesociales` VALUES (11,'Taxe professionnelle',0,1,'TAXPRO',NULL,1,NULL);
INSERT INTO `B65362949_c_chargesociales` VALUES (12,'Cotisation fonciere des entreprises',0,1,'TAXCFE',NULL,1,NULL);
INSERT INTO `B65362949_c_chargesociales` VALUES (13,'Cotisation sur la valeur ajoutee des entreprises',0,1,'TAXCVAE',NULL,1,NULL);
INSERT INTO `B65362949_c_chargesociales` VALUES (20,'Impots locaux/fonciers',0,1,'TAXFON',NULL,1,NULL);
INSERT INTO `B65362949_c_chargesociales` VALUES (25,'Impots revenus',0,1,'TAXREV',NULL,1,NULL);
INSERT INTO `B65362949_c_chargesociales` VALUES (30,'Assurance Sante',0,1,'TAXSECU',NULL,1,NULL);
INSERT INTO `B65362949_c_chargesociales` VALUES (40,'Mutuelle',0,1,'TAXMUT',NULL,1,NULL);
INSERT INTO `B65362949_c_chargesociales` VALUES (50,'Assurance vieillesse',0,1,'TAXRET',NULL,1,NULL);
INSERT INTO `B65362949_c_chargesociales` VALUES (60,'Assurance Chomage',0,1,'TAXCHOM',NULL,1,NULL);
INSERT INTO `B65362949_c_chargesociales` VALUES (201,'ONSS',1,1,'TAXBEONSS',NULL,2,NULL);
INSERT INTO `B65362949_c_chargesociales` VALUES (210,'Precompte professionnel',1,1,'TAXBEPREPRO',NULL,2,NULL);
INSERT INTO `B65362949_c_chargesociales` VALUES (220,'Prime existence',1,1,'TAXBEPRIEXI',NULL,2,NULL);
INSERT INTO `B65362949_c_chargesociales` VALUES (230,'Precompte immobilier',1,1,'TAXBEPREIMMO',NULL,2,NULL);
INSERT INTO `B65362949_c_chargesociales` VALUES (231,'S.S. Reg. General',1,1,'TAXSS',NULL,4,NULL);
INSERT INTO `B65362949_c_chargesociales` VALUES (232,'S.S. Reg. Autónomos',1,1,'TAXAUT',NULL,4,NULL);
INSERT INTO `B65362949_c_chargesociales` VALUES (233,'IRPF Reg. Autónomos',1,1,'TAXAUTIRPF',NULL,4,NULL);
INSERT INTO `B65362949_c_chargesociales` VALUES (234,'IRPF Reg. General',1,1,'TAXIRPF',NULL,4,NULL);




--
-- Table structure for table `B65362949_c_civilite`
--
CREATE TABLE `B65362949_c_civilite` (
  `rowid` int(11) NOT NULL,
  `code` varchar(6) NOT NULL,
  `civilite` varchar(50) DEFAULT NULL,
  `active` tinyint(4) NOT NULL DEFAULT '1',
  `module` varchar(32) DEFAULT NULL,
  PRIMARY KEY (`rowid`),
  UNIQUE KEY `uk_c_civilite` (`code`)
) ENGINE=InnoDB DEFAULT CHARSET=utf8;

--
-- Dumping data for table `B65362949_c_civilite`
--
INSERT INTO `B65362949_c_civilite` VALUES (1,'MME','Madame',1,NULL);
INSERT INTO `B65362949_c_civilite` VALUES (3,'MR','Monsieur',1,NULL);
INSERT INTO `B65362949_c_civilite` VALUES (5,'MLE','Mademoiselle',1,NULL);
INSERT INTO `B65362949_c_civilite` VALUES (7,'MTRE','Maître',1,NULL);
INSERT INTO `B65362949_c_civilite` VALUES (8,'DR','Docteur',1,NULL);




--
-- Table structure for table `B65362949_c_currencies`
--
CREATE TABLE `B65362949_c_currencies` (
  `code_iso` varchar(3) NOT NULL,
  `label` varchar(64) NOT NULL,
  `unicode` varchar(32) DEFAULT NULL,
  `active` tinyint(4) NOT NULL DEFAULT '1',
  PRIMARY KEY (`code_iso`),
  UNIQUE KEY `uk_c_currencies_code_iso` (`code_iso`)
) ENGINE=InnoDB DEFAULT CHARSET=utf8;

--
-- Dumping data for table `B65362949_c_currencies`
--
INSERT INTO `B65362949_c_currencies` VALUES ('AED','United Arab Emirates Dirham',NULL,1);
INSERT INTO `B65362949_c_currencies` VALUES ('AFN','Afghanistan Afghani','[1547]',1);
INSERT INTO `B65362949_c_currencies` VALUES ('ALL','Albania Lek','[76,101,107]',1);
INSERT INTO `B65362949_c_currencies` VALUES ('ANG','Netherlands Antilles Guilder','[402]',1);
INSERT INTO `B65362949_c_currencies` VALUES ('ARP','Pesos argentins',NULL,0);
INSERT INTO `B65362949_c_currencies` VALUES ('ARS','Argentino Peso','[36]',1);
INSERT INTO `B65362949_c_currencies` VALUES ('ATS','Shiliing autrichiens',NULL,0);
INSERT INTO `B65362949_c_currencies` VALUES ('AUD','Australia Dollar','[36]',1);
INSERT INTO `B65362949_c_currencies` VALUES ('AWG','Aruba Guilder','[402]',1);
INSERT INTO `B65362949_c_currencies` VALUES ('AZN','Azerbaijan New Manat','[1084,1072,1085]',1);
INSERT INTO `B65362949_c_currencies` VALUES ('BAM','Bosnia and Herzegovina Convertible Marka','[75,77]',1);
INSERT INTO `B65362949_c_currencies` VALUES ('BBD','Barbados Dollar','[36]',1);
INSERT INTO `B65362949_c_currencies` VALUES ('BEF','Francs belges',NULL,0);
INSERT INTO `B65362949_c_currencies` VALUES ('BGN','Bulgaria Lev','[1083,1074]',1);
INSERT INTO `B65362949_c_currencies` VALUES ('BMD','Bermuda Dollar','[36]',1);
INSERT INTO `B65362949_c_currencies` VALUES ('BND','Brunei Darussalam Dollar','[36]',1);
INSERT INTO `B65362949_c_currencies` VALUES ('BOB','Bolivia Boliviano','[36,98]',1);
INSERT INTO `B65362949_c_currencies` VALUES ('BRL','Brazil Real','[82,36]',1);
INSERT INTO `B65362949_c_currencies` VALUES ('BSD','Bahamas Dollar','[36]',1);
INSERT INTO `B65362949_c_currencies` VALUES ('BWP','Botswana Pula','[80]',1);
INSERT INTO `B65362949_c_currencies` VALUES ('BYR','Belarus Ruble','[112,46]',1);
INSERT INTO `B65362949_c_currencies` VALUES ('BZD','Belize Dollar','[66,90,36]',1);
INSERT INTO `B65362949_c_currencies` VALUES ('CAD','Canada Dollar','[36]',1);
INSERT INTO `B65362949_c_currencies` VALUES ('CHF','Switzerland Franc','[67,72,70]',1);
INSERT INTO `B65362949_c_currencies` VALUES ('CLP','Chile Peso','[36]',1);
INSERT INTO `B65362949_c_currencies` VALUES ('CNY','China Yuan Renminbi','[165]',1);
INSERT INTO `B65362949_c_currencies` VALUES ('COP','Colombia Peso','[36]',1);
INSERT INTO `B65362949_c_currencies` VALUES ('CRC','Costa Rica Colon','[8353]',1);
INSERT INTO `B65362949_c_currencies` VALUES ('CUP','Cuba Peso','[8369]',1);
INSERT INTO `B65362949_c_currencies` VALUES ('CZK','Czech Republic Koruna','[75,269]',1);
INSERT INTO `B65362949_c_currencies` VALUES ('DEM','Deutsch mark',NULL,0);
INSERT INTO `B65362949_c_currencies` VALUES ('DKK','Denmark Krone','[107,114]',1);
INSERT INTO `B65362949_c_currencies` VALUES ('DOP','Dominican Republic Peso','[82,68,36]',1);
INSERT INTO `B65362949_c_currencies` VALUES ('DZD','Algeria Dinar',NULL,1);
INSERT INTO `B65362949_c_currencies` VALUES ('EEK','Estonia Kroon','[107,114]',1);
INSERT INTO `B65362949_c_currencies` VALUES ('EGP','Egypt Pound','[163]',1);
INSERT INTO `B65362949_c_currencies` VALUES ('ESP','Pesete',NULL,0);
INSERT INTO `B65362949_c_currencies` VALUES ('EUR','Euro Member Countries','[8364]',1);
INSERT INTO `B65362949_c_currencies` VALUES ('FIM','Mark finlandais',NULL,0);
INSERT INTO `B65362949_c_currencies` VALUES ('FJD','Fiji Dollar','[36]',1);
INSERT INTO `B65362949_c_currencies` VALUES ('FKP','Falkland Islands (Malvinas) Pound','[163]',1);
INSERT INTO `B65362949_c_currencies` VALUES ('FRF','Francs francais',NULL,0);
INSERT INTO `B65362949_c_currencies` VALUES ('GBP','United Kingdom Pound','[163]',1);
INSERT INTO `B65362949_c_currencies` VALUES ('GGP','Guernsey Pound','[163]',1);
INSERT INTO `B65362949_c_currencies` VALUES ('GHC','Ghana Cedis','[162]',1);
INSERT INTO `B65362949_c_currencies` VALUES ('GIP','Gibraltar Pound','[163]',1);
INSERT INTO `B65362949_c_currencies` VALUES ('GRD','Drachme (grece)',NULL,0);
INSERT INTO `B65362949_c_currencies` VALUES ('GTQ','Guatemala Quetzal','[81]',1);
INSERT INTO `B65362949_c_currencies` VALUES ('GYD','Guyana Dollar','[36]',1);
INSERT INTO `B65362949_c_currencies` VALUES ('HKD','Hong Kong Dollar','[36]',1);
INSERT INTO `B65362949_c_currencies` VALUES ('HNL','Honduras Lempira','[76]',1);
INSERT INTO `B65362949_c_currencies` VALUES ('HRK','Croatia Kuna','[107,110]',1);
INSERT INTO `B65362949_c_currencies` VALUES ('HUF','Hungary Forint','[70,116]',1);
INSERT INTO `B65362949_c_currencies` VALUES ('IDR','Indonesia Rupiah','[82,112]',1);
INSERT INTO `B65362949_c_currencies` VALUES ('IEP','Livres irlandaises',NULL,0);
INSERT INTO `B65362949_c_currencies` VALUES ('ILS','Israel Shekel','[8362]',1);
INSERT INTO `B65362949_c_currencies` VALUES ('IMP','Isle of Man Pound','[163]',1);
INSERT INTO `B65362949_c_currencies` VALUES ('INR','India Rupee',NULL,1);
INSERT INTO `B65362949_c_currencies` VALUES ('IRR','Iran Rial','[65020]',1);
INSERT INTO `B65362949_c_currencies` VALUES ('ISK','Iceland Krona','[107,114]',1);
INSERT INTO `B65362949_c_currencies` VALUES ('ITL','Lires',NULL,0);
INSERT INTO `B65362949_c_currencies` VALUES ('JEP','Jersey Pound','[163]',1);
INSERT INTO `B65362949_c_currencies` VALUES ('JMD','Jamaica Dollar','[74,36]',1);
INSERT INTO `B65362949_c_currencies` VALUES ('JPY','Japan Yen','[165]',1);
INSERT INTO `B65362949_c_currencies` VALUES ('KES','Kenya Shilling',NULL,1);
INSERT INTO `B65362949_c_currencies` VALUES ('KGS','Kyrgyzstan Som','[1083,1074]',1);
INSERT INTO `B65362949_c_currencies` VALUES ('KHR','Cambodia Riel','[6107]',1);
INSERT INTO `B65362949_c_currencies` VALUES ('KPW','Korea (North) Won','[8361]',1);
INSERT INTO `B65362949_c_currencies` VALUES ('KRW','Korea (South) Won','[8361]',1);
INSERT INTO `B65362949_c_currencies` VALUES ('KYD','Cayman Islands Dollar','[36]',1);
INSERT INTO `B65362949_c_currencies` VALUES ('KZT','Kazakhstan Tenge','[1083,1074]',1);
INSERT INTO `B65362949_c_currencies` VALUES ('LAK','Laos Kip','[8365]',1);
INSERT INTO `B65362949_c_currencies` VALUES ('LBP','Lebanon Pound','[163]',1);
INSERT INTO `B65362949_c_currencies` VALUES ('LKR','Sri Lanka Rupee','[8360]',1);
INSERT INTO `B65362949_c_currencies` VALUES ('LRD','Liberia Dollar','[36]',1);
INSERT INTO `B65362949_c_currencies` VALUES ('LTL','Lithuania Litas','[76,116]',1);
INSERT INTO `B65362949_c_currencies` VALUES ('LUF','Francs luxembourgeois',NULL,0);
INSERT INTO `B65362949_c_currencies` VALUES ('LVL','Latvia Lat','[76,115]',1);
INSERT INTO `B65362949_c_currencies` VALUES ('MAD','Morocco Dirham',NULL,1);
INSERT INTO `B65362949_c_currencies` VALUES ('MKD','Macedonia Denar','[1076,1077,1085]',1);
INSERT INTO `B65362949_c_currencies` VALUES ('MNT','Mongolia Tughrik','[8366]',1);
INSERT INTO `B65362949_c_currencies` VALUES ('MRO','Mauritania Ouguiya',NULL,1);
INSERT INTO `B65362949_c_currencies` VALUES ('MUR','Mauritius Rupee','[8360]',1);
INSERT INTO `B65362949_c_currencies` VALUES ('MXN','Mexico Peso','[36]',1);
INSERT INTO `B65362949_c_currencies` VALUES ('MXP','Pesos Mexicans',NULL,0);
INSERT INTO `B65362949_c_currencies` VALUES ('MYR','Malaysia Ringgit','[82,77]',1);
INSERT INTO `B65362949_c_currencies` VALUES ('MZN','Mozambique Metical','[77,84]',1);
INSERT INTO `B65362949_c_currencies` VALUES ('NAD','Namibia Dollar','[36]',1);
INSERT INTO `B65362949_c_currencies` VALUES ('NGN','Nigeria Naira','[8358]',1);
INSERT INTO `B65362949_c_currencies` VALUES ('NIO','Nicaragua Cordoba','[67,36]',1);
INSERT INTO `B65362949_c_currencies` VALUES ('NLG','Florins',NULL,0);
INSERT INTO `B65362949_c_currencies` VALUES ('NOK','Norway Krone','[107,114]',1);
INSERT INTO `B65362949_c_currencies` VALUES ('NPR','Nepal Rupee','[8360]',1);
INSERT INTO `B65362949_c_currencies` VALUES ('NZD','New Zealand Dollar','[36]',1);
INSERT INTO `B65362949_c_currencies` VALUES ('OMR','Oman Rial','[65020]',1);
INSERT INTO `B65362949_c_currencies` VALUES ('PAB','Panama Balboa','[66,47,46]',1);
INSERT INTO `B65362949_c_currencies` VALUES ('PEN','Peru Nuevo Sol','[83,47,46]',1);
INSERT INTO `B65362949_c_currencies` VALUES ('PHP','Philippines Peso','[8369]',1);
INSERT INTO `B65362949_c_currencies` VALUES ('PKR','Pakistan Rupee','[8360]',1);
INSERT INTO `B65362949_c_currencies` VALUES ('PLN','Poland Zloty','[122,322]',1);
INSERT INTO `B65362949_c_currencies` VALUES ('PTE','Escudos',NULL,0);
INSERT INTO `B65362949_c_currencies` VALUES ('PYG','Paraguay Guarani','[71,115]',1);
INSERT INTO `B65362949_c_currencies` VALUES ('QAR','Qatar Riyal','[65020]',1);
INSERT INTO `B65362949_c_currencies` VALUES ('RON','Romania New Leu','[108,101,105]',1);
INSERT INTO `B65362949_c_currencies` VALUES ('RSD','Serbia Dinar','[1044,1080,1085,46]',1);
INSERT INTO `B65362949_c_currencies` VALUES ('RUB','Russia Ruble','[1088,1091,1073]',1);
INSERT INTO `B65362949_c_currencies` VALUES ('SAR','Saudi Arabia Riyal','[65020]',1);
INSERT INTO `B65362949_c_currencies` VALUES ('SBD','Solomon Islands Dollar','[36]',1);
INSERT INTO `B65362949_c_currencies` VALUES ('SCR','Seychelles Rupee','[8360]',1);
INSERT INTO `B65362949_c_currencies` VALUES ('SEK','Sweden Krona','[107,114]',1);
INSERT INTO `B65362949_c_currencies` VALUES ('SGD','Singapore Dollar','[36]',1);
INSERT INTO `B65362949_c_currencies` VALUES ('SHP','Saint Helena Pound','[163]',1);
INSERT INTO `B65362949_c_currencies` VALUES ('SKK','Couronnes slovaques',NULL,0);
INSERT INTO `B65362949_c_currencies` VALUES ('SOS','Somalia Shilling','[83]',1);
INSERT INTO `B65362949_c_currencies` VALUES ('SRD','Suriname Dollar','[36]',1);
INSERT INTO `B65362949_c_currencies` VALUES ('SUR','Rouble',NULL,0);
INSERT INTO `B65362949_c_currencies` VALUES ('SVC','El Salvador Colon','[36]',1);
INSERT INTO `B65362949_c_currencies` VALUES ('SYP','Syria Pound','[163]',1);
INSERT INTO `B65362949_c_currencies` VALUES ('THB','Thailand Baht','[3647]',1);
INSERT INTO `B65362949_c_currencies` VALUES ('TND','Tunisia Dinar',NULL,1);
INSERT INTO `B65362949_c_currencies` VALUES ('TRL','Turkey Lira','[84,76]',1);
INSERT INTO `B65362949_c_currencies` VALUES ('TRY','Turkey Lira','[8356]',1);
INSERT INTO `B65362949_c_currencies` VALUES ('TTD','Trinidad and Tobago Dollar','[84,84,36]',1);
INSERT INTO `B65362949_c_currencies` VALUES ('TVD','Tuvalu Dollar','[36]',1);
INSERT INTO `B65362949_c_currencies` VALUES ('TWD','Taiwan New Dollar','[78,84,36]',1);
INSERT INTO `B65362949_c_currencies` VALUES ('UAH','Ukraine Hryvna','[8372]',1);
INSERT INTO `B65362949_c_currencies` VALUES ('USD','United States Dollar','[36]',1);
INSERT INTO `B65362949_c_currencies` VALUES ('UYU','Uruguay Peso','[36,85]',1);
INSERT INTO `B65362949_c_currencies` VALUES ('UZS','Uzbekistan Som','[1083,1074]',1);
INSERT INTO `B65362949_c_currencies` VALUES ('VEF','Venezuela Bolivar Fuerte','[66,115]',1);
INSERT INTO `B65362949_c_currencies` VALUES ('VND','Viet Nam Dong','[8363]',1);
INSERT INTO `B65362949_c_currencies` VALUES ('XAF','Communaute Financiere Africaine (BEAC) CFA Franc',NULL,1);
INSERT INTO `B65362949_c_currencies` VALUES ('XCD','East Caribbean Dollar','[36]',1);
INSERT INTO `B65362949_c_currencies` VALUES ('XEU','Ecus',NULL,0);
INSERT INTO `B65362949_c_currencies` VALUES ('XOF','Communaute Financiere Africaine (BCEAO) Franc',NULL,1);
INSERT INTO `B65362949_c_currencies` VALUES ('YER','Yemen Rial','[65020]',1);
INSERT INTO `B65362949_c_currencies` VALUES ('ZAR','South Africa Rand','[82]',1);
INSERT INTO `B65362949_c_currencies` VALUES ('ZWD','Zimbabwe Dollar','[90,36]',1);




--
-- Table structure for table `B65362949_c_departements`
--
CREATE TABLE `B65362949_c_departements` (
  `rowid` int(11) NOT NULL AUTO_INCREMENT,
  `code_departement` varchar(6) NOT NULL,
  `fk_region` int(11) DEFAULT NULL,
  `cheflieu` varchar(50) DEFAULT NULL,
  `tncc` int(11) DEFAULT NULL,
  `ncc` varchar(50) DEFAULT NULL,
  `nom` varchar(50) DEFAULT NULL,
  `active` tinyint(4) NOT NULL DEFAULT '1',
  PRIMARY KEY (`rowid`),
  UNIQUE KEY `uk_departements` (`code_departement`,`fk_region`),
  KEY `idx_departements_fk_region` (`fk_region`)
) ENGINE=InnoDB AUTO_INCREMENT=1010 DEFAULT CHARSET=utf8;

--
-- Dumping data for table `B65362949_c_departements`
--
INSERT INTO `B65362949_c_departements` VALUES (1,0,0,0,0,'-','-',1);
INSERT INTO `B65362949_c_departements` VALUES (2,'01',82,'01053',5,'AIN','Ain',1);
INSERT INTO `B65362949_c_departements` VALUES (3,'02',22,'02408',5,'AISNE','Aisne',1);
INSERT INTO `B65362949_c_departements` VALUES (4,'03',83,'03190',5,'ALLIER','Allier',1);
INSERT INTO `B65362949_c_departements` VALUES (5,'04',93,'04070',4,'ALPES-DE-HAUTE-PROVENCE','Alpes-de-Haute-Provence',1);
INSERT INTO `B65362949_c_departements` VALUES (6,'05',93,'05061',4,'HAUTES-ALPES','Hautes-Alpes',1);
INSERT INTO `B65362949_c_departements` VALUES (7,'06',93,'06088',4,'ALPES-MARITIMES','Alpes-Maritimes',1);
INSERT INTO `B65362949_c_departements` VALUES (8,'07',82,'07186',5,'ARDECHE','Ardèche',1);
INSERT INTO `B65362949_c_departements` VALUES (9,'08',21,'08105',4,'ARDENNES','Ardennes',1);
INSERT INTO `B65362949_c_departements` VALUES (10,'09',73,'09122',5,'ARIEGE','Ariège',1);
INSERT INTO `B65362949_c_departements` VALUES (11,10,21,10387,5,'AUBE','Aube',1);
INSERT INTO `B65362949_c_departements` VALUES (12,11,91,11069,5,'AUDE','Aude',1);
INSERT INTO `B65362949_c_departements` VALUES (13,12,73,12202,5,'AVEYRON','Aveyron',1);
INSERT INTO `B65362949_c_departements` VALUES (14,13,93,13055,4,'BOUCHES-DU-RHONE','Bouches-du-Rhône',1);
INSERT INTO `B65362949_c_departements` VALUES (15,14,25,14118,2,'CALVADOS','Calvados',1);
INSERT INTO `B65362949_c_departements` VALUES (16,15,83,15014,2,'CANTAL','Cantal',1);
INSERT INTO `B65362949_c_departements` VALUES (17,16,54,16015,3,'CHARENTE','Charente',1);
INSERT INTO `B65362949_c_departements` VALUES (18,17,54,17300,3,'CHARENTE-MARITIME','Charente-Maritime',1);
INSERT INTO `B65362949_c_departements` VALUES (19,18,24,18033,2,'CHER','Cher',1);
INSERT INTO `B65362949_c_departements` VALUES (20,19,74,19272,3,'CORREZE','Corrèze',1);
INSERT INTO `B65362949_c_departements` VALUES (21,'2A',94,'2A004',3,'CORSE-DU-SUD','Corse-du-Sud',1);
INSERT INTO `B65362949_c_departements` VALUES (22,'2B',94,'2B033',3,'HAUTE-CORSE','Haute-Corse',1);
INSERT INTO `B65362949_c_departements` VALUES (23,21,26,21231,3,'COTE-D OR','Côte-d Or',1);
INSERT INTO `B65362949_c_departements` VALUES (24,22,53,22278,4,'COTES-D ARMOR','Côtes-d Armor',1);
INSERT INTO `B65362949_c_departements` VALUES (25,23,74,23096,3,'CREUSE','Creuse',1);
INSERT INTO `B65362949_c_departements` VALUES (26,24,72,24322,3,'DORDOGNE','Dordogne',1);
INSERT INTO `B65362949_c_departements` VALUES (27,25,43,25056,2,'DOUBS','Doubs',1);
INSERT INTO `B65362949_c_departements` VALUES (28,26,82,26362,3,'DROME','Drôme',1);
INSERT INTO `B65362949_c_departements` VALUES (29,27,23,27229,5,'EURE','Eure',1);
INSERT INTO `B65362949_c_departements` VALUES (30,28,24,28085,1,'EURE-ET-LOIR','Eure-et-Loir',1);
INSERT INTO `B65362949_c_departements` VALUES (31,29,53,29232,2,'FINISTERE','Finistère',1);
INSERT INTO `B65362949_c_departements` VALUES (32,30,91,30189,2,'GARD','Gard',1);
INSERT INTO `B65362949_c_departements` VALUES (33,31,73,31555,3,'HAUTE-GARONNE','Haute-Garonne',1);
INSERT INTO `B65362949_c_departements` VALUES (34,32,73,32013,2,'GERS','Gers',1);
INSERT INTO `B65362949_c_departements` VALUES (35,33,72,33063,3,'GIRONDE','Gironde',1);
INSERT INTO `B65362949_c_departements` VALUES (36,34,91,34172,5,'HERAULT','Hérault',1);
INSERT INTO `B65362949_c_departements` VALUES (37,35,53,35238,1,'ILLE-ET-VILAINE','Ille-et-Vilaine',1);
INSERT INTO `B65362949_c_departements` VALUES (38,36,24,36044,5,'INDRE','Indre',1);
INSERT INTO `B65362949_c_departements` VALUES (39,37,24,37261,1,'INDRE-ET-LOIRE','Indre-et-Loire',1);
INSERT INTO `B65362949_c_departements` VALUES (40,38,82,38185,5,'ISERE','Isère',1);
INSERT INTO `B65362949_c_departements` VALUES (41,39,43,39300,2,'JURA','Jura',1);
INSERT INTO `B65362949_c_departements` VALUES (42,40,72,40192,4,'LANDES','Landes',1);
INSERT INTO `B65362949_c_departements` VALUES (43,41,24,41018,0,'LOIR-ET-CHER','Loir-et-Cher',1);
INSERT INTO `B65362949_c_departements` VALUES (44,42,82,42218,3,'LOIRE','Loire',1);
INSERT INTO `B65362949_c_departements` VALUES (45,43,83,43157,3,'HAUTE-LOIRE','Haute-Loire',1);
INSERT INTO `B65362949_c_departements` VALUES (46,44,52,44109,3,'LOIRE-ATLANTIQUE','Loire-Atlantique',1);
INSERT INTO `B65362949_c_departements` VALUES (47,45,24,45234,2,'LOIRET','Loiret',1);
INSERT INTO `B65362949_c_departements` VALUES (48,46,73,46042,2,'LOT','Lot',1);
INSERT INTO `B65362949_c_departements` VALUES (49,47,72,47001,0,'LOT-ET-GARONNE','Lot-et-Garonne',1);
INSERT INTO `B65362949_c_departements` VALUES (50,48,91,48095,3,'LOZERE','Lozère',1);
INSERT INTO `B65362949_c_departements` VALUES (51,49,52,49007,0,'MAINE-ET-LOIRE','Maine-et-Loire',1);
INSERT INTO `B65362949_c_departements` VALUES (52,50,25,50502,3,'MANCHE','Manche',1);
INSERT INTO `B65362949_c_departements` VALUES (53,51,21,51108,3,'MARNE','Marne',1);
INSERT INTO `B65362949_c_departements` VALUES (54,52,21,52121,3,'HAUTE-MARNE','Haute-Marne',1);
INSERT INTO `B65362949_c_departements` VALUES (55,53,52,53130,3,'MAYENNE','Mayenne',1);
INSERT INTO `B65362949_c_departements` VALUES (56,54,41,54395,0,'MEURTHE-ET-MOSELLE','Meurthe-et-Moselle',1);
INSERT INTO `B65362949_c_departements` VALUES (57,55,41,55029,3,'MEUSE','Meuse',1);
INSERT INTO `B65362949_c_departements` VALUES (58,56,53,56260,2,'MORBIHAN','Morbihan',1);
INSERT INTO `B65362949_c_departements` VALUES (59,57,41,57463,3,'MOSELLE','Moselle',1);
INSERT INTO `B65362949_c_departements` VALUES (60,58,26,58194,3,'NIEVRE','Nièvre',1);
INSERT INTO `B65362949_c_departements` VALUES (61,59,31,59350,2,'NORD','Nord',1);
INSERT INTO `B65362949_c_departements` VALUES (62,60,22,60057,5,'OISE','Oise',1);
INSERT INTO `B65362949_c_departements` VALUES (63,61,25,61001,5,'ORNE','Orne',1);
INSERT INTO `B65362949_c_departements` VALUES (64,62,31,62041,2,'PAS-DE-CALAIS','Pas-de-Calais',1);
INSERT INTO `B65362949_c_departements` VALUES (65,63,83,63113,2,'PUY-DE-DOME','Puy-de-Dôme',1);
INSERT INTO `B65362949_c_departements` VALUES (66,64,72,64445,4,'PYRENEES-ATLANTIQUES','Pyrénées-Atlantiques',1);
INSERT INTO `B65362949_c_departements` VALUES (67,65,73,65440,4,'HAUTES-PYRENEES','Hautes-Pyrénées',1);
INSERT INTO `B65362949_c_departements` VALUES (68,66,91,66136,4,'PYRENEES-ORIENTALES','Pyrénées-Orientales',1);
INSERT INTO `B65362949_c_departements` VALUES (69,67,42,67482,2,'BAS-RHIN','Bas-Rhin',1);
INSERT INTO `B65362949_c_departements` VALUES (70,68,42,68066,2,'HAUT-RHIN','Haut-Rhin',1);
INSERT INTO `B65362949_c_departements` VALUES (71,69,82,69123,2,'RHONE','Rhône',1);
INSERT INTO `B65362949_c_departements` VALUES (72,70,43,70550,3,'HAUTE-SAONE','Haute-Saône',1);
INSERT INTO `B65362949_c_departements` VALUES (73,71,26,71270,0,'SAONE-ET-LOIRE','Saône-et-Loire',1);
INSERT INTO `B65362949_c_departements` VALUES (74,72,52,72181,3,'SARTHE','Sarthe',1);
INSERT INTO `B65362949_c_departements` VALUES (75,73,82,73065,3,'SAVOIE','Savoie',1);
INSERT INTO `B65362949_c_departements` VALUES (76,74,82,74010,3,'HAUTE-SAVOIE','Haute-Savoie',1);
INSERT INTO `B65362949_c_departements` VALUES (77,75,11,75056,0,'PARIS','Paris',1);
INSERT INTO `B65362949_c_departements` VALUES (78,76,23,76540,3,'SEINE-MARITIME','Seine-Maritime',1);
INSERT INTO `B65362949_c_departements` VALUES (79,77,11,77288,0,'SEINE-ET-MARNE','Seine-et-Marne',1);
INSERT INTO `B65362949_c_departements` VALUES (80,78,11,78646,4,'YVELINES','Yvelines',1);
INSERT INTO `B65362949_c_departements` VALUES (81,79,54,79191,4,'DEUX-SEVRES','Deux-Sèvres',1);
INSERT INTO `B65362949_c_departements` VALUES (82,80,22,80021,3,'SOMME','Somme',1);
INSERT INTO `B65362949_c_departements` VALUES (83,81,73,81004,2,'TARN','Tarn',1);
INSERT INTO `B65362949_c_departements` VALUES (84,82,73,82121,0,'TARN-ET-GARONNE','Tarn-et-Garonne',1);
INSERT INTO `B65362949_c_departements` VALUES (85,83,93,83137,2,'VAR','Var',1);
INSERT INTO `B65362949_c_departements` VALUES (86,84,93,84007,0,'VAUCLUSE','Vaucluse',1);
INSERT INTO `B65362949_c_departements` VALUES (87,85,52,85191,3,'VENDEE','Vendée',1);
INSERT INTO `B65362949_c_departements` VALUES (88,86,54,86194,3,'VIENNE','Vienne',1);
INSERT INTO `B65362949_c_departements` VALUES (89,87,74,87085,3,'HAUTE-VIENNE','Haute-Vienne',1);
INSERT INTO `B65362949_c_departements` VALUES (90,88,41,88160,4,'VOSGES','Vosges',1);
INSERT INTO `B65362949_c_departements` VALUES (91,89,26,89024,5,'YONNE','Yonne',1);
INSERT INTO `B65362949_c_departements` VALUES (92,90,43,90010,0,'TERRITOIRE DE BELFORT','Territoire de Belfort',1);
INSERT INTO `B65362949_c_departements` VALUES (93,91,11,91228,5,'ESSONNE','Essonne',1);
INSERT INTO `B65362949_c_departements` VALUES (94,92,11,92050,4,'HAUTS-DE-SEINE','Hauts-de-Seine',1);
INSERT INTO `B65362949_c_departements` VALUES (95,93,11,93008,3,'SEINE-SAINT-DENIS','Seine-Saint-Denis',1);
INSERT INTO `B65362949_c_departements` VALUES (96,94,11,94028,2,'VAL-DE-MARNE','Val-de-Marne',1);
INSERT INTO `B65362949_c_departements` VALUES (97,95,11,95500,2,'VAL-D OISE','Val-d Oise',1);
INSERT INTO `B65362949_c_departements` VALUES (98,971,1,97105,3,'GUADELOUPE','Guadeloupe',1);
INSERT INTO `B65362949_c_departements` VALUES (99,972,2,97209,3,'MARTINIQUE','Martinique',1);
INSERT INTO `B65362949_c_departements` VALUES (100,973,3,97302,3,'GUYANE','Guyane',1);
INSERT INTO `B65362949_c_departements` VALUES (101,974,4,97411,3,'REUNION','Réunion',1);
INSERT INTO `B65362949_c_departements` VALUES (102,976,6,97601,3,'MAYOTTE','Mayotte',1);
INSERT INTO `B65362949_c_departements` VALUES (103,'01',201,'',1,'ANVERS','Anvers',1);
INSERT INTO `B65362949_c_departements` VALUES (104,'02',203,'',3,'BRUXELLES-CAPITALE','Bruxelles-Capitale',1);
INSERT INTO `B65362949_c_departements` VALUES (105,'03',202,'',2,'BRABANT-WALLON','Brabant-Wallon',1);
INSERT INTO `B65362949_c_departements` VALUES (106,'04',201,'',1,'BRABANT-FLAMAND','Brabant-Flamand',1);
INSERT INTO `B65362949_c_departements` VALUES (107,'05',201,'',1,'FLANDRE-OCCIDENTALE','Flandre-Occidentale',1);
INSERT INTO `B65362949_c_departements` VALUES (108,'06',201,'',1,'FLANDRE-ORIENTALE','Flandre-Orientale',1);
INSERT INTO `B65362949_c_departements` VALUES (109,'07',202,'',2,'HAINAUT','Hainaut',1);
INSERT INTO `B65362949_c_departements` VALUES (110,'08',201,'',2,'LIEGE','Liège',1);
INSERT INTO `B65362949_c_departements` VALUES (111,'09',202,'',1,'LIMBOURG','Limbourg',1);
INSERT INTO `B65362949_c_departements` VALUES (112,10,202,'',2,'LUXEMBOURG','Luxembourg',1);
INSERT INTO `B65362949_c_departements` VALUES (113,11,201,'',2,'NAMUR','Namur',1);
INSERT INTO `B65362949_c_departements` VALUES (114,'AG',315,NULL,NULL,NULL,'AGRIGENTO',1);
INSERT INTO `B65362949_c_departements` VALUES (115,'AL',312,NULL,NULL,NULL,'ALESSANDRIA',1);
INSERT INTO `B65362949_c_departements` VALUES (116,'AN',310,NULL,NULL,NULL,'ANCONA',1);
INSERT INTO `B65362949_c_departements` VALUES (117,'AO',319,NULL,NULL,NULL,'AOSTA',1);
INSERT INTO `B65362949_c_departements` VALUES (118,'AR',316,NULL,NULL,NULL,'AREZZO',1);
INSERT INTO `B65362949_c_departements` VALUES (119,'AP',310,NULL,NULL,NULL,'ASCOLI PICENO',1);
INSERT INTO `B65362949_c_departements` VALUES (120,'AT',312,NULL,NULL,NULL,'ASTI',1);
INSERT INTO `B65362949_c_departements` VALUES (121,'AV',304,NULL,NULL,NULL,'AVELLINO',1);
INSERT INTO `B65362949_c_departements` VALUES (122,'BA',313,NULL,NULL,NULL,'BARI',1);
INSERT INTO `B65362949_c_departements` VALUES (123,'BT',313,NULL,NULL,NULL,'BARLETTA-ANDRIA-TRANI',1);
INSERT INTO `B65362949_c_departements` VALUES (124,'BL',320,NULL,NULL,NULL,'BELLUNO',1);
INSERT INTO `B65362949_c_departements` VALUES (125,'BN',304,NULL,NULL,NULL,'BENEVENTO',1);
INSERT INTO `B65362949_c_departements` VALUES (126,'BG',309,NULL,NULL,NULL,'BERGAMO',1);
INSERT INTO `B65362949_c_departements` VALUES (127,'BI',312,NULL,NULL,NULL,'BIELLA',1);
INSERT INTO `B65362949_c_departements` VALUES (128,'BO',305,NULL,NULL,NULL,'BOLOGNA',1);
INSERT INTO `B65362949_c_departements` VALUES (129,'BZ',317,NULL,NULL,NULL,'BOLZANO',1);
INSERT INTO `B65362949_c_departements` VALUES (130,'BS',309,NULL,NULL,NULL,'BRESCIA',1);
INSERT INTO `B65362949_c_departements` VALUES (131,'BR',313,NULL,NULL,NULL,'BRINDISI',1);
INSERT INTO `B65362949_c_departements` VALUES (132,'CA',314,NULL,NULL,NULL,'CAGLIARI',1);
INSERT INTO `B65362949_c_departements` VALUES (133,'CL',315,NULL,NULL,NULL,'CALTANISSETTA',1);
INSERT INTO `B65362949_c_departements` VALUES (134,'CB',311,NULL,NULL,NULL,'CAMPOBASSO',1);
INSERT INTO `B65362949_c_departements` VALUES (135,'CI',314,NULL,NULL,NULL,'CARBONIA-IGLESIAS',1);
INSERT INTO `B65362949_c_departements` VALUES (136,'CE',304,NULL,NULL,NULL,'CASERTA',1);
INSERT INTO `B65362949_c_departements` VALUES (137,'CT',315,NULL,NULL,NULL,'CATANIA',1);
INSERT INTO `B65362949_c_departements` VALUES (138,'CZ',303,NULL,NULL,NULL,'CATANZARO',1);
INSERT INTO `B65362949_c_departements` VALUES (139,'CH',301,NULL,NULL,NULL,'CHIETI',1);
INSERT INTO `B65362949_c_departements` VALUES (140,'CO',309,NULL,NULL,NULL,'COMO',1);
INSERT INTO `B65362949_c_departements` VALUES (141,'CS',303,NULL,NULL,NULL,'COSENZA',1);
INSERT INTO `B65362949_c_departements` VALUES (142,'CR',309,NULL,NULL,NULL,'CREMONA',1);
INSERT INTO `B65362949_c_departements` VALUES (143,'KR',303,NULL,NULL,NULL,'CROTONE',1);
INSERT INTO `B65362949_c_departements` VALUES (144,'CN',312,NULL,NULL,NULL,'CUNEO',1);
INSERT INTO `B65362949_c_departements` VALUES (145,'EN',315,NULL,NULL,NULL,'ENNA',1);
INSERT INTO `B65362949_c_departements` VALUES (146,'FM',310,NULL,NULL,NULL,'FERMO',1);
INSERT INTO `B65362949_c_departements` VALUES (147,'FE',305,NULL,NULL,NULL,'FERRARA',1);
INSERT INTO `B65362949_c_departements` VALUES (148,'FI',316,NULL,NULL,NULL,'FIRENZE',1);
INSERT INTO `B65362949_c_departements` VALUES (149,'FG',313,NULL,NULL,NULL,'FOGGIA',1);
INSERT INTO `B65362949_c_departements` VALUES (150,'FC',305,NULL,NULL,NULL,'FORLI-CESENA',1);
INSERT INTO `B65362949_c_departements` VALUES (151,'FR',307,NULL,NULL,NULL,'FROSINONE',1);
INSERT INTO `B65362949_c_departements` VALUES (152,'GE',308,NULL,NULL,NULL,'GENOVA',1);
INSERT INTO `B65362949_c_departements` VALUES (153,'GO',306,NULL,NULL,NULL,'GORIZIA',1);
INSERT INTO `B65362949_c_departements` VALUES (154,'GR',316,NULL,NULL,NULL,'GROSSETO',1);
INSERT INTO `B65362949_c_departements` VALUES (155,'IM',308,NULL,NULL,NULL,'IMPERIA',1);
INSERT INTO `B65362949_c_departements` VALUES (156,'IS',311,NULL,NULL,NULL,'ISERNIA',1);
INSERT INTO `B65362949_c_departements` VALUES (157,'SP',308,NULL,NULL,NULL,'LA SPEZIA',1);
INSERT INTO `B65362949_c_departements` VALUES (158,'AQ',301,NULL,NULL,NULL,'L AQUILA',1);
INSERT INTO `B65362949_c_departements` VALUES (159,'LT',307,NULL,NULL,NULL,'LATINA',1);
INSERT INTO `B65362949_c_departements` VALUES (160,'LE',313,NULL,NULL,NULL,'LECCE',1);
INSERT INTO `B65362949_c_departements` VALUES (161,'LC',309,NULL,NULL,NULL,'LECCO',1);
INSERT INTO `B65362949_c_departements` VALUES (162,'LI',314,NULL,NULL,NULL,'LIVORNO',1);
INSERT INTO `B65362949_c_departements` VALUES (163,'LO',309,NULL,NULL,NULL,'LODI',1);
INSERT INTO `B65362949_c_departements` VALUES (164,'LU',316,NULL,NULL,NULL,'LUCCA',1);
INSERT INTO `B65362949_c_departements` VALUES (165,'MC',310,NULL,NULL,NULL,'MACERATA',1);
INSERT INTO `B65362949_c_departements` VALUES (166,'MN',309,NULL,NULL,NULL,'MANTOVA',1);
INSERT INTO `B65362949_c_departements` VALUES (167,'MS',316,NULL,NULL,NULL,'MASSA-CARRARA',1);
INSERT INTO `B65362949_c_departements` VALUES (168,'MT',302,NULL,NULL,NULL,'MATERA',1);
INSERT INTO `B65362949_c_departements` VALUES (169,'VS',314,NULL,NULL,NULL,'MEDIO CAMPIDANO',1);
INSERT INTO `B65362949_c_departements` VALUES (170,'ME',315,NULL,NULL,NULL,'MESSINA',1);
INSERT INTO `B65362949_c_departements` VALUES (171,'MI',309,NULL,NULL,NULL,'MILANO',1);
INSERT INTO `B65362949_c_departements` VALUES (172,'MB',309,NULL,NULL,NULL,'MONZA e BRIANZA',1);
INSERT INTO `B65362949_c_departements` VALUES (173,'MO',305,NULL,NULL,NULL,'MODENA',1);
INSERT INTO `B65362949_c_departements` VALUES (174,'NA',304,NULL,NULL,NULL,'NAPOLI',1);
INSERT INTO `B65362949_c_departements` VALUES (175,'NO',312,NULL,NULL,NULL,'NOVARA',1);
INSERT INTO `B65362949_c_departements` VALUES (176,'NU',314,NULL,NULL,NULL,'NUORO',1);
INSERT INTO `B65362949_c_departements` VALUES (177,'OG',314,NULL,NULL,NULL,'OGLIASTRA',1);
INSERT INTO `B65362949_c_departements` VALUES (178,'OT',314,NULL,NULL,NULL,'OLBIA-TEMPIO',1);
INSERT INTO `B65362949_c_departements` VALUES (179,'OR',314,NULL,NULL,NULL,'ORISTANO',1);
INSERT INTO `B65362949_c_departements` VALUES (180,'PD',320,NULL,NULL,NULL,'PADOVA',1);
INSERT INTO `B65362949_c_departements` VALUES (181,'PA',315,NULL,NULL,NULL,'PALERMO',1);
INSERT INTO `B65362949_c_departements` VALUES (182,'PR',305,NULL,NULL,NULL,'PARMA',1);
INSERT INTO `B65362949_c_departements` VALUES (183,'PV',309,NULL,NULL,NULL,'PAVIA',1);
INSERT INTO `B65362949_c_departements` VALUES (184,'PG',318,NULL,NULL,NULL,'PERUGIA',1);
INSERT INTO `B65362949_c_departements` VALUES (185,'PU',310,NULL,NULL,NULL,'PESARO e URBINO',1);
INSERT INTO `B65362949_c_departements` VALUES (186,'PE',301,NULL,NULL,NULL,'PESCARA',1);
INSERT INTO `B65362949_c_departements` VALUES (187,'PC',305,NULL,NULL,NULL,'PIACENZA',1);
INSERT INTO `B65362949_c_departements` VALUES (188,'PI',316,NULL,NULL,NULL,'PISA',1);
INSERT INTO `B65362949_c_departements` VALUES (189,'PT',316,NULL,NULL,NULL,'PISTOIA',1);
INSERT INTO `B65362949_c_departements` VALUES (190,'PN',306,NULL,NULL,NULL,'PORDENONE',1);
INSERT INTO `B65362949_c_departements` VALUES (191,'PZ',302,NULL,NULL,NULL,'POTENZA',1);
INSERT INTO `B65362949_c_departements` VALUES (192,'PO',316,NULL,NULL,NULL,'PRATO',1);
INSERT INTO `B65362949_c_departements` VALUES (193,'RG',315,NULL,NULL,NULL,'RAGUSA',1);
INSERT INTO `B65362949_c_departements` VALUES (194,'RA',305,NULL,NULL,NULL,'RAVENNA',1);
INSERT INTO `B65362949_c_departements` VALUES (195,'RC',303,NULL,NULL,NULL,'REGGIO CALABRIA',1);
INSERT INTO `B65362949_c_departements` VALUES (196,'RE',305,NULL,NULL,NULL,'REGGIO NELL EMILIA',1);
INSERT INTO `B65362949_c_departements` VALUES (197,'RI',307,NULL,NULL,NULL,'RIETI',1);
INSERT INTO `B65362949_c_departements` VALUES (198,'RN',305,NULL,NULL,NULL,'RIMINI',1);
INSERT INTO `B65362949_c_departements` VALUES (199,'RM',307,NULL,NULL,NULL,'ROMA',1);
INSERT INTO `B65362949_c_departements` VALUES (200,'RO',320,NULL,NULL,NULL,'ROVIGO',1);
INSERT INTO `B65362949_c_departements` VALUES (201,'SA',304,NULL,NULL,NULL,'SALERNO',1);
INSERT INTO `B65362949_c_departements` VALUES (202,'SS',314,NULL,NULL,NULL,'SASSARI',1);
INSERT INTO `B65362949_c_departements` VALUES (203,'SV',308,NULL,NULL,NULL,'SAVONA',1);
INSERT INTO `B65362949_c_departements` VALUES (204,'SI',316,NULL,NULL,NULL,'SIENA',1);
INSERT INTO `B65362949_c_departements` VALUES (205,'SR',315,NULL,NULL,NULL,'SIRACUSA',1);
INSERT INTO `B65362949_c_departements` VALUES (206,'SO',309,NULL,NULL,NULL,'SONDRIO',1);
INSERT INTO `B65362949_c_departements` VALUES (207,'TA',313,NULL,NULL,NULL,'TARANTO',1);
INSERT INTO `B65362949_c_departements` VALUES (208,'TE',301,NULL,NULL,NULL,'TERAMO',1);
INSERT INTO `B65362949_c_departements` VALUES (209,'TR',318,NULL,NULL,NULL,'TERNI',1);
INSERT INTO `B65362949_c_departements` VALUES (210,'TO',312,NULL,NULL,NULL,'TORINO',1);
INSERT INTO `B65362949_c_departements` VALUES (211,'TP',315,NULL,NULL,NULL,'TRAPANI',1);
INSERT INTO `B65362949_c_departements` VALUES (212,'TN',317,NULL,NULL,NULL,'TRENTO',1);
INSERT INTO `B65362949_c_departements` VALUES (213,'TV',320,NULL,NULL,NULL,'TREVISO',1);
INSERT INTO `B65362949_c_departements` VALUES (214,'TS',306,NULL,NULL,NULL,'TRIESTE',1);
INSERT INTO `B65362949_c_departements` VALUES (215,'UD',306,NULL,NULL,NULL,'UDINE',1);
INSERT INTO `B65362949_c_departements` VALUES (216,'VA',309,NULL,NULL,NULL,'VARESE',1);
INSERT INTO `B65362949_c_departements` VALUES (217,'VE',320,NULL,NULL,NULL,'VENEZIA',1);
INSERT INTO `B65362949_c_departements` VALUES (218,'VB',312,NULL,NULL,NULL,'VERBANO-CUSIO-OSSOLA',1);
INSERT INTO `B65362949_c_departements` VALUES (219,'VC',312,NULL,NULL,NULL,'VERCELLI',1);
INSERT INTO `B65362949_c_departements` VALUES (220,'VR',320,NULL,NULL,NULL,'VERONA',1);
INSERT INTO `B65362949_c_departements` VALUES (221,'VV',303,NULL,NULL,NULL,'VIBO VALENTIA',1);
INSERT INTO `B65362949_c_departements` VALUES (222,'VI',320,NULL,NULL,NULL,'VICENZA',1);
INSERT INTO `B65362949_c_departements` VALUES (223,'VT',307,NULL,NULL,NULL,'VITERBO',1);
INSERT INTO `B65362949_c_departements` VALUES (224,'NSW',2801,'',1,'','New South Wales',1);
INSERT INTO `B65362949_c_departements` VALUES (225,'VIC',2801,'',1,'','Victoria',1);
INSERT INTO `B65362949_c_departements` VALUES (226,'QLD',2801,'',1,'','Queensland',1);
INSERT INTO `B65362949_c_departements` VALUES (227,'SA',2801,'',1,'','South Australia',1);
INSERT INTO `B65362949_c_departements` VALUES (228,'ACT',2801,'',1,'','Australia Capital Territory',1);
INSERT INTO `B65362949_c_departements` VALUES (229,'TAS',2801,'',1,'','Tasmania',1);
INSERT INTO `B65362949_c_departements` VALUES (230,'WA',2801,'',1,'','Western Australia',1);
INSERT INTO `B65362949_c_departements` VALUES (231,'NT',2801,'',1,'','Northern Territory',1);
INSERT INTO `B65362949_c_departements` VALUES (232,'ON',1401,'',1,'','Ontario',1);
INSERT INTO `B65362949_c_departements` VALUES (233,'QC',1401,'',1,'','Quebec',1);
INSERT INTO `B65362949_c_departements` VALUES (234,'NS',1401,'',1,'','Nova Scotia',1);
INSERT INTO `B65362949_c_departements` VALUES (235,'NB',1401,'',1,'','New Brunswick',1);
INSERT INTO `B65362949_c_departements` VALUES (236,'MB',1401,'',1,'','Manitoba',1);
INSERT INTO `B65362949_c_departements` VALUES (237,'BC',1401,'',1,'','British Columbia',1);
INSERT INTO `B65362949_c_departements` VALUES (238,'PE',1401,'',1,'','Prince Edward Island',1);
INSERT INTO `B65362949_c_departements` VALUES (239,'SK',1401,'',1,'','Saskatchewan',1);
INSERT INTO `B65362949_c_departements` VALUES (240,'AB',1401,'',1,'','Alberta',1);
INSERT INTO `B65362949_c_departements` VALUES (241,'NL',1401,'',1,'','Newfoundland and Labrador',1);
INSERT INTO `B65362949_c_departements` VALUES (242,'01',419,'',19,'ALAVA','Álava',1);
INSERT INTO `B65362949_c_departements` VALUES (243,'02',404,'',4,'ALBACETE','Albacete',1);
INSERT INTO `B65362949_c_departements` VALUES (244,'03',411,'',11,'ALICANTE','Alicante',1);
INSERT INTO `B65362949_c_departements` VALUES (245,'04',401,'',1,'ALMERIA','Almería',1);
INSERT INTO `B65362949_c_departements` VALUES (246,'05',403,'',3,'AVILA','Avila',1);
INSERT INTO `B65362949_c_departements` VALUES (247,'06',412,'',12,'BADAJOZ','Badajoz',1);
INSERT INTO `B65362949_c_departements` VALUES (248,'07',414,'',14,'ISLAS BALEARES','Islas Baleares',1);
INSERT INTO `B65362949_c_departements` VALUES (249,'08',406,'',6,'BARCELONA','Barcelona',1);
INSERT INTO `B65362949_c_departements` VALUES (250,'09',403,'',8,'BURGOS','Burgos',1);
INSERT INTO `B65362949_c_departements` VALUES (251,10,412,'',12,'CACERES','Cáceres',1);
INSERT INTO `B65362949_c_departements` VALUES (252,11,401,'',1,'CADIZ','Cádiz',1);
INSERT INTO `B65362949_c_departements` VALUES (253,12,411,'',11,'CASTELLON','Castellón',1);
INSERT INTO `B65362949_c_departements` VALUES (254,13,404,'',4,'CIUDAD REAL','Ciudad Real',1);
INSERT INTO `B65362949_c_departements` VALUES (255,14,401,'',1,'CORDOBA','Córdoba',1);
INSERT INTO `B65362949_c_departements` VALUES (256,15,413,'',13,'LA CORUÑA','La Coruña',1);
INSERT INTO `B65362949_c_departements` VALUES (257,16,404,'',4,'CUENCA','Cuenca',1);
INSERT INTO `B65362949_c_departements` VALUES (258,17,406,'',6,'GERONA','Gerona',1);
INSERT INTO `B65362949_c_departements` VALUES (259,18,401,'',1,'GRANADA','Granada',1);
INSERT INTO `B65362949_c_departements` VALUES (260,19,404,'',4,'GUADALAJARA','Guadalajara',1);
INSERT INTO `B65362949_c_departements` VALUES (261,20,419,'',19,'GUIPUZCOA','Guipúzcoa',1);
INSERT INTO `B65362949_c_departements` VALUES (262,21,401,'',1,'HUELVA','Huelva',1);
INSERT INTO `B65362949_c_departements` VALUES (263,22,402,'',2,'HUESCA','Huesca',1);
INSERT INTO `B65362949_c_departements` VALUES (264,23,401,'',1,'JAEN','Jaén',1);
INSERT INTO `B65362949_c_departements` VALUES (265,24,403,'',3,'LEON','León',1);
INSERT INTO `B65362949_c_departements` VALUES (266,25,406,'',6,'LERIDA','Lérida',1);
INSERT INTO `B65362949_c_departements` VALUES (267,26,415,'',15,'LA RIOJA','La Rioja',1);
INSERT INTO `B65362949_c_departements` VALUES (268,27,413,'',13,'LUGO','Lugo',1);
INSERT INTO `B65362949_c_departements` VALUES (269,28,416,'',16,'MADRID','Madrid',1);
INSERT INTO `B65362949_c_departements` VALUES (270,29,401,'',1,'MALAGA','Málaga',1);
INSERT INTO `B65362949_c_departements` VALUES (271,30,417,'',17,'MURCIA','Murcia',1);
INSERT INTO `B65362949_c_departements` VALUES (272,31,408,'',8,'NAVARRA','Navarra',1);
INSERT INTO `B65362949_c_departements` VALUES (273,32,413,'',13,'ORENSE','Orense',1);
INSERT INTO `B65362949_c_departements` VALUES (274,33,418,'',18,'ASTURIAS','Asturias',1);
INSERT INTO `B65362949_c_departements` VALUES (275,34,403,'',3,'PALENCIA','Palencia',1);
INSERT INTO `B65362949_c_departements` VALUES (276,35,405,'',5,'LAS PALMAS','Las Palmas',1);
INSERT INTO `B65362949_c_departements` VALUES (277,36,413,'',13,'PONTEVEDRA','Pontevedra',1);
INSERT INTO `B65362949_c_departements` VALUES (278,37,403,'',3,'SALAMANCA','Salamanca',1);
INSERT INTO `B65362949_c_departements` VALUES (279,38,405,'',5,'STA. CRUZ DE TENERIFE','Sta. Cruz de Tenerife',1);
INSERT INTO `B65362949_c_departements` VALUES (280,39,410,'',10,'CANTABRIA','Cantabria',1);
INSERT INTO `B65362949_c_departements` VALUES (281,40,403,'',3,'SEGOVIA','Segovia',1);
INSERT INTO `B65362949_c_departements` VALUES (282,41,401,'',1,'SEVILLA','Sevilla',1);
INSERT INTO `B65362949_c_departements` VALUES (283,42,403,'',3,'SORIA','Soria',1);
INSERT INTO `B65362949_c_departements` VALUES (284,43,406,'',6,'TARRAGONA','Tarragona',1);
INSERT INTO `B65362949_c_departements` VALUES (285,44,402,'',2,'TERUEL','Teruel',1);
INSERT INTO `B65362949_c_departements` VALUES (286,45,404,'',5,'TOLEDO','Toledo',1);
INSERT INTO `B65362949_c_departements` VALUES (287,46,411,'',11,'VALENCIA','Valencia',1);
INSERT INTO `B65362949_c_departements` VALUES (288,47,403,'',3,'VALLADOLID','Valladolid',1);
INSERT INTO `B65362949_c_departements` VALUES (289,48,419,'',19,'VIZCAYA','Vizcaya',1);
INSERT INTO `B65362949_c_departements` VALUES (290,49,403,'',3,'ZAMORA','Zamora',1);
INSERT INTO `B65362949_c_departements` VALUES (291,50,402,'',1,'ZARAGOZA','Zaragoza',1);
INSERT INTO `B65362949_c_departements` VALUES (292,51,407,'',7,'CEUTA','Ceuta',1);
INSERT INTO `B65362949_c_departements` VALUES (293,52,409,'',9,'MELILLA','Melilla',1);
INSERT INTO `B65362949_c_departements` VALUES (294,53,420,'',20,'OTROS','Otros',1);
INSERT INTO `B65362949_c_departements` VALUES (295,'BW',501,NULL,NULL,'BADEN-WÜRTTEMBERG','Baden-Württemberg',1);
INSERT INTO `B65362949_c_departements` VALUES (296,'BY',501,NULL,NULL,'BAYERN','Bayern',1);
INSERT INTO `B65362949_c_departements` VALUES (297,'BE',501,NULL,NULL,'BERLIN','Berlin',1);
INSERT INTO `B65362949_c_departements` VALUES (298,'BB',501,NULL,NULL,'BRANDENBURG','Brandenburg',1);
INSERT INTO `B65362949_c_departements` VALUES (299,'HB',501,NULL,NULL,'BREMEN','Bremen',1);
INSERT INTO `B65362949_c_departements` VALUES (300,'HH',501,NULL,NULL,'HAMBURG','Hamburg',1);
INSERT INTO `B65362949_c_departements` VALUES (301,'HE',501,NULL,NULL,'HESSEN','Hessen',1);
INSERT INTO `B65362949_c_departements` VALUES (302,'MV',501,NULL,NULL,'MECKLENBURG-VORPOMMERN','Mecklenburg-Vorpommern',1);
INSERT INTO `B65362949_c_departements` VALUES (303,'NI',501,NULL,NULL,'NIEDERSACHSEN','Niedersachsen',1);
INSERT INTO `B65362949_c_departements` VALUES (304,'NW',501,NULL,NULL,'NORDRHEIN-WESTFALEN','Nordrhein-Westfalen',1);
INSERT INTO `B65362949_c_departements` VALUES (305,'RP',501,NULL,NULL,'RHEINLAND-PFALZ','Rheinland-Pfalz',1);
INSERT INTO `B65362949_c_departements` VALUES (306,'SL',501,NULL,NULL,'SAARLAND','Saarland',1);
INSERT INTO `B65362949_c_departements` VALUES (307,'SN',501,NULL,NULL,'SACHSEN','Sachsen',1);
INSERT INTO `B65362949_c_departements` VALUES (308,'ST',501,NULL,NULL,'SACHSEN-ANHALT','Sachsen-Anhalt',1);
INSERT INTO `B65362949_c_departements` VALUES (309,'SH',501,NULL,NULL,'SCHLESWIG-HOLSTEIN','Schleswig-Holstein',1);
INSERT INTO `B65362949_c_departements` VALUES (310,'TH',501,NULL,NULL,'THÜRINGEN','Thüringen',1);
INSERT INTO `B65362949_c_departements` VALUES (311,66,10201,'',0,'','Αθήνα',1);
INSERT INTO `B65362949_c_departements` VALUES (312,67,10205,'',0,'','Δράμα',1);
INSERT INTO `B65362949_c_departements` VALUES (313,'01',10205,'',0,'','Έβρος',1);
INSERT INTO `B65362949_c_departements` VALUES (314,'02',10205,'',0,'','Θάσος',1);
INSERT INTO `B65362949_c_departements` VALUES (315,'03',10205,'',0,'','Καβάλα',1);
INSERT INTO `B65362949_c_departements` VALUES (316,'04',10205,'',0,'','Ξάνθη',1);
INSERT INTO `B65362949_c_departements` VALUES (317,'05',10205,'',0,'','Ροδόπη',1);
INSERT INTO `B65362949_c_departements` VALUES (318,'06',10203,'',0,'','Ημαθία',1);
INSERT INTO `B65362949_c_departements` VALUES (319,'07',10203,'',0,'','Θεσσαλονίκη',1);
INSERT INTO `B65362949_c_departements` VALUES (320,'08',10203,'',0,'','Κιλκίς',1);
INSERT INTO `B65362949_c_departements` VALUES (321,'09',10203,'',0,'','Πέλλα',1);
INSERT INTO `B65362949_c_departements` VALUES (322,10,10203,'',0,'','Πιερία',1);
INSERT INTO `B65362949_c_departements` VALUES (323,11,10203,'',0,'','Σέρρες',1);
INSERT INTO `B65362949_c_departements` VALUES (324,12,10203,'',0,'','Χαλκιδική',1);
INSERT INTO `B65362949_c_departements` VALUES (325,13,10206,'',0,'','Άρτα',1);
INSERT INTO `B65362949_c_departements` VALUES (326,14,10206,'',0,'','Θεσπρωτία',1);
INSERT INTO `B65362949_c_departements` VALUES (327,15,10206,'',0,'','Ιωάννινα',1);
INSERT INTO `B65362949_c_departements` VALUES (328,16,10206,'',0,'','Πρέβεζα',1);
INSERT INTO `B65362949_c_departements` VALUES (329,17,10213,'',0,'','Γρεβενά',1);
INSERT INTO `B65362949_c_departements` VALUES (330,18,10213,'',0,'','Καστοριά',1);
INSERT INTO `B65362949_c_departements` VALUES (331,19,10213,'',0,'','Κοζάνη',1);
INSERT INTO `B65362949_c_departements` VALUES (332,20,10213,'',0,'','Φλώρινα',1);
INSERT INTO `B65362949_c_departements` VALUES (333,21,10212,'',0,'','Καρδίτσα',1);
INSERT INTO `B65362949_c_departements` VALUES (334,22,10212,'',0,'','Λάρισα',1);
INSERT INTO `B65362949_c_departements` VALUES (335,23,10212,'',0,'','Μαγνησία',1);
INSERT INTO `B65362949_c_departements` VALUES (336,24,10212,'',0,'','Τρίκαλα',1);
INSERT INTO `B65362949_c_departements` VALUES (337,25,10212,'',0,'','Σποράδες',1);
INSERT INTO `B65362949_c_departements` VALUES (338,26,10212,'',0,'','Βοιωτία',1);
INSERT INTO `B65362949_c_departements` VALUES (339,27,10202,'',0,'','Εύβοια',1);
INSERT INTO `B65362949_c_departements` VALUES (340,28,10202,'',0,'','Ευρυτανία',1);
INSERT INTO `B65362949_c_departements` VALUES (341,29,10202,'',0,'','Φθιώτιδα',1);
INSERT INTO `B65362949_c_departements` VALUES (342,30,10202,'',0,'','Φωκίδα',1);
INSERT INTO `B65362949_c_departements` VALUES (343,31,10209,'',0,'','Αργολίδα',1);
INSERT INTO `B65362949_c_departements` VALUES (344,32,10209,'',0,'','Αρκαδία',1);
INSERT INTO `B65362949_c_departements` VALUES (345,33,10209,'',0,'','Κορινθία',1);
INSERT INTO `B65362949_c_departements` VALUES (346,34,10209,'',0,'','Λακωνία',1);
INSERT INTO `B65362949_c_departements` VALUES (347,35,10209,'',0,'','Μεσσηνία',1);
INSERT INTO `B65362949_c_departements` VALUES (348,36,10211,'',0,'','Αιτωλοακαρνανία',1);
INSERT INTO `B65362949_c_departements` VALUES (349,37,10211,'',0,'','Αχαΐα',1);
INSERT INTO `B65362949_c_departements` VALUES (350,38,10211,'',0,'','Ηλεία',1);
INSERT INTO `B65362949_c_departements` VALUES (351,39,10207,'',0,'','Ζάκυνθος',1);
INSERT INTO `B65362949_c_departements` VALUES (352,40,10207,'',0,'','Κέρκυρα',1);
INSERT INTO `B65362949_c_departements` VALUES (353,41,10207,'',0,'','Κεφαλληνία',1);
INSERT INTO `B65362949_c_departements` VALUES (354,42,10207,'',0,'','Ιθάκη',1);
INSERT INTO `B65362949_c_departements` VALUES (355,43,10207,'',0,'','Λευκάδα',1);
INSERT INTO `B65362949_c_departements` VALUES (356,44,10208,'',0,'','Ικαρία',1);
INSERT INTO `B65362949_c_departements` VALUES (357,45,10208,'',0,'','Λέσβος',1);
INSERT INTO `B65362949_c_departements` VALUES (358,46,10208,'',0,'','Λήμνος',1);
INSERT INTO `B65362949_c_departements` VALUES (359,47,10208,'',0,'','Σάμος',1);
INSERT INTO `B65362949_c_departements` VALUES (360,48,10208,'',0,'','Χίος',1);
INSERT INTO `B65362949_c_departements` VALUES (361,49,10210,'',0,'','Άνδρος',1);
INSERT INTO `B65362949_c_departements` VALUES (362,50,10210,'',0,'','Θήρα',1);
INSERT INTO `B65362949_c_departements` VALUES (363,51,10210,'',0,'','Κάλυμνος',1);
INSERT INTO `B65362949_c_departements` VALUES (364,52,10210,'',0,'','Κάρπαθος',1);
INSERT INTO `B65362949_c_departements` VALUES (365,53,10210,'',0,'','Κέα-Κύθνος',1);
INSERT INTO `B65362949_c_departements` VALUES (366,54,10210,'',0,'','Κω',1);
INSERT INTO `B65362949_c_departements` VALUES (367,55,10210,'',0,'','Μήλος',1);
INSERT INTO `B65362949_c_departements` VALUES (368,56,10210,'',0,'','Μύκονος',1);
INSERT INTO `B65362949_c_departements` VALUES (369,57,10210,'',0,'','Νάξος',1);
INSERT INTO `B65362949_c_departements` VALUES (370,58,10210,'',0,'','Πάρος',1);
INSERT INTO `B65362949_c_departements` VALUES (371,59,10210,'',0,'','Ρόδος',1);
INSERT INTO `B65362949_c_departements` VALUES (372,60,10210,'',0,'','Σύρος',1);
INSERT INTO `B65362949_c_departements` VALUES (373,61,10210,'',0,'','Τήνος',1);
INSERT INTO `B65362949_c_departements` VALUES (374,62,10204,'',0,'','Ηράκλειο',1);
INSERT INTO `B65362949_c_departements` VALUES (375,63,10204,'',0,'','Λασίθι',1);
INSERT INTO `B65362949_c_departements` VALUES (376,64,10204,'',0,'','Ρέθυμνο',1);
INSERT INTO `B65362949_c_departements` VALUES (377,65,10204,'',0,'','Χανιά',1);
INSERT INTO `B65362949_c_departements` VALUES (378,'AG',601,NULL,NULL,'ARGOVIE','Argovie',1);
INSERT INTO `B65362949_c_departements` VALUES (379,'AI',601,NULL,NULL,'APPENZELL RHODES INTERIEURES','Appenzell Rhodes intérieures',1);
INSERT INTO `B65362949_c_departements` VALUES (380,'AR',601,NULL,NULL,'APPENZELL RHODES EXTERIEURES','Appenzell Rhodes extérieures',1);
INSERT INTO `B65362949_c_departements` VALUES (381,'BE',601,NULL,NULL,'BERNE','Berne',1);
INSERT INTO `B65362949_c_departements` VALUES (382,'BL',601,NULL,NULL,'BALE CAMPAGNE','Bâle Campagne',1);
INSERT INTO `B65362949_c_departements` VALUES (383,'BS',601,NULL,NULL,'BALE VILLE','Bâle Ville',1);
INSERT INTO `B65362949_c_departements` VALUES (384,'FR',601,NULL,NULL,'FRIBOURG','Fribourg',1);
INSERT INTO `B65362949_c_departements` VALUES (385,'GE',601,NULL,NULL,'GENEVE','Genève',1);
INSERT INTO `B65362949_c_departements` VALUES (386,'GL',601,NULL,NULL,'GLARIS','Glaris',1);
INSERT INTO `B65362949_c_departements` VALUES (387,'GR',601,NULL,NULL,'GRISONS','Grisons',1);
INSERT INTO `B65362949_c_departements` VALUES (388,'JU',601,NULL,NULL,'JURA','Jura',1);
INSERT INTO `B65362949_c_departements` VALUES (389,'LU',601,NULL,NULL,'LUCERNE','Lucerne',1);
INSERT INTO `B65362949_c_departements` VALUES (390,'NE',601,NULL,NULL,'NEUCHATEL','Neuchâtel',1);
INSERT INTO `B65362949_c_departements` VALUES (391,'NW',601,NULL,NULL,'NIDWALD','Nidwald',1);
INSERT INTO `B65362949_c_departements` VALUES (392,'OW',601,NULL,NULL,'OBWALD','Obwald',1);
INSERT INTO `B65362949_c_departements` VALUES (393,'SG',601,NULL,NULL,'SAINT-GALL','Saint-Gall',1);
INSERT INTO `B65362949_c_departements` VALUES (394,'SH',601,NULL,NULL,'SCHAFFHOUSE','Schaffhouse',1);
INSERT INTO `B65362949_c_departements` VALUES (395,'SO',601,NULL,NULL,'SOLEURE','Soleure',1);
INSERT INTO `B65362949_c_departements` VALUES (396,'SZ',601,NULL,NULL,'SCHWYZ','Schwyz',1);
INSERT INTO `B65362949_c_departements` VALUES (397,'TG',601,NULL,NULL,'THURGOVIE','Thurgovie',1);
INSERT INTO `B65362949_c_departements` VALUES (398,'TI',601,NULL,NULL,'TESSIN','Tessin',1);
INSERT INTO `B65362949_c_departements` VALUES (399,'UR',601,NULL,NULL,'URI','Uri',1);
INSERT INTO `B65362949_c_departements` VALUES (400,'VD',601,NULL,NULL,'VAUD','Vaud',1);
INSERT INTO `B65362949_c_departements` VALUES (401,'VS',601,NULL,NULL,'VALAIS','Valais',1);
INSERT INTO `B65362949_c_departements` VALUES (402,'ZG',601,NULL,NULL,'ZUG','Zug',1);
INSERT INTO `B65362949_c_departements` VALUES (403,'ZH',601,NULL,NULL,'ZURICH','Zürich',1);
INSERT INTO `B65362949_c_departements` VALUES (404,701,701,NULL,0,NULL,'Bedfordshire',1);
INSERT INTO `B65362949_c_departements` VALUES (405,702,701,NULL,0,NULL,'Berkshire',1);
INSERT INTO `B65362949_c_departements` VALUES (406,703,701,NULL,0,NULL,'Bristol, City of',1);
INSERT INTO `B65362949_c_departements` VALUES (407,704,701,NULL,0,NULL,'Buckinghamshire',1);
INSERT INTO `B65362949_c_departements` VALUES (408,705,701,NULL,0,NULL,'Cambridgeshire',1);
INSERT INTO `B65362949_c_departements` VALUES (409,706,701,NULL,0,NULL,'Cheshire',1);
INSERT INTO `B65362949_c_departements` VALUES (410,707,701,NULL,0,NULL,'Cleveland',1);
INSERT INTO `B65362949_c_departements` VALUES (411,708,701,NULL,0,NULL,'Cornwall',1);
INSERT INTO `B65362949_c_departements` VALUES (412,709,701,NULL,0,NULL,'Cumberland',1);
INSERT INTO `B65362949_c_departements` VALUES (413,710,701,NULL,0,NULL,'Cumbria',1);
INSERT INTO `B65362949_c_departements` VALUES (414,711,701,NULL,0,NULL,'Derbyshire',1);
INSERT INTO `B65362949_c_departements` VALUES (415,712,701,NULL,0,NULL,'Devon',1);
INSERT INTO `B65362949_c_departements` VALUES (416,713,701,NULL,0,NULL,'Dorset',1);
INSERT INTO `B65362949_c_departements` VALUES (417,714,701,NULL,0,NULL,'Co. Durham',1);
INSERT INTO `B65362949_c_departements` VALUES (418,715,701,NULL,0,NULL,'East Riding of Yorkshire',1);
INSERT INTO `B65362949_c_departements` VALUES (419,716,701,NULL,0,NULL,'East Sussex',1);
INSERT INTO `B65362949_c_departements` VALUES (420,717,701,NULL,0,NULL,'Essex',1);
INSERT INTO `B65362949_c_departements` VALUES (421,718,701,NULL,0,NULL,'Gloucestershire',1);
INSERT INTO `B65362949_c_departements` VALUES (422,719,701,NULL,0,NULL,'Greater Manchester',1);
INSERT INTO `B65362949_c_departements` VALUES (423,720,701,NULL,0,NULL,'Hampshire',1);
INSERT INTO `B65362949_c_departements` VALUES (424,721,701,NULL,0,NULL,'Hertfordshire',1);
INSERT INTO `B65362949_c_departements` VALUES (425,722,701,NULL,0,NULL,'Hereford and Worcester',1);
INSERT INTO `B65362949_c_departements` VALUES (426,723,701,NULL,0,NULL,'Herefordshire',1);
INSERT INTO `B65362949_c_departements` VALUES (427,724,701,NULL,0,NULL,'Huntingdonshire',1);
INSERT INTO `B65362949_c_departements` VALUES (428,725,701,NULL,0,NULL,'Isle of Man',1);
INSERT INTO `B65362949_c_departements` VALUES (429,726,701,NULL,0,NULL,'Isle of Wight',1);
INSERT INTO `B65362949_c_departements` VALUES (430,727,701,NULL,0,NULL,'Jersey',1);
INSERT INTO `B65362949_c_departements` VALUES (431,728,701,NULL,0,NULL,'Kent',1);
INSERT INTO `B65362949_c_departements` VALUES (432,729,701,NULL,0,NULL,'Lancashire',1);
INSERT INTO `B65362949_c_departements` VALUES (433,730,701,NULL,0,NULL,'Leicestershire',1);
INSERT INTO `B65362949_c_departements` VALUES (434,731,701,NULL,0,NULL,'Lincolnshire',1);
INSERT INTO `B65362949_c_departements` VALUES (435,732,701,NULL,0,NULL,'London - City of London',1);
INSERT INTO `B65362949_c_departements` VALUES (436,733,701,NULL,0,NULL,'Merseyside',1);
INSERT INTO `B65362949_c_departements` VALUES (437,734,701,NULL,0,NULL,'Middlesex',1);
INSERT INTO `B65362949_c_departements` VALUES (438,735,701,NULL,0,NULL,'Norfolk',1);
INSERT INTO `B65362949_c_departements` VALUES (439,736,701,NULL,0,NULL,'North Yorkshire',1);
INSERT INTO `B65362949_c_departements` VALUES (440,737,701,NULL,0,NULL,'North Riding of Yorkshire',1);
INSERT INTO `B65362949_c_departements` VALUES (441,738,701,NULL,0,NULL,'Northamptonshire',1);
INSERT INTO `B65362949_c_departements` VALUES (442,739,701,NULL,0,NULL,'Northumberland',1);
INSERT INTO `B65362949_c_departements` VALUES (443,740,701,NULL,0,NULL,'Nottinghamshire',1);
INSERT INTO `B65362949_c_departements` VALUES (444,741,701,NULL,0,NULL,'Oxfordshire',1);
INSERT INTO `B65362949_c_departements` VALUES (445,742,701,NULL,0,NULL,'Rutland',1);
INSERT INTO `B65362949_c_departements` VALUES (446,743,701,NULL,0,NULL,'Shropshire',1);
INSERT INTO `B65362949_c_departements` VALUES (447,744,701,NULL,0,NULL,'Somerset',1);
INSERT INTO `B65362949_c_departements` VALUES (448,745,701,NULL,0,NULL,'Staffordshire',1);
INSERT INTO `B65362949_c_departements` VALUES (449,746,701,NULL,0,NULL,'Suffolk',1);
INSERT INTO `B65362949_c_departements` VALUES (450,747,701,NULL,0,NULL,'Surrey',1);
INSERT INTO `B65362949_c_departements` VALUES (451,748,701,NULL,0,NULL,'Sussex',1);
INSERT INTO `B65362949_c_departements` VALUES (452,749,701,NULL,0,NULL,'Tyne and Wear',1);
INSERT INTO `B65362949_c_departements` VALUES (453,750,701,NULL,0,NULL,'Warwickshire',1);
INSERT INTO `B65362949_c_departements` VALUES (454,751,701,NULL,0,NULL,'West Midlands',1);
INSERT INTO `B65362949_c_departements` VALUES (455,752,701,NULL,0,NULL,'West Sussex',1);
INSERT INTO `B65362949_c_departements` VALUES (456,753,701,NULL,0,NULL,'West Yorkshire',1);
INSERT INTO `B65362949_c_departements` VALUES (457,754,701,NULL,0,NULL,'West Riding of Yorkshire',1);
INSERT INTO `B65362949_c_departements` VALUES (458,755,701,NULL,0,NULL,'Wiltshire',1);
INSERT INTO `B65362949_c_departements` VALUES (459,756,701,NULL,0,NULL,'Worcestershire',1);
INSERT INTO `B65362949_c_departements` VALUES (460,757,701,NULL,0,NULL,'Yorkshire',1);
INSERT INTO `B65362949_c_departements` VALUES (461,758,702,NULL,0,NULL,'Anglesey',1);
INSERT INTO `B65362949_c_departements` VALUES (462,759,702,NULL,0,NULL,'Breconshire',1);
INSERT INTO `B65362949_c_departements` VALUES (463,760,702,NULL,0,NULL,'Caernarvonshire',1);
INSERT INTO `B65362949_c_departements` VALUES (464,761,702,NULL,0,NULL,'Cardiganshire',1);
INSERT INTO `B65362949_c_departements` VALUES (465,762,702,NULL,0,NULL,'Carmarthenshire',1);
INSERT INTO `B65362949_c_departements` VALUES (466,763,702,NULL,0,NULL,'Ceredigion',1);
INSERT INTO `B65362949_c_departements` VALUES (467,764,702,NULL,0,NULL,'Denbighshire',1);
INSERT INTO `B65362949_c_departements` VALUES (468,765,702,NULL,0,NULL,'Flintshire',1);
INSERT INTO `B65362949_c_departements` VALUES (469,766,702,NULL,0,NULL,'Glamorgan',1);
INSERT INTO `B65362949_c_departements` VALUES (470,767,702,NULL,0,NULL,'Gwent',1);
INSERT INTO `B65362949_c_departements` VALUES (471,768,702,NULL,0,NULL,'Gwynedd',1);
INSERT INTO `B65362949_c_departements` VALUES (472,769,702,NULL,0,NULL,'Merionethshire',1);
INSERT INTO `B65362949_c_departements` VALUES (473,770,702,NULL,0,NULL,'Monmouthshire',1);
INSERT INTO `B65362949_c_departements` VALUES (474,771,702,NULL,0,NULL,'Mid Glamorgan',1);
INSERT INTO `B65362949_c_departements` VALUES (475,772,702,NULL,0,NULL,'Montgomeryshire',1);
INSERT INTO `B65362949_c_departements` VALUES (476,773,702,NULL,0,NULL,'Pembrokeshire',1);
INSERT INTO `B65362949_c_departements` VALUES (477,774,702,NULL,0,NULL,'Powys',1);
INSERT INTO `B65362949_c_departements` VALUES (478,775,702,NULL,0,NULL,'Radnorshire',1);
INSERT INTO `B65362949_c_departements` VALUES (479,776,702,NULL,0,NULL,'South Glamorgan',1);
INSERT INTO `B65362949_c_departements` VALUES (480,777,703,NULL,0,NULL,'Aberdeen, City of',1);
INSERT INTO `B65362949_c_departements` VALUES (481,778,703,NULL,0,NULL,'Angus',1);
INSERT INTO `B65362949_c_departements` VALUES (482,779,703,NULL,0,NULL,'Argyll',1);
INSERT INTO `B65362949_c_departements` VALUES (483,780,703,NULL,0,NULL,'Ayrshire',1);
INSERT INTO `B65362949_c_departements` VALUES (484,781,703,NULL,0,NULL,'Banffshire',1);
INSERT INTO `B65362949_c_departements` VALUES (485,782,703,NULL,0,NULL,'Berwickshire',1);
INSERT INTO `B65362949_c_departements` VALUES (486,783,703,NULL,0,NULL,'Bute',1);
INSERT INTO `B65362949_c_departements` VALUES (487,784,703,NULL,0,NULL,'Caithness',1);
INSERT INTO `B65362949_c_departements` VALUES (488,785,703,NULL,0,NULL,'Clackmannanshire',1);
INSERT INTO `B65362949_c_departements` VALUES (489,786,703,NULL,0,NULL,'Dumfriesshire',1);
INSERT INTO `B65362949_c_departements` VALUES (490,787,703,NULL,0,NULL,'Dumbartonshire',1);
INSERT INTO `B65362949_c_departements` VALUES (491,788,703,NULL,0,NULL,'Dundee, City of',1);
INSERT INTO `B65362949_c_departements` VALUES (492,789,703,NULL,0,NULL,'East Lothian',1);
INSERT INTO `B65362949_c_departements` VALUES (493,790,703,NULL,0,NULL,'Fife',1);
INSERT INTO `B65362949_c_departements` VALUES (494,791,703,NULL,0,NULL,'Inverness',1);
INSERT INTO `B65362949_c_departements` VALUES (495,792,703,NULL,0,NULL,'Kincardineshire',1);
INSERT INTO `B65362949_c_departements` VALUES (496,793,703,NULL,0,NULL,'Kinross-shire',1);
INSERT INTO `B65362949_c_departements` VALUES (497,794,703,NULL,0,NULL,'Kirkcudbrightshire',1);
INSERT INTO `B65362949_c_departements` VALUES (498,795,703,NULL,0,NULL,'Lanarkshire',1);
INSERT INTO `B65362949_c_departements` VALUES (499,796,703,NULL,0,NULL,'Midlothian',1);
INSERT INTO `B65362949_c_departements` VALUES (500,797,703,NULL,0,NULL,'Morayshire',1);
INSERT INTO `B65362949_c_departements` VALUES (501,798,703,NULL,0,NULL,'Nairnshire',1);
INSERT INTO `B65362949_c_departements` VALUES (502,799,703,NULL,0,NULL,'Orkney',1);
INSERT INTO `B65362949_c_departements` VALUES (503,800,703,NULL,0,NULL,'Peebleshire',1);
INSERT INTO `B65362949_c_departements` VALUES (504,801,703,NULL,0,NULL,'Perthshire',1);
INSERT INTO `B65362949_c_departements` VALUES (505,802,703,NULL,0,NULL,'Renfrewshire',1);
INSERT INTO `B65362949_c_departements` VALUES (506,803,703,NULL,0,NULL,'Ross & Cromarty',1);
INSERT INTO `B65362949_c_departements` VALUES (507,804,703,NULL,0,NULL,'Roxburghshire',1);
INSERT INTO `B65362949_c_departements` VALUES (508,805,703,NULL,0,NULL,'Selkirkshire',1);
INSERT INTO `B65362949_c_departements` VALUES (509,806,703,NULL,0,NULL,'Shetland',1);
INSERT INTO `B65362949_c_departements` VALUES (510,807,703,NULL,0,NULL,'Stirlingshire',1);
INSERT INTO `B65362949_c_departements` VALUES (511,808,703,NULL,0,NULL,'Sutherland',1);
INSERT INTO `B65362949_c_departements` VALUES (512,809,703,NULL,0,NULL,'West Lothian',1);
INSERT INTO `B65362949_c_departements` VALUES (513,810,703,NULL,0,NULL,'Wigtownshire',1);
INSERT INTO `B65362949_c_departements` VALUES (514,811,704,NULL,0,NULL,'Antrim',1);
INSERT INTO `B65362949_c_departements` VALUES (515,812,704,NULL,0,NULL,'Armagh',1);
INSERT INTO `B65362949_c_departements` VALUES (516,813,704,NULL,0,NULL,'Co. Down',1);
INSERT INTO `B65362949_c_departements` VALUES (517,814,704,NULL,0,NULL,'Co. Fermanagh',1);
INSERT INTO `B65362949_c_departements` VALUES (518,815,704,NULL,0,NULL,'Co. Londonderry',1);
INSERT INTO `B65362949_c_departements` VALUES (519,'AL',1101,'',0,'ALABAMA','Alabama',1);
INSERT INTO `B65362949_c_departements` VALUES (520,'AK',1101,'',0,'ALASKA','Alaska',1);
INSERT INTO `B65362949_c_departements` VALUES (521,'AZ',1101,'',0,'ARIZONA','Arizona',1);
INSERT INTO `B65362949_c_departements` VALUES (522,'AR',1101,'',0,'ARKANSAS','Arkansas',1);
INSERT INTO `B65362949_c_departements` VALUES (523,'CA',1101,'',0,'CALIFORNIA','California',1);
INSERT INTO `B65362949_c_departements` VALUES (524,'CO',1101,'',0,'COLORADO','Colorado',1);
INSERT INTO `B65362949_c_departements` VALUES (525,'CT',1101,'',0,'CONNECTICUT','Connecticut',1);
INSERT INTO `B65362949_c_departements` VALUES (526,'DE',1101,'',0,'DELAWARE','Delaware',1);
INSERT INTO `B65362949_c_departements` VALUES (527,'FL',1101,'',0,'FLORIDA','Florida',1);
INSERT INTO `B65362949_c_departements` VALUES (528,'GA',1101,'',0,'GEORGIA','Georgia',1);
INSERT INTO `B65362949_c_departements` VALUES (529,'HI',1101,'',0,'HAWAII','Hawaii',1);
INSERT INTO `B65362949_c_departements` VALUES (530,'ID',1101,'',0,'IDAHO','Idaho',1);
INSERT INTO `B65362949_c_departements` VALUES (531,'IL',1101,'',0,'ILLINOIS','Illinois',1);
INSERT INTO `B65362949_c_departements` VALUES (532,'IN',1101,'',0,'INDIANA','Indiana',1);
INSERT INTO `B65362949_c_departements` VALUES (533,'IA',1101,'',0,'IOWA','Iowa',1);
INSERT INTO `B65362949_c_departements` VALUES (534,'KS',1101,'',0,'KANSAS','Kansas',1);
INSERT INTO `B65362949_c_departements` VALUES (535,'KY',1101,'',0,'KENTUCKY','Kentucky',1);
INSERT INTO `B65362949_c_departements` VALUES (536,'LA',1101,'',0,'LOUISIANA','Louisiana',1);
INSERT INTO `B65362949_c_departements` VALUES (537,'ME',1101,'',0,'MAINE','Maine',1);
INSERT INTO `B65362949_c_departements` VALUES (538,'MD',1101,'',0,'MARYLAND','Maryland',1);
INSERT INTO `B65362949_c_departements` VALUES (539,'MA',1101,'',0,'MASSACHUSSETTS','Massachusetts',1);
INSERT INTO `B65362949_c_departements` VALUES (540,'MI',1101,'',0,'MICHIGAN','Michigan',1);
INSERT INTO `B65362949_c_departements` VALUES (541,'MN',1101,'',0,'MINNESOTA','Minnesota',1);
INSERT INTO `B65362949_c_departements` VALUES (542,'MS',1101,'',0,'MISSISSIPPI','Mississippi',1);
INSERT INTO `B65362949_c_departements` VALUES (543,'MO',1101,'',0,'MISSOURI','Missouri',1);
INSERT INTO `B65362949_c_departements` VALUES (544,'MT',1101,'',0,'MONTANA','Montana',1);
INSERT INTO `B65362949_c_departements` VALUES (545,'NE',1101,'',0,'NEBRASKA','Nebraska',1);
INSERT INTO `B65362949_c_departements` VALUES (546,'NV',1101,'',0,'NEVADA','Nevada',1);
INSERT INTO `B65362949_c_departements` VALUES (547,'NH',1101,'',0,'NEW HAMPSHIRE','New Hampshire',1);
INSERT INTO `B65362949_c_departements` VALUES (548,'NJ',1101,'',0,'NEW JERSEY','New Jersey',1);
INSERT INTO `B65362949_c_departements` VALUES (549,'NM',1101,'',0,'NEW MEXICO','New Mexico',1);
INSERT INTO `B65362949_c_departements` VALUES (550,'NY',1101,'',0,'NEW YORK','New York',1);
INSERT INTO `B65362949_c_departements` VALUES (551,'NC',1101,'',0,'NORTH CAROLINA','North Carolina',1);
INSERT INTO `B65362949_c_departements` VALUES (552,'ND',1101,'',0,'NORTH DAKOTA','North Dakota',1);
INSERT INTO `B65362949_c_departements` VALUES (553,'OH',1101,'',0,'OHIO','Ohio',1);
INSERT INTO `B65362949_c_departements` VALUES (554,'OK',1101,'',0,'OKLAHOMA','Oklahoma',1);
INSERT INTO `B65362949_c_departements` VALUES (555,'OR',1101,'',0,'OREGON','Oregon',1);
INSERT INTO `B65362949_c_departements` VALUES (556,'PA',1101,'',0,'PENNSYLVANIA','Pennsylvania',1);
INSERT INTO `B65362949_c_departements` VALUES (557,'RI',1101,'',0,'RHODE ISLAND','Rhode Island',1);
INSERT INTO `B65362949_c_departements` VALUES (558,'SC',1101,'',0,'SOUTH CAROLINA','South Carolina',1);
INSERT INTO `B65362949_c_departements` VALUES (559,'SD',1101,'',0,'SOUTH DAKOTA','South Dakota',1);
INSERT INTO `B65362949_c_departements` VALUES (560,'TN',1101,'',0,'TENNESSEE','Tennessee',1);
INSERT INTO `B65362949_c_departements` VALUES (561,'TX',1101,'',0,'TEXAS','Texas',1);
INSERT INTO `B65362949_c_departements` VALUES (562,'UT',1101,'',0,'UTAH','Utah',1);
INSERT INTO `B65362949_c_departements` VALUES (563,'VT',1101,'',0,'VERMONT','Vermont',1);
INSERT INTO `B65362949_c_departements` VALUES (564,'VA',1101,'',0,'VIRGINIA','Virginia',1);
INSERT INTO `B65362949_c_departements` VALUES (565,'WA',1101,'',0,'WASHINGTON','Washington',1);
INSERT INTO `B65362949_c_departements` VALUES (566,'WV',1101,'',0,'WEST VIRGINIA','West Virginia',1);
INSERT INTO `B65362949_c_departements` VALUES (567,'WI',1101,'',0,'WISCONSIN','Wisconsin',1);
INSERT INTO `B65362949_c_departements` VALUES (568,'WY',1101,'',0,'WYOMING','Wyoming',1);
INSERT INTO `B65362949_c_departements` VALUES (569,'GR',1701,NULL,NULL,NULL,'Groningen',1);
INSERT INTO `B65362949_c_departements` VALUES (570,'FR',1701,NULL,NULL,NULL,'Friesland',1);
INSERT INTO `B65362949_c_departements` VALUES (571,'DR',1701,NULL,NULL,NULL,'Drenthe',1);
INSERT INTO `B65362949_c_departements` VALUES (572,'OV',1701,NULL,NULL,NULL,'Overijssel',1);
INSERT INTO `B65362949_c_departements` VALUES (573,'GD',1701,NULL,NULL,NULL,'Gelderland',1);
INSERT INTO `B65362949_c_departements` VALUES (574,'FL',1701,NULL,NULL,NULL,'Flevoland',1);
INSERT INTO `B65362949_c_departements` VALUES (575,'UT',1701,NULL,NULL,NULL,'Utrecht',1);
INSERT INTO `B65362949_c_departements` VALUES (576,'NH',1701,NULL,NULL,NULL,'Noord-Holland',1);
INSERT INTO `B65362949_c_departements` VALUES (577,'ZH',1701,NULL,NULL,NULL,'Zuid-Holland',1);
INSERT INTO `B65362949_c_departements` VALUES (578,'ZL',1701,NULL,NULL,NULL,'Zeeland',1);
INSERT INTO `B65362949_c_departements` VALUES (579,'NB',1701,NULL,NULL,NULL,'Noord-Brabant',1);
INSERT INTO `B65362949_c_departements` VALUES (580,'LB',1701,NULL,NULL,NULL,'Limburg',1);
INSERT INTO `B65362949_c_departements` VALUES (581,'SS',8601,'',0,'','San Salvador',1);
INSERT INTO `B65362949_c_departements` VALUES (582,'SA',8603,'',0,'','Santa Ana',1);
INSERT INTO `B65362949_c_departements` VALUES (583,'AH',8603,'',0,'','Ahuachapan',1);
INSERT INTO `B65362949_c_departements` VALUES (584,'SO',8603,'',0,'','Sonsonate',1);
INSERT INTO `B65362949_c_departements` VALUES (585,'US',8602,'',0,'','Usulutan',1);
INSERT INTO `B65362949_c_departements` VALUES (586,'SM',8602,'',0,'','San Miguel',1);
INSERT INTO `B65362949_c_departements` VALUES (587,'MO',8602,'',0,'','Morazan',1);
INSERT INTO `B65362949_c_departements` VALUES (588,'LU',8602,'',0,'','La Union',1);
INSERT INTO `B65362949_c_departements` VALUES (589,'LL',8601,'',0,'','La Libertad',1);
INSERT INTO `B65362949_c_departements` VALUES (590,'CH',8601,'',0,'','Chalatenango',1);
INSERT INTO `B65362949_c_departements` VALUES (591,'CA',8601,'',0,'','Cabañas',1);
INSERT INTO `B65362949_c_departements` VALUES (592,'LP',8601,'',0,'','La Paz',1);
INSERT INTO `B65362949_c_departements` VALUES (593,'SV',8601,'',0,'','San Vicente',1);
INSERT INTO `B65362949_c_departements` VALUES (594,'CU',8601,'',0,'','Cuscatlan',1);
INSERT INTO `B65362949_c_departements` VALUES (595,2301,2301,'',0,'CATAMARCA','Catamarca',1);
INSERT INTO `B65362949_c_departements` VALUES (596,2302,2301,'',0,'JUJUY','Jujuy',1);
INSERT INTO `B65362949_c_departements` VALUES (597,2303,2301,'',0,'TUCAMAN','Tucamán',1);
INSERT INTO `B65362949_c_departements` VALUES (598,2304,2301,'',0,'SANTIAGO DEL ESTERO','Santiago del Estero',1);
INSERT INTO `B65362949_c_departements` VALUES (599,2305,2301,'',0,'SALTA','Salta',1);
INSERT INTO `B65362949_c_departements` VALUES (600,2306,2302,'',0,'CHACO','Chaco',1);
INSERT INTO `B65362949_c_departements` VALUES (601,2307,2302,'',0,'CORRIENTES','Corrientes',1);
INSERT INTO `B65362949_c_departements` VALUES (602,2308,2302,'',0,'ENTRE RIOS','Entre Ríos',1);
INSERT INTO `B65362949_c_departements` VALUES (603,2309,2302,'',0,'FORMOSA MISIONES','Formosa Misiones',1);
INSERT INTO `B65362949_c_departements` VALUES (604,2310,2302,'',0,'SANTA FE','Santa Fe',1);
INSERT INTO `B65362949_c_departements` VALUES (605,2311,2303,'',0,'LA RIOJA','La Rioja',1);
INSERT INTO `B65362949_c_departements` VALUES (606,2312,2303,'',0,'MENDOZA','Mendoza',1);
INSERT INTO `B65362949_c_departements` VALUES (607,2313,2303,'',0,'SAN JUAN','San Juan',1);
INSERT INTO `B65362949_c_departements` VALUES (608,2314,2303,'',0,'SAN LUIS','San Luis',1);
INSERT INTO `B65362949_c_departements` VALUES (609,2315,2304,'',0,'CORDOBA','Córdoba',1);
INSERT INTO `B65362949_c_departements` VALUES (610,2316,2304,'',0,'BUENOS AIRES','Buenos Aires',1);
INSERT INTO `B65362949_c_departements` VALUES (611,2317,2304,'',0,'CABA','Caba',1);
INSERT INTO `B65362949_c_departements` VALUES (612,2318,2305,'',0,'LA PAMPA','La Pampa',1);
INSERT INTO `B65362949_c_departements` VALUES (613,2319,2305,'',0,'NEUQUEN','Neuquén',1);
INSERT INTO `B65362949_c_departements` VALUES (614,2320,2305,'',0,'RIO NEGRO','Río Negro',1);
INSERT INTO `B65362949_c_departements` VALUES (615,2321,2305,'',0,'CHUBUT','Chubut',1);
INSERT INTO `B65362949_c_departements` VALUES (616,2322,2305,'',0,'SANTA CRUZ','Santa Cruz',1);
INSERT INTO `B65362949_c_departements` VALUES (617,2323,2305,'',0,'TIERRA DEL FUEGO','Tierra del Fuego',1);
INSERT INTO `B65362949_c_departements` VALUES (618,2324,2305,'',0,'ISLAS MALVINAS','Islas Malvinas',1);
INSERT INTO `B65362949_c_departements` VALUES (619,2325,2305,'',0,'ANTARTIDA','Antártida',1);
INSERT INTO `B65362949_c_departements` VALUES (620,'AC',5601,'ACRE',0,'AC','Acre',1);
INSERT INTO `B65362949_c_departements` VALUES (621,'AL',5601,'ALAGOAS',0,'AL','Alagoas',1);
INSERT INTO `B65362949_c_departements` VALUES (622,'AP',5601,'AMAPA',0,'AP','Amapá',1);
INSERT INTO `B65362949_c_departements` VALUES (623,'AM',5601,'AMAZONAS',0,'AM','Amazonas',1);
INSERT INTO `B65362949_c_departements` VALUES (624,'BA',5601,'BAHIA',0,'BA','Bahia',1);
INSERT INTO `B65362949_c_departements` VALUES (625,'CE',5601,'CEARA',0,'CE','Ceará',1);
INSERT INTO `B65362949_c_departements` VALUES (626,'ES',5601,'ESPIRITO SANTO',0,'ES','Espirito Santo',1);
INSERT INTO `B65362949_c_departements` VALUES (627,'GO',5601,'GOIAS',0,'GO','Goiás',1);
INSERT INTO `B65362949_c_departements` VALUES (628,'MA',5601,'MARANHAO',0,'MA','Maranhão',1);
INSERT INTO `B65362949_c_departements` VALUES (629,'MT',5601,'MATO GROSSO',0,'MT','Mato Grosso',1);
INSERT INTO `B65362949_c_departements` VALUES (630,'MS',5601,'MATO GROSSO DO SUL',0,'MS','Mato Grosso do Sul',1);
INSERT INTO `B65362949_c_departements` VALUES (631,'MG',5601,'MINAS GERAIS',0,'MG','Minas Gerais',1);
INSERT INTO `B65362949_c_departements` VALUES (632,'PA',5601,'PARA',0,'PA','Pará',1);
INSERT INTO `B65362949_c_departements` VALUES (633,'PB',5601,'PARAIBA',0,'PB','Paraiba',1);
INSERT INTO `B65362949_c_departements` VALUES (634,'PR',5601,'PARANA',0,'PR','Paraná',1);
INSERT INTO `B65362949_c_departements` VALUES (635,'PE',5601,'PERNAMBUCO',0,'PE','Pernambuco',1);
INSERT INTO `B65362949_c_departements` VALUES (636,'PI',5601,'PIAUI',0,'PI','Piauí',1);
INSERT INTO `B65362949_c_departements` VALUES (637,'RJ',5601,'RIO DE JANEIRO',0,'RJ','Rio de Janeiro',1);
INSERT INTO `B65362949_c_departements` VALUES (638,'RN',5601,'RIO GRANDE DO NORTE',0,'RN','Rio Grande do Norte',1);
INSERT INTO `B65362949_c_departements` VALUES (639,'RS',5601,'RIO GRANDE DO SUL',0,'RS','Rio Grande do Sul',1);
INSERT INTO `B65362949_c_departements` VALUES (640,'RO',5601,'RONDONIA',0,'RO','Rondônia',1);
INSERT INTO `B65362949_c_departements` VALUES (641,'RR',5601,'RORAIMA',0,'RR','Roraima',1);
INSERT INTO `B65362949_c_departements` VALUES (642,'SC',5601,'SANTA CATARINA',0,'SC','Santa Catarina',1);
INSERT INTO `B65362949_c_departements` VALUES (643,'SE',5601,'SERGIPE',0,'SE','Sergipe',1);
INSERT INTO `B65362949_c_departements` VALUES (644,'SP',5601,'SAO PAULO',0,'SP','Sao Paulo',1);
INSERT INTO `B65362949_c_departements` VALUES (645,'TO',5601,'TOCANTINS',0,'TO','Tocantins',1);
INSERT INTO `B65362949_c_departements` VALUES (646,'DF',5601,'DISTRITO FEDERAL',0,'DF','Distrito Federal',1);
INSERT INTO `B65362949_c_departements` VALUES (647,151,6715,'',0,151,'Arica',1);
INSERT INTO `B65362949_c_departements` VALUES (648,152,6715,'',0,152,'Parinacota',1);
INSERT INTO `B65362949_c_departements` VALUES (649,'011',6701,'',0,'011','Iquique',1);
INSERT INTO `B65362949_c_departements` VALUES (650,'014',6701,'',0,'014','Tamarugal',1);
INSERT INTO `B65362949_c_departements` VALUES (651,'021',6702,'',0,'021','Antofagasa',1);
INSERT INTO `B65362949_c_departements` VALUES (652,'022',6702,'',0,'022','El Loa',1);
INSERT INTO `B65362949_c_departements` VALUES (653,'023',6702,'',0,'023','Tocopilla',1);
INSERT INTO `B65362949_c_departements` VALUES (654,'031',6703,'',0,'031','Copiapó',1);
INSERT INTO `B65362949_c_departements` VALUES (655,'032',6703,'',0,'032','Chañaral',1);
INSERT INTO `B65362949_c_departements` VALUES (656,'033',6703,'',0,'033','Huasco',1);
INSERT INTO `B65362949_c_departements` VALUES (657,'041',6704,'',0,'041','Elqui',1);
INSERT INTO `B65362949_c_departements` VALUES (658,'042',6704,'',0,'042','Choapa',1);
INSERT INTO `B65362949_c_departements` VALUES (659,'043',6704,'',0,'043','Limarí',1);
INSERT INTO `B65362949_c_departements` VALUES (660,'051',6705,'',0,'051','Valparaíso',1);
INSERT INTO `B65362949_c_departements` VALUES (661,'052',6705,'',0,'052','Isla de Pascua',1);
INSERT INTO `B65362949_c_departements` VALUES (662,'053',6705,'',0,'053','Los Andes',1);
INSERT INTO `B65362949_c_departements` VALUES (663,'054',6705,'',0,'054','Petorca',1);
INSERT INTO `B65362949_c_departements` VALUES (664,'055',6705,'',0,'055','Quillota',1);
INSERT INTO `B65362949_c_departements` VALUES (665,'056',6705,'',0,'056','San Antonio',1);
INSERT INTO `B65362949_c_departements` VALUES (666,'057',6705,'',0,'057','San Felipe de Aconcagua',1);
INSERT INTO `B65362949_c_departements` VALUES (667,'058',6705,'',0,'058','Marga Marga',1);
INSERT INTO `B65362949_c_departements` VALUES (668,'061',6706,'',0,'061','Cachapoal',1);
INSERT INTO `B65362949_c_departements` VALUES (669,'062',6706,'',0,'062','Cardenal Caro',1);
INSERT INTO `B65362949_c_departements` VALUES (670,'063',6706,'',0,'063','Colchagua',1);
INSERT INTO `B65362949_c_departements` VALUES (671,'071',6707,'',0,'071','Talca',1);
INSERT INTO `B65362949_c_departements` VALUES (672,'072',6707,'',0,'072','Cauquenes',1);
INSERT INTO `B65362949_c_departements` VALUES (673,'073',6707,'',0,'073','Curicó',1);
INSERT INTO `B65362949_c_departements` VALUES (674,'074',6707,'',0,'074','Linares',1);
INSERT INTO `B65362949_c_departements` VALUES (675,'081',6708,'',0,'081','Concepción',1);
INSERT INTO `B65362949_c_departements` VALUES (676,'082',6708,'',0,'082','Arauco',1);
INSERT INTO `B65362949_c_departements` VALUES (677,'083',6708,'',0,'083','Biobío',1);
INSERT INTO `B65362949_c_departements` VALUES (678,'084',6708,'',0,'084','Ñuble',1);
INSERT INTO `B65362949_c_departements` VALUES (679,'091',6709,'',0,'091','Cautín',1);
INSERT INTO `B65362949_c_departements` VALUES (680,'092',6709,'',0,'092','Malleco',1);
INSERT INTO `B65362949_c_departements` VALUES (681,141,6714,'',0,141,'Valdivia',1);
INSERT INTO `B65362949_c_departements` VALUES (682,142,6714,'',0,142,'Ranco',1);
INSERT INTO `B65362949_c_departements` VALUES (683,101,6710,'',0,101,'Llanquihue',1);
INSERT INTO `B65362949_c_departements` VALUES (684,102,6710,'',0,102,'Chiloé',1);
INSERT INTO `B65362949_c_departements` VALUES (685,103,6710,'',0,103,'Osorno',1);
INSERT INTO `B65362949_c_departements` VALUES (686,104,6710,'',0,104,'Palena',1);
INSERT INTO `B65362949_c_departements` VALUES (687,111,6711,'',0,111,'Coihaique',1);
INSERT INTO `B65362949_c_departements` VALUES (688,112,6711,'',0,112,'Aisén',1);
INSERT INTO `B65362949_c_departements` VALUES (689,113,6711,'',0,113,'Capitán Prat',1);
INSERT INTO `B65362949_c_departements` VALUES (690,114,6711,'',0,114,'General Carrera',1);
INSERT INTO `B65362949_c_departements` VALUES (691,121,6712,'',0,121,'Magallanes',1);
INSERT INTO `B65362949_c_departements` VALUES (692,122,6712,'',0,122,'Antártica Chilena',1);
INSERT INTO `B65362949_c_departements` VALUES (693,123,6712,'',0,123,'Tierra del Fuego',1);
INSERT INTO `B65362949_c_departements` VALUES (694,124,6712,'',0,124,'Última Esperanza',1);
INSERT INTO `B65362949_c_departements` VALUES (695,131,6713,'',0,131,'Santiago',1);
INSERT INTO `B65362949_c_departements` VALUES (696,132,6713,'',0,132,'Cordillera',1);
INSERT INTO `B65362949_c_departements` VALUES (697,133,6713,'',0,133,'Chacabuco',1);
INSERT INTO `B65362949_c_departements` VALUES (698,134,6713,'',0,134,'Maipo',1);
INSERT INTO `B65362949_c_departements` VALUES (699,135,6713,'',0,135,'Melipilla',1);
INSERT INTO `B65362949_c_departements` VALUES (700,136,6713,'',0,136,'Talagante',1);
INSERT INTO `B65362949_c_departements` VALUES (701,'AN',11701,NULL,0,'AN','Andaman & Nicobar',1);
INSERT INTO `B65362949_c_departements` VALUES (702,'AP',11701,NULL,0,'AP','Andhra Pradesh',1);
INSERT INTO `B65362949_c_departements` VALUES (703,'AR',11701,NULL,0,'AR','Arunachal Pradesh',1);
INSERT INTO `B65362949_c_departements` VALUES (704,'AS',11701,NULL,0,'AS','Assam',1);
INSERT INTO `B65362949_c_departements` VALUES (705,'BR',11701,NULL,0,'BR','Bihar',1);
INSERT INTO `B65362949_c_departements` VALUES (706,'CG',11701,NULL,0,'CG','Chattisgarh',1);
INSERT INTO `B65362949_c_departements` VALUES (707,'CH',11701,NULL,0,'CH','Chandigarh',1);
INSERT INTO `B65362949_c_departements` VALUES (708,'DD',11701,NULL,0,'DD','Daman & Diu',1);
INSERT INTO `B65362949_c_departements` VALUES (709,'DL',11701,NULL,0,'DL','Delhi',1);
INSERT INTO `B65362949_c_departements` VALUES (710,'DN',11701,NULL,0,'DN','Dadra and Nagar Haveli',1);
INSERT INTO `B65362949_c_departements` VALUES (711,'GA',11701,NULL,0,'GA','Goa',1);
INSERT INTO `B65362949_c_departements` VALUES (712,'GJ',11701,NULL,0,'GJ','Gujarat',1);
INSERT INTO `B65362949_c_departements` VALUES (713,'HP',11701,NULL,0,'HP','Himachal Pradesh',1);
INSERT INTO `B65362949_c_departements` VALUES (714,'HR',11701,NULL,0,'HR','Haryana',1);
INSERT INTO `B65362949_c_departements` VALUES (715,'JH',11701,NULL,0,'JH','Jharkhand',1);
INSERT INTO `B65362949_c_departements` VALUES (716,'JK',11701,NULL,0,'JK','Jammu & Kashmir',1);
INSERT INTO `B65362949_c_departements` VALUES (717,'KA',11701,NULL,0,'KA','Karnataka',1);
INSERT INTO `B65362949_c_departements` VALUES (718,'KL',11701,NULL,0,'KL','Kerala',1);
INSERT INTO `B65362949_c_departements` VALUES (719,'LD',11701,NULL,0,'LD','Lakshadweep',1);
INSERT INTO `B65362949_c_departements` VALUES (720,'MH',11701,NULL,0,'MH','Maharashtra',1);
INSERT INTO `B65362949_c_departements` VALUES (721,'ML',11701,NULL,0,'ML','Meghalaya',1);
INSERT INTO `B65362949_c_departements` VALUES (722,'MN',11701,NULL,0,'MN','Manipur',1);
INSERT INTO `B65362949_c_departements` VALUES (723,'MP',11701,NULL,0,'MP','Madhya Pradesh',1);
INSERT INTO `B65362949_c_departements` VALUES (724,'MZ',11701,NULL,0,'MZ','Mizoram',1);
INSERT INTO `B65362949_c_departements` VALUES (725,'NL',11701,NULL,0,'NL','Nagaland',1);
INSERT INTO `B65362949_c_departements` VALUES (726,'OR',11701,NULL,0,'OR','Orissa',1);
INSERT INTO `B65362949_c_departements` VALUES (727,'PB',11701,NULL,0,'PB','Punjab',1);
INSERT INTO `B65362949_c_departements` VALUES (728,'PY',11701,NULL,0,'PY','Puducherry',1);
INSERT INTO `B65362949_c_departements` VALUES (729,'RJ',11701,NULL,0,'RJ','Rajasthan',1);
INSERT INTO `B65362949_c_departements` VALUES (730,'SK',11701,NULL,0,'SK','Sikkim',1);
INSERT INTO `B65362949_c_departements` VALUES (731,'TN',11701,NULL,0,'TN','Tamil Nadu',1);
INSERT INTO `B65362949_c_departements` VALUES (732,'TR',11701,NULL,0,'TR','Tripura',1);
INSERT INTO `B65362949_c_departements` VALUES (733,'UL',11701,NULL,0,'UL','Uttarakhand',1);
INSERT INTO `B65362949_c_departements` VALUES (734,'UP',11701,NULL,0,'UP','Uttar Pradesh',1);
INSERT INTO `B65362949_c_departements` VALUES (735,'WB',11701,NULL,0,'WB','West Bengal',1);
INSERT INTO `B65362949_c_departements` VALUES (736,'DIF',15401,'',0,'DIF','Distrito Federal',1);
INSERT INTO `B65362949_c_departements` VALUES (737,'AGS',15401,'',0,'AGS','Aguascalientes',1);
INSERT INTO `B65362949_c_departements` VALUES (738,'BCN',15401,'',0,'BCN','Baja California Norte',1);
INSERT INTO `B65362949_c_departements` VALUES (739,'BCS',15401,'',0,'BCS','Baja California Sur',1);
INSERT INTO `B65362949_c_departements` VALUES (740,'CAM',15401,'',0,'CAM','Campeche',1);
INSERT INTO `B65362949_c_departements` VALUES (741,'CHP',15401,'',0,'CHP','Chiapas',1);
INSERT INTO `B65362949_c_departements` VALUES (742,'CHI',15401,'',0,'CHI','Chihuahua',1);
INSERT INTO `B65362949_c_departements` VALUES (743,'COA',15401,'',0,'COA','Coahuila',1);
INSERT INTO `B65362949_c_departements` VALUES (744,'COL',15401,'',0,'COL','Colima',1);
INSERT INTO `B65362949_c_departements` VALUES (745,'DUR',15401,'',0,'DUR','Durango',1);
INSERT INTO `B65362949_c_departements` VALUES (746,'GTO',15401,'',0,'GTO','Guanajuato',1);
INSERT INTO `B65362949_c_departements` VALUES (747,'GRO',15401,'',0,'GRO','Guerrero',1);
INSERT INTO `B65362949_c_departements` VALUES (748,'HGO',15401,'',0,'HGO','Hidalgo',1);
INSERT INTO `B65362949_c_departements` VALUES (749,'JAL',15401,'',0,'JAL','Jalisco',1);
INSERT INTO `B65362949_c_departements` VALUES (750,'MEX',15401,'',0,'MEX','México',1);
INSERT INTO `B65362949_c_departements` VALUES (751,'MIC',15401,'',0,'MIC','Michoacán de Ocampo',1);
INSERT INTO `B65362949_c_departements` VALUES (752,'MOR',15401,'',0,'MOR','Morelos',1);
INSERT INTO `B65362949_c_departements` VALUES (753,'NAY',15401,'',0,'NAY','Nayarit',1);
INSERT INTO `B65362949_c_departements` VALUES (754,'NLE',15401,'',0,'NLE','Nuevo León',1);
INSERT INTO `B65362949_c_departements` VALUES (755,'OAX',15401,'',0,'OAX','Oaxaca',1);
INSERT INTO `B65362949_c_departements` VALUES (756,'PUE',15401,'',0,'PUE','Puebla',1);
INSERT INTO `B65362949_c_departements` VALUES (757,'QRO',15401,'',0,'QRO','Querétaro',1);
INSERT INTO `B65362949_c_departements` VALUES (758,'ROO',15401,'',0,'ROO','Quintana Roo',1);
INSERT INTO `B65362949_c_departements` VALUES (759,'SLP',15401,'',0,'SLP','San Luis Potosí',1);
INSERT INTO `B65362949_c_departements` VALUES (760,'SIN',15401,'',0,'SIN','Sinaloa',1);
INSERT INTO `B65362949_c_departements` VALUES (761,'SON',15401,'',0,'SON','Sonora',1);
INSERT INTO `B65362949_c_departements` VALUES (762,'TAB',15401,'',0,'TAB','Tabasco',1);
INSERT INTO `B65362949_c_departements` VALUES (763,'TAM',15401,'',0,'TAM','Tamaulipas',1);
INSERT INTO `B65362949_c_departements` VALUES (764,'TLX',15401,'',0,'TLX','Tlaxcala',1);
INSERT INTO `B65362949_c_departements` VALUES (765,'VER',15401,'',0,'VER','Veracruz',1);
INSERT INTO `B65362949_c_departements` VALUES (766,'YUC',15401,'',0,'YUC','Yucatán',1);
INSERT INTO `B65362949_c_departements` VALUES (767,'ZAC',15401,'',0,'ZAC','Zacatecas',1);
INSERT INTO `B65362949_c_departements` VALUES (768,'ANT',7001,'',0,'ANT','Antioquia',1);
INSERT INTO `B65362949_c_departements` VALUES (769,'BOL',7001,'',0,'BOL','Bolívar',1);
INSERT INTO `B65362949_c_departements` VALUES (770,'BOY',7001,'',0,'BOY','Boyacá',1);
INSERT INTO `B65362949_c_departements` VALUES (771,'CAL',7001,'',0,'CAL','Caldas',1);
INSERT INTO `B65362949_c_departements` VALUES (772,'CAU',7001,'',0,'CAU','Cauca',1);
INSERT INTO `B65362949_c_departements` VALUES (773,'CUN',7001,'',0,'CUN','Cundinamarca',1);
INSERT INTO `B65362949_c_departements` VALUES (774,'HUI',7001,'',0,'HUI','Huila',1);
INSERT INTO `B65362949_c_departements` VALUES (775,'LAG',7001,'',0,'LAG','La Guajira',1);
INSERT INTO `B65362949_c_departements` VALUES (776,'MET',7001,'',0,'MET','Meta',1);
INSERT INTO `B65362949_c_departements` VALUES (777,'NAR',7001,'',0,'NAR','Nariño',1);
INSERT INTO `B65362949_c_departements` VALUES (778,'NDS',7001,'',0,'NDS','Norte de Santander',1);
INSERT INTO `B65362949_c_departements` VALUES (779,'SAN',7001,'',0,'SAN','Santander',1);
INSERT INTO `B65362949_c_departements` VALUES (780,'SUC',7001,'',0,'SUC','Sucre',1);
INSERT INTO `B65362949_c_departements` VALUES (781,'TOL',7001,'',0,'TOL','Tolima',1);
INSERT INTO `B65362949_c_departements` VALUES (782,'VAC',7001,'',0,'VAC','Valle del Cauca',1);
INSERT INTO `B65362949_c_departements` VALUES (783,'RIS',7001,'',0,'RIS','Risalda',1);
INSERT INTO `B65362949_c_departements` VALUES (784,'ATL',7001,'',0,'ATL','Atlántico',1);
INSERT INTO `B65362949_c_departements` VALUES (785,'COR',7001,'',0,'COR','Córdoba',1);
INSERT INTO `B65362949_c_departements` VALUES (786,'SAP',7001,'',0,'SAP','San Andrés, Providencia y Santa Catalina',1);
INSERT INTO `B65362949_c_departements` VALUES (787,'ARA',7001,'',0,'ARA','Arauca',1);
INSERT INTO `B65362949_c_departements` VALUES (788,'CAS',7001,'',0,'CAS','Casanare',1);
INSERT INTO `B65362949_c_departements` VALUES (789,'AMA',7001,'',0,'AMA','Amazonas',1);
INSERT INTO `B65362949_c_departements` VALUES (790,'CAQ',7001,'',0,'CAQ','Caquetá',1);
INSERT INTO `B65362949_c_departements` VALUES (791,'CHO',7001,'',0,'CHO','Chocó',1);
INSERT INTO `B65362949_c_departements` VALUES (792,'GUA',7001,'',0,'GUA','Guainía',1);
INSERT INTO `B65362949_c_departements` VALUES (793,'GUV',7001,'',0,'GUV','Guaviare',1);
INSERT INTO `B65362949_c_departements` VALUES (794,'PUT',7001,'',0,'PUT','Putumayo',1);
INSERT INTO `B65362949_c_departements` VALUES (795,'QUI',7001,'',0,'QUI','Quindío',1);
INSERT INTO `B65362949_c_departements` VALUES (796,'VAU',7001,'',0,'VAU','Vaupés',1);
INSERT INTO `B65362949_c_departements` VALUES (797,'BOG',7001,'',0,'BOG','Bogotá',1);
INSERT INTO `B65362949_c_departements` VALUES (798,'VID',7001,'',0,'VID','Vichada',1);
INSERT INTO `B65362949_c_departements` VALUES (799,'CES',7001,'',0,'CES','Cesar',1);
INSERT INTO `B65362949_c_departements` VALUES (800,'MAG',7001,'',0,'MAG','Magdalena',1);
INSERT INTO `B65362949_c_departements` VALUES (801,'AT',11401,'',0,'AT','Atlántida',1);
INSERT INTO `B65362949_c_departements` VALUES (802,'CH',11401,'',0,'CH','Choluteca',1);
INSERT INTO `B65362949_c_departements` VALUES (803,'CL',11401,'',0,'CL','Colón',1);
INSERT INTO `B65362949_c_departements` VALUES (804,'CM',11401,'',0,'CM','Comayagua',1);
INSERT INTO `B65362949_c_departements` VALUES (805,'CO',11401,'',0,'CO','Copán',1);
INSERT INTO `B65362949_c_departements` VALUES (806,'CR',11401,'',0,'CR','Cortés',1);
INSERT INTO `B65362949_c_departements` VALUES (807,'EP',11401,'',0,'EP','El Paraíso',1);
INSERT INTO `B65362949_c_departements` VALUES (808,'FM',11401,'',0,'FM','Francisco Morazán',1);
INSERT INTO `B65362949_c_departements` VALUES (809,'GD',11401,'',0,'GD','Gracias a Dios',1);
INSERT INTO `B65362949_c_departements` VALUES (810,'IN',11401,'',0,'IN','Intibucá',1);
INSERT INTO `B65362949_c_departements` VALUES (811,'IB',11401,'',0,'IB','Islas de la Bahía',1);
INSERT INTO `B65362949_c_departements` VALUES (812,'LP',11401,'',0,'LP','La Paz',1);
INSERT INTO `B65362949_c_departements` VALUES (813,'LM',11401,'',0,'LM','Lempira',1);
INSERT INTO `B65362949_c_departements` VALUES (814,'OC',11401,'',0,'OC','Ocotepeque',1);
INSERT INTO `B65362949_c_departements` VALUES (815,'OL',11401,'',0,'OL','Olancho',1);
INSERT INTO `B65362949_c_departements` VALUES (816,'SB',11401,'',0,'SB','Santa Bárbara',1);
INSERT INTO `B65362949_c_departements` VALUES (817,'VL',11401,'',0,'VL','Valle',1);
INSERT INTO `B65362949_c_departements` VALUES (818,'YO',11401,'',0,'YO','Yoro',1);
INSERT INTO `B65362949_c_departements` VALUES (819,'DC',11401,'',0,'DC','Distrito Central',1);
INSERT INTO `B65362949_c_departements` VALUES (820,'CC',4601,'Oistins',0,'CC','Christ Church',1);
INSERT INTO `B65362949_c_departements` VALUES (821,'SA',4601,'Greenland',0,'SA','Saint Andrew',1);
INSERT INTO `B65362949_c_departements` VALUES (822,'SG',4601,'Bulkeley',0,'SG','Saint George',1);
INSERT INTO `B65362949_c_departements` VALUES (823,'JA',4601,'Holetown',0,'JA','Saint James',1);
INSERT INTO `B65362949_c_departements` VALUES (824,'SJ',4601,'Four Roads',0,'SJ','Saint John',1);
INSERT INTO `B65362949_c_departements` VALUES (825,'SB',4601,'Bathsheba',0,'SB','Saint Joseph',1);
INSERT INTO `B65362949_c_departements` VALUES (826,'SL',4601,'Crab Hill',0,'SL','Saint Lucy',1);
INSERT INTO `B65362949_c_departements` VALUES (827,'SM',4601,'Bridgetown',0,'SM','Saint Michael',1);
INSERT INTO `B65362949_c_departements` VALUES (828,'SP',4601,'Speightstown',0,'SP','Saint Peter',1);
INSERT INTO `B65362949_c_departements` VALUES (829,'SC',4601,'Crane',0,'SC','Saint Philip',1);
INSERT INTO `B65362949_c_departements` VALUES (830,'ST',4601,'Hillaby',0,'ST','Saint Thomas',1);
INSERT INTO `B65362949_c_departements` VALUES (831,'VE-L',23201,'',0,'VE-L','Mérida',1);
INSERT INTO `B65362949_c_departements` VALUES (832,'VE-T',23201,'',0,'VE-T','Trujillo',1);
INSERT INTO `B65362949_c_departements` VALUES (833,'VE-E',23201,'',0,'VE-E','Barinas',1);
INSERT INTO `B65362949_c_departements` VALUES (834,'VE-M',23202,'',0,'VE-M','Miranda',1);
INSERT INTO `B65362949_c_departements` VALUES (835,'VE-W',23202,'',0,'VE-W','Vargas',1);
INSERT INTO `B65362949_c_departements` VALUES (836,'VE-A',23202,'',0,'VE-A','Distrito Capital',1);
INSERT INTO `B65362949_c_departements` VALUES (837,'VE-D',23203,'',0,'VE-D','Aragua',1);
INSERT INTO `B65362949_c_departements` VALUES (838,'VE-G',23203,'',0,'VE-G','Carabobo',1);
INSERT INTO `B65362949_c_departements` VALUES (839,'VE-I',23204,'',0,'VE-I','Falcón',1);
INSERT INTO `B65362949_c_departements` VALUES (840,'VE-K',23204,'',0,'VE-K','Lara',1);
INSERT INTO `B65362949_c_departements` VALUES (841,'VE-U',23204,'',0,'VE-U','Yaracuy',1);
INSERT INTO `B65362949_c_departements` VALUES (842,'VE-F',23205,'',0,'VE-F','Bolívar',1);
INSERT INTO `B65362949_c_departements` VALUES (843,'VE-X',23205,'',0,'VE-X','Amazonas',1);
INSERT INTO `B65362949_c_departements` VALUES (844,'VE-Y',23205,'',0,'VE-Y','Delta Amacuro',1);
INSERT INTO `B65362949_c_departements` VALUES (845,'VE-O',23206,'',0,'VE-O','Nueva Esparta',1);
INSERT INTO `B65362949_c_departements` VALUES (846,'VE-Z',23206,'',0,'VE-Z','Dependencias Federales',1);
INSERT INTO `B65362949_c_departements` VALUES (847,'VE-C',23207,'',0,'VE-C','Apure',1);
INSERT INTO `B65362949_c_departements` VALUES (848,'VE-J',23207,'',0,'VE-J','Guárico',1);
INSERT INTO `B65362949_c_departements` VALUES (849,'VE-H',23207,'',0,'VE-H','Cojedes',1);
INSERT INTO `B65362949_c_departements` VALUES (850,'VE-P',23207,'',0,'VE-P','Portuguesa',1);
INSERT INTO `B65362949_c_departements` VALUES (851,'VE-B',23208,'',0,'VE-B','Anzoátegui',1);
INSERT INTO `B65362949_c_departements` VALUES (852,'VE-N',23208,'',0,'VE-N','Monagas',1);
INSERT INTO `B65362949_c_departements` VALUES (853,'VE-R',23208,'',0,'VE-R','Sucre',1);
INSERT INTO `B65362949_c_departements` VALUES (854,'VE-V',23209,'',0,'VE-V','Zulia',1);
INSERT INTO `B65362949_c_departements` VALUES (855,'VE-S',23209,'',0,'VE-S','Táchira',1);
INSERT INTO `B65362949_c_departements` VALUES (856,'AL01',1301,'',0,'','Wilaya d\'Adrar',1);
INSERT INTO `B65362949_c_departements` VALUES (857,'AL02',1301,'',0,'','Wilaya de Chlef',1);
INSERT INTO `B65362949_c_departements` VALUES (858,'AL03',1301,'',0,'','Wilaya de Laghouat',1);
INSERT INTO `B65362949_c_departements` VALUES (859,'AL04',1301,'',0,'','Wilaya d\'Oum El Bouaghi',1);
INSERT INTO `B65362949_c_departements` VALUES (860,'AL05',1301,'',0,'','Wilaya de Batna',1);
INSERT INTO `B65362949_c_departements` VALUES (861,'AL06',1301,'',0,'','Wilaya de Béjaïa',1);
INSERT INTO `B65362949_c_departements` VALUES (862,'AL07',1301,'',0,'','Wilaya de Biskra',1);
INSERT INTO `B65362949_c_departements` VALUES (863,'AL08',1301,'',0,'','Wilaya de Béchar',1);
INSERT INTO `B65362949_c_departements` VALUES (864,'AL09',1301,'',0,'','Wilaya de Blida',1);
INSERT INTO `B65362949_c_departements` VALUES (865,'AL11',1301,'',0,'','Wilaya de Bouira',1);
INSERT INTO `B65362949_c_departements` VALUES (866,'AL12',1301,'',0,'','Wilaya de Tamanrasset',1);
INSERT INTO `B65362949_c_departements` VALUES (867,'AL13',1301,'',0,'','Wilaya de Tébessa',1);
INSERT INTO `B65362949_c_departements` VALUES (868,'AL14',1301,'',0,'','Wilaya de Tlemcen',1);
INSERT INTO `B65362949_c_departements` VALUES (869,'AL15',1301,'',0,'','Wilaya de Tiaret',1);
INSERT INTO `B65362949_c_departements` VALUES (870,'AL16',1301,'',0,'','Wilaya de Tizi Ouzou',1);
INSERT INTO `B65362949_c_departements` VALUES (871,'AL17',1301,'',0,'','Wilaya d\'Alger',1);
INSERT INTO `B65362949_c_departements` VALUES (872,'AL18',1301,'',0,'','Wilaya de Djelfa',1);
INSERT INTO `B65362949_c_departements` VALUES (873,'AL19',1301,'',0,'','Wilaya de Jijel',1);
INSERT INTO `B65362949_c_departements` VALUES (874,'AL20',1301,'',0,'','Wilaya de Sétif	',1);
INSERT INTO `B65362949_c_departements` VALUES (875,'AL21',1301,'',0,'','Wilaya de Saïda',1);
INSERT INTO `B65362949_c_departements` VALUES (876,'AL22',1301,'',0,'','Wilaya de Skikda',1);
INSERT INTO `B65362949_c_departements` VALUES (877,'AL23',1301,'',0,'','Wilaya de Sidi Bel Abbès',1);
INSERT INTO `B65362949_c_departements` VALUES (878,'AL24',1301,'',0,'','Wilaya d\'Annaba',1);
INSERT INTO `B65362949_c_departements` VALUES (879,'AL25',1301,'',0,'','Wilaya de Guelma',1);
INSERT INTO `B65362949_c_departements` VALUES (880,'AL26',1301,'',0,'','Wilaya de Constantine',1);
INSERT INTO `B65362949_c_departements` VALUES (881,'AL27',1301,'',0,'','Wilaya de Médéa',1);
INSERT INTO `B65362949_c_departements` VALUES (882,'AL28',1301,'',0,'','Wilaya de Mostaganem',1);
INSERT INTO `B65362949_c_departements` VALUES (883,'AL29',1301,'',0,'','Wilaya de M\'Sila',1);
INSERT INTO `B65362949_c_departements` VALUES (884,'AL30',1301,'',0,'','Wilaya de Mascara',1);
INSERT INTO `B65362949_c_departements` VALUES (885,'AL31',1301,'',0,'','Wilaya d\'Ouargla',1);
INSERT INTO `B65362949_c_departements` VALUES (886,'AL32',1301,'',0,'','Wilaya d\'Oran',1);
INSERT INTO `B65362949_c_departements` VALUES (887,'AL33',1301,'',0,'','Wilaya d\'El Bayadh',1);
INSERT INTO `B65362949_c_departements` VALUES (888,'AL34',1301,'',0,'','Wilaya d\'Illizi',1);
INSERT INTO `B65362949_c_departements` VALUES (889,'AL35',1301,'',0,'','Wilaya de Bordj Bou Arreridj',1);
INSERT INTO `B65362949_c_departements` VALUES (890,'AL36',1301,'',0,'','Wilaya de Boumerdès',1);
INSERT INTO `B65362949_c_departements` VALUES (891,'AL37',1301,'',0,'','Wilaya d\'El Tarf',1);
INSERT INTO `B65362949_c_departements` VALUES (892,'AL38',1301,'',0,'','Wilaya de Tindouf',1);
INSERT INTO `B65362949_c_departements` VALUES (893,'AL39',1301,'',0,'','Wilaya de Tissemsilt',1);
INSERT INTO `B65362949_c_departements` VALUES (894,'AL40',1301,'',0,'','Wilaya d\'El Oued',1);
INSERT INTO `B65362949_c_departements` VALUES (895,'AL41',1301,'',0,'','Wilaya de Khenchela',1);
INSERT INTO `B65362949_c_departements` VALUES (896,'AL42',1301,'',0,'','Wilaya de Souk Ahras',1);
INSERT INTO `B65362949_c_departements` VALUES (897,'AL43',1301,'',0,'','Wilaya de Tipaza',1);
INSERT INTO `B65362949_c_departements` VALUES (898,'AL44',1301,'',0,'','Wilaya de Mila',1);
INSERT INTO `B65362949_c_departements` VALUES (899,'AL45',1301,'',0,'','Wilaya d\'Aïn Defla',1);
INSERT INTO `B65362949_c_departements` VALUES (900,'AL46',1301,'',0,'','Wilaya de Naâma',1);
INSERT INTO `B65362949_c_departements` VALUES (901,'AL47',1301,'',0,'','Wilaya d\'Aïn Témouchent',1);
INSERT INTO `B65362949_c_departements` VALUES (902,'AL48',1301,'',0,'','Wilaya de Ghardaia',1);
INSERT INTO `B65362949_c_departements` VALUES (903,'AL49',1301,'',0,'','Wilaya de Relizane',1);
INSERT INTO `B65362949_c_departements` VALUES (904,'MA',1209,'',0,'','Province de Benslimane',1);
INSERT INTO `B65362949_c_departements` VALUES (905,'MA1',1209,'',0,'','Province de Berrechid',1);
INSERT INTO `B65362949_c_departements` VALUES (906,'MA2',1209,'',0,'','Province de Khouribga',1);
INSERT INTO `B65362949_c_departements` VALUES (907,'MA3',1209,'',0,'','Province de Settat',1);
INSERT INTO `B65362949_c_departements` VALUES (908,'MA4',1210,'',0,'','Province d\'El Jadida',1);
INSERT INTO `B65362949_c_departements` VALUES (909,'MA5',1210,'',0,'','Province de Safi',1);
INSERT INTO `B65362949_c_departements` VALUES (910,'MA6',1210,'',0,'','Province de Sidi Bennour',1);
INSERT INTO `B65362949_c_departements` VALUES (911,'MA7',1210,'',0,'','Province de Youssoufia',1);
INSERT INTO `B65362949_c_departements` VALUES (912,'MA6B',1205,'',0,'','Préfecture de Fès',1);
INSERT INTO `B65362949_c_departements` VALUES (913,'MA7B',1205,'',0,'','Province de Boulemane',1);
INSERT INTO `B65362949_c_departements` VALUES (914,'MA8',1205,'',0,'','Province de Moulay Yacoub',1);
INSERT INTO `B65362949_c_departements` VALUES (915,'MA9',1205,'',0,'','Province de Sefrou',1);
INSERT INTO `B65362949_c_departements` VALUES (916,'MA8A',1202,'',0,'','Province de Kénitra',1);
INSERT INTO `B65362949_c_departements` VALUES (917,'MA9A',1202,'',0,'','Province de Sidi Kacem',1);
INSERT INTO `B65362949_c_departements` VALUES (918,'MA10',1202,'',0,'','Province de Sidi Slimane',1);
INSERT INTO `B65362949_c_departements` VALUES (919,'MA11',1208,'',0,'','Préfecture de Casablanca',1);
INSERT INTO `B65362949_c_departements` VALUES (920,'MA12',1208,'',0,'','Préfecture de Mohammédia',1);
INSERT INTO `B65362949_c_departements` VALUES (921,'MA13',1208,'',0,'','Province de Médiouna',1);
INSERT INTO `B65362949_c_departements` VALUES (922,'MA14',1208,'',0,'','Province de Nouaceur',1);
INSERT INTO `B65362949_c_departements` VALUES (923,'MA15',1214,'',0,'','Province d\'Assa-Zag',1);
INSERT INTO `B65362949_c_departements` VALUES (924,'MA16',1214,'',0,'','Province d\'Es-Semara',1);
INSERT INTO `B65362949_c_departements` VALUES (925,'MA17A',1214,'',0,'','Province de Guelmim',1);
INSERT INTO `B65362949_c_departements` VALUES (926,'MA18',1214,'',0,'','Province de Tata',1);
INSERT INTO `B65362949_c_departements` VALUES (927,'MA19',1214,'',0,'','Province de Tan-Tan',1);
INSERT INTO `B65362949_c_departements` VALUES (928,'MA15',1215,'',0,'','Province de Boujdour',1);
INSERT INTO `B65362949_c_departements` VALUES (929,'MA16',1215,'',0,'','Province de Lâayoune',1);
INSERT INTO `B65362949_c_departements` VALUES (930,'MA17',1215,'',0,'','Province de Tarfaya',1);
INSERT INTO `B65362949_c_departements` VALUES (931,'MA18',1211,'',0,'','Préfecture de Marrakech',1);
INSERT INTO `B65362949_c_departements` VALUES (932,'MA19',1211,'',0,'','Province d\'Al Haouz',1);
INSERT INTO `B65362949_c_departements` VALUES (933,'MA20',1211,'',0,'','Province de Chichaoua',1);
INSERT INTO `B65362949_c_departements` VALUES (934,'MA21',1211,'',0,'','Province d\'El Kelâa des Sraghna',1);
INSERT INTO `B65362949_c_departements` VALUES (935,'MA22',1211,'',0,'','Province d\'Essaouira',1);
INSERT INTO `B65362949_c_departements` VALUES (936,'MA23',1211,'',0,'','Province de Rehamna',1);
INSERT INTO `B65362949_c_departements` VALUES (937,'MA24',1206,'',0,'','Préfecture de Meknès',1);
INSERT INTO `B65362949_c_departements` VALUES (938,'MA25',1206,'',0,'','Province d’El Hajeb',1);
INSERT INTO `B65362949_c_departements` VALUES (939,'MA26',1206,'',0,'','Province d\'Errachidia',1);
INSERT INTO `B65362949_c_departements` VALUES (940,'MA27',1206,'',0,'','Province d’Ifrane',1);
INSERT INTO `B65362949_c_departements` VALUES (941,'MA28',1206,'',0,'','Province de Khénifra',1);
INSERT INTO `B65362949_c_departements` VALUES (942,'MA29',1206,'',0,'','Province de Midelt',1);
INSERT INTO `B65362949_c_departements` VALUES (943,'MA30',1204,'',0,'','Préfecture d\'Oujda-Angad',1);
INSERT INTO `B65362949_c_departements` VALUES (944,'MA31',1204,'',0,'','Province de Berkane',1);
INSERT INTO `B65362949_c_departements` VALUES (945,'MA32',1204,'',0,'','Province de Driouch',1);
INSERT INTO `B65362949_c_departements` VALUES (946,'MA33',1204,'',0,'','Province de Figuig',1);
INSERT INTO `B65362949_c_departements` VALUES (947,'MA34',1204,'',0,'','Province de Jerada',1);
INSERT INTO `B65362949_c_departements` VALUES (948,'MA35',1204,'',0,'','Province de Nadorgg',1);
INSERT INTO `B65362949_c_departements` VALUES (949,'MA36',1204,'',0,'','Province de Taourirt',1);
INSERT INTO `B65362949_c_departements` VALUES (950,'MA37',1216,'',0,'','Province d\'Aousserd',1);
INSERT INTO `B65362949_c_departements` VALUES (951,'MA38',1216,'',0,'','Province d\'Oued Ed-Dahab',1);
INSERT INTO `B65362949_c_departements` VALUES (952,'MA39',1207,'',0,'','Préfecture de Rabat',1);
INSERT INTO `B65362949_c_departements` VALUES (953,'MA40',1207,'',0,'','Préfecture de Skhirat-Témara',1);
INSERT INTO `B65362949_c_departements` VALUES (954,'MA41',1207,'',0,'','Préfecture de Salé',1);
INSERT INTO `B65362949_c_departements` VALUES (955,'MA42',1207,'',0,'','Province de Khémisset',1);
INSERT INTO `B65362949_c_departements` VALUES (956,'MA43',1213,'',0,'','Préfecture d\'Agadir Ida-Outanane',1);
INSERT INTO `B65362949_c_departements` VALUES (957,'MA44',1213,'',0,'','Préfecture d\'Inezgane-Aït Melloul',1);
INSERT INTO `B65362949_c_departements` VALUES (958,'MA45',1213,'',0,'','Province de Chtouka-Aït Baha',1);
INSERT INTO `B65362949_c_departements` VALUES (959,'MA46',1213,'',0,'','Province d\'Ouarzazate',1);
INSERT INTO `B65362949_c_departements` VALUES (960,'MA47',1213,'',0,'','Province de Sidi Ifni',1);
INSERT INTO `B65362949_c_departements` VALUES (961,'MA48',1213,'',0,'','Province de Taroudant',1);
INSERT INTO `B65362949_c_departements` VALUES (962,'MA49',1213,'',0,'','Province de Tinghir',1);
INSERT INTO `B65362949_c_departements` VALUES (963,'MA50',1213,'',0,'','Province de Tiznit',1);
INSERT INTO `B65362949_c_departements` VALUES (964,'MA51',1213,'',0,'','Province de Zagora',1);
INSERT INTO `B65362949_c_departements` VALUES (965,'MA52',1212,'',0,'','Province d\'Azilal',1);
INSERT INTO `B65362949_c_departements` VALUES (966,'MA53',1212,'',0,'','Province de Beni Mellal',1);
INSERT INTO `B65362949_c_departements` VALUES (967,'MA54',1212,'',0,'','Province de Fquih Ben Salah',1);
INSERT INTO `B65362949_c_departements` VALUES (968,'MA55',1201,'',0,'','Préfecture de M\'diq-Fnideq',1);
INSERT INTO `B65362949_c_departements` VALUES (969,'MA56',1201,'',0,'','Préfecture de Tanger-Asilah',1);
INSERT INTO `B65362949_c_departements` VALUES (970,'MA57',1201,'',0,'','Province de Chefchaouen',1);
INSERT INTO `B65362949_c_departements` VALUES (971,'MA58',1201,'',0,'','Province de Fahs-Anjra',1);
INSERT INTO `B65362949_c_departements` VALUES (972,'MA59',1201,'',0,'','Province de Larache',1);
INSERT INTO `B65362949_c_departements` VALUES (973,'MA60',1201,'',0,'','Province d\'Ouezzane',1);
INSERT INTO `B65362949_c_departements` VALUES (974,'MA61',1201,'',0,'','Province de Tétouan',1);
INSERT INTO `B65362949_c_departements` VALUES (975,'MA62',1203,'',0,'','Province de Guercif',1);
INSERT INTO `B65362949_c_departements` VALUES (976,'MA63',1203,'',0,'','Province d\'Al Hoceïma',1);
INSERT INTO `B65362949_c_departements` VALUES (977,'MA64',1203,'',0,'','Province de Taounate',1);
INSERT INTO `B65362949_c_departements` VALUES (978,'MA65',1203,'',0,'','Province de Taza',1);
INSERT INTO `B65362949_c_departements` VALUES (979,'MA6A',1205,'',0,'','Préfecture de Fès',1);
INSERT INTO `B65362949_c_departements` VALUES (980,'MA7A',1205,'',0,'','Province de Boulemane',1);
INSERT INTO `B65362949_c_departements` VALUES (981,'MA15A',1214,'',0,'','Province d\'Assa-Zag',1);
INSERT INTO `B65362949_c_departements` VALUES (982,'MA16A',1214,'',0,'','Province d\'Es-Semara',1);
INSERT INTO `B65362949_c_departements` VALUES (983,'MA18A',1211,'',0,'','Préfecture de Marrakech',1);
INSERT INTO `B65362949_c_departements` VALUES (984,'MA19A',1214,'',0,'','Province de Tan-Tan',1);
INSERT INTO `B65362949_c_departements` VALUES (985,'MA19B',1214,'',0,'','Province de Tan-Tan',1);
INSERT INTO `B65362949_c_departements` VALUES (986,'TN01',1001,'',0,'','Ariana',1);
INSERT INTO `B65362949_c_departements` VALUES (987,'TN02',1001,'',0,'','Béja',1);
INSERT INTO `B65362949_c_departements` VALUES (988,'TN03',1001,'',0,'','Ben Arous',1);
INSERT INTO `B65362949_c_departements` VALUES (989,'TN04',1001,'',0,'','Bizerte',1);
INSERT INTO `B65362949_c_departements` VALUES (990,'TN05',1001,'',0,'','Gabès',1);
INSERT INTO `B65362949_c_departements` VALUES (991,'TN06',1001,'',0,'','Gafsa',1);
INSERT INTO `B65362949_c_departements` VALUES (992,'TN07',1001,'',0,'','Jendouba',1);
INSERT INTO `B65362949_c_departements` VALUES (993,'TN08',1001,'',0,'','Kairouan',1);
INSERT INTO `B65362949_c_departements` VALUES (994,'TN09',1001,'',0,'','Kasserine',1);
INSERT INTO `B65362949_c_departements` VALUES (995,'TN10',1001,'',0,'','Kébili',1);
INSERT INTO `B65362949_c_departements` VALUES (996,'TN11',1001,'',0,'','La Manouba',1);
INSERT INTO `B65362949_c_departements` VALUES (997,'TN12',1001,'',0,'','Le Kef',1);
INSERT INTO `B65362949_c_departements` VALUES (998,'TN13',1001,'',0,'','Mahdia',1);
INSERT INTO `B65362949_c_departements` VALUES (999,'TN14',1001,'',0,'','Médenine',1);
INSERT INTO `B65362949_c_departements` VALUES (1000,'TN15',1001,'',0,'','Monastir',1);
INSERT INTO `B65362949_c_departements` VALUES (1001,'TN16',1001,'',0,'','Nabeul',1);
INSERT INTO `B65362949_c_departements` VALUES (1002,'TN17',1001,'',0,'','Sfax',1);
INSERT INTO `B65362949_c_departements` VALUES (1003,'TN18',1001,'',0,'','Sidi Bouzid',1);
INSERT INTO `B65362949_c_departements` VALUES (1004,'TN19',1001,'',0,'','Siliana',1);
INSERT INTO `B65362949_c_departements` VALUES (1005,'TN20',1001,'',0,'','Sousse',1);
INSERT INTO `B65362949_c_departements` VALUES (1006,'TN21',1001,'',0,'','Tataouine',1);
INSERT INTO `B65362949_c_departements` VALUES (1007,'TN22',1001,'',0,'','Tozeur',1);
INSERT INTO `B65362949_c_departements` VALUES (1008,'TN23',1001,'',0,'','Tunis',1);
INSERT INTO `B65362949_c_departements` VALUES (1009,'TN24',1001,'',0,'','Zaghouan',1);




--
-- Table structure for table `B65362949_c_ecotaxe`
--
CREATE TABLE `B65362949_c_ecotaxe` (
  `rowid` int(11) NOT NULL AUTO_INCREMENT,
  `code` varchar(64) NOT NULL,
  `libelle` varchar(255) DEFAULT NULL,
  `price` double(24,8) DEFAULT NULL,
  `organization` varchar(255) DEFAULT NULL,
  `fk_pays` int(11) NOT NULL,
  `active` tinyint(4) NOT NULL DEFAULT '1',
  PRIMARY KEY (`rowid`),
  UNIQUE KEY `uk_c_ecotaxe` (`code`)
) ENGINE=InnoDB AUTO_INCREMENT=39 DEFAULT CHARSET=utf8;

--
-- Dumping data for table `B65362949_c_ecotaxe`
--
INSERT INTO `B65362949_c_ecotaxe` VALUES (1,'ER-A-A','Materiels electriques < 0,2kg','0.01000000','ERP',1,1);
INSERT INTO `B65362949_c_ecotaxe` VALUES (2,'ER-A-B','Materiels electriques >= 0,2 kg et < 0,5 kg','0.03000000','ERP',1,1);
INSERT INTO `B65362949_c_ecotaxe` VALUES (3,'ER-A-C','Materiels electriques >= 0,5 kg et < 1 kg','0.04000000','ERP',1,1);
INSERT INTO `B65362949_c_ecotaxe` VALUES (4,'ER-A-D','Materiels electriques >= 1 kg et < 2 kg','0.13000000','ERP',1,1);
INSERT INTO `B65362949_c_ecotaxe` VALUES (5,'ER-A-E','Materiels electriques >= 2 kg et < 4kg','0.21000000','ERP',1,1);
INSERT INTO `B65362949_c_ecotaxe` VALUES (6,'ER-A-F','Materiels electriques >= 4 kg et < 8 kg','0.42000000','ERP',1,1);
INSERT INTO `B65362949_c_ecotaxe` VALUES (7,'ER-A-G','Materiels electriques >= 8 kg et < 15 kg','0.84000000','ERP',1,1);
INSERT INTO `B65362949_c_ecotaxe` VALUES (8,'ER-A-H','Materiels electriques >= 15 kg et < 20 kg','1.25000000','ERP',1,1);
INSERT INTO `B65362949_c_ecotaxe` VALUES (9,'ER-A-I','Materiels electriques >= 20 kg et < 30 kg','1.88000000','ERP',1,1);
INSERT INTO `B65362949_c_ecotaxe` VALUES (10,'ER-A-J','Materiels electriques >= 30 kg','3.34000000','ERP',1,1);
INSERT INTO `B65362949_c_ecotaxe` VALUES (11,'ER-M-1','TV, Moniteurs < 9kg','0.84000000','ERP',1,1);
INSERT INTO `B65362949_c_ecotaxe` VALUES (12,'ER-M-2','TV, Moniteurs >= 9kg et < 15kg','1.67000000','ERP',1,1);
INSERT INTO `B65362949_c_ecotaxe` VALUES (13,'ER-M-3','TV, Moniteurs >= 15kg et < 30kg','3.34000000','ERP',1,1);
INSERT INTO `B65362949_c_ecotaxe` VALUES (14,'ER-M-4','TV, Moniteurs >= 30 kg','6.69000000','ERP',1,1);
INSERT INTO `B65362949_c_ecotaxe` VALUES (15,'EC-A-A','Materiels electriques  0,2 kg max','0.00840000','Ecologic',1,1);
INSERT INTO `B65362949_c_ecotaxe` VALUES (16,'EC-A-B','Materiels electriques 0,21 kg min - 0,50 kg max','0.02500000','Ecologic',1,1);
INSERT INTO `B65362949_c_ecotaxe` VALUES (17,'EC-A-C','Materiels electriques  0,51 kg min - 1 kg max','0.04000000','Ecologic',1,1);
INSERT INTO `B65362949_c_ecotaxe` VALUES (18,'EC-A-D','Materiels electriques  1,01 kg min - 2,5 kg max','0.13000000','Ecologic',1,1);
INSERT INTO `B65362949_c_ecotaxe` VALUES (19,'EC-A-E','Materiels electriques  2,51 kg min - 4 kg max','0.21000000','Ecologic',1,1);
INSERT INTO `B65362949_c_ecotaxe` VALUES (20,'EC-A-F','Materiels electriques 4,01 kg min - 8 kg max','0.42000000','Ecologic',1,1);
INSERT INTO `B65362949_c_ecotaxe` VALUES (21,'EC-A-G','Materiels electriques  8,01 kg min - 12 kg max','0.63000000','Ecologic',1,1);
INSERT INTO `B65362949_c_ecotaxe` VALUES (22,'EC-A-H','Materiels electriques 12,01 kg min - 20 kg max','1.05000000','Ecologic',1,1);
INSERT INTO `B65362949_c_ecotaxe` VALUES (23,'EC-A-I','Materiels electriques  20,01 kg min','1.88000000','Ecologic',1,1);
INSERT INTO `B65362949_c_ecotaxe` VALUES (24,'EC-M-1','TV, Moniteurs 9 kg max','0.84000000','Ecologic',1,1);
INSERT INTO `B65362949_c_ecotaxe` VALUES (25,'EC-M-2','TV, Moniteurs 9,01 kg min - 18 kg max','1.67000000','Ecologic',1,1);
INSERT INTO `B65362949_c_ecotaxe` VALUES (26,'EC-M-3','TV, Moniteurs 18,01 kg min - 36 kg max','3.34000000','Ecologic',1,1);
INSERT INTO `B65362949_c_ecotaxe` VALUES (27,'EC-M-4','TV, Moniteurs 36,01 kg min','6.69000000','Ecologic',1,1);
INSERT INTO `B65362949_c_ecotaxe` VALUES (28,'ES-M-1','TV, Moniteurs <= 20 pouces','0.84000000','Eco-systemes',1,1);
INSERT INTO `B65362949_c_ecotaxe` VALUES (29,'ES-M-2','TV, Moniteurs > 20 pouces et <= 32 pouces','3.34000000','Eco-systemes',1,1);
INSERT INTO `B65362949_c_ecotaxe` VALUES (30,'ES-M-3','TV, Moniteurs > 32 pouces et autres grands ecrans','6.69000000','Eco-systemes',1,1);
INSERT INTO `B65362949_c_ecotaxe` VALUES (31,'ES-A-A','Ordinateur fixe, Audio home systems (HIFI), elements hifi separes','0.84000000','Eco-systemes',1,1);
INSERT INTO `B65362949_c_ecotaxe` VALUES (32,'ES-A-B','Ordinateur portable, CD-RCR, VCR, lecteurs et enregistreurs DVD, instruments de musique et caisses de resonance, haut parleurs...','0.25000000','Eco-systemes',1,1);
INSERT INTO `B65362949_c_ecotaxe` VALUES (33,'ES-A-C','Imprimante, photocopieur, telecopieur','0.42000000','Eco-systemes',1,1);
INSERT INTO `B65362949_c_ecotaxe` VALUES (34,'ES-A-D','Accessoires, clavier, souris, PDA, imprimante photo, appareil photo, gps, telephone, repondeur, telephone sans fil, modem, telecommande, casque, camescope, baladeur mp3, radio portable, radio K7 et CD portable, radio reveil','0.08400000','Eco-systemes',1,1);
INSERT INTO `B65362949_c_ecotaxe` VALUES (35,'ES-A-E','GSM','0.00840000','Eco-systemes',1,1);
INSERT INTO `B65362949_c_ecotaxe` VALUES (36,'ES-A-F','Jouets et equipements de loisirs et de sports < 0,5 kg','0.04200000','Eco-systemes',1,1);
INSERT INTO `B65362949_c_ecotaxe` VALUES (37,'ES-A-G','Jouets et equipements de loisirs et de sports > 0,5 kg','0.17000000','Eco-systemes',1,1);
INSERT INTO `B65362949_c_ecotaxe` VALUES (38,'ES-A-H','Jouets et equipements de loisirs et de sports > 10 kg','1.25000000','Eco-systemes',1,1);




--
-- Table structure for table `B65362949_c_effectif`
--
CREATE TABLE `B65362949_c_effectif` (
  `id` int(11) NOT NULL,
  `code` varchar(12) NOT NULL,
  `libelle` varchar(30) DEFAULT NULL,
  `active` tinyint(4) NOT NULL DEFAULT '1',
  `module` varchar(32) DEFAULT NULL,
  PRIMARY KEY (`id`),
  UNIQUE KEY `uk_c_effectif` (`code`)
) ENGINE=InnoDB DEFAULT CHARSET=utf8;

--
-- Dumping data for table `B65362949_c_effectif`
--
INSERT INTO `B65362949_c_effectif` VALUES (0,'EF0','-',1,NULL);
INSERT INTO `B65362949_c_effectif` VALUES (1,'EF1-5','1 - 5',1,NULL);
INSERT INTO `B65362949_c_effectif` VALUES (2,'EF6-10','6 - 10',1,NULL);
INSERT INTO `B65362949_c_effectif` VALUES (3,'EF11-50','11 - 50',1,NULL);
INSERT INTO `B65362949_c_effectif` VALUES (4,'EF51-100','51 - 100',1,NULL);
INSERT INTO `B65362949_c_effectif` VALUES (5,'EF100-500','100 - 500',1,NULL);
INSERT INTO `B65362949_c_effectif` VALUES (6,'EF500-','> 500',1,NULL);




--
-- Table structure for table `B65362949_c_email_templates`
--
CREATE TABLE `B65362949_c_email_templates` (
  `rowid` int(11) NOT NULL AUTO_INCREMENT,
  `entity` int(11) NOT NULL DEFAULT '1',
  `type_template` varchar(32) DEFAULT NULL,
  `datec` datetime DEFAULT NULL,
  `label` varchar(255) DEFAULT NULL,
  `content` text,
  PRIMARY KEY (`rowid`)
) ENGINE=InnoDB DEFAULT CHARSET=utf8;

--
-- Dumping data for table `B65362949_c_email_templates`
--




--
-- Table structure for table `B65362949_c_field_list`
--
CREATE TABLE `B65362949_c_field_list` (
  `rowid` int(11) NOT NULL AUTO_INCREMENT,
  `tms` timestamp NOT NULL DEFAULT CURRENT_TIMESTAMP ON UPDATE CURRENT_TIMESTAMP,
  `element` varchar(64) NOT NULL,
  `entity` int(11) NOT NULL DEFAULT '1',
  `name` varchar(32) NOT NULL,
  `alias` varchar(32) NOT NULL,
  `title` varchar(32) NOT NULL,
  `align` varchar(6) DEFAULT 'left',
  `sort` tinyint(4) NOT NULL DEFAULT '1',
  `search` tinyint(4) NOT NULL DEFAULT '0',
  `enabled` varchar(255) DEFAULT '1',
  `rang` int(11) DEFAULT '0',
  PRIMARY KEY (`rowid`)
) ENGINE=InnoDB DEFAULT CHARSET=utf8;

--
-- Dumping data for table `B65362949_c_field_list`
--




--
-- Table structure for table `B65362949_c_forme_juridique`
--
CREATE TABLE `B65362949_c_forme_juridique` (
  `rowid` int(11) NOT NULL AUTO_INCREMENT,
  `code` int(11) NOT NULL,
  `fk_pays` int(11) NOT NULL,
  `libelle` varchar(255) DEFAULT NULL,
  `isvatexempted` tinyint(4) NOT NULL DEFAULT '0',
  `active` tinyint(4) NOT NULL DEFAULT '1',
  `module` varchar(32) DEFAULT NULL,
  PRIMARY KEY (`rowid`),
  UNIQUE KEY `uk_c_forme_juridique` (`code`)
) ENGINE=InnoDB AUTO_INCREMENT=192 DEFAULT CHARSET=utf8;

--
-- Dumping data for table `B65362949_c_forme_juridique`
--
INSERT INTO `B65362949_c_forme_juridique` VALUES (1,0,0,'-',0,1,NULL);
INSERT INTO `B65362949_c_forme_juridique` VALUES (2,2301,23,'Monotributista',0,1,NULL);
INSERT INTO `B65362949_c_forme_juridique` VALUES (3,2302,23,'Sociedad Civil',0,1,NULL);
INSERT INTO `B65362949_c_forme_juridique` VALUES (4,2303,23,'Sociedades Comerciales',0,1,NULL);
INSERT INTO `B65362949_c_forme_juridique` VALUES (5,2304,23,'Sociedades de Hecho',0,1,NULL);
INSERT INTO `B65362949_c_forme_juridique` VALUES (6,2305,23,'Sociedades Irregulares',0,1,NULL);
INSERT INTO `B65362949_c_forme_juridique` VALUES (7,2306,23,'Sociedad Colectiva',0,1,NULL);
INSERT INTO `B65362949_c_forme_juridique` VALUES (8,2307,23,'Sociedad en Comandita Simple',0,1,NULL);
INSERT INTO `B65362949_c_forme_juridique` VALUES (9,2308,23,'Sociedad de Capital e Industria',0,1,NULL);
INSERT INTO `B65362949_c_forme_juridique` VALUES (10,2309,23,'Sociedad Accidental o en participación',0,1,NULL);
INSERT INTO `B65362949_c_forme_juridique` VALUES (11,2310,23,'Sociedad de Responsabilidad Limitada',0,1,NULL);
INSERT INTO `B65362949_c_forme_juridique` VALUES (12,2311,23,'Sociedad Anónima',0,1,NULL);
INSERT INTO `B65362949_c_forme_juridique` VALUES (13,2312,23,'Sociedad Anónima con Participación Estatal Mayoritaria',0,1,NULL);
INSERT INTO `B65362949_c_forme_juridique` VALUES (14,2313,23,'Sociedad en Comandita por Acciones (arts. 315 a 324, LSC)',0,1,NULL);
INSERT INTO `B65362949_c_forme_juridique` VALUES (15,11,1,'Artisan Commerçant (EI)',0,1,NULL);
INSERT INTO `B65362949_c_forme_juridique` VALUES (16,12,1,'Commerçant (EI)',0,1,NULL);
INSERT INTO `B65362949_c_forme_juridique` VALUES (17,13,1,'Artisan (EI)',0,1,NULL);
INSERT INTO `B65362949_c_forme_juridique` VALUES (18,14,1,'Officier public ou ministériel',0,1,NULL);
INSERT INTO `B65362949_c_forme_juridique` VALUES (19,15,1,'Profession libérale (EI)',0,1,NULL);
INSERT INTO `B65362949_c_forme_juridique` VALUES (20,16,1,'Exploitant agricole',0,1,NULL);
INSERT INTO `B65362949_c_forme_juridique` VALUES (21,17,1,'Agent commercial',0,1,NULL);
INSERT INTO `B65362949_c_forme_juridique` VALUES (22,18,1,'Associé Gérant de société',0,1,NULL);
INSERT INTO `B65362949_c_forme_juridique` VALUES (23,19,1,'Personne physique',0,1,NULL);
INSERT INTO `B65362949_c_forme_juridique` VALUES (24,21,1,'Indivision',0,1,NULL);
INSERT INTO `B65362949_c_forme_juridique` VALUES (25,22,1,'Société créée de fait',0,1,NULL);
INSERT INTO `B65362949_c_forme_juridique` VALUES (26,23,1,'Société en participation',0,1,NULL);
INSERT INTO `B65362949_c_forme_juridique` VALUES (27,27,1,'Paroisse hors zone concordataire',0,1,NULL);
INSERT INTO `B65362949_c_forme_juridique` VALUES (28,29,1,'Groupement de droit privé non doté de la personnalité morale',0,1,NULL);
INSERT INTO `B65362949_c_forme_juridique` VALUES (29,31,1,'Personne morale de droit étranger, immatriculée au RCS',0,1,NULL);
INSERT INTO `B65362949_c_forme_juridique` VALUES (30,32,1,'Personne morale de droit étranger, non immatriculée au RCS',0,1,NULL);
INSERT INTO `B65362949_c_forme_juridique` VALUES (31,35,1,'Régime auto-entrepreneur',0,1,NULL);
INSERT INTO `B65362949_c_forme_juridique` VALUES (32,41,1,'Établissement public ou régie à caractère industriel ou commercial',0,1,NULL);
INSERT INTO `B65362949_c_forme_juridique` VALUES (33,51,1,'Société coopérative commerciale particulière',0,1,NULL);
INSERT INTO `B65362949_c_forme_juridique` VALUES (34,52,1,'Société en nom collectif',0,1,NULL);
INSERT INTO `B65362949_c_forme_juridique` VALUES (35,53,1,'Société en commandite',0,1,NULL);
INSERT INTO `B65362949_c_forme_juridique` VALUES (36,54,1,'Société à responsabilité limitée (SARL)',0,1,NULL);
INSERT INTO `B65362949_c_forme_juridique` VALUES (37,55,1,'Société anonyme à conseil d administration',0,1,NULL);
INSERT INTO `B65362949_c_forme_juridique` VALUES (38,56,1,'Société anonyme à directoire',0,1,NULL);
INSERT INTO `B65362949_c_forme_juridique` VALUES (39,57,1,'Société par actions simplifiée (SAS)',0,1,NULL);
INSERT INTO `B65362949_c_forme_juridique` VALUES (40,58,1,'Entreprise Unipersonnelle à Responsabilité Limitée (EURL)',0,1,NULL);
INSERT INTO `B65362949_c_forme_juridique` VALUES (41,59,1,'Société par actions simplifiée unipersonnelle (SASU)',0,1,NULL);
INSERT INTO `B65362949_c_forme_juridique` VALUES (42,61,1,'Caisse d\'épargne et de prévoyance',0,1,NULL);
INSERT INTO `B65362949_c_forme_juridique` VALUES (43,62,1,'Groupement d\'intérêt économique (GIE)',0,1,NULL);
INSERT INTO `B65362949_c_forme_juridique` VALUES (44,63,1,'Société coopérative agricole',0,1,NULL);
INSERT INTO `B65362949_c_forme_juridique` VALUES (45,64,1,'Société non commerciale d assurances',0,1,NULL);
INSERT INTO `B65362949_c_forme_juridique` VALUES (46,65,1,'Société civile',0,1,NULL);
INSERT INTO `B65362949_c_forme_juridique` VALUES (47,69,1,'Personnes de droit privé inscrites au RCS',0,1,NULL);
INSERT INTO `B65362949_c_forme_juridique` VALUES (48,71,1,'Administration de l état',0,1,NULL);
INSERT INTO `B65362949_c_forme_juridique` VALUES (49,72,1,'Collectivité territoriale',0,1,NULL);
INSERT INTO `B65362949_c_forme_juridique` VALUES (50,73,1,'Établissement public administratif',0,1,NULL);
INSERT INTO `B65362949_c_forme_juridique` VALUES (51,74,1,'Personne morale de droit public administratif',0,1,NULL);
INSERT INTO `B65362949_c_forme_juridique` VALUES (52,81,1,'Organisme gérant régime de protection social à adhésion obligatoire',0,1,NULL);
INSERT INTO `B65362949_c_forme_juridique` VALUES (53,82,1,'Organisme mutualiste',0,1,NULL);
INSERT INTO `B65362949_c_forme_juridique` VALUES (54,83,1,'Comité d entreprise',0,1,NULL);
INSERT INTO `B65362949_c_forme_juridique` VALUES (55,84,1,'Organisme professionnel',0,1,NULL);
INSERT INTO `B65362949_c_forme_juridique` VALUES (56,85,1,'Organisme de retraite à adhésion non obligatoire',0,1,NULL);
INSERT INTO `B65362949_c_forme_juridique` VALUES (57,91,1,'Syndicat de propriétaires',0,1,NULL);
INSERT INTO `B65362949_c_forme_juridique` VALUES (58,92,1,'Association loi 1901 ou assimilé',0,1,NULL);
INSERT INTO `B65362949_c_forme_juridique` VALUES (59,93,1,'Fondation',0,1,NULL);
INSERT INTO `B65362949_c_forme_juridique` VALUES (60,99,1,'Personne morale de droit privé',0,1,NULL);
INSERT INTO `B65362949_c_forme_juridique` VALUES (61,200,2,'Indépendant',0,1,NULL);
INSERT INTO `B65362949_c_forme_juridique` VALUES (62,201,2,'SPRL - Société à responsabilité limitée',0,1,NULL);
INSERT INTO `B65362949_c_forme_juridique` VALUES (63,202,2,'SA   - Société Anonyme',0,1,NULL);
INSERT INTO `B65362949_c_forme_juridique` VALUES (64,203,2,'SCRL - Société coopérative à responsabilité limitée',0,1,NULL);
INSERT INTO `B65362949_c_forme_juridique` VALUES (65,204,2,'ASBL - Association sans but Lucratif',0,1,NULL);
INSERT INTO `B65362949_c_forme_juridique` VALUES (66,205,2,'SCRI - Société coopérative à responsabilité illimitée',0,1,NULL);
INSERT INTO `B65362949_c_forme_juridique` VALUES (67,206,2,'SCS  - Société en commandite simple',0,1,NULL);
INSERT INTO `B65362949_c_forme_juridique` VALUES (68,207,2,'SCA  - Société en commandite par action',0,1,NULL);
INSERT INTO `B65362949_c_forme_juridique` VALUES (69,208,2,'SNC  - Société en nom collectif',0,1,NULL);
INSERT INTO `B65362949_c_forme_juridique` VALUES (70,209,2,'GIE  - Groupement d intérêt économique',0,1,NULL);
INSERT INTO `B65362949_c_forme_juridique` VALUES (71,210,2,'GEIE - Groupement européen d intérêt économique',0,1,NULL);
INSERT INTO `B65362949_c_forme_juridique` VALUES (72,220,2,'Eenmanszaak',0,1,NULL);
INSERT INTO `B65362949_c_forme_juridique` VALUES (73,221,2,'BVBA - Besloten vennootschap met beperkte aansprakelijkheid',0,1,NULL);
INSERT INTO `B65362949_c_forme_juridique` VALUES (74,222,2,'NV   - Naamloze Vennootschap',0,1,NULL);
INSERT INTO `B65362949_c_forme_juridique` VALUES (75,223,2,'CVBA - Coöperatieve vennootschap met beperkte aansprakelijkheid',0,1,NULL);
INSERT INTO `B65362949_c_forme_juridique` VALUES (76,224,2,'VZW  - Vereniging zonder winstoogmerk',0,1,NULL);
INSERT INTO `B65362949_c_forme_juridique` VALUES (77,225,2,'CVOA - Coöperatieve vennootschap met onbeperkte aansprakelijkheid ',0,1,NULL);
INSERT INTO `B65362949_c_forme_juridique` VALUES (78,226,2,'GCV  - Gewone commanditaire vennootschap',0,1,NULL);
INSERT INTO `B65362949_c_forme_juridique` VALUES (79,227,2,'Comm.VA - Commanditaire vennootschap op aandelen',0,1,NULL);
INSERT INTO `B65362949_c_forme_juridique` VALUES (80,228,2,'VOF  - Vennootschap onder firma',0,1,NULL);
INSERT INTO `B65362949_c_forme_juridique` VALUES (81,229,2,'VS0  - Vennootschap met sociaal oogmerk',0,1,NULL);
INSERT INTO `B65362949_c_forme_juridique` VALUES (82,500,5,'GmbH - Gesellschaft mit beschränkter Haftung',0,1,NULL);
INSERT INTO `B65362949_c_forme_juridique` VALUES (83,501,5,'AG - Aktiengesellschaft ',0,1,NULL);
INSERT INTO `B65362949_c_forme_juridique` VALUES (84,502,5,'GmbH&Co. KG - Gesellschaft mit beschränkter Haftung & Compagnie Kommanditgesellschaft',0,1,NULL);
INSERT INTO `B65362949_c_forme_juridique` VALUES (85,503,5,'Gewerbe - Personengesellschaft',0,1,NULL);
INSERT INTO `B65362949_c_forme_juridique` VALUES (86,504,5,'UG - Unternehmergesellschaft -haftungsbeschränkt-',0,1,NULL);
INSERT INTO `B65362949_c_forme_juridique` VALUES (87,505,5,'GbR - Gesellschaft des bürgerlichen Rechts',0,1,NULL);
INSERT INTO `B65362949_c_forme_juridique` VALUES (88,506,5,'KG - Kommanditgesellschaft',0,1,NULL);
INSERT INTO `B65362949_c_forme_juridique` VALUES (89,507,5,'Ltd. - Limited Company',0,1,NULL);
INSERT INTO `B65362949_c_forme_juridique` VALUES (90,508,5,'OHG - Offene Handelsgesellschaft',0,1,NULL);
INSERT INTO `B65362949_c_forme_juridique` VALUES (91,10201,102,'Ατομική επιχείρηση',0,1,NULL);
INSERT INTO `B65362949_c_forme_juridique` VALUES (92,10202,102,'Εταιρική  επιχείρηση',0,1,NULL);
INSERT INTO `B65362949_c_forme_juridique` VALUES (93,10203,102,'Ομόρρυθμη Εταιρεία Ο.Ε',0,1,NULL);
INSERT INTO `B65362949_c_forme_juridique` VALUES (94,10204,102,'Ετερόρρυθμη Εταιρεία Ε.Ε',0,1,NULL);
INSERT INTO `B65362949_c_forme_juridique` VALUES (95,10205,102,'Εταιρεία Περιορισμένης Ευθύνης Ε.Π.Ε',0,1,NULL);
INSERT INTO `B65362949_c_forme_juridique` VALUES (96,10206,102,'Ανώνυμη Εταιρεία Α.Ε',0,1,NULL);
INSERT INTO `B65362949_c_forme_juridique` VALUES (97,10207,102,'Ανώνυμη ναυτιλιακή εταιρεία Α.Ν.Ε',0,1,NULL);
INSERT INTO `B65362949_c_forme_juridique` VALUES (98,10208,102,'Συνεταιρισμός',0,1,NULL);
INSERT INTO `B65362949_c_forme_juridique` VALUES (99,10209,102,'Συμπλοιοκτησία',0,1,NULL);
INSERT INTO `B65362949_c_forme_juridique` VALUES (100,301,3,'Società semplice',0,1,NULL);
INSERT INTO `B65362949_c_forme_juridique` VALUES (101,302,3,'Società in nome collettivo s.n.c.',0,1,NULL);
INSERT INTO `B65362949_c_forme_juridique` VALUES (102,303,3,'Società in accomandita semplice s.a.s.',0,1,NULL);
INSERT INTO `B65362949_c_forme_juridique` VALUES (103,304,3,'Società per azioni s.p.a.',0,1,NULL);
INSERT INTO `B65362949_c_forme_juridique` VALUES (104,305,3,'Società a responsabilità limitata s.r.l.',0,1,NULL);
INSERT INTO `B65362949_c_forme_juridique` VALUES (105,306,3,'Società in accomandita per azioni s.a.p.a.',0,1,NULL);
INSERT INTO `B65362949_c_forme_juridique` VALUES (106,307,3,'Società cooperativa a r.l.',0,1,NULL);
INSERT INTO `B65362949_c_forme_juridique` VALUES (107,308,3,'Società consortile',0,1,NULL);
INSERT INTO `B65362949_c_forme_juridique` VALUES (108,309,3,'Società europea',0,1,NULL);
INSERT INTO `B65362949_c_forme_juridique` VALUES (109,310,3,'Società cooperativa europea',0,1,NULL);
INSERT INTO `B65362949_c_forme_juridique` VALUES (110,311,3,'Società unipersonale',0,1,NULL);
INSERT INTO `B65362949_c_forme_juridique` VALUES (111,312,3,'Società di professionisti',0,1,NULL);
INSERT INTO `B65362949_c_forme_juridique` VALUES (112,313,3,'Società di fatto',0,1,NULL);
INSERT INTO `B65362949_c_forme_juridique` VALUES (113,315,3,'Società apparente',0,1,NULL);
INSERT INTO `B65362949_c_forme_juridique` VALUES (114,316,3,'Impresa individuale ',0,1,NULL);
INSERT INTO `B65362949_c_forme_juridique` VALUES (115,317,3,'Impresa coniugale',0,1,NULL);
INSERT INTO `B65362949_c_forme_juridique` VALUES (116,318,3,'Impresa familiare',0,1,NULL);
INSERT INTO `B65362949_c_forme_juridique` VALUES (117,319,3,'Consorzio cooperativo',0,1,NULL);
INSERT INTO `B65362949_c_forme_juridique` VALUES (118,320,3,'Società cooperativa sociale',0,1,NULL);
INSERT INTO `B65362949_c_forme_juridique` VALUES (119,321,3,'Società cooperativa di consumo',0,1,NULL);
INSERT INTO `B65362949_c_forme_juridique` VALUES (120,322,3,'Società cooperativa agricola',0,1,NULL);
INSERT INTO `B65362949_c_forme_juridique` VALUES (121,323,3,'A.T.I. Associazione temporanea di imprese',0,1,NULL);
INSERT INTO `B65362949_c_forme_juridique` VALUES (122,324,3,'R.T.I. Raggruppamento temporaneo di imprese',0,1,NULL);
INSERT INTO `B65362949_c_forme_juridique` VALUES (123,325,3,'Studio associato',0,1,NULL);
INSERT INTO `B65362949_c_forme_juridique` VALUES (124,600,6,'Raison Individuelle',0,1,NULL);
INSERT INTO `B65362949_c_forme_juridique` VALUES (125,601,6,'Société Simple',0,1,NULL);
INSERT INTO `B65362949_c_forme_juridique` VALUES (126,602,6,'Société en nom collectif',0,1,NULL);
INSERT INTO `B65362949_c_forme_juridique` VALUES (127,603,6,'Société en commandite',0,1,NULL);
INSERT INTO `B65362949_c_forme_juridique` VALUES (128,604,6,'Société anonyme (SA)',0,1,NULL);
INSERT INTO `B65362949_c_forme_juridique` VALUES (129,605,6,'Société en commandite par actions',0,1,NULL);
INSERT INTO `B65362949_c_forme_juridique` VALUES (130,606,6,'Société à responsabilité limitée (SARL)',0,1,NULL);
INSERT INTO `B65362949_c_forme_juridique` VALUES (131,607,6,'Société coopérative',0,1,NULL);
INSERT INTO `B65362949_c_forme_juridique` VALUES (132,608,6,'Association',0,1,NULL);
INSERT INTO `B65362949_c_forme_juridique` VALUES (133,609,6,'Fondation',0,1,NULL);
INSERT INTO `B65362949_c_forme_juridique` VALUES (134,700,7,'Sole Trader',0,1,NULL);
INSERT INTO `B65362949_c_forme_juridique` VALUES (135,701,7,'Partnership',0,1,NULL);
INSERT INTO `B65362949_c_forme_juridique` VALUES (136,702,7,'Private Limited Company by shares (LTD)',0,1,NULL);
INSERT INTO `B65362949_c_forme_juridique` VALUES (137,703,7,'Public Limited Company',0,1,NULL);
INSERT INTO `B65362949_c_forme_juridique` VALUES (138,704,7,'Workers Cooperative',0,1,NULL);
INSERT INTO `B65362949_c_forme_juridique` VALUES (139,705,7,'Limited Liability Partnership',0,1,NULL);
INSERT INTO `B65362949_c_forme_juridique` VALUES (140,706,7,'Franchise',0,1,NULL);
INSERT INTO `B65362949_c_forme_juridique` VALUES (141,1000,10,'Société à responsabilité limitée (SARL)',0,1,NULL);
INSERT INTO `B65362949_c_forme_juridique` VALUES (142,1001,10,'Société en Nom Collectif (SNC)',0,1,NULL);
INSERT INTO `B65362949_c_forme_juridique` VALUES (143,1002,10,'Société en Commandite Simple (SCS)',0,1,NULL);
INSERT INTO `B65362949_c_forme_juridique` VALUES (144,1003,10,'société en participation',0,1,NULL);
INSERT INTO `B65362949_c_forme_juridique` VALUES (145,1004,10,'Société Anonyme (SA)',0,1,NULL);
INSERT INTO `B65362949_c_forme_juridique` VALUES (146,1005,10,'Société Unipersonnelle à Responsabilité Limitée (SUARL)',0,1,NULL);
INSERT INTO `B65362949_c_forme_juridique` VALUES (147,1006,10,'Groupement d\'intérêt économique (GEI)',0,1,NULL);
INSERT INTO `B65362949_c_forme_juridique` VALUES (148,1007,10,'Groupe de sociétés',0,1,NULL);
INSERT INTO `B65362949_c_forme_juridique` VALUES (149,1701,17,'Eenmanszaak',0,1,NULL);
INSERT INTO `B65362949_c_forme_juridique` VALUES (150,1702,17,'Maatschap',0,1,NULL);
INSERT INTO `B65362949_c_forme_juridique` VALUES (151,1703,17,'Vennootschap onder firma',0,1,NULL);
INSERT INTO `B65362949_c_forme_juridique` VALUES (152,1704,17,'Commanditaire vennootschap',0,1,NULL);
INSERT INTO `B65362949_c_forme_juridique` VALUES (153,1705,17,'Besloten vennootschap (BV)',0,1,NULL);
INSERT INTO `B65362949_c_forme_juridique` VALUES (154,1706,17,'Naamloze Vennootschap (NV)',0,1,NULL);
INSERT INTO `B65362949_c_forme_juridique` VALUES (155,1707,17,'Vereniging',0,1,NULL);
INSERT INTO `B65362949_c_forme_juridique` VALUES (156,1708,17,'Stichting',0,1,NULL);
INSERT INTO `B65362949_c_forme_juridique` VALUES (157,1709,17,'Coöperatie met beperkte aansprakelijkheid (BA)',0,1,NULL);
INSERT INTO `B65362949_c_forme_juridique` VALUES (158,1710,17,'Coöperatie met uitgesloten aansprakelijkheid (UA)',0,1,NULL);
INSERT INTO `B65362949_c_forme_juridique` VALUES (159,1711,17,'Coöperatie met wettelijke aansprakelijkheid (WA)',0,1,NULL);
INSERT INTO `B65362949_c_forme_juridique` VALUES (160,1712,17,'Onderlinge waarborgmaatschappij',0,1,NULL);
INSERT INTO `B65362949_c_forme_juridique` VALUES (161,401,4,'Empresario Individual',0,1,NULL);
INSERT INTO `B65362949_c_forme_juridique` VALUES (162,402,4,'Comunidad de Bienes',0,1,NULL);
INSERT INTO `B65362949_c_forme_juridique` VALUES (163,403,4,'Sociedad Civil',0,1,NULL);
INSERT INTO `B65362949_c_forme_juridique` VALUES (164,404,4,'Sociedad Colectiva',0,1,NULL);
INSERT INTO `B65362949_c_forme_juridique` VALUES (165,405,4,'Sociedad Limitada',0,1,NULL);
INSERT INTO `B65362949_c_forme_juridique` VALUES (166,406,4,'Sociedad Anónima',0,1,NULL);
INSERT INTO `B65362949_c_forme_juridique` VALUES (167,407,4,'Sociedad Comanditaria por Acciones',0,1,NULL);
INSERT INTO `B65362949_c_forme_juridique` VALUES (168,408,4,'Sociedad Comanditaria Simple',0,1,NULL);
INSERT INTO `B65362949_c_forme_juridique` VALUES (169,409,4,'Sociedad Laboral',0,1,NULL);
INSERT INTO `B65362949_c_forme_juridique` VALUES (170,410,4,'Sociedad Cooperativa',0,1,NULL);
INSERT INTO `B65362949_c_forme_juridique` VALUES (171,411,4,'Sociedad de Garantía Recíproca',0,1,NULL);
INSERT INTO `B65362949_c_forme_juridique` VALUES (172,412,4,'Entidad de Capital-Riesgo',0,1,NULL);
INSERT INTO `B65362949_c_forme_juridique` VALUES (173,413,4,'Agrupación de Interés Económico',0,1,NULL);
INSERT INTO `B65362949_c_forme_juridique` VALUES (174,414,4,'Sociedad de Inversión Mobiliaria',0,1,NULL);
INSERT INTO `B65362949_c_forme_juridique` VALUES (175,415,4,'Agrupación sin Ánimo de Lucro',0,1,NULL);
INSERT INTO `B65362949_c_forme_juridique` VALUES (176,15201,152,'Mauritius Private Company Limited By Shares',0,1,NULL);
INSERT INTO `B65362949_c_forme_juridique` VALUES (177,15202,152,'Mauritius Company Limited By Guarantee',0,1,NULL);
INSERT INTO `B65362949_c_forme_juridique` VALUES (178,15203,152,'Mauritius Public Company Limited By Shares',0,1,NULL);
INSERT INTO `B65362949_c_forme_juridique` VALUES (179,15204,152,'Mauritius Foreign Company',0,1,NULL);
INSERT INTO `B65362949_c_forme_juridique` VALUES (180,15205,152,'Mauritius GBC1 (Offshore Company)',0,1,NULL);
INSERT INTO `B65362949_c_forme_juridique` VALUES (181,15206,152,'Mauritius GBC2 (International Company)',0,1,NULL);
INSERT INTO `B65362949_c_forme_juridique` VALUES (182,15207,152,'Mauritius General Partnership',0,1,NULL);
INSERT INTO `B65362949_c_forme_juridique` VALUES (183,15208,152,'Mauritius Limited Partnership',0,1,NULL);
INSERT INTO `B65362949_c_forme_juridique` VALUES (184,15209,152,'Mauritius Sole Proprietorship',0,1,NULL);
INSERT INTO `B65362949_c_forme_juridique` VALUES (185,15210,152,'Mauritius Trusts',0,1,NULL);
INSERT INTO `B65362949_c_forme_juridique` VALUES (186,15401,154,'Sociedad en nombre colectivo',0,1,NULL);
INSERT INTO `B65362949_c_forme_juridique` VALUES (187,15402,154,'Sociedad en comandita simple',0,1,NULL);
INSERT INTO `B65362949_c_forme_juridique` VALUES (188,15403,154,'Sociedad de responsabilidad limitada',0,1,NULL);
INSERT INTO `B65362949_c_forme_juridique` VALUES (189,15404,154,'Sociedad anónima',0,1,NULL);
INSERT INTO `B65362949_c_forme_juridique` VALUES (190,15405,154,'Sociedad en comandita por acciones',0,1,NULL);
INSERT INTO `B65362949_c_forme_juridique` VALUES (191,15406,154,'Sociedad cooperativa',0,1,NULL);




--
-- Table structure for table `B65362949_c_input_method`
--
CREATE TABLE `B65362949_c_input_method` (
  `rowid` int(11) NOT NULL AUTO_INCREMENT,
  `code` varchar(30) DEFAULT NULL,
  `libelle` varchar(60) DEFAULT NULL,
  `active` tinyint(4) NOT NULL DEFAULT '1',
  `module` varchar(32) DEFAULT NULL,
  PRIMARY KEY (`rowid`),
  UNIQUE KEY `uk_c_input_method` (`code`)
) ENGINE=InnoDB AUTO_INCREMENT=6 DEFAULT CHARSET=utf8;

--
-- Dumping data for table `B65362949_c_input_method`
--
INSERT INTO `B65362949_c_input_method` VALUES (1,'OrderByMail','Courrier',1,NULL);
INSERT INTO `B65362949_c_input_method` VALUES (2,'OrderByFax','Fax',1,NULL);
INSERT INTO `B65362949_c_input_method` VALUES (3,'OrderByEMail','EMail',1,NULL);
INSERT INTO `B65362949_c_input_method` VALUES (4,'OrderByPhone','Téléphone',1,NULL);
INSERT INTO `B65362949_c_input_method` VALUES (5,'OrderByWWW','En ligne',1,NULL);




--
-- Table structure for table `B65362949_c_input_reason`
--
CREATE TABLE `B65362949_c_input_reason` (
  `rowid` int(11) NOT NULL AUTO_INCREMENT,
  `code` varchar(30) DEFAULT NULL,
  `label` varchar(60) DEFAULT NULL,
  `active` tinyint(4) NOT NULL DEFAULT '1',
  `module` varchar(32) DEFAULT NULL,
  PRIMARY KEY (`rowid`),
  UNIQUE KEY `uk_c_input_reason` (`code`)
) ENGINE=InnoDB AUTO_INCREMENT=12 DEFAULT CHARSET=utf8;

--
-- Dumping data for table `B65362949_c_input_reason`
--
INSERT INTO `B65362949_c_input_reason` VALUES (1,'SRC_INTE','Web site',1,NULL);
INSERT INTO `B65362949_c_input_reason` VALUES (2,'SRC_CAMP_MAIL','Mailing campaign',1,NULL);
INSERT INTO `B65362949_c_input_reason` VALUES (3,'SRC_CAMP_PHO','Phone campaign',1,NULL);
INSERT INTO `B65362949_c_input_reason` VALUES (4,'SRC_CAMP_FAX','Fax campaign',1,NULL);
INSERT INTO `B65362949_c_input_reason` VALUES (5,'SRC_COMM','Commercial contact',1,NULL);
INSERT INTO `B65362949_c_input_reason` VALUES (6,'SRC_SHOP','Shop contact',1,NULL);
INSERT INTO `B65362949_c_input_reason` VALUES (7,'SRC_CAMP_EMAIL','EMailing campaign',1,NULL);
INSERT INTO `B65362949_c_input_reason` VALUES (8,'SRC_WOM','Word of mouth',1,NULL);
INSERT INTO `B65362949_c_input_reason` VALUES (9,'SRC_PARTNER','Partner',1,NULL);
INSERT INTO `B65362949_c_input_reason` VALUES (10,'SRC_EMPLOYEE','Employee',1,NULL);
INSERT INTO `B65362949_c_input_reason` VALUES (11,'SRC_SPONSORING','Sponsorship',1,NULL);




--
-- Table structure for table `B65362949_c_paiement`
--
CREATE TABLE `B65362949_c_paiement` (
  `id` int(11) NOT NULL,
  `code` varchar(6) NOT NULL,
  `libelle` varchar(30) DEFAULT NULL,
  `type` smallint(6) DEFAULT NULL,
  `active` tinyint(4) NOT NULL DEFAULT '1',
  `module` varchar(32) DEFAULT NULL,
  PRIMARY KEY (`id`),
  UNIQUE KEY `uk_c_paiement` (`code`)
) ENGINE=InnoDB DEFAULT CHARSET=utf8;

--
-- Dumping data for table `B65362949_c_paiement`
--
INSERT INTO `B65362949_c_paiement` VALUES (0,'','-',3,1,NULL);
INSERT INTO `B65362949_c_paiement` VALUES (1,'TIP','TIP',2,1,NULL);
INSERT INTO `B65362949_c_paiement` VALUES (2,'VIR','Virement',2,1,NULL);
INSERT INTO `B65362949_c_paiement` VALUES (3,'PRE','Prélèvement',2,1,NULL);
INSERT INTO `B65362949_c_paiement` VALUES (4,'LIQ','Espèces',2,1,NULL);
INSERT INTO `B65362949_c_paiement` VALUES (6,'CB','Carte Bancaire',2,1,NULL);
INSERT INTO `B65362949_c_paiement` VALUES (7,'CHQ','Chèque',2,1,NULL);
INSERT INTO `B65362949_c_paiement` VALUES (50,'VAD','Paiement en ligne',2,0,NULL);
INSERT INTO `B65362949_c_paiement` VALUES (51,'TRA','Traite',2,0,NULL);
INSERT INTO `B65362949_c_paiement` VALUES (52,'LCR','LCR',2,0,NULL);
INSERT INTO `B65362949_c_paiement` VALUES (53,'FAC','Factor',2,0,NULL);
INSERT INTO `B65362949_c_paiement` VALUES (54,'PRO','Proforma',2,0,NULL);




--
-- Table structure for table `B65362949_c_paper_format`
--
CREATE TABLE `B65362949_c_paper_format` (
  `rowid` int(11) NOT NULL AUTO_INCREMENT,
  `code` varchar(16) NOT NULL,
  `label` varchar(50) NOT NULL,
  `width` float(6,2) DEFAULT '0.00',
  `height` float(6,2) DEFAULT '0.00',
  `unit` varchar(5) NOT NULL,
  `active` tinyint(4) NOT NULL DEFAULT '1',
  `module` varchar(32) DEFAULT NULL,
  PRIMARY KEY (`rowid`)
) ENGINE=InnoDB AUTO_INCREMENT=226 DEFAULT CHARSET=utf8;

--
-- Dumping data for table `B65362949_c_paper_format`
--
INSERT INTO `B65362949_c_paper_format` VALUES (1,'EU4A0','Format 4A0','1682.00','2378.00','mm',1,NULL);
INSERT INTO `B65362949_c_paper_format` VALUES (2,'EU2A0','Format 2A0','1189.00','1682.00','mm',1,NULL);
INSERT INTO `B65362949_c_paper_format` VALUES (3,'EUA0','Format A0','840.00','1189.00','mm',1,NULL);
INSERT INTO `B65362949_c_paper_format` VALUES (4,'EUA1','Format A1','594.00','840.00','mm',1,NULL);
INSERT INTO `B65362949_c_paper_format` VALUES (5,'EUA2','Format A2','420.00','594.00','mm',1,NULL);
INSERT INTO `B65362949_c_paper_format` VALUES (6,'EUA3','Format A3','297.00','420.00','mm',1,NULL);
INSERT INTO `B65362949_c_paper_format` VALUES (7,'EUA4','Format A4','210.00','297.00','mm',1,NULL);
INSERT INTO `B65362949_c_paper_format` VALUES (8,'EUA5','Format A5','148.00','210.00','mm',1,NULL);
INSERT INTO `B65362949_c_paper_format` VALUES (9,'EUA6','Format A6','105.00','148.00','mm',1,NULL);
INSERT INTO `B65362949_c_paper_format` VALUES (100,'USLetter','Format Letter (A)','216.00','279.00','mm',1,NULL);
INSERT INTO `B65362949_c_paper_format` VALUES (105,'USLegal','Format Legal','216.00','356.00','mm',1,NULL);
INSERT INTO `B65362949_c_paper_format` VALUES (110,'USExecutive','Format Executive','190.00','254.00','mm',1,NULL);
INSERT INTO `B65362949_c_paper_format` VALUES (115,'USLedger','Format Ledger/Tabloid (B)','279.00','432.00','mm',1,NULL);
INSERT INTO `B65362949_c_paper_format` VALUES (200,'CAP1','Format Canadian P1','560.00','860.00','mm',1,NULL);
INSERT INTO `B65362949_c_paper_format` VALUES (205,'CAP2','Format Canadian P2','430.00','560.00','mm',1,NULL);
INSERT INTO `B65362949_c_paper_format` VALUES (210,'CAP3','Format Canadian P3','280.00','430.00','mm',1,NULL);
INSERT INTO `B65362949_c_paper_format` VALUES (215,'CAP4','Format Canadian P4','215.00','280.00','mm',1,NULL);
INSERT INTO `B65362949_c_paper_format` VALUES (220,'CAP5','Format Canadian P5','140.00','215.00','mm',1,NULL);
INSERT INTO `B65362949_c_paper_format` VALUES (225,'CAP6','Format Canadian P6','107.00','140.00','mm',1,NULL);




--
-- Table structure for table `B65362949_c_payment_term`
--
CREATE TABLE `B65362949_c_payment_term` (
  `rowid` int(11) NOT NULL,
  `code` varchar(16) DEFAULT NULL,
  `sortorder` smallint(6) DEFAULT NULL,
  `active` tinyint(4) DEFAULT '1',
  `libelle` varchar(255) DEFAULT NULL,
  `libelle_facture` text,
  `fdm` tinyint(4) DEFAULT NULL,
  `nbjour` smallint(6) DEFAULT NULL,
  `decalage` smallint(6) DEFAULT NULL,
  `module` varchar(32) DEFAULT NULL,
  PRIMARY KEY (`rowid`)
) ENGINE=InnoDB DEFAULT CHARSET=utf8;

--
-- Dumping data for table `B65362949_c_payment_term`
--
INSERT INTO `B65362949_c_payment_term` VALUES (1,'RECEP',1,1,'A réception de facture','Réception de facture',0,0,NULL,NULL);
INSERT INTO `B65362949_c_payment_term` VALUES (2,'30D',2,1,'30 jours','Réglement à 30 jours',0,30,NULL,NULL);
INSERT INTO `B65362949_c_payment_term` VALUES (3,'30DENDMONTH',3,0,'30 jours fin de mois','Réglement à 30 jours fin de mois',1,30,NULL,NULL);
INSERT INTO `B65362949_c_payment_term` VALUES (4,'60D',4,1,'60 jours','Réglement à 60 jours',0,60,NULL,NULL);
INSERT INTO `B65362949_c_payment_term` VALUES (5,'60DENDMONTH',5,0,'60 jours fin de mois','Réglement à 60 jours fin de mois',1,60,NULL,NULL);
INSERT INTO `B65362949_c_payment_term` VALUES (6,'PT_ORDER',6,0,'A réception de commande','A réception de commande',0,0,NULL,NULL);
INSERT INTO `B65362949_c_payment_term` VALUES (7,'PT_DELIVERY',7,0,'Livraison','Règlement à la livraison',0,0,NULL,NULL);
INSERT INTO `B65362949_c_payment_term` VALUES (8,'PT_5050',8,0,'50 et 50','Règlement 50% à la commande, 50% à la livraison',0,0,NULL,NULL);




--
-- Table structure for table `B65362949_c_pays`
--
CREATE TABLE `B65362949_c_pays` (
  `rowid` int(11) NOT NULL,
  `code` varchar(2) NOT NULL,
  `code_iso` varchar(3) DEFAULT NULL,
  `libelle` varchar(50) NOT NULL,
  `active` tinyint(4) NOT NULL DEFAULT '1',
  PRIMARY KEY (`rowid`),
  UNIQUE KEY `idx_c_country_code` (`code`),
  UNIQUE KEY `idx_c_pays_libelle` (`libelle`),
  UNIQUE KEY `idx_c_country_code_iso` (`code_iso`)
) ENGINE=InnoDB DEFAULT CHARSET=utf8;

--
-- Dumping data for table `B65362949_c_pays`
--
INSERT INTO `B65362949_c_pays` VALUES (0,'',NULL,'-',1);
INSERT INTO `B65362949_c_pays` VALUES (1,'FR',NULL,'France',1);
INSERT INTO `B65362949_c_pays` VALUES (2,'BE',NULL,'Belgium',1);
INSERT INTO `B65362949_c_pays` VALUES (3,'IT',NULL,'Italy',1);
INSERT INTO `B65362949_c_pays` VALUES (4,'ES',NULL,'Spain',1);
INSERT INTO `B65362949_c_pays` VALUES (5,'DE',NULL,'Germany',1);
INSERT INTO `B65362949_c_pays` VALUES (6,'CH',NULL,'Switzerland',1);
INSERT INTO `B65362949_c_pays` VALUES (7,'GB',NULL,'United Kingdom',1);
INSERT INTO `B65362949_c_pays` VALUES (8,'IE',NULL,'Irland',1);
INSERT INTO `B65362949_c_pays` VALUES (9,'CN',NULL,'China',1);
INSERT INTO `B65362949_c_pays` VALUES (10,'TN',NULL,'Tunisia',1);
INSERT INTO `B65362949_c_pays` VALUES (11,'US',NULL,'United States',1);
INSERT INTO `B65362949_c_pays` VALUES (12,'MA',NULL,'Maroc',1);
INSERT INTO `B65362949_c_pays` VALUES (13,'DZ',NULL,'Algeria',1);
INSERT INTO `B65362949_c_pays` VALUES (14,'CA',NULL,'Canada',1);
INSERT INTO `B65362949_c_pays` VALUES (15,'TG',NULL,'Togo',1);
INSERT INTO `B65362949_c_pays` VALUES (16,'GA',NULL,'Gabon',1);
INSERT INTO `B65362949_c_pays` VALUES (17,'NL',NULL,'Nerderland',1);
INSERT INTO `B65362949_c_pays` VALUES (18,'HU',NULL,'Hongrie',1);
INSERT INTO `B65362949_c_pays` VALUES (19,'RU',NULL,'Russia',1);
INSERT INTO `B65362949_c_pays` VALUES (20,'SE',NULL,'Sweden',1);
INSERT INTO `B65362949_c_pays` VALUES (21,'CI',NULL,'Côte d\'Ivoire',1);
INSERT INTO `B65362949_c_pays` VALUES (22,'SN',NULL,'Senegal',1);
INSERT INTO `B65362949_c_pays` VALUES (23,'AR',NULL,'Argentine',1);
INSERT INTO `B65362949_c_pays` VALUES (24,'CM',NULL,'Cameroun',1);
INSERT INTO `B65362949_c_pays` VALUES (25,'PT',NULL,'Portugal',1);
INSERT INTO `B65362949_c_pays` VALUES (26,'SA',NULL,'Saudi Arabia',1);
INSERT INTO `B65362949_c_pays` VALUES (27,'MC',NULL,'Monaco',1);
INSERT INTO `B65362949_c_pays` VALUES (28,'AU',NULL,'Australia',1);
INSERT INTO `B65362949_c_pays` VALUES (29,'SG',NULL,'Singapour',1);
INSERT INTO `B65362949_c_pays` VALUES (30,'AF',NULL,'Afghanistan',1);
INSERT INTO `B65362949_c_pays` VALUES (31,'AX',NULL,'Iles Aland',1);
INSERT INTO `B65362949_c_pays` VALUES (32,'AL',NULL,'Albanie',1);
INSERT INTO `B65362949_c_pays` VALUES (33,'AS',NULL,'Samoa américaines',1);
INSERT INTO `B65362949_c_pays` VALUES (34,'AD',NULL,'Andorre',1);
INSERT INTO `B65362949_c_pays` VALUES (35,'AO',NULL,'Angola',1);
INSERT INTO `B65362949_c_pays` VALUES (36,'AI',NULL,'Anguilla',1);
INSERT INTO `B65362949_c_pays` VALUES (37,'AQ',NULL,'Antarctique',1);
INSERT INTO `B65362949_c_pays` VALUES (38,'AG',NULL,'Antigua-et-Barbuda',1);
INSERT INTO `B65362949_c_pays` VALUES (39,'AM',NULL,'Arménie',1);
INSERT INTO `B65362949_c_pays` VALUES (40,'AW',NULL,'Aruba',1);
INSERT INTO `B65362949_c_pays` VALUES (41,'AT',NULL,'Autriche',1);
INSERT INTO `B65362949_c_pays` VALUES (42,'AZ',NULL,'Azerbaïdjan',1);
INSERT INTO `B65362949_c_pays` VALUES (43,'BS',NULL,'Bahamas',1);
INSERT INTO `B65362949_c_pays` VALUES (44,'BH',NULL,'Bahreïn',1);
INSERT INTO `B65362949_c_pays` VALUES (45,'BD',NULL,'Bangladesh',1);
INSERT INTO `B65362949_c_pays` VALUES (46,'BB',NULL,'Barbade',1);
INSERT INTO `B65362949_c_pays` VALUES (47,'BY',NULL,'Biélorussie',1);
INSERT INTO `B65362949_c_pays` VALUES (48,'BZ',NULL,'Belize',1);
INSERT INTO `B65362949_c_pays` VALUES (49,'BJ',NULL,'Bénin',1);
INSERT INTO `B65362949_c_pays` VALUES (50,'BM',NULL,'Bermudes',1);
INSERT INTO `B65362949_c_pays` VALUES (51,'BT',NULL,'Bhoutan',1);
INSERT INTO `B65362949_c_pays` VALUES (52,'BO',NULL,'Bolivie',1);
INSERT INTO `B65362949_c_pays` VALUES (53,'BA',NULL,'Bosnie-Herzégovine',1);
INSERT INTO `B65362949_c_pays` VALUES (54,'BW',NULL,'Botswana',1);
INSERT INTO `B65362949_c_pays` VALUES (55,'BV',NULL,'Ile Bouvet',1);
INSERT INTO `B65362949_c_pays` VALUES (56,'BR',NULL,'Brazil',1);
INSERT INTO `B65362949_c_pays` VALUES (57,'IO',NULL,'Territoire britannique de l\'Océan Indien',1);
INSERT INTO `B65362949_c_pays` VALUES (58,'BN',NULL,'Brunei',1);
INSERT INTO `B65362949_c_pays` VALUES (59,'BG',NULL,'Bulgarie',1);
INSERT INTO `B65362949_c_pays` VALUES (60,'BF',NULL,'Burkina Faso',1);
INSERT INTO `B65362949_c_pays` VALUES (61,'BI',NULL,'Burundi',1);
INSERT INTO `B65362949_c_pays` VALUES (62,'KH',NULL,'Cambodge',1);
INSERT INTO `B65362949_c_pays` VALUES (63,'CV',NULL,'Cap-Vert',1);
INSERT INTO `B65362949_c_pays` VALUES (64,'KY',NULL,'Iles Cayman',1);
INSERT INTO `B65362949_c_pays` VALUES (65,'CF',NULL,'République centrafricaine',1);
INSERT INTO `B65362949_c_pays` VALUES (66,'TD',NULL,'Tchad',1);
INSERT INTO `B65362949_c_pays` VALUES (67,'CL',NULL,'Chili',1);
INSERT INTO `B65362949_c_pays` VALUES (68,'CX',NULL,'Ile Christmas',1);
INSERT INTO `B65362949_c_pays` VALUES (69,'CC',NULL,'Iles des Cocos (Keeling)',1);
INSERT INTO `B65362949_c_pays` VALUES (70,'CO',NULL,'Colombie',1);
INSERT INTO `B65362949_c_pays` VALUES (71,'KM',NULL,'Comores',1);
INSERT INTO `B65362949_c_pays` VALUES (72,'CG',NULL,'Congo',1);
INSERT INTO `B65362949_c_pays` VALUES (73,'CD',NULL,'République démocratique du Congo',1);
INSERT INTO `B65362949_c_pays` VALUES (74,'CK',NULL,'Iles Cook',1);
INSERT INTO `B65362949_c_pays` VALUES (75,'CR',NULL,'Costa Rica',1);
INSERT INTO `B65362949_c_pays` VALUES (76,'HR',NULL,'Croatie',1);
INSERT INTO `B65362949_c_pays` VALUES (77,'CU',NULL,'Cuba',1);
INSERT INTO `B65362949_c_pays` VALUES (78,'CY',NULL,'Chypre',1);
INSERT INTO `B65362949_c_pays` VALUES (79,'CZ',NULL,'République Tchèque',1);
INSERT INTO `B65362949_c_pays` VALUES (80,'DK',NULL,'Danemark',1);
INSERT INTO `B65362949_c_pays` VALUES (81,'DJ',NULL,'Djibouti',1);
INSERT INTO `B65362949_c_pays` VALUES (82,'DM',NULL,'Dominique',1);
INSERT INTO `B65362949_c_pays` VALUES (83,'DO',NULL,'République Dominicaine',1);
INSERT INTO `B65362949_c_pays` VALUES (84,'EC',NULL,'Equateur',1);
INSERT INTO `B65362949_c_pays` VALUES (85,'EG',NULL,'Egypte',1);
INSERT INTO `B65362949_c_pays` VALUES (86,'SV',NULL,'Salvador',1);
INSERT INTO `B65362949_c_pays` VALUES (87,'GQ',NULL,'Guinée Equatoriale',1);
INSERT INTO `B65362949_c_pays` VALUES (88,'ER',NULL,'Erythrée',1);
INSERT INTO `B65362949_c_pays` VALUES (89,'EE',NULL,'Estonia',1);
INSERT INTO `B65362949_c_pays` VALUES (90,'ET',NULL,'Ethiopie',1);
INSERT INTO `B65362949_c_pays` VALUES (91,'FK',NULL,'Iles Falkland',1);
INSERT INTO `B65362949_c_pays` VALUES (92,'FO',NULL,'Iles Féroé',1);
INSERT INTO `B65362949_c_pays` VALUES (93,'FJ',NULL,'Iles Fidji',1);
INSERT INTO `B65362949_c_pays` VALUES (94,'FI',NULL,'Finlande',1);
INSERT INTO `B65362949_c_pays` VALUES (95,'GF',NULL,'Guyane française',1);
INSERT INTO `B65362949_c_pays` VALUES (96,'PF',NULL,'Polynésie française',1);
INSERT INTO `B65362949_c_pays` VALUES (97,'TF',NULL,'Terres australes françaises',1);
INSERT INTO `B65362949_c_pays` VALUES (98,'GM',NULL,'Gambie',1);
INSERT INTO `B65362949_c_pays` VALUES (99,'GE',NULL,'Georgia',1);
INSERT INTO `B65362949_c_pays` VALUES (100,'GH',NULL,'Ghana',1);
INSERT INTO `B65362949_c_pays` VALUES (101,'GI',NULL,'Gibraltar',1);
INSERT INTO `B65362949_c_pays` VALUES (102,'GR',NULL,'Greece',1);
INSERT INTO `B65362949_c_pays` VALUES (103,'GL',NULL,'Groenland',1);
INSERT INTO `B65362949_c_pays` VALUES (104,'GD',NULL,'Grenade',1);
INSERT INTO `B65362949_c_pays` VALUES (106,'GU',NULL,'Guam',1);
INSERT INTO `B65362949_c_pays` VALUES (107,'GT',NULL,'Guatemala',1);
INSERT INTO `B65362949_c_pays` VALUES (108,'GN',NULL,'Guinea',1);
INSERT INTO `B65362949_c_pays` VALUES (109,'GW',NULL,'Guinea-Bissao',1);
INSERT INTO `B65362949_c_pays` VALUES (111,'HT',NULL,'Haiti',1);
INSERT INTO `B65362949_c_pays` VALUES (112,'HM',NULL,'Iles Heard et McDonald',1);
INSERT INTO `B65362949_c_pays` VALUES (113,'VA',NULL,'Saint-Siège (Vatican)',1);
INSERT INTO `B65362949_c_pays` VALUES (114,'HN',NULL,'Honduras',1);
INSERT INTO `B65362949_c_pays` VALUES (115,'HK',NULL,'Hong Kong',1);
INSERT INTO `B65362949_c_pays` VALUES (116,'IS',NULL,'Islande',1);
INSERT INTO `B65362949_c_pays` VALUES (117,'IN',NULL,'India',1);
INSERT INTO `B65362949_c_pays` VALUES (118,'ID',NULL,'Indonésie',1);
INSERT INTO `B65362949_c_pays` VALUES (119,'IR',NULL,'Iran',1);
INSERT INTO `B65362949_c_pays` VALUES (120,'IQ',NULL,'Iraq',1);
INSERT INTO `B65362949_c_pays` VALUES (121,'IL',NULL,'Israel',1);
INSERT INTO `B65362949_c_pays` VALUES (122,'JM',NULL,'Jamaïque',1);
INSERT INTO `B65362949_c_pays` VALUES (123,'JP',NULL,'Japon',1);
INSERT INTO `B65362949_c_pays` VALUES (124,'JO',NULL,'Jordanie',1);
INSERT INTO `B65362949_c_pays` VALUES (125,'KZ',NULL,'Kazakhstan',1);
INSERT INTO `B65362949_c_pays` VALUES (126,'KE',NULL,'Kenya',1);
INSERT INTO `B65362949_c_pays` VALUES (127,'KI',NULL,'Kiribati',1);
INSERT INTO `B65362949_c_pays` VALUES (128,'KP',NULL,'North Corea',1);
INSERT INTO `B65362949_c_pays` VALUES (129,'KR',NULL,'South Corea',1);
INSERT INTO `B65362949_c_pays` VALUES (130,'KW',NULL,'Koweït',1);
INSERT INTO `B65362949_c_pays` VALUES (131,'KG',NULL,'Kirghizistan',1);
INSERT INTO `B65362949_c_pays` VALUES (132,'LA',NULL,'Laos',1);
INSERT INTO `B65362949_c_pays` VALUES (133,'LV',NULL,'Lettonie',1);
INSERT INTO `B65362949_c_pays` VALUES (134,'LB',NULL,'Liban',1);
INSERT INTO `B65362949_c_pays` VALUES (135,'LS',NULL,'Lesotho',1);
INSERT INTO `B65362949_c_pays` VALUES (136,'LR',NULL,'Liberia',1);
INSERT INTO `B65362949_c_pays` VALUES (137,'LY',NULL,'Libye',1);
INSERT INTO `B65362949_c_pays` VALUES (138,'LI',NULL,'Liechtenstein',1);
INSERT INTO `B65362949_c_pays` VALUES (139,'LT',NULL,'Lituanie',1);
INSERT INTO `B65362949_c_pays` VALUES (140,'LU',NULL,'Luxembourg',1);
INSERT INTO `B65362949_c_pays` VALUES (141,'MO',NULL,'Macao',1);
INSERT INTO `B65362949_c_pays` VALUES (142,'MK',NULL,'ex-République yougoslave de Macédoine',1);
INSERT INTO `B65362949_c_pays` VALUES (143,'MG',NULL,'Madagascar',1);
INSERT INTO `B65362949_c_pays` VALUES (144,'MW',NULL,'Malawi',1);
INSERT INTO `B65362949_c_pays` VALUES (145,'MY',NULL,'Malaisie',1);
INSERT INTO `B65362949_c_pays` VALUES (146,'MV',NULL,'Maldives',1);
INSERT INTO `B65362949_c_pays` VALUES (147,'ML',NULL,'Mali',1);
INSERT INTO `B65362949_c_pays` VALUES (148,'MT',NULL,'Malte',1);
INSERT INTO `B65362949_c_pays` VALUES (149,'MH',NULL,'Iles Marshall',1);
INSERT INTO `B65362949_c_pays` VALUES (151,'MR',NULL,'Mauritanie',1);
INSERT INTO `B65362949_c_pays` VALUES (152,'MU',NULL,'Maurice',1);
INSERT INTO `B65362949_c_pays` VALUES (153,'YT',NULL,'Mayotte',1);
INSERT INTO `B65362949_c_pays` VALUES (154,'MX',NULL,'Mexique',1);
INSERT INTO `B65362949_c_pays` VALUES (155,'FM',NULL,'Micronésie',1);
INSERT INTO `B65362949_c_pays` VALUES (156,'MD',NULL,'Moldavie',1);
INSERT INTO `B65362949_c_pays` VALUES (157,'MN',NULL,'Mongolie',1);
INSERT INTO `B65362949_c_pays` VALUES (158,'MS',NULL,'Monserrat',1);
INSERT INTO `B65362949_c_pays` VALUES (159,'MZ',NULL,'Mozambique',1);
INSERT INTO `B65362949_c_pays` VALUES (160,'MM',NULL,'Birmanie (Myanmar)',1);
INSERT INTO `B65362949_c_pays` VALUES (161,'NA',NULL,'Namibie',1);
INSERT INTO `B65362949_c_pays` VALUES (162,'NR',NULL,'Nauru',1);
INSERT INTO `B65362949_c_pays` VALUES (163,'NP',NULL,'Népal',1);
INSERT INTO `B65362949_c_pays` VALUES (164,'AN',NULL,'Antilles néerlandaises',1);
INSERT INTO `B65362949_c_pays` VALUES (165,'NC',NULL,'Nouvelle-Calédonie',1);
INSERT INTO `B65362949_c_pays` VALUES (166,'NZ',NULL,'Nouvelle-Zélande',1);
INSERT INTO `B65362949_c_pays` VALUES (167,'NI',NULL,'Nicaragua',1);
INSERT INTO `B65362949_c_pays` VALUES (168,'NE',NULL,'Niger',1);
INSERT INTO `B65362949_c_pays` VALUES (169,'NG',NULL,'Nigeria',1);
INSERT INTO `B65362949_c_pays` VALUES (170,'NU',NULL,'Nioué',1);
INSERT INTO `B65362949_c_pays` VALUES (171,'NF',NULL,'Ile Norfolk',1);
INSERT INTO `B65362949_c_pays` VALUES (172,'MP',NULL,'Mariannes du Nord',1);
INSERT INTO `B65362949_c_pays` VALUES (173,'NO',NULL,'Norvège',1);
INSERT INTO `B65362949_c_pays` VALUES (174,'OM',NULL,'Oman',1);
INSERT INTO `B65362949_c_pays` VALUES (175,'PK',NULL,'Pakistan',1);
INSERT INTO `B65362949_c_pays` VALUES (176,'PW',NULL,'Palaos',1);
INSERT INTO `B65362949_c_pays` VALUES (177,'PS',NULL,'Territoire Palestinien Occupé',1);
INSERT INTO `B65362949_c_pays` VALUES (178,'PA',NULL,'Panama',1);
INSERT INTO `B65362949_c_pays` VALUES (179,'PG',NULL,'Papouasie-Nouvelle-Guinée',1);
INSERT INTO `B65362949_c_pays` VALUES (180,'PY',NULL,'Paraguay',1);
INSERT INTO `B65362949_c_pays` VALUES (181,'PE',NULL,'Peru',1);
INSERT INTO `B65362949_c_pays` VALUES (182,'PH',NULL,'Philippines',1);
INSERT INTO `B65362949_c_pays` VALUES (183,'PN',NULL,'Iles Pitcairn',1);
INSERT INTO `B65362949_c_pays` VALUES (184,'PL',NULL,'Pologne',1);
INSERT INTO `B65362949_c_pays` VALUES (185,'PR',NULL,'Porto Rico',1);
INSERT INTO `B65362949_c_pays` VALUES (186,'QA',NULL,'Qatar',1);
INSERT INTO `B65362949_c_pays` VALUES (188,'RO',NULL,'Roumanie',1);
INSERT INTO `B65362949_c_pays` VALUES (189,'RW',NULL,'Rwanda',1);
INSERT INTO `B65362949_c_pays` VALUES (190,'SH',NULL,'Sainte-Hélène',1);
INSERT INTO `B65362949_c_pays` VALUES (191,'KN',NULL,'Saint-Christophe-et-Niévès',1);
INSERT INTO `B65362949_c_pays` VALUES (192,'LC',NULL,'Sainte-Lucie',1);
INSERT INTO `B65362949_c_pays` VALUES (193,'PM',NULL,'Saint-Pierre-et-Miquelon',1);
INSERT INTO `B65362949_c_pays` VALUES (194,'VC',NULL,'Saint-Vincent-et-les-Grenadines',1);
INSERT INTO `B65362949_c_pays` VALUES (195,'WS',NULL,'Samoa',1);
INSERT INTO `B65362949_c_pays` VALUES (196,'SM',NULL,'Saint-Marin',1);
INSERT INTO `B65362949_c_pays` VALUES (197,'ST',NULL,'Sao Tomé-et-Principe',1);
INSERT INTO `B65362949_c_pays` VALUES (198,'RS',NULL,'Serbie',1);
INSERT INTO `B65362949_c_pays` VALUES (199,'SC',NULL,'Seychelles',1);
INSERT INTO `B65362949_c_pays` VALUES (200,'SL',NULL,'Sierra Leone',1);
INSERT INTO `B65362949_c_pays` VALUES (201,'SK',NULL,'Slovaquie',1);
INSERT INTO `B65362949_c_pays` VALUES (202,'SI',NULL,'Slovénie',1);
INSERT INTO `B65362949_c_pays` VALUES (203,'SB',NULL,'Iles Salomon',1);
INSERT INTO `B65362949_c_pays` VALUES (204,'SO',NULL,'Somalie',1);
INSERT INTO `B65362949_c_pays` VALUES (205,'ZA',NULL,'Afrique du Sud',1);
INSERT INTO `B65362949_c_pays` VALUES (206,'GS',NULL,'Iles Géorgie du Sud et Sandwich du Sud',1);
INSERT INTO `B65362949_c_pays` VALUES (207,'LK',NULL,'Sri Lanka',1);
INSERT INTO `B65362949_c_pays` VALUES (208,'SD',NULL,'Soudan',1);
INSERT INTO `B65362949_c_pays` VALUES (209,'SR',NULL,'Suriname',1);
INSERT INTO `B65362949_c_pays` VALUES (210,'SJ',NULL,'Iles Svalbard et Jan Mayen',1);
INSERT INTO `B65362949_c_pays` VALUES (211,'SZ',NULL,'Swaziland',1);
INSERT INTO `B65362949_c_pays` VALUES (212,'SY',NULL,'Syrie',1);
INSERT INTO `B65362949_c_pays` VALUES (213,'TW',NULL,'Taïwan',1);
INSERT INTO `B65362949_c_pays` VALUES (214,'TJ',NULL,'Tadjikistan',1);
INSERT INTO `B65362949_c_pays` VALUES (215,'TZ',NULL,'Tanzanie',1);
INSERT INTO `B65362949_c_pays` VALUES (216,'TH',NULL,'Thaïlande',1);
INSERT INTO `B65362949_c_pays` VALUES (217,'TL',NULL,'Timor Oriental',1);
INSERT INTO `B65362949_c_pays` VALUES (218,'TK',NULL,'Tokélaou',1);
INSERT INTO `B65362949_c_pays` VALUES (219,'TO',NULL,'Tonga',1);
INSERT INTO `B65362949_c_pays` VALUES (220,'TT',NULL,'Trinité-et-Tobago',1);
INSERT INTO `B65362949_c_pays` VALUES (221,'TR',NULL,'Turquie',1);
INSERT INTO `B65362949_c_pays` VALUES (222,'TM',NULL,'Turkménistan',1);
INSERT INTO `B65362949_c_pays` VALUES (223,'TC',NULL,'Iles Turks-et-Caicos',1);
INSERT INTO `B65362949_c_pays` VALUES (224,'TV',NULL,'Tuvalu',1);
INSERT INTO `B65362949_c_pays` VALUES (225,'UG',NULL,'Ouganda',1);
INSERT INTO `B65362949_c_pays` VALUES (226,'UA',NULL,'Ukraine',1);
INSERT INTO `B65362949_c_pays` VALUES (227,'AE',NULL,'Émirats arabes unis',1);
INSERT INTO `B65362949_c_pays` VALUES (228,'UM',NULL,'Iles mineures éloignées des États-Unis',1);
INSERT INTO `B65362949_c_pays` VALUES (229,'UY',NULL,'Uruguay',1);
INSERT INTO `B65362949_c_pays` VALUES (230,'UZ',NULL,'Ouzbékistan',1);
INSERT INTO `B65362949_c_pays` VALUES (231,'VU',NULL,'Vanuatu',1);
INSERT INTO `B65362949_c_pays` VALUES (232,'VE',NULL,'Vénézuela',1);
INSERT INTO `B65362949_c_pays` VALUES (233,'VN',NULL,'Viêt Nam',1);
INSERT INTO `B65362949_c_pays` VALUES (234,'VG',NULL,'Iles Vierges britanniques',1);
INSERT INTO `B65362949_c_pays` VALUES (235,'VI',NULL,'Iles Vierges américaines',1);
INSERT INTO `B65362949_c_pays` VALUES (236,'WF',NULL,'Wallis-et-Futuna',1);
INSERT INTO `B65362949_c_pays` VALUES (237,'EH',NULL,'Sahara occidental',1);
INSERT INTO `B65362949_c_pays` VALUES (238,'YE',NULL,'Yémen',1);
INSERT INTO `B65362949_c_pays` VALUES (239,'ZM',NULL,'Zambie',1);
INSERT INTO `B65362949_c_pays` VALUES (240,'ZW',NULL,'Zimbabwe',1);
INSERT INTO `B65362949_c_pays` VALUES (241,'GG',NULL,'Guernesey',1);
INSERT INTO `B65362949_c_pays` VALUES (242,'IM',NULL,'Ile de Man',1);
INSERT INTO `B65362949_c_pays` VALUES (243,'JE',NULL,'Jersey',1);
INSERT INTO `B65362949_c_pays` VALUES (244,'ME',NULL,'Monténégro',1);
INSERT INTO `B65362949_c_pays` VALUES (245,'BL',NULL,'Saint-Barthélemy',1);
INSERT INTO `B65362949_c_pays` VALUES (246,'MF',NULL,'Saint-Martin',1);




--
-- Table structure for table `B65362949_c_propalst`
--
CREATE TABLE `B65362949_c_propalst` (
  `id` smallint(6) NOT NULL,
  `code` varchar(12) NOT NULL,
  `label` varchar(30) DEFAULT NULL,
  `active` tinyint(4) NOT NULL DEFAULT '1',
  PRIMARY KEY (`id`),
  UNIQUE KEY `uk_c_propalst` (`code`)
) ENGINE=InnoDB DEFAULT CHARSET=utf8;

--
-- Dumping data for table `B65362949_c_propalst`
--
INSERT INTO `B65362949_c_propalst` VALUES (0,'PR_DRAFT','Brouillon',1);
INSERT INTO `B65362949_c_propalst` VALUES (1,'PR_OPEN','Ouverte',1);
INSERT INTO `B65362949_c_propalst` VALUES (2,'PR_SIGNED','Signée',1);
INSERT INTO `B65362949_c_propalst` VALUES (3,'PR_NOTSIGNED','Non Signée',1);
INSERT INTO `B65362949_c_propalst` VALUES (4,'PR_FAC','Facturée',1);




--
-- Table structure for table `B65362949_c_prospectlevel`
--
CREATE TABLE `B65362949_c_prospectlevel` (
  `code` varchar(12) NOT NULL,
  `label` varchar(30) DEFAULT NULL,
  `sortorder` smallint(6) DEFAULT NULL,
  `active` smallint(6) NOT NULL DEFAULT '1',
  `module` varchar(32) DEFAULT NULL,
  PRIMARY KEY (`code`)
) ENGINE=InnoDB DEFAULT CHARSET=utf8;

--
-- Dumping data for table `B65362949_c_prospectlevel`
--
INSERT INTO `B65362949_c_prospectlevel` VALUES ('PL_HIGH','High',4,1,NULL);
INSERT INTO `B65362949_c_prospectlevel` VALUES ('PL_LOW','Low',2,1,NULL);
INSERT INTO `B65362949_c_prospectlevel` VALUES ('PL_MEDIUM','Medium',3,1,NULL);
INSERT INTO `B65362949_c_prospectlevel` VALUES ('PL_NONE','None',1,1,NULL);




--
-- Table structure for table `B65362949_c_regions`
--
CREATE TABLE `B65362949_c_regions` (
  `rowid` int(11) NOT NULL AUTO_INCREMENT,
  `code_region` int(11) NOT NULL,
  `fk_pays` int(11) NOT NULL,
  `cheflieu` varchar(50) DEFAULT NULL,
  `tncc` int(11) DEFAULT NULL,
  `nom` varchar(50) DEFAULT NULL,
  `active` tinyint(4) NOT NULL DEFAULT '1',
  PRIMARY KEY (`rowid`),
  UNIQUE KEY `code_region` (`code_region`),
  KEY `idx_c_regions_fk_pays` (`fk_pays`),
  CONSTRAINT `fk_c_regions_fk_pays` FOREIGN KEY (`fk_pays`) REFERENCES `B65362949_c_pays` (`rowid`)
) ENGINE=InnoDB AUTO_INCREMENT=23210 DEFAULT CHARSET=utf8;

--
-- Dumping data for table `B65362949_c_regions`
--
INSERT INTO `B65362949_c_regions` VALUES (1,0,0,0,0,'-',1);
INSERT INTO `B65362949_c_regions` VALUES (101,1,1,97105,3,'Guadeloupe',1);
INSERT INTO `B65362949_c_regions` VALUES (102,2,1,97209,3,'Martinique',1);
INSERT INTO `B65362949_c_regions` VALUES (103,3,1,97302,3,'Guyane',1);
INSERT INTO `B65362949_c_regions` VALUES (104,4,1,97411,3,'Réunion',1);
INSERT INTO `B65362949_c_regions` VALUES (105,11,1,75056,1,'Île-de-France',1);
INSERT INTO `B65362949_c_regions` VALUES (106,21,1,51108,0,'Champagne-Ardenne',1);
INSERT INTO `B65362949_c_regions` VALUES (107,22,1,80021,0,'Picardie',1);
INSERT INTO `B65362949_c_regions` VALUES (108,23,1,76540,0,'Haute-Normandie',1);
INSERT INTO `B65362949_c_regions` VALUES (109,24,1,45234,2,'Centre',1);
INSERT INTO `B65362949_c_regions` VALUES (110,25,1,14118,0,'Basse-Normandie',1);
INSERT INTO `B65362949_c_regions` VALUES (111,26,1,21231,0,'Bourgogne',1);
INSERT INTO `B65362949_c_regions` VALUES (112,31,1,59350,2,'Nord-Pas-de-Calais',1);
INSERT INTO `B65362949_c_regions` VALUES (113,41,1,57463,0,'Lorraine',1);
INSERT INTO `B65362949_c_regions` VALUES (114,42,1,67482,1,'Alsace',1);
INSERT INTO `B65362949_c_regions` VALUES (115,43,1,25056,0,'Franche-Comté',1);
INSERT INTO `B65362949_c_regions` VALUES (116,52,1,44109,4,'Pays de la Loire',1);
INSERT INTO `B65362949_c_regions` VALUES (117,53,1,35238,0,'Bretagne',1);
INSERT INTO `B65362949_c_regions` VALUES (118,54,1,86194,2,'Poitou-Charentes',1);
INSERT INTO `B65362949_c_regions` VALUES (119,72,1,33063,1,'Aquitaine',1);
INSERT INTO `B65362949_c_regions` VALUES (120,73,1,31555,0,'Midi-Pyrénées',1);
INSERT INTO `B65362949_c_regions` VALUES (121,74,1,87085,2,'Limousin',1);
INSERT INTO `B65362949_c_regions` VALUES (122,82,1,69123,2,'Rhône-Alpes',1);
INSERT INTO `B65362949_c_regions` VALUES (123,83,1,63113,1,'Auvergne',1);
INSERT INTO `B65362949_c_regions` VALUES (124,91,1,34172,2,'Languedoc-Roussillon',1);
INSERT INTO `B65362949_c_regions` VALUES (125,93,1,13055,0,'Provence-Alpes-Côte d\'Azur',1);
INSERT INTO `B65362949_c_regions` VALUES (126,94,1,'2A004',0,'Corse',1);
INSERT INTO `B65362949_c_regions` VALUES (201,201,2,'',1,'Flandre',1);
INSERT INTO `B65362949_c_regions` VALUES (202,202,2,'',2,'Wallonie',1);
INSERT INTO `B65362949_c_regions` VALUES (203,203,2,'',3,'Bruxelles-Capitale',1);
INSERT INTO `B65362949_c_regions` VALUES (301,301,3,NULL,1,'Abruzzo',1);
INSERT INTO `B65362949_c_regions` VALUES (302,302,3,NULL,1,'Basilicata',1);
INSERT INTO `B65362949_c_regions` VALUES (303,303,3,NULL,1,'Calabria',1);
INSERT INTO `B65362949_c_regions` VALUES (304,304,3,NULL,1,'Campania',1);
INSERT INTO `B65362949_c_regions` VALUES (305,305,3,NULL,1,'Emilia-Romagna',1);
INSERT INTO `B65362949_c_regions` VALUES (306,306,3,NULL,1,'Friuli-Venezia Giulia',1);
INSERT INTO `B65362949_c_regions` VALUES (307,307,3,NULL,1,'Lazio',1);
INSERT INTO `B65362949_c_regions` VALUES (308,308,3,NULL,1,'Liguria',1);
INSERT INTO `B65362949_c_regions` VALUES (309,309,3,NULL,1,'Lombardia',1);
INSERT INTO `B65362949_c_regions` VALUES (310,310,3,NULL,1,'Marche',1);
INSERT INTO `B65362949_c_regions` VALUES (311,311,3,NULL,1,'Molise',1);
INSERT INTO `B65362949_c_regions` VALUES (312,312,3,NULL,1,'Piemonte',1);
INSERT INTO `B65362949_c_regions` VALUES (313,313,3,NULL,1,'Puglia',1);
INSERT INTO `B65362949_c_regions` VALUES (314,314,3,NULL,1,'Sardegna',1);
INSERT INTO `B65362949_c_regions` VALUES (315,315,3,NULL,1,'Sicilia',1);
INSERT INTO `B65362949_c_regions` VALUES (316,316,3,NULL,1,'Toscana',1);
INSERT INTO `B65362949_c_regions` VALUES (317,317,3,NULL,1,'Trentino-Alto Adige',1);
INSERT INTO `B65362949_c_regions` VALUES (318,318,3,NULL,1,'Umbria',1);
INSERT INTO `B65362949_c_regions` VALUES (319,319,3,NULL,1,'Valle d Aosta',1);
INSERT INTO `B65362949_c_regions` VALUES (320,320,3,NULL,1,'Veneto',1);
INSERT INTO `B65362949_c_regions` VALUES (401,401,4,'',0,'Andalucia',1);
INSERT INTO `B65362949_c_regions` VALUES (402,402,4,'',0,'Aragón',1);
INSERT INTO `B65362949_c_regions` VALUES (403,403,4,'',0,'Castilla y León',1);
INSERT INTO `B65362949_c_regions` VALUES (404,404,4,'',0,'Castilla la Mancha',1);
INSERT INTO `B65362949_c_regions` VALUES (405,405,4,'',0,'Canarias',1);
INSERT INTO `B65362949_c_regions` VALUES (406,406,4,'',0,'Cataluña',1);
INSERT INTO `B65362949_c_regions` VALUES (407,407,4,'',0,'Comunidad de Ceuta',1);
INSERT INTO `B65362949_c_regions` VALUES (408,408,4,'',0,'Comunidad Foral de Navarra',1);
INSERT INTO `B65362949_c_regions` VALUES (409,409,4,'',0,'Comunidad de Melilla',1);
INSERT INTO `B65362949_c_regions` VALUES (410,410,4,'',0,'Cantabria',1);
INSERT INTO `B65362949_c_regions` VALUES (411,411,4,'',0,'Comunidad Valenciana',1);
INSERT INTO `B65362949_c_regions` VALUES (412,412,4,'',0,'Extemadura',1);
INSERT INTO `B65362949_c_regions` VALUES (413,413,4,'',0,'Galicia',1);
INSERT INTO `B65362949_c_regions` VALUES (414,414,4,'',0,'Islas Baleares',1);
INSERT INTO `B65362949_c_regions` VALUES (415,415,4,'',0,'La Rioja',1);
INSERT INTO `B65362949_c_regions` VALUES (416,416,4,'',0,'Comunidad de Madrid',1);
INSERT INTO `B65362949_c_regions` VALUES (417,417,4,'',0,'Región de Murcia',1);
INSERT INTO `B65362949_c_regions` VALUES (418,418,4,'',0,'Principado de Asturias',1);
INSERT INTO `B65362949_c_regions` VALUES (419,419,4,'',0,'Pais Vasco',1);
INSERT INTO `B65362949_c_regions` VALUES (420,420,4,'',0,'Otros',1);
INSERT INTO `B65362949_c_regions` VALUES (501,501,5,'',0,'Deutschland',1);
INSERT INTO `B65362949_c_regions` VALUES (601,601,6,'',1,'Cantons',1);
INSERT INTO `B65362949_c_regions` VALUES (701,701,7,'',0,'England',1);
INSERT INTO `B65362949_c_regions` VALUES (702,702,7,'',0,'Wales',1);
INSERT INTO `B65362949_c_regions` VALUES (703,703,7,'',0,'Scotland',1);
INSERT INTO `B65362949_c_regions` VALUES (704,704,7,'',0,'Northern Ireland',1);
INSERT INTO `B65362949_c_regions` VALUES (1001,1001,10,'',0,'Ariana',1);
INSERT INTO `B65362949_c_regions` VALUES (1002,1002,10,'',0,'Béja',1);
INSERT INTO `B65362949_c_regions` VALUES (1003,1003,10,'',0,'Ben Arous',1);
INSERT INTO `B65362949_c_regions` VALUES (1004,1004,10,'',0,'Bizerte',1);
INSERT INTO `B65362949_c_regions` VALUES (1005,1005,10,'',0,'Gabès',1);
INSERT INTO `B65362949_c_regions` VALUES (1006,1006,10,'',0,'Gafsa',1);
INSERT INTO `B65362949_c_regions` VALUES (1007,1007,10,'',0,'Jendouba',1);
INSERT INTO `B65362949_c_regions` VALUES (1008,1008,10,'',0,'Kairouan',1);
INSERT INTO `B65362949_c_regions` VALUES (1009,1009,10,'',0,'Kasserine',1);
INSERT INTO `B65362949_c_regions` VALUES (1010,1010,10,'',0,'Kébili',1);
INSERT INTO `B65362949_c_regions` VALUES (1011,1011,10,'',0,'La Manouba',1);
INSERT INTO `B65362949_c_regions` VALUES (1012,1012,10,'',0,'Le Kef',1);
INSERT INTO `B65362949_c_regions` VALUES (1013,1013,10,'',0,'Mahdia',1);
INSERT INTO `B65362949_c_regions` VALUES (1014,1014,10,'',0,'Médenine',1);
INSERT INTO `B65362949_c_regions` VALUES (1015,1015,10,'',0,'Monastir',1);
INSERT INTO `B65362949_c_regions` VALUES (1016,1016,10,'',0,'Nabeul',1);
INSERT INTO `B65362949_c_regions` VALUES (1017,1017,10,'',0,'Sfax',1);
INSERT INTO `B65362949_c_regions` VALUES (1018,1018,10,'',0,'Sidi Bouzid',1);
INSERT INTO `B65362949_c_regions` VALUES (1019,1019,10,'',0,'Siliana',1);
INSERT INTO `B65362949_c_regions` VALUES (1020,1020,10,'',0,'Sousse',1);
INSERT INTO `B65362949_c_regions` VALUES (1021,1021,10,'',0,'Tataouine',1);
INSERT INTO `B65362949_c_regions` VALUES (1022,1022,10,'',0,'Tozeur',1);
INSERT INTO `B65362949_c_regions` VALUES (1023,1023,10,'',0,'Tunis',1);
INSERT INTO `B65362949_c_regions` VALUES (1024,1024,10,'',0,'Zaghouan',1);
INSERT INTO `B65362949_c_regions` VALUES (1101,1101,11,'',0,'United-States',1);
INSERT INTO `B65362949_c_regions` VALUES (1201,1201,12,'',0,'Tanger-Tétouan',1);
INSERT INTO `B65362949_c_regions` VALUES (1202,1202,12,'',0,'Gharb-Chrarda-Beni Hssen',1);
INSERT INTO `B65362949_c_regions` VALUES (1203,1203,12,'',0,'Taza-Al Hoceima-Taounate',1);
INSERT INTO `B65362949_c_regions` VALUES (1204,1204,12,'',0,'L\'Oriental',1);
INSERT INTO `B65362949_c_regions` VALUES (1205,1205,12,'',0,'Fès-Boulemane',1);
INSERT INTO `B65362949_c_regions` VALUES (1206,1206,12,'',0,'Meknès-Tafialet',1);
INSERT INTO `B65362949_c_regions` VALUES (1207,1207,12,'',0,'Rabat-Salé-Zemour-Zaër',1);
INSERT INTO `B65362949_c_regions` VALUES (1208,1208,12,'',0,'Grand Cassablanca',1);
INSERT INTO `B65362949_c_regions` VALUES (1209,1209,12,'',0,'Chaouia-Ouardigha',1);
INSERT INTO `B65362949_c_regions` VALUES (1210,1210,12,'',0,'Doukahla-Adba',1);
INSERT INTO `B65362949_c_regions` VALUES (1211,1211,12,'',0,'Marrakech-Tensift-Al Haouz',1);
INSERT INTO `B65362949_c_regions` VALUES (1212,1212,12,'',0,'Tadla-Azilal',1);
INSERT INTO `B65362949_c_regions` VALUES (1213,1213,12,'',0,'Sous-Massa-Drâa',1);
INSERT INTO `B65362949_c_regions` VALUES (1214,1214,12,'',0,'Guelmim-Es Smara',1);
INSERT INTO `B65362949_c_regions` VALUES (1215,1215,12,'',0,'Laâyoune-Boujdour-Sakia el Hamra',1);
INSERT INTO `B65362949_c_regions` VALUES (1216,1216,12,'',0,'Oued Ed-Dahab Lagouira',1);
INSERT INTO `B65362949_c_regions` VALUES (1301,1301,13,'',0,'Algerie',1);
INSERT INTO `B65362949_c_regions` VALUES (1401,1401,14,'',0,'Canada',1);
INSERT INTO `B65362949_c_regions` VALUES (1701,1701,17,'',0,'Provincies van Nederland ',1);
INSERT INTO `B65362949_c_regions` VALUES (2301,2301,23,'',0,'Norte',1);
INSERT INTO `B65362949_c_regions` VALUES (2302,2302,23,'',0,'Litoral',1);
INSERT INTO `B65362949_c_regions` VALUES (2303,2303,23,'',0,'Cuyana',1);
INSERT INTO `B65362949_c_regions` VALUES (2304,2304,23,'',0,'Central',1);
INSERT INTO `B65362949_c_regions` VALUES (2305,2305,23,'',0,'Patagonia',1);
INSERT INTO `B65362949_c_regions` VALUES (2801,2801,28,'',0,'Australia',1);
INSERT INTO `B65362949_c_regions` VALUES (4601,4601,46,'',0,'Barbados',1);
INSERT INTO `B65362949_c_regions` VALUES (5601,5601,56,'',0,'Brasil',1);
INSERT INTO `B65362949_c_regions` VALUES (6701,6701,67,NULL,NULL,'Tarapacá',1);
INSERT INTO `B65362949_c_regions` VALUES (6702,6702,67,NULL,NULL,'Antofagasta',1);
INSERT INTO `B65362949_c_regions` VALUES (6703,6703,67,NULL,NULL,'Atacama',1);
INSERT INTO `B65362949_c_regions` VALUES (6704,6704,67,NULL,NULL,'Coquimbo',1);
INSERT INTO `B65362949_c_regions` VALUES (6705,6705,67,NULL,NULL,'Valparaíso',1);
INSERT INTO `B65362949_c_regions` VALUES (6706,6706,67,NULL,NULL,'General Bernardo O Higgins',1);
INSERT INTO `B65362949_c_regions` VALUES (6707,6707,67,NULL,NULL,'Maule',1);
INSERT INTO `B65362949_c_regions` VALUES (6708,6708,67,NULL,NULL,'Biobío',1);
INSERT INTO `B65362949_c_regions` VALUES (6709,6709,67,NULL,NULL,'Raucanía',1);
INSERT INTO `B65362949_c_regions` VALUES (6710,6710,67,NULL,NULL,'Los Lagos',1);
INSERT INTO `B65362949_c_regions` VALUES (6711,6711,67,NULL,NULL,'Aysén General Carlos Ibáñez del Campo',1);
INSERT INTO `B65362949_c_regions` VALUES (6712,6712,67,NULL,NULL,'Magallanes y Antártica Chilena',1);
INSERT INTO `B65362949_c_regions` VALUES (6713,6713,67,NULL,NULL,'Metropolitana de Santiago',1);
INSERT INTO `B65362949_c_regions` VALUES (6714,6714,67,NULL,NULL,'Los Ríos',1);
INSERT INTO `B65362949_c_regions` VALUES (6715,6715,67,NULL,NULL,'Arica y Parinacota',1);
INSERT INTO `B65362949_c_regions` VALUES (7001,7001,70,'',0,'Colombie',1);
INSERT INTO `B65362949_c_regions` VALUES (8601,8601,86,NULL,NULL,'Central',1);
INSERT INTO `B65362949_c_regions` VALUES (8602,8602,86,NULL,NULL,'Oriental',1);
INSERT INTO `B65362949_c_regions` VALUES (8603,8603,86,NULL,NULL,'Occidental',1);
INSERT INTO `B65362949_c_regions` VALUES (10201,10201,102,NULL,NULL,'Αττική',1);
INSERT INTO `B65362949_c_regions` VALUES (10202,10202,102,NULL,NULL,'Στερεά Ελλάδα',1);
INSERT INTO `B65362949_c_regions` VALUES (10203,10203,102,NULL,NULL,'Κεντρική Μακεδονία',1);
INSERT INTO `B65362949_c_regions` VALUES (10204,10204,102,NULL,NULL,'Κρήτη',1);
INSERT INTO `B65362949_c_regions` VALUES (10205,10205,102,NULL,NULL,'Ανατολική Μακεδονία και Θράκη',1);
INSERT INTO `B65362949_c_regions` VALUES (10206,10206,102,NULL,NULL,'Ήπειρος',1);
INSERT INTO `B65362949_c_regions` VALUES (10207,10207,102,NULL,NULL,'Ιόνια νησιά',1);
INSERT INTO `B65362949_c_regions` VALUES (10208,10208,102,NULL,NULL,'Βόρειο Αιγαίο',1);
INSERT INTO `B65362949_c_regions` VALUES (10209,10209,102,NULL,NULL,'Πελοπόννησος',1);
INSERT INTO `B65362949_c_regions` VALUES (10210,10210,102,NULL,NULL,'Νότιο Αιγαίο',1);
INSERT INTO `B65362949_c_regions` VALUES (10211,10211,102,NULL,NULL,'Δυτική Ελλάδα',1);
INSERT INTO `B65362949_c_regions` VALUES (10212,10212,102,NULL,NULL,'Θεσσαλία',1);
INSERT INTO `B65362949_c_regions` VALUES (10213,10213,102,NULL,NULL,'Δυτική Μακεδονία',1);
INSERT INTO `B65362949_c_regions` VALUES (11401,11401,114,'',0,'Honduras',1);
INSERT INTO `B65362949_c_regions` VALUES (11701,11701,117,'',0,'India',1);
INSERT INTO `B65362949_c_regions` VALUES (15201,15201,152,'',0,'Rivière Noire',1);
INSERT INTO `B65362949_c_regions` VALUES (15202,15202,152,'',0,'Flacq',1);
INSERT INTO `B65362949_c_regions` VALUES (15203,15203,152,'',0,'Grand Port',1);
INSERT INTO `B65362949_c_regions` VALUES (15204,15204,152,'',0,'Moka',1);
INSERT INTO `B65362949_c_regions` VALUES (15205,15205,152,'',0,'Pamplemousses',1);
INSERT INTO `B65362949_c_regions` VALUES (15206,15206,152,'',0,'Plaines Wilhems',1);
INSERT INTO `B65362949_c_regions` VALUES (15207,15207,152,'',0,'Port-Louis',1);
INSERT INTO `B65362949_c_regions` VALUES (15208,15208,152,'',0,'Rivière du Rempart',1);
INSERT INTO `B65362949_c_regions` VALUES (15209,15209,152,'',0,'Savanne',1);
INSERT INTO `B65362949_c_regions` VALUES (15210,15210,152,'',0,'Rodrigues',1);
INSERT INTO `B65362949_c_regions` VALUES (15211,15211,152,'',0,'Les îles Agaléga',1);
INSERT INTO `B65362949_c_regions` VALUES (15212,15212,152,'',0,'Les écueils des Cargados Carajos',1);
INSERT INTO `B65362949_c_regions` VALUES (15401,15401,154,'',0,'Mexique',1);
INSERT INTO `B65362949_c_regions` VALUES (23201,23201,232,'',0,'Los Andes',1);
INSERT INTO `B65362949_c_regions` VALUES (23202,23202,232,'',0,'Capital',1);
INSERT INTO `B65362949_c_regions` VALUES (23203,23203,232,'',0,'Central',1);
INSERT INTO `B65362949_c_regions` VALUES (23204,23204,232,'',0,'Cento Occidental',1);
INSERT INTO `B65362949_c_regions` VALUES (23205,23205,232,'',0,'Guayana',1);
INSERT INTO `B65362949_c_regions` VALUES (23206,23206,232,'',0,'Insular',1);
INSERT INTO `B65362949_c_regions` VALUES (23207,23207,232,'',0,'Los Llanos',1);
INSERT INTO `B65362949_c_regions` VALUES (23208,23208,232,'',0,'Nor-Oriental',1);
INSERT INTO `B65362949_c_regions` VALUES (23209,23209,232,'',0,'Zuliana',1);




--
-- Table structure for table `B65362949_c_revenuestamp`
--
CREATE TABLE `B65362949_c_revenuestamp` (
  `rowid` int(11) NOT NULL AUTO_INCREMENT,
  `fk_pays` int(11) NOT NULL,
  `taux` double NOT NULL,
  `note` varchar(128) DEFAULT NULL,
  `active` tinyint(4) NOT NULL DEFAULT '1',
  `accountancy_code_sell` varchar(15) DEFAULT NULL,
  `accountancy_code_buy` varchar(15) DEFAULT NULL,
  PRIMARY KEY (`rowid`)
) ENGINE=InnoDB AUTO_INCREMENT=102 DEFAULT CHARSET=utf8;

--
-- Dumping data for table `B65362949_c_revenuestamp`
--
INSERT INTO `B65362949_c_revenuestamp` VALUES (101,10,0.4,'Revenue stamp tunisia',1,NULL,NULL);




--
-- Table structure for table `B65362949_c_shipment_mode`
--
CREATE TABLE `B65362949_c_shipment_mode` (
  `rowid` int(11) NOT NULL AUTO_INCREMENT,
  `tms` timestamp NOT NULL DEFAULT CURRENT_TIMESTAMP ON UPDATE CURRENT_TIMESTAMP,
  `code` varchar(30) NOT NULL,
  `libelle` varchar(50) NOT NULL,
  `description` text,
  `tracking` varchar(255) NOT NULL,
  `active` tinyint(4) DEFAULT '0',
  `module` varchar(32) DEFAULT NULL,
  PRIMARY KEY (`rowid`)
) ENGINE=InnoDB AUTO_INCREMENT=9 DEFAULT CHARSET=utf8;

--
-- Dumping data for table `B65362949_c_shipment_mode`
--
INSERT INTO `B65362949_c_shipment_mode` VALUES (1,'2015-03-12 13:15:14','CATCH','Catch','Catch by client','',1,NULL);
INSERT INTO `B65362949_c_shipment_mode` VALUES (2,'2015-03-12 13:15:14','TRANS','Transporter','Generic transporter','',1,NULL);
INSERT INTO `B65362949_c_shipment_mode` VALUES (3,'2015-03-12 13:15:14','COLSUI','Colissimo Suivi','Colissimo Suivi','',0,NULL);
INSERT INTO `B65362949_c_shipment_mode` VALUES (4,'2015-03-12 13:15:14','LETTREMAX','Lettre Max','Courrier Suivi et Lettre Max','',0,NULL);
INSERT INTO `B65362949_c_shipment_mode` VALUES (5,'2015-03-12 13:15:14','UPS','UPS','United Parcel Service','http://wwwapps.ups.com/etracking/tracking.cgi?InquiryNumber2=&InquiryNumber3=&tracknums_displayed=3&loc=fr_FR&TypeOfInquiryNumber=T&HTMLVersion=4.0&InquiryNumber22=&InquiryNumber32=&track=Track&Suivi.x=64&Suivi.y=7&Suivi=Valider&InquiryNumber1={TRACKID}',0,NULL);
INSERT INTO `B65362949_c_shipment_mode` VALUES (6,'2015-03-12 13:15:14','KIALA','KIALA','Relais Kiala','http://www.kiala.fr/tnt/delivery/{TRACKID}',0,NULL);
INSERT INTO `B65362949_c_shipment_mode` VALUES (7,'2015-03-12 13:15:14','GLS','GLS','General Logistics Systems','http://www.gls-group.eu/276-I-PORTAL-WEB/content/GLS/FR01/FR/5004.htm?txtAction=71000&txtRefNo={TRACKID}',0,NULL);
INSERT INTO `B65362949_c_shipment_mode` VALUES (8,'2015-03-12 13:15:14','CHRONO','Chronopost','Chronopost','http://www.chronopost.fr/expedier/inputLTNumbersNoJahia.do?listeNumeros={TRACKID}',0,NULL);




--
-- Table structure for table `B65362949_c_stcomm`
--
CREATE TABLE `B65362949_c_stcomm` (
  `id` int(11) NOT NULL,
  `code` varchar(12) NOT NULL,
  `libelle` varchar(30) DEFAULT NULL,
  `active` tinyint(4) NOT NULL DEFAULT '1',
  PRIMARY KEY (`id`),
  UNIQUE KEY `uk_c_stcomm` (`code`)
) ENGINE=InnoDB DEFAULT CHARSET=utf8;

--
-- Dumping data for table `B65362949_c_stcomm`
--
INSERT INTO `B65362949_c_stcomm` VALUES (-1,'ST_NO','Ne pas contacter',1);
INSERT INTO `B65362949_c_stcomm` VALUES (0,'ST_NEVER','Jamais contacté',1);
INSERT INTO `B65362949_c_stcomm` VALUES (1,'ST_TODO','A contacter',1);
INSERT INTO `B65362949_c_stcomm` VALUES (2,'ST_PEND','Contact en cours',1);
INSERT INTO `B65362949_c_stcomm` VALUES (3,'ST_DONE','Contactée',1);




--
-- Table structure for table `B65362949_c_tva`
--
CREATE TABLE `B65362949_c_tva` (
  `rowid` int(11) NOT NULL AUTO_INCREMENT,
  `fk_pays` int(11) NOT NULL,
  `taux` double NOT NULL,
  `localtax1` double NOT NULL DEFAULT '0',
  `localtax1_type` varchar(10) NOT NULL DEFAULT '0',
  `localtax2` double NOT NULL DEFAULT '0',
  `localtax2_type` varchar(10) NOT NULL DEFAULT '0',
  `recuperableonly` int(11) NOT NULL DEFAULT '0',
  `note` varchar(128) DEFAULT NULL,
  `active` tinyint(4) NOT NULL DEFAULT '1',
  `accountancy_code_sell` varchar(15) DEFAULT NULL,
  `accountancy_code_buy` varchar(15) DEFAULT NULL,
  PRIMARY KEY (`rowid`),
  UNIQUE KEY `uk_c_tva_id` (`fk_pays`,`taux`,`recuperableonly`)
) ENGINE=InnoDB AUTO_INCREMENT=2469 DEFAULT CHARSET=utf8;

--
-- Dumping data for table `B65362949_c_tva`
--
INSERT INTO `B65362949_c_tva` VALUES (11,1,20,0,0,0,0,0,'VAT standard rate (France hors DOM-TOM)',1,NULL,NULL);
INSERT INTO `B65362949_c_tva` VALUES (12,1,8.5,0,0,0,0,0,'VAT standard rate (DOM sauf Guyane et Saint-Martin)',0,NULL,NULL);
INSERT INTO `B65362949_c_tva` VALUES (13,1,8.5,0,0,0,0,1,'VAT standard rate (DOM sauf Guyane et Saint-Martin), non perçu par le vendeur mais récupérable par acheteur',0,NULL,NULL);
INSERT INTO `B65362949_c_tva` VALUES (14,1,5.5,0,0,0,0,0,'VAT reduced rate (France hors DOM-TOM)',1,NULL,NULL);
INSERT INTO `B65362949_c_tva` VALUES (15,1,0,0,0,0,0,0,'VAT Rate 0 ou non applicable',1,NULL,NULL);
INSERT INTO `B65362949_c_tva` VALUES (16,1,2.1,0,0,0,0,0,'VAT super-reduced rate',1,NULL,NULL);
INSERT INTO `B65362949_c_tva` VALUES (17,1,10,0,0,0,0,0,'VAT reduced rate',1,NULL,NULL);
INSERT INTO `B65362949_c_tva` VALUES (21,2,21,0,0,0,0,0,'VAT standard rate',1,NULL,NULL);
INSERT INTO `B65362949_c_tva` VALUES (22,2,6,0,0,0,0,0,'VAT reduced rate',1,NULL,NULL);
INSERT INTO `B65362949_c_tva` VALUES (23,2,0,0,0,0,0,0,'VAT Rate 0 ou non applicable',1,NULL,NULL);
INSERT INTO `B65362949_c_tva` VALUES (24,2,12,0,0,0,0,0,'VAT reduced rate',1,NULL,NULL);
INSERT INTO `B65362949_c_tva` VALUES (31,3,21,0,0,0,0,0,'VAT standard rate',1,NULL,NULL);
INSERT INTO `B65362949_c_tva` VALUES (32,3,10,0,0,0,0,0,'VAT reduced rate',1,NULL,NULL);
INSERT INTO `B65362949_c_tva` VALUES (33,3,4,0,0,0,0,0,'VAT super-reduced rate',1,NULL,NULL);
INSERT INTO `B65362949_c_tva` VALUES (34,3,0,0,0,0,0,0,'VAT Rate 0',1,NULL,NULL);
INSERT INTO `B65362949_c_tva` VALUES (41,4,21,5.2,3,-15,1,0,'VAT standard rate',1,NULL,NULL);
INSERT INTO `B65362949_c_tva` VALUES (42,4,10,1.4,3,-19,1,0,'VAT reduced rate',1,NULL,NULL);
INSERT INTO `B65362949_c_tva` VALUES (43,4,4,0.5,3,-19,1,0,'VAT super-reduced rate',1,NULL,NULL);
INSERT INTO `B65362949_c_tva` VALUES (44,4,0,0,3,-19,1,0,'VAT Rate 0',1,NULL,NULL);
INSERT INTO `B65362949_c_tva` VALUES (51,5,19,0,0,0,0,0,'allgemeine Ust.',1,NULL,NULL);
INSERT INTO `B65362949_c_tva` VALUES (52,5,7,0,0,0,0,0,'ermäßigte USt.',1,NULL,NULL);
INSERT INTO `B65362949_c_tva` VALUES (53,5,0,0,0,0,0,0,'keine USt.',1,NULL,NULL);
INSERT INTO `B65362949_c_tva` VALUES (54,5,5.5,0,0,0,0,0,'USt. Forst',0,NULL,NULL);
INSERT INTO `B65362949_c_tva` VALUES (55,5,10.7,0,0,0,0,0,'USt. Landwirtschaft',0,NULL,NULL);
INSERT INTO `B65362949_c_tva` VALUES (61,6,8,0,0,0,0,0,'VAT standard rate',1,NULL,NULL);
INSERT INTO `B65362949_c_tva` VALUES (62,6,3.8,0,0,0,0,0,'VAT reduced rate',1,NULL,NULL);
INSERT INTO `B65362949_c_tva` VALUES (63,6,2.5,0,0,0,0,0,'VAT super-reduced rate',1,NULL,NULL);
INSERT INTO `B65362949_c_tva` VALUES (64,6,0,0,0,0,0,0,'VAT Rate 0',1,NULL,NULL);
INSERT INTO `B65362949_c_tva` VALUES (71,7,20,0,0,0,0,0,'VAT standard rate',1,NULL,NULL);
INSERT INTO `B65362949_c_tva` VALUES (72,7,17.5,0,0,0,0,0,'VAT standard rate before 2011',1,NULL,NULL);
INSERT INTO `B65362949_c_tva` VALUES (73,7,5,0,0,0,0,0,'VAT reduced rate',1,NULL,NULL);
INSERT INTO `B65362949_c_tva` VALUES (74,7,0,0,0,0,0,0,'VAT Rate 0',1,NULL,NULL);
INSERT INTO `B65362949_c_tva` VALUES (91,9,17,0,0,0,0,0,'VAT standard rate',1,NULL,NULL);
INSERT INTO `B65362949_c_tva` VALUES (92,9,13,0,0,0,0,0,'VAT reduced rate 0',1,NULL,NULL);
INSERT INTO `B65362949_c_tva` VALUES (93,9,3,0,0,0,0,0,'VAT super reduced rate 0',1,NULL,NULL);
INSERT INTO `B65362949_c_tva` VALUES (94,9,0,0,0,0,0,0,'VAT Rate 0',1,NULL,NULL);
INSERT INTO `B65362949_c_tva` VALUES (101,10,6,1,4,0,0,0,'VAT 6%',1,NULL,NULL);
INSERT INTO `B65362949_c_tva` VALUES (102,10,12,1,4,0,0,0,'VAT 12%',1,NULL,NULL);
INSERT INTO `B65362949_c_tva` VALUES (103,10,18,1,4,0,0,0,'VAT 18%',1,NULL,NULL);
INSERT INTO `B65362949_c_tva` VALUES (104,10,7.5,1,4,0,0,0,'VAT 6% Majoré à 25% (7.5%)',1,NULL,NULL);
INSERT INTO `B65362949_c_tva` VALUES (105,10,15,1,4,0,0,0,'VAT 12% Majoré à 25% (15%)',1,NULL,NULL);
INSERT INTO `B65362949_c_tva` VALUES (106,10,22.5,1,4,0,0,0,'VAT 18% Majoré à 25% (22.5%)',1,NULL,NULL);
INSERT INTO `B65362949_c_tva` VALUES (107,10,0,1,4,0,0,0,'VAT Rate 0',1,NULL,NULL);
INSERT INTO `B65362949_c_tva` VALUES (111,11,0,0,0,0,0,0,'No Sales Tax',1,NULL,NULL);
INSERT INTO `B65362949_c_tva` VALUES (112,11,4,0,0,0,0,0,'Sales Tax 4%',1,NULL,NULL);
INSERT INTO `B65362949_c_tva` VALUES (113,11,6,0,0,0,0,0,'Sales Tax 6%',1,NULL,NULL);
INSERT INTO `B65362949_c_tva` VALUES (121,12,20,0,0,0,0,0,'VAT standard rate',1,NULL,NULL);
INSERT INTO `B65362949_c_tva` VALUES (122,12,14,0,0,0,0,0,'VAT reduced rate',1,NULL,NULL);
INSERT INTO `B65362949_c_tva` VALUES (123,12,10,0,0,0,0,0,'VAT reduced rate',1,NULL,NULL);
INSERT INTO `B65362949_c_tva` VALUES (124,12,7,0,0,0,0,0,'VAT super-reduced rate',1,NULL,NULL);
INSERT INTO `B65362949_c_tva` VALUES (125,12,0,0,0,0,0,0,'VAT Rate 0',1,NULL,NULL);
INSERT INTO `B65362949_c_tva` VALUES (141,14,7,0,0,0,0,0,'VAT standard rate',1,NULL,NULL);
INSERT INTO `B65362949_c_tva` VALUES (142,14,0,0,0,0,0,0,'VAT Rate 0',1,NULL,NULL);
INSERT INTO `B65362949_c_tva` VALUES (143,14,5,9.975,1,0,0,0,'TPS and TVQ rate',1,NULL,NULL);
INSERT INTO `B65362949_c_tva` VALUES (171,17,19,0,0,0,0,0,'Algemeen BTW tarief',1,NULL,NULL);
INSERT INTO `B65362949_c_tva` VALUES (172,17,6,0,0,0,0,0,'Verlaagd BTW tarief',1,NULL,NULL);
INSERT INTO `B65362949_c_tva` VALUES (173,17,0,0,0,0,0,0,'0 BTW tarief',1,NULL,NULL);
INSERT INTO `B65362949_c_tva` VALUES (174,17,21,0,0,0,0,0,'Algemeen BTW tarief (vanaf 1 oktober 2012)',0,NULL,NULL);
INSERT INTO `B65362949_c_tva` VALUES (201,20,25,0,0,0,0,0,'VAT standard rate',1,NULL,NULL);
INSERT INTO `B65362949_c_tva` VALUES (202,20,12,0,0,0,0,0,'VAT reduced rate',1,NULL,NULL);
INSERT INTO `B65362949_c_tva` VALUES (203,20,6,0,0,0,0,0,'VAT super-reduced rate',1,NULL,NULL);
INSERT INTO `B65362949_c_tva` VALUES (204,20,0,0,0,0,0,0,'VAT Rate 0',1,NULL,NULL);
INSERT INTO `B65362949_c_tva` VALUES (231,23,21,0,0,0,0,0,'IVA standard rate',1,NULL,NULL);
INSERT INTO `B65362949_c_tva` VALUES (232,23,10.5,0,0,0,0,0,'IVA reduced rate',1,NULL,NULL);
INSERT INTO `B65362949_c_tva` VALUES (233,23,0,0,0,0,0,0,'IVA Rate 0',1,NULL,NULL);
INSERT INTO `B65362949_c_tva` VALUES (241,24,19.25,0,0,0,0,0,'VAT standard rate',1,NULL,NULL);
INSERT INTO `B65362949_c_tva` VALUES (242,24,0,0,0,0,0,0,'VAT Rate 0',1,NULL,NULL);
INSERT INTO `B65362949_c_tva` VALUES (251,25,23,0,0,0,0,0,'VAT standard rate',1,NULL,NULL);
INSERT INTO `B65362949_c_tva` VALUES (252,25,13,0,0,0,0,0,'VAT reduced rate',1,NULL,NULL);
INSERT INTO `B65362949_c_tva` VALUES (253,25,0,0,0,0,0,0,'VAT Rate 0',1,NULL,NULL);
INSERT INTO `B65362949_c_tva` VALUES (254,25,6,0,0,0,0,0,'VAT reduced rate',1,NULL,NULL);
INSERT INTO `B65362949_c_tva` VALUES (261,26,0,0,0,0,0,0,'VAT Rate 0',1,NULL,NULL);
INSERT INTO `B65362949_c_tva` VALUES (271,27,19.6,0,0,0,0,0,'VAT standard rate (France hors DOM-TOM)',1,NULL,NULL);
INSERT INTO `B65362949_c_tva` VALUES (272,27,8.5,0,0,0,0,0,'VAT standard rate (DOM sauf Guyane et Saint-Martin)',0,NULL,NULL);
INSERT INTO `B65362949_c_tva` VALUES (273,27,8.5,0,0,0,0,1,'VAT standard rate (DOM sauf Guyane et Saint-Martin), non perçu par le vendeur mais récupérable par acheteur',0,NULL,NULL);
INSERT INTO `B65362949_c_tva` VALUES (274,27,5.5,0,0,0,0,0,'VAT reduced rate (France hors DOM-TOM)',0,NULL,NULL);
INSERT INTO `B65362949_c_tva` VALUES (275,27,0,0,0,0,0,0,'VAT Rate 0 ou non applicable',1,NULL,NULL);
INSERT INTO `B65362949_c_tva` VALUES (276,27,2.1,0,0,0,0,0,'VAT super-reduced rate',1,NULL,NULL);
INSERT INTO `B65362949_c_tva` VALUES (277,27,7,0,0,0,0,0,'VAT reduced rate',1,NULL,NULL);
INSERT INTO `B65362949_c_tva` VALUES (281,28,10,0,0,0,0,0,'VAT standard rate',1,NULL,NULL);
INSERT INTO `B65362949_c_tva` VALUES (282,28,0,0,0,0,0,0,'VAT Rate 0',1,NULL,NULL);
INSERT INTO `B65362949_c_tva` VALUES (411,41,20,0,0,0,0,0,'VAT standard rate',1,NULL,NULL);
INSERT INTO `B65362949_c_tva` VALUES (412,41,10,0,0,0,0,0,'VAT reduced rate',1,NULL,NULL);
INSERT INTO `B65362949_c_tva` VALUES (413,41,0,0,0,0,0,0,'VAT Rate 0',1,NULL,NULL);
INSERT INTO `B65362949_c_tva` VALUES (461,46,0,0,0,0,0,0,'No VAT',1,NULL,NULL);
INSERT INTO `B65362949_c_tva` VALUES (462,46,15,0,0,0,0,0,'VAT 15%',1,NULL,NULL);
INSERT INTO `B65362949_c_tva` VALUES (463,46,7.5,0,0,0,0,0,'VAT 7.5%',1,NULL,NULL);
INSERT INTO `B65362949_c_tva` VALUES (561,56,0,0,0,0,0,0,'VAT reduced rate',1,NULL,NULL);
INSERT INTO `B65362949_c_tva` VALUES (591,59,20,0,0,0,0,0,'VAT standard rate',1,NULL,NULL);
INSERT INTO `B65362949_c_tva` VALUES (592,59,7,0,0,0,0,0,'VAT reduced rate',1,NULL,NULL);
INSERT INTO `B65362949_c_tva` VALUES (593,59,0,0,0,0,0,0,'VAT Rate 0',1,NULL,NULL);
INSERT INTO `B65362949_c_tva` VALUES (671,67,19,0,0,0,0,0,'VAT standard rate',1,NULL,NULL);
INSERT INTO `B65362949_c_tva` VALUES (672,67,0,0,0,0,0,0,'VAT Rate 0',1,NULL,NULL);
INSERT INTO `B65362949_c_tva` VALUES (801,80,25,0,0,0,0,0,'VAT standard rate',1,NULL,NULL);
INSERT INTO `B65362949_c_tva` VALUES (802,80,0,0,0,0,0,0,'VAT Rate 0',1,NULL,NULL);
INSERT INTO `B65362949_c_tva` VALUES (861,86,13,0,0,0,0,0,'IVA 13',1,NULL,NULL);
INSERT INTO `B65362949_c_tva` VALUES (862,86,0,0,0,0,0,0,'SIN IVA',1,NULL,NULL);
INSERT INTO `B65362949_c_tva` VALUES (1141,114,0,0,0,0,0,0,'No ISV',1,NULL,NULL);
INSERT INTO `B65362949_c_tva` VALUES (1142,114,12,0,0,0,0,0,'ISV 12%',1,NULL,NULL);
INSERT INTO `B65362949_c_tva` VALUES (1161,116,25.5,0,0,0,0,0,'VAT standard rate',1,NULL,NULL);
INSERT INTO `B65362949_c_tva` VALUES (1162,116,7,0,0,0,0,0,'VAT reduced rate',1,NULL,NULL);
INSERT INTO `B65362949_c_tva` VALUES (1163,116,0,0,0,0,0,0,'VAT rate 0',1,NULL,NULL);
INSERT INTO `B65362949_c_tva` VALUES (1171,117,12.5,0,0,0,0,0,'VAT standard rate',1,NULL,NULL);
INSERT INTO `B65362949_c_tva` VALUES (1172,117,4,0,0,0,0,0,'VAT reduced rate',1,NULL,NULL);
INSERT INTO `B65362949_c_tva` VALUES (1173,117,1,0,0,0,0,0,'VAT super-reduced rate',1,NULL,NULL);
INSERT INTO `B65362949_c_tva` VALUES (1174,117,0,0,0,0,0,0,'VAT Rate 0',1,NULL,NULL);
INSERT INTO `B65362949_c_tva` VALUES (1231,123,0,0,0,0,0,0,'VAT Rate 0',1,NULL,NULL);
INSERT INTO `B65362949_c_tva` VALUES (1232,123,5,0,0,0,0,0,'VAT Rate 5',1,NULL,NULL);
INSERT INTO `B65362949_c_tva` VALUES (1401,140,15,0,0,0,0,0,'VAT standard rate',1,NULL,NULL);
INSERT INTO `B65362949_c_tva` VALUES (1402,140,12,0,0,0,0,0,'VAT reduced rate',1,NULL,NULL);
INSERT INTO `B65362949_c_tva` VALUES (1403,140,6,0,0,0,0,0,'VAT reduced rate',1,NULL,NULL);
INSERT INTO `B65362949_c_tva` VALUES (1404,140,3,0,0,0,0,0,'VAT super-reduced rate',1,NULL,NULL);
INSERT INTO `B65362949_c_tva` VALUES (1405,140,0,0,0,0,0,0,'VAT Rate 0',1,NULL,NULL);
INSERT INTO `B65362949_c_tva` VALUES (1511,151,0,0,0,0,0,0,'VAT Rate 0',1,NULL,NULL);
INSERT INTO `B65362949_c_tva` VALUES (1512,151,14,0,0,0,0,0,'VAT Rate 14',1,NULL,NULL);
INSERT INTO `B65362949_c_tva` VALUES (1521,152,0,0,0,0,0,0,'VAT Rate 0',1,NULL,NULL);
INSERT INTO `B65362949_c_tva` VALUES (1522,152,15,0,0,0,0,0,'VAT Rate 15',1,NULL,NULL);
INSERT INTO `B65362949_c_tva` VALUES (1541,154,0,0,0,0,0,0,'No VAT',1,NULL,NULL);
INSERT INTO `B65362949_c_tva` VALUES (1542,154,16,0,0,0,0,0,'VAT 16%',1,NULL,NULL);
INSERT INTO `B65362949_c_tva` VALUES (1543,154,10,0,0,0,0,0,'VAT Frontero',1,NULL,NULL);
INSERT INTO `B65362949_c_tva` VALUES (1662,166,15,0,0,0,0,0,'VAT standard rate',1,NULL,NULL);
INSERT INTO `B65362949_c_tva` VALUES (1663,166,0,0,0,0,0,0,'VAT Rate 0',1,NULL,NULL);
INSERT INTO `B65362949_c_tva` VALUES (1692,169,5,0,0,0,0,0,'VAT standard rate',1,NULL,NULL);
INSERT INTO `B65362949_c_tva` VALUES (1693,169,0,0,0,0,0,0,'VAT Rate 0',1,NULL,NULL);
INSERT INTO `B65362949_c_tva` VALUES (1731,173,25,0,0,0,0,0,'VAT standard rate',1,NULL,NULL);
INSERT INTO `B65362949_c_tva` VALUES (1732,173,14,0,0,0,0,0,'VAT reduced rate',1,NULL,NULL);
INSERT INTO `B65362949_c_tva` VALUES (1733,173,8,0,0,0,0,0,'VAT reduced rate',1,NULL,NULL);
INSERT INTO `B65362949_c_tva` VALUES (1734,173,0,0,0,0,0,0,'VAT Rate 0',1,NULL,NULL);
INSERT INTO `B65362949_c_tva` VALUES (1841,181,18,0,0,0,0,0,'VAT standard rate',1,NULL,NULL);
INSERT INTO `B65362949_c_tva` VALUES (1842,184,7,0,0,0,0,0,'VAT reduced rate',1,NULL,NULL);
INSERT INTO `B65362949_c_tva` VALUES (1843,181,0,0,0,0,0,0,'VAT Rate 0',1,NULL,NULL);
INSERT INTO `B65362949_c_tva` VALUES (1844,184,0,0,0,0,0,0,'VAT Rate 0',1,NULL,NULL);
INSERT INTO `B65362949_c_tva` VALUES (1881,188,24,0,0,0,0,0,'VAT standard rate',1,NULL,NULL);
INSERT INTO `B65362949_c_tva` VALUES (1882,188,9,0,0,0,0,0,'VAT reduced rate',1,NULL,NULL);
INSERT INTO `B65362949_c_tva` VALUES (1883,188,0,0,0,0,0,0,'VAT Rate 0',1,NULL,NULL);
INSERT INTO `B65362949_c_tva` VALUES (1884,188,5,0,0,0,0,0,'VAT reduced rate',1,NULL,NULL);
INSERT INTO `B65362949_c_tva` VALUES (1931,193,0,0,0,0,0,0,'No VAT in SPM',1,NULL,NULL);
INSERT INTO `B65362949_c_tva` VALUES (2011,201,19,0,0,0,0,0,'VAT standard rate',1,NULL,NULL);
INSERT INTO `B65362949_c_tva` VALUES (2012,201,10,0,0,0,0,0,'VAT reduced rate',1,NULL,NULL);
INSERT INTO `B65362949_c_tva` VALUES (2013,201,0,0,0,0,0,0,'VAT Rate 0',1,NULL,NULL);
INSERT INTO `B65362949_c_tva` VALUES (2021,202,22,0,0,0,0,0,'VAT standard rate',1,NULL,NULL);
INSERT INTO `B65362949_c_tva` VALUES (2022,202,9.5,0,0,0,0,0,'VAT reduced rate',1,NULL,NULL);
INSERT INTO `B65362949_c_tva` VALUES (2023,202,0,0,0,0,0,0,'VAT Rate 0',1,NULL,NULL);
INSERT INTO `B65362949_c_tva` VALUES (2051,205,0,0,0,0,0,0,'No VAT',1,NULL,NULL);
INSERT INTO `B65362949_c_tva` VALUES (2052,205,14,0,0,0,0,0,'VAT 14%',1,NULL,NULL);
INSERT INTO `B65362949_c_tva` VALUES (2261,226,20,0,0,0,0,0,'VAT standart rate',1,NULL,NULL);
INSERT INTO `B65362949_c_tva` VALUES (2262,226,0,0,0,0,0,0,'VAT Rate 0',1,NULL,NULL);
INSERT INTO `B65362949_c_tva` VALUES (2321,232,0,0,0,0,0,0,'No VAT',1,NULL,NULL);
INSERT INTO `B65362949_c_tva` VALUES (2322,232,12,0,0,0,0,0,'VAT 12%',1,NULL,NULL);
INSERT INTO `B65362949_c_tva` VALUES (2323,232,8,0,0,0,0,0,'VAT 8%',1,NULL,NULL);
INSERT INTO `B65362949_c_tva` VALUES (2461,246,0,0,0,0,0,0,'VAT Rate 0',1,NULL,NULL);
INSERT INTO `B65362949_c_tva` VALUES (2462,102,23,0,0,0,0,0,'Κανονικός Φ.Π.Α.',1,NULL,NULL);
INSERT INTO `B65362949_c_tva` VALUES (2463,102,0,0,0,0,0,0,'Μηδενικό Φ.Π.Α.',1,NULL,NULL);
INSERT INTO `B65362949_c_tva` VALUES (2464,102,13,0,0,0,0,0,'Μειωμένος Φ.Π.Α.',1,NULL,NULL);
INSERT INTO `B65362949_c_tva` VALUES (2465,102,6.5,0,0,0,0,0,'Υπερμειωμένος Φ.Π.Α.',1,NULL,NULL);
INSERT INTO `B65362949_c_tva` VALUES (2466,102,16,0,0,0,0,0,'Νήσων κανονικός Φ.Π.Α.',1,NULL,NULL);
INSERT INTO `B65362949_c_tva` VALUES (2467,102,9,0,0,0,0,0,'Νήσων μειωμένος Φ.Π.Α.',1,NULL,NULL);
INSERT INTO `B65362949_c_tva` VALUES (2468,102,5,0,0,0,0,0,'Νήσων υπερμειωμένος Φ.Π.Α.',1,NULL,NULL);




--
-- Table structure for table `B65362949_c_type_contact`
--
CREATE TABLE `B65362949_c_type_contact` (
  `rowid` int(11) NOT NULL,
  `element` varchar(30) NOT NULL,
  `source` varchar(8) NOT NULL DEFAULT 'external',
  `code` varchar(32) NOT NULL,
  `libelle` varchar(64) NOT NULL,
  `active` tinyint(4) NOT NULL DEFAULT '1',
  `module` varchar(32) DEFAULT NULL,
  PRIMARY KEY (`rowid`),
  UNIQUE KEY `uk_c_type_contact_id` (`element`,`source`,`code`)
) ENGINE=InnoDB DEFAULT CHARSET=utf8;

--
-- Dumping data for table `B65362949_c_type_contact`
--
INSERT INTO `B65362949_c_type_contact` VALUES (10,'contrat','internal','SALESREPSIGN','Commercial signataire du contrat',1,NULL);
INSERT INTO `B65362949_c_type_contact` VALUES (11,'contrat','internal','SALESREPFOLL','Commercial suivi du contrat',1,NULL);
INSERT INTO `B65362949_c_type_contact` VALUES (20,'contrat','external','BILLING','Contact client facturation contrat',1,NULL);
INSERT INTO `B65362949_c_type_contact` VALUES (21,'contrat','external','CUSTOMER','Contact client suivi contrat',1,NULL);
INSERT INTO `B65362949_c_type_contact` VALUES (22,'contrat','external','SALESREPSIGN','Contact client signataire contrat',1,NULL);
INSERT INTO `B65362949_c_type_contact` VALUES (31,'propal','internal','SALESREPFOLL','Commercial à l\'origine de la propale',1,NULL);
INSERT INTO `B65362949_c_type_contact` VALUES (40,'propal','external','BILLING','Contact client facturation propale',1,NULL);
INSERT INTO `B65362949_c_type_contact` VALUES (41,'propal','external','CUSTOMER','Contact client suivi propale',1,NULL);
INSERT INTO `B65362949_c_type_contact` VALUES (50,'facture','internal','SALESREPFOLL','Responsable suivi du paiement',1,NULL);
INSERT INTO `B65362949_c_type_contact` VALUES (60,'facture','external','BILLING','Contact client facturation',1,NULL);
INSERT INTO `B65362949_c_type_contact` VALUES (61,'facture','external','SHIPPING','Contact client livraison',1,NULL);
INSERT INTO `B65362949_c_type_contact` VALUES (62,'facture','external','SERVICE','Contact client prestation',1,NULL);
INSERT INTO `B65362949_c_type_contact` VALUES (70,'invoice_supplier','internal','SALESREPFOLL','Responsable suivi du paiement',1,NULL);
INSERT INTO `B65362949_c_type_contact` VALUES (71,'invoice_supplier','external','BILLING','Contact fournisseur facturation',1,NULL);
INSERT INTO `B65362949_c_type_contact` VALUES (72,'invoice_supplier','external','SHIPPING','Contact fournisseur livraison',1,NULL);
INSERT INTO `B65362949_c_type_contact` VALUES (73,'invoice_supplier','external','SERVICE','Contact fournisseur prestation',1,NULL);
INSERT INTO `B65362949_c_type_contact` VALUES (80,'agenda','internal','ACTOR','Responsable',1,NULL);
INSERT INTO `B65362949_c_type_contact` VALUES (81,'agenda','internal','GUEST','Guest',1,NULL);
INSERT INTO `B65362949_c_type_contact` VALUES (85,'agenda','external','ACTOR','Responsable',1,NULL);
INSERT INTO `B65362949_c_type_contact` VALUES (86,'agenda','external','GUEST','Guest',1,NULL);
INSERT INTO `B65362949_c_type_contact` VALUES (91,'commande','internal','SALESREPFOLL','Responsable suivi de la commande',1,NULL);
INSERT INTO `B65362949_c_type_contact` VALUES (100,'commande','external','BILLING','Contact client facturation commande',1,NULL);
INSERT INTO `B65362949_c_type_contact` VALUES (101,'commande','external','CUSTOMER','Contact client suivi commande',1,NULL);
INSERT INTO `B65362949_c_type_contact` VALUES (102,'commande','external','SHIPPING','Contact client livraison commande',1,NULL);
INSERT INTO `B65362949_c_type_contact` VALUES (120,'fichinter','internal','INTERREPFOLL','Responsable suivi de l\'intervention',1,NULL);
INSERT INTO `B65362949_c_type_contact` VALUES (121,'fichinter','internal','INTERVENING','Intervenant',1,NULL);
INSERT INTO `B65362949_c_type_contact` VALUES (130,'fichinter','external','BILLING','Contact client facturation intervention',1,NULL);
INSERT INTO `B65362949_c_type_contact` VALUES (131,'fichinter','external','CUSTOMER','Contact client suivi de l\'intervention',1,NULL);
INSERT INTO `B65362949_c_type_contact` VALUES (140,'order_supplier','internal','SALESREPFOLL','Responsable suivi de la commande',1,NULL);
INSERT INTO `B65362949_c_type_contact` VALUES (141,'order_supplier','internal','SHIPPING','Responsable réception de la commande',1,NULL);
INSERT INTO `B65362949_c_type_contact` VALUES (142,'order_supplier','external','BILLING','Contact fournisseur facturation commande',1,NULL);
INSERT INTO `B65362949_c_type_contact` VALUES (143,'order_supplier','external','CUSTOMER','Contact fournisseur suivi commande',1,NULL);
INSERT INTO `B65362949_c_type_contact` VALUES (145,'order_supplier','external','SHIPPING','Contact fournisseur livraison commande',1,NULL);
INSERT INTO `B65362949_c_type_contact` VALUES (160,'project','internal','PROJECTLEADER','Chef de Projet',1,NULL);
INSERT INTO `B65362949_c_type_contact` VALUES (161,'project','internal','PROJECTCONTRIBUTOR','Intervenant',1,NULL);
INSERT INTO `B65362949_c_type_contact` VALUES (170,'project','external','PROJECTLEADER','Chef de Projet',1,NULL);
INSERT INTO `B65362949_c_type_contact` VALUES (171,'project','external','PROJECTCONTRIBUTOR','Intervenant',1,NULL);
INSERT INTO `B65362949_c_type_contact` VALUES (180,'project_task','internal','TASKEXECUTIVE','Responsable',1,NULL);
INSERT INTO `B65362949_c_type_contact` VALUES (181,'project_task','internal','TASKCONTRIBUTOR','Intervenant',1,NULL);
INSERT INTO `B65362949_c_type_contact` VALUES (190,'project_task','external','TASKEXECUTIVE','Responsable',1,NULL);
INSERT INTO `B65362949_c_type_contact` VALUES (191,'project_task','external','TASKCONTRIBUTOR','Intervenant',1,NULL);




--
-- Table structure for table `B65362949_c_type_fees`
--
CREATE TABLE `B65362949_c_type_fees` (
  `id` int(11) NOT NULL AUTO_INCREMENT,
  `code` varchar(12) NOT NULL,
  `libelle` varchar(30) DEFAULT NULL,
  `active` tinyint(4) NOT NULL DEFAULT '1',
  `module` varchar(32) DEFAULT NULL,
  PRIMARY KEY (`id`),
  UNIQUE KEY `uk_c_type_fees` (`code`)
) ENGINE=InnoDB AUTO_INCREMENT=4 DEFAULT CHARSET=utf8;

--
-- Dumping data for table `B65362949_c_type_fees`
--
INSERT INTO `B65362949_c_type_fees` VALUES (1,'TF_OTHER','Other',1,NULL);
INSERT INTO `B65362949_c_type_fees` VALUES (2,'TF_TRIP','Trip',1,NULL);
INSERT INTO `B65362949_c_type_fees` VALUES (3,'TF_LUNCH','Lunch',1,NULL);




--
-- Table structure for table `B65362949_c_type_resource`
--
CREATE TABLE `B65362949_c_type_resource` (
  `rowid` int(11) NOT NULL,
  `code` varchar(32) NOT NULL,
  `label` varchar(64) NOT NULL,
  `active` tinyint(4) NOT NULL DEFAULT '1',
  PRIMARY KEY (`rowid`),
  UNIQUE KEY `uk_c_type_resource_id` (`label`,`code`)
) ENGINE=InnoDB DEFAULT CHARSET=utf8;

--
-- Dumping data for table `B65362949_c_type_resource`
--




--
-- Table structure for table `B65362949_c_typent`
--
CREATE TABLE `B65362949_c_typent` (
  `id` int(11) NOT NULL,
  `code` varchar(12) NOT NULL,
  `libelle` varchar(30) DEFAULT NULL,
  `active` tinyint(4) NOT NULL DEFAULT '1',
  `module` varchar(32) DEFAULT NULL,
  PRIMARY KEY (`id`),
  UNIQUE KEY `uk_c_typent` (`code`)
) ENGINE=InnoDB DEFAULT CHARSET=utf8;

--
-- Dumping data for table `B65362949_c_typent`
--
INSERT INTO `B65362949_c_typent` VALUES (0,'TE_UNKNOWN','-',1,NULL);
INSERT INTO `B65362949_c_typent` VALUES (1,'TE_STARTUP','Start-up',0,NULL);
INSERT INTO `B65362949_c_typent` VALUES (2,'TE_GROUP','Grand groupe',1,NULL);
INSERT INTO `B65362949_c_typent` VALUES (3,'TE_MEDIUM','PME/PMI',1,NULL);
INSERT INTO `B65362949_c_typent` VALUES (4,'TE_SMALL','TPE',1,NULL);
INSERT INTO `B65362949_c_typent` VALUES (5,'TE_ADMIN','Administration',1,NULL);
INSERT INTO `B65362949_c_typent` VALUES (6,'TE_WHOLE','Grossiste',0,NULL);
INSERT INTO `B65362949_c_typent` VALUES (7,'TE_RETAIL','Revendeur',0,NULL);
INSERT INTO `B65362949_c_typent` VALUES (8,'TE_PRIVATE','Particulier',1,NULL);
INSERT INTO `B65362949_c_typent` VALUES (100,'TE_OTHER','Autres',1,NULL);




--
-- Table structure for table `B65362949_c_ziptown`
--
CREATE TABLE `B65362949_c_ziptown` (
  `rowid` int(11) NOT NULL AUTO_INCREMENT,
  `code` varchar(5) DEFAULT NULL,
  `fk_county` int(11) DEFAULT NULL,
  `fk_pays` int(11) NOT NULL DEFAULT '0',
  `zip` varchar(10) NOT NULL,
  `town` varchar(255) NOT NULL,
  `active` tinyint(4) NOT NULL DEFAULT '1',
  PRIMARY KEY (`rowid`),
  UNIQUE KEY `uk_ziptown_fk_pays` (`zip`,`town`,`fk_pays`),
  KEY `idx_c_ziptown_fk_county` (`fk_county`),
  KEY `idx_c_ziptown_fk_pays` (`fk_pays`),
  KEY `idx_c_ziptown_zip` (`zip`),
  CONSTRAINT `fk_c_ziptown_fk_county` FOREIGN KEY (`fk_county`) REFERENCES `B65362949_c_departements` (`rowid`),
  CONSTRAINT `fk_c_ziptown_fk_pays` FOREIGN KEY (`fk_pays`) REFERENCES `B65362949_c_pays` (`rowid`)
) ENGINE=InnoDB DEFAULT CHARSET=utf8;

--
-- Dumping data for table `B65362949_c_ziptown`
--




--
-- Table structure for table `B65362949_categorie`
--
CREATE TABLE `B65362949_categorie` (
  `rowid` int(11) NOT NULL AUTO_INCREMENT,
  `entity` int(11) NOT NULL DEFAULT '1',
  `fk_parent` int(11) NOT NULL DEFAULT '0',
  `label` varchar(255) NOT NULL,
  `type` tinyint(4) NOT NULL DEFAULT '1',
  `description` text,
  `fk_soc` int(11) DEFAULT NULL,
  `visible` tinyint(4) NOT NULL DEFAULT '1',
  `import_key` varchar(14) DEFAULT NULL,
  PRIMARY KEY (`rowid`),
  UNIQUE KEY `uk_categorie_ref` (`entity`,`fk_parent`,`label`,`type`),
  KEY `idx_categorie_type` (`type`),
  KEY `idx_categorie_label` (`label`)
) ENGINE=InnoDB DEFAULT CHARSET=utf8;

--
-- Dumping data for table `B65362949_categorie`
--




--
-- Table structure for table `B65362949_categorie_contact`
--
CREATE TABLE `B65362949_categorie_contact` (
  `fk_categorie` int(11) NOT NULL,
  `fk_socpeople` int(11) NOT NULL,
  `import_key` varchar(14) DEFAULT NULL,
  PRIMARY KEY (`fk_categorie`,`fk_socpeople`),
  KEY `idx_categorie_contact_fk_categorie` (`fk_categorie`),
  KEY `idx_categorie_contact_fk_socpeople` (`fk_socpeople`),
  CONSTRAINT `fk_categorie_contact_categorie_rowid` FOREIGN KEY (`fk_categorie`) REFERENCES `B65362949_categorie` (`rowid`),
  CONSTRAINT `fk_categorie_contact_fk_socpeople` FOREIGN KEY (`fk_socpeople`) REFERENCES `B65362949_socpeople` (`rowid`)
) ENGINE=InnoDB DEFAULT CHARSET=utf8;

--
-- Dumping data for table `B65362949_categorie_contact`
--




--
-- Table structure for table `B65362949_categorie_fournisseur`
--
CREATE TABLE `B65362949_categorie_fournisseur` (
  `fk_categorie` int(11) NOT NULL,
  `fk_societe` int(11) NOT NULL,
  `import_key` varchar(14) DEFAULT NULL,
  PRIMARY KEY (`fk_categorie`,`fk_societe`),
  KEY `idx_categorie_fournisseur_fk_categorie` (`fk_categorie`),
  KEY `idx_categorie_fournisseur_fk_societe` (`fk_societe`),
  CONSTRAINT `fk_categorie_fournisseur_categorie_rowid` FOREIGN KEY (`fk_categorie`) REFERENCES `B65362949_categorie` (`rowid`),
  CONSTRAINT `fk_categorie_fournisseur_fk_soc` FOREIGN KEY (`fk_societe`) REFERENCES `B65362949_societe` (`rowid`)
) ENGINE=InnoDB DEFAULT CHARSET=utf8;

--
-- Dumping data for table `B65362949_categorie_fournisseur`
--




--
-- Table structure for table `B65362949_categorie_lang`
--
CREATE TABLE `B65362949_categorie_lang` (
  `rowid` int(11) NOT NULL AUTO_INCREMENT,
  `fk_category` int(11) NOT NULL DEFAULT '0',
  `lang` varchar(5) NOT NULL DEFAULT '0',
  `label` varchar(255) NOT NULL,
  `description` text,
  PRIMARY KEY (`rowid`),
  UNIQUE KEY `uk_category_lang` (`fk_category`,`lang`),
  CONSTRAINT `fk_category_lang_fk_category` FOREIGN KEY (`fk_category`) REFERENCES `B65362949_categorie` (`rowid`)
) ENGINE=InnoDB DEFAULT CHARSET=utf8;

--
-- Dumping data for table `B65362949_categorie_lang`
--




--
-- Table structure for table `B65362949_categorie_member`
--
CREATE TABLE `B65362949_categorie_member` (
  `fk_categorie` int(11) NOT NULL,
  `fk_member` int(11) NOT NULL,
  PRIMARY KEY (`fk_categorie`,`fk_member`),
  KEY `idx_categorie_member_fk_categorie` (`fk_categorie`),
  KEY `idx_categorie_member_fk_member` (`fk_member`),
  CONSTRAINT `fk_categorie_member_categorie_rowid` FOREIGN KEY (`fk_categorie`) REFERENCES `B65362949_categorie` (`rowid`),
  CONSTRAINT `fk_categorie_member_member_rowid` FOREIGN KEY (`fk_member`) REFERENCES `B65362949_adherent` (`rowid`)
) ENGINE=InnoDB DEFAULT CHARSET=utf8;

--
-- Dumping data for table `B65362949_categorie_member`
--




--
-- Table structure for table `B65362949_categorie_product`
--
CREATE TABLE `B65362949_categorie_product` (
  `fk_categorie` int(11) NOT NULL,
  `fk_product` int(11) NOT NULL,
  `import_key` varchar(14) DEFAULT NULL,
  PRIMARY KEY (`fk_categorie`,`fk_product`),
  KEY `idx_categorie_product_fk_categorie` (`fk_categorie`),
  KEY `idx_categorie_product_fk_product` (`fk_product`),
  CONSTRAINT `fk_categorie_product_categorie_rowid` FOREIGN KEY (`fk_categorie`) REFERENCES `B65362949_categorie` (`rowid`),
  CONSTRAINT `fk_categorie_product_product_rowid` FOREIGN KEY (`fk_product`) REFERENCES `B65362949_product` (`rowid`)
) ENGINE=InnoDB DEFAULT CHARSET=utf8;

--
-- Dumping data for table `B65362949_categorie_product`
--




--
-- Table structure for table `B65362949_categorie_societe`
--
CREATE TABLE `B65362949_categorie_societe` (
  `fk_categorie` int(11) NOT NULL,
  `fk_societe` int(11) NOT NULL,
  `import_key` varchar(14) DEFAULT NULL,
  PRIMARY KEY (`fk_categorie`,`fk_societe`),
  KEY `idx_categorie_societe_fk_categorie` (`fk_categorie`),
  KEY `idx_categorie_societe_fk_societe` (`fk_societe`),
  CONSTRAINT `fk_categorie_societe_categorie_rowid` FOREIGN KEY (`fk_categorie`) REFERENCES `B65362949_categorie` (`rowid`),
  CONSTRAINT `fk_categorie_societe_fk_soc` FOREIGN KEY (`fk_societe`) REFERENCES `B65362949_societe` (`rowid`)
) ENGINE=InnoDB DEFAULT CHARSET=utf8;

--
-- Dumping data for table `B65362949_categorie_societe`
--




--
-- Table structure for table `B65362949_categories_extrafields`
--
CREATE TABLE `B65362949_categories_extrafields` (
  `rowid` int(11) NOT NULL AUTO_INCREMENT,
  `tms` timestamp NOT NULL DEFAULT CURRENT_TIMESTAMP ON UPDATE CURRENT_TIMESTAMP,
  `fk_object` int(11) NOT NULL,
  `import_key` varchar(14) DEFAULT NULL,
  PRIMARY KEY (`rowid`),
  KEY `idx_categories_extrafields` (`fk_object`)
) ENGINE=InnoDB DEFAULT CHARSET=utf8;

--
-- Dumping data for table `B65362949_categories_extrafields`
--




--
-- Table structure for table `B65362949_chargesociales`
--
CREATE TABLE `B65362949_chargesociales` (
  `rowid` int(11) NOT NULL AUTO_INCREMENT,
  `date_ech` datetime NOT NULL,
  `libelle` varchar(80) NOT NULL,
  `entity` int(11) NOT NULL DEFAULT '1',
  `tms` timestamp NOT NULL DEFAULT CURRENT_TIMESTAMP ON UPDATE CURRENT_TIMESTAMP,
  `date_creation` datetime DEFAULT NULL,
  `date_valid` datetime DEFAULT NULL,
  `fk_type` int(11) NOT NULL,
  `amount` double NOT NULL DEFAULT '0',
  `paye` smallint(6) NOT NULL DEFAULT '0',
  `periode` date DEFAULT NULL,
  PRIMARY KEY (`rowid`)
) ENGINE=InnoDB AUTO_INCREMENT=387 DEFAULT CHARSET=utf8;

--
-- Dumping data for table `B65362949_chargesociales`
--
INSERT INTO `B65362949_chargesociales` VALUES (2,'2015-01-31 00:00:00','S.S. Reg. General	',1,'2015-07-20 15:49:58',NULL,NULL,231,815.62,1,'2015-01-31');
INSERT INTO `B65362949_chargesociales` VALUES (3,'2015-01-31 00:00:00','Sergio García Martínez',1,'2015-04-17 11:39:48',NULL,NULL,232,264.43,1,'2015-01-31');
INSERT INTO `B65362949_chargesociales` VALUES (4,'2015-01-31 00:00:00','José Manuel Valle Llamas',1,'2015-04-17 11:39:22',NULL,NULL,232,296.27,1,'2015-01-31');
INSERT INTO `B65362949_chargesociales` VALUES (5,'2015-02-27 00:00:00','S.S. Reg. General	',1,'2015-07-20 15:50:22',NULL,NULL,231,815.62,1,'2015-02-27');
INSERT INTO `B65362949_chargesociales` VALUES (6,'2015-02-27 00:00:00','Sergio García Martínez',1,'2015-04-17 11:43:48',NULL,NULL,232,264.43,1,'2015-02-27');
INSERT INTO `B65362949_chargesociales` VALUES (8,'2015-03-31 00:00:00','Sergio García Martínez',1,'2015-04-17 11:45:32',NULL,NULL,232,264.43,1,'2015-03-31');
INSERT INTO `B65362949_chargesociales` VALUES (9,'2015-03-31 00:00:00','José Manuel Valle Llamas',1,'2015-04-17 11:45:17',NULL,NULL,232,296.27,1,'2015-03-31');
INSERT INTO `B65362949_chargesociales` VALUES (10,'2015-03-31 00:00:00','S.S. Reg. General	',1,'2015-07-20 15:51:03',NULL,NULL,231,865.44,1,'2015-03-31');
INSERT INTO `B65362949_chargesociales` VALUES (20,'2015-02-27 00:00:00','José Manuel Valle Llamas',1,'2015-04-17 11:43:27',NULL,NULL,232,296.27,1,'2015-02-27');
INSERT INTO `B65362949_chargesociales` VALUES (22,'2015-04-20 00:00:00','Silvia Tormo Britapaja',1,'2015-04-20 20:32:26',NULL,NULL,234,286.94,1,'2015-02-28');
INSERT INTO `B65362949_chargesociales` VALUES (23,'2015-04-20 00:00:00','Silvia Tormo Britapaja',1,'2015-04-20 20:33:08',NULL,NULL,234,267.86,1,'2015-03-31');
INSERT INTO `B65362949_chargesociales` VALUES (24,'2015-04-20 00:00:00','Montse Romero Jordán',1,'2015-04-20 20:31:58',NULL,NULL,234,17.67,1,'2015-03-31');
INSERT INTO `B65362949_chargesociales` VALUES (25,'2015-04-20 00:00:00','Sandra Tormo Britapaja',1,'2015-04-20 20:30:27',NULL,NULL,233,257.76,1,'2015-02-01');
INSERT INTO `B65362949_chargesociales` VALUES (26,'2015-04-20 00:00:00','Sandra Tormo Britapaja',1,'2015-04-20 20:25:42',NULL,NULL,233,136.8,1,'2015-03-25');
INSERT INTO `B65362949_chargesociales` VALUES (27,'2015-04-20 00:00:00','Ales Boires, SCP',1,'2015-04-20 20:33:34',NULL,NULL,233,458.85,1,'2015-01-02');
INSERT INTO `B65362949_chargesociales` VALUES (28,'2015-04-20 00:00:00','Ales Boires, SCP',1,'2015-04-20 20:34:13',NULL,NULL,233,389.03,1,'2015-02-09');
INSERT INTO `B65362949_chargesociales` VALUES (29,'2015-04-20 00:00:00','Ales Boires, SCP',1,'2015-04-20 20:34:38',NULL,NULL,233,411.47,1,'2015-02-09');
INSERT INTO `B65362949_chargesociales` VALUES (30,'2015-04-20 00:00:00','Ales Boires, SCP',1,'2015-04-20 20:35:10',NULL,NULL,233,453.86,1,'2015-03-30');
INSERT INTO `B65362949_chargesociales` VALUES (31,'2015-07-20 00:00:00','Ales Boires, SCP',1,'2015-07-20 19:33:46',NULL,NULL,233,476.31,1,'2015-04-09');
INSERT INTO `B65362949_chargesociales` VALUES (32,'2015-04-20 00:00:00','Silvia Tormo Britapaja',1,'2015-04-20 20:31:12',NULL,NULL,234,267.86,1,'2015-01-31');
INSERT INTO `B65362949_chargesociales` VALUES (33,'2015-04-30 00:00:00','José Manuel Valle Llamas',1,'2015-04-30 14:02:02',NULL,NULL,232,296.27,1,'2015-04-30');
INSERT INTO `B65362949_chargesociales` VALUES (34,'2015-04-30 00:00:00','Sergio García Martínez',1,'2015-04-30 14:01:38',NULL,NULL,232,264.43,1,'2015-04-30');
INSERT INTO `B65362949_chargesociales` VALUES (35,'2015-04-30 00:00:00','S.S. Reg. General	',1,'2015-07-20 15:51:51',NULL,NULL,231,836.13,1,'2015-04-30');
INSERT INTO `B65362949_chargesociales` VALUES (36,'2015-07-20 00:00:00','Silvia Tormo Britapaja',1,'2015-07-20 19:28:46',NULL,NULL,234,267.86,1,'2015-04-30');
INSERT INTO `B65362949_chargesociales` VALUES (37,'2015-07-20 00:00:00','Montse Romero Jordán',1,'2015-07-20 19:27:52',NULL,NULL,234,265,1,'2015-04-30');
INSERT INTO `B65362949_chargesociales` VALUES (38,'2015-07-20 00:00:00','Sandra Tormo Britapaja',1,'2015-07-20 19:26:04',NULL,NULL,233,136.8,1,'2015-04-25');
INSERT INTO `B65362949_chargesociales` VALUES (39,'2015-07-20 00:00:00','Silvia Tormo Britapaja',1,'2015-07-20 19:32:52',NULL,NULL,234,267.86,1,'2015-05-31');
INSERT INTO `B65362949_chargesociales` VALUES (40,'2015-07-20 00:00:00','Montse Romero Jordán',1,'2015-07-20 19:32:29',NULL,NULL,234,265,1,'2015-05-31');
INSERT INTO `B65362949_chargesociales` VALUES (41,'2015-07-20 00:00:00','Sandra Tormo Britapaja',1,'2015-07-20 19:31:59',NULL,NULL,233,136.8,1,'2015-05-31');
INSERT INTO `B65362949_chargesociales` VALUES (42,'2016-01-20 00:00:00','Ales Boires, SCP',1,'2016-01-25 16:25:53',NULL,NULL,233,391.52,1,'2015-06-09');
INSERT INTO `B65362949_chargesociales` VALUES (43,'2016-01-20 00:00:00','Ales Boires, SCP',1,'2016-01-25 16:23:49',NULL,NULL,233,426.43,1,'2015-06-20');
INSERT INTO `B65362949_chargesociales` VALUES (44,'2015-07-20 00:00:00','Sandra Tormo Britapaja',1,'2015-07-20 19:31:30',NULL,NULL,233,136.8,1,'2015-06-30');
INSERT INTO `B65362949_chargesociales` VALUES (45,'2015-07-20 00:00:00','Montse Romero Jordán',1,'2015-07-20 19:31:04',NULL,NULL,234,168.6,1,'2015-06-30');
INSERT INTO `B65362949_chargesociales` VALUES (46,'2015-07-20 00:00:00','Silvia Tormo Britapaja',1,'2015-07-20 19:30:37',NULL,NULL,234,232.14,1,'2015-06-26');
INSERT INTO `B65362949_chargesociales` VALUES (47,'2015-07-20 00:00:00','Silvia Tormo Britapaja',1,'2015-07-20 19:30:05',NULL,NULL,234,537.82,1,'2015-06-26');
INSERT INTO `B65362949_chargesociales` VALUES (48,'2015-07-20 00:00:00','Montse Romero Jordán',1,'2015-07-20 19:29:34',NULL,NULL,234,42.62,1,'2015-06-30');
INSERT INTO `B65362949_chargesociales` VALUES (50,'2015-05-29 00:00:00','José Manuel Valle Llamas',1,'2015-07-20 15:19:43',NULL,NULL,232,296.27,1,'2015-05-29');
INSERT INTO `B65362949_chargesociales` VALUES (51,'2015-05-29 00:00:00','Sergio García Martínez',1,'2015-07-20 15:23:26',NULL,NULL,232,264.43,1,'2015-05-29');
INSERT INTO `B65362949_chargesociales` VALUES (52,'2015-06-30 00:00:00','Sergio García Martínez',1,'2015-07-20 15:26:13',NULL,NULL,232,264.43,1,'2015-06-30');
INSERT INTO `B65362949_chargesociales` VALUES (53,'2015-06-30 00:00:00','José Manuel Valle Llamas',1,'2015-07-20 15:27:01',NULL,NULL,232,296.27,1,'2015-06-30');
INSERT INTO `B65362949_chargesociales` VALUES (54,'2015-05-29 00:00:00','S.S. Reg. General	',1,'2015-07-20 15:52:18',NULL,NULL,231,1249.29,1,'2015-05-29');
INSERT INTO `B65362949_chargesociales` VALUES (56,'2015-06-30 00:00:00','S.S. Reg. General	',1,'2015-07-20 15:52:36',NULL,NULL,231,1249.29,1,'2015-06-30');
INSERT INTO `B65362949_chargesociales` VALUES (57,'2015-10-20 00:00:00','Sandra Tormo Britapaja',1,'2015-10-21 14:30:35',NULL,NULL,233,106.4,1,'2015-07-31');
INSERT INTO `B65362949_chargesociales` VALUES (58,'2015-10-20 00:00:00','Sandra Tormo Britapaja',1,'2015-10-21 14:31:46',NULL,NULL,233,65.1,1,'2015-08-31');
INSERT INTO `B65362949_chargesociales` VALUES (59,'2015-10-20 00:00:00','Ales Boires, SCP',1,'2015-10-21 14:32:43',NULL,NULL,233,368.16,1,'2015-09-01');
INSERT INTO `B65362949_chargesociales` VALUES (60,'2015-10-20 00:00:00','Ales Boires, SCP',1,'2015-10-21 14:33:16',NULL,NULL,233,282,1,'2015-09-01');
INSERT INTO `B65362949_chargesociales` VALUES (61,'2015-10-20 00:00:00','Montse Romero Jordán',1,'2015-10-21 14:33:45',NULL,NULL,234,168.6,1,'2015-08-31');
INSERT INTO `B65362949_chargesociales` VALUES (62,'2015-10-20 00:00:00','Joan Serra Piqué',1,'2015-10-21 14:34:13',NULL,NULL,234,28.57,1,'2015-08-31');
INSERT INTO `B65362949_chargesociales` VALUES (63,'2015-10-20 00:00:00','Montse Romero Jordán',1,'2015-10-21 14:37:25',NULL,NULL,234,168.6,1,'2015-07-31');
INSERT INTO `B65362949_chargesociales` VALUES (64,'2015-10-20 00:00:00','Joan Serra Piqué',1,'2015-10-21 14:37:54',NULL,NULL,234,28.57,1,'2015-07-31');
INSERT INTO `B65362949_chargesociales` VALUES (65,'2015-07-31 00:00:00','José Manuel Valle Llamas',1,'2015-09-03 18:20:27',NULL,NULL,232,296.27,1,'2015-07-31');
INSERT INTO `B65362949_chargesociales` VALUES (66,'2015-07-31 00:00:00','Sergio García Martínez',1,'2015-09-03 18:18:32',NULL,NULL,232,264.43,1,'2015-07-31');
INSERT INTO `B65362949_chargesociales` VALUES (67,'2015-08-31 00:00:00','José Manuel Valle Llamas',1,'2015-09-03 18:21:22',NULL,NULL,232,296.27,1,'2015-08-31');
INSERT INTO `B65362949_chargesociales` VALUES (68,'2015-08-31 00:00:00','Sergio García Martínez',1,'2015-09-03 18:20:57',NULL,NULL,232,264.43,1,'2015-08-31');
INSERT INTO `B65362949_chargesociales` VALUES (69,'2015-07-31 00:00:00','S.S. Reg. General	',1,'2015-09-03 18:17:14',NULL,NULL,231,1140.55,1,'2015-07-31');
INSERT INTO `B65362949_chargesociales` VALUES (70,'2015-08-31 00:00:00','S.S. Reg. General	',1,'2015-09-03 18:17:48',NULL,NULL,231,1151.42,1,'2015-08-31');
INSERT INTO `B65362949_chargesociales` VALUES (71,'2015-10-20 00:00:00','José Guitart',1,'2015-10-21 14:39:08',NULL,NULL,233,33.6,1,'2015-09-07');
INSERT INTO `B65362949_chargesociales` VALUES (72,'2015-09-30 00:00:00','S.S. Reg. General	',1,'2015-10-01 10:46:37',NULL,NULL,231,1151.42,1,'2015-09-30');
INSERT INTO `B65362949_chargesociales` VALUES (73,'2015-09-30 00:00:00','José Manuel Valle Llamas',1,'2015-10-01 10:47:45',NULL,NULL,232,296.27,1,'2015-09-30');
INSERT INTO `B65362949_chargesociales` VALUES (74,'2015-09-30 00:00:00','Sergio García Martínez',1,'2015-10-01 10:48:49',NULL,NULL,232,264.43,1,'2015-09-30');
INSERT INTO `B65362949_chargesociales` VALUES (75,'2015-10-20 00:00:00','Montse Romero Jordán',1,'2015-10-21 14:34:52',NULL,NULL,234,168.6,1,'2015-09-30');
INSERT INTO `B65362949_chargesociales` VALUES (76,'2015-10-20 00:00:00','Joan Serra Piqué',1,'2015-10-21 14:35:19',NULL,NULL,234,38.72,1,'2015-09-30');
INSERT INTO `B65362949_chargesociales` VALUES (77,'2015-10-20 00:00:00','Sandra Tormo Britapaja',1,'2015-10-21 14:35:50',NULL,NULL,233,111.37,1,'2015-09-30');
INSERT INTO `B65362949_chargesociales` VALUES (78,'2016-01-20 00:00:00','Ales Boires, SCP',1,'2016-01-25 16:22:33',NULL,NULL,233,352.41,1,'2015-10-05');
INSERT INTO `B65362949_chargesociales` VALUES (79,'2016-01-20 00:00:00','Ales Boires, SCP',1,'2016-01-25 16:20:37',NULL,NULL,233,175.22,1,'2015-10-05');
INSERT INTO `B65362949_chargesociales` VALUES (80,'2015-10-20 00:00:00','Ales Boires, SCP',1,'2015-10-21 14:38:41',NULL,NULL,233,423.94,1,'2015-07-09');
INSERT INTO `B65362949_chargesociales` VALUES (81,'2016-01-20 00:00:00','Ales Boires, SCP',1,'2016-01-25 16:18:40',NULL,NULL,233,60,1,'2015-10-23');
INSERT INTO `B65362949_chargesociales` VALUES (82,'2015-10-30 00:00:00','S.S. Reg. General	',1,'2015-10-30 10:06:45',NULL,NULL,231,1350.16,1,'2015-10-30');
INSERT INTO `B65362949_chargesociales` VALUES (83,'2015-10-30 00:00:00','Sergio García Martínez',1,'2015-10-30 10:07:51',NULL,NULL,232,264.43,1,'2015-10-30');
INSERT INTO `B65362949_chargesociales` VALUES (84,'2015-10-30 00:00:00','José Manuel Valle Llamas',1,'2015-10-30 10:09:00',NULL,NULL,232,296.27,1,'2015-10-30');
INSERT INTO `B65362949_chargesociales` VALUES (85,'2016-01-20 00:00:00','Sandra Tormo Britapaja',1,'2016-01-25 16:32:49',NULL,NULL,233,152.02,1,'2015-10-31');
INSERT INTO `B65362949_chargesociales` VALUES (86,'2016-01-20 00:00:00','Montse Romero Jordán',1,'2016-01-25 16:32:01',NULL,NULL,234,168.6,1,'2015-10-31');
INSERT INTO `B65362949_chargesociales` VALUES (87,'2016-01-20 00:00:00','Joan Serra Piqué',1,'2016-01-25 16:31:13',NULL,NULL,234,28.57,1,'2015-10-31');
INSERT INTO `B65362949_chargesociales` VALUES (89,'2016-01-20 00:00:00','Ales Boires, SCP',1,'2016-01-25 16:30:21',NULL,NULL,233,352.8,1,'2015-11-04');
INSERT INTO `B65362949_chargesociales` VALUES (90,'2016-01-20 00:00:00','Ales Boires, SCP',1,'2016-01-25 16:28:44',NULL,NULL,233,135,1,'2015-11-04');
INSERT INTO `B65362949_chargesociales` VALUES (91,'2016-01-20 00:00:00','Montse Romero Jordán',1,'2016-01-25 16:29:30',NULL,NULL,234,168.6,1,'2015-11-30');
INSERT INTO `B65362949_chargesociales` VALUES (92,'2016-01-20 00:00:00','Montse Romero Jordán',1,'2016-01-25 16:27:56',NULL,NULL,234,168.6,1,'2015-12-31');
INSERT INTO `B65362949_chargesociales` VALUES (93,'2016-01-20 00:00:00','Montse Romero Jordán',1,'2016-01-25 16:27:07',NULL,NULL,234,127.39,1,'2015-12-31');
INSERT INTO `B65362949_chargesociales` VALUES (94,'2016-01-20 00:00:00','Joan Serra Piqué',1,'2016-01-25 16:25:18',NULL,NULL,234,28.57,1,'2015-11-30');
INSERT INTO `B65362949_chargesociales` VALUES (95,'2016-01-20 00:00:00','Joan Serra Piqué',1,'2016-01-25 16:23:12',NULL,NULL,234,28.57,1,'2015-12-31');
INSERT INTO `B65362949_chargesociales` VALUES (96,'2016-01-20 00:00:00','Joan Serra Piqué',1,'2016-01-25 16:21:57',NULL,NULL,234,14.29,1,'2015-12-31');
INSERT INTO `B65362949_chargesociales` VALUES (97,'2016-01-20 00:00:00','David Alcalde Repullo',1,'2016-01-25 16:19:58',NULL,NULL,234,10,1,'2015-11-30');
INSERT INTO `B65362949_chargesociales` VALUES (98,'2016-01-20 00:00:00','David Alcalde Repullo',1,'2016-01-25 16:19:26',NULL,NULL,234,14.29,1,'2015-12-31');
INSERT INTO `B65362949_chargesociales` VALUES (99,'2016-01-20 00:00:00','David Alcalde Repullo',1,'2016-01-25 16:35:15',NULL,NULL,234,2.02,1,'2015-12-31');
INSERT INTO `B65362949_chargesociales` VALUES (100,'2016-01-20 00:00:00','Guillermo Fernández del Moral',1,'2016-01-25 16:34:41',NULL,NULL,234,18.1,1,'2015-11-30');
INSERT INTO `B65362949_chargesociales` VALUES (101,'2016-01-20 00:00:00','Guillermo Fernández del Moral',1,'2016-01-25 16:34:01',NULL,NULL,234,28.57,1,'2015-12-31');
INSERT INTO `B65362949_chargesociales` VALUES (102,'2016-01-20 00:00:00','Guillermo Fernández del Moral',1,'2016-01-25 16:33:29',NULL,NULL,234,3.89,1,'2015-12-31');
INSERT INTO `B65362949_chargesociales` VALUES (103,'2015-11-30 00:00:00','S.S. Reg. General',1,'2016-01-13 17:49:43',NULL,NULL,231,1151.42,1,'2015-11-30');
INSERT INTO `B65362949_chargesociales` VALUES (104,'2015-12-31 00:00:00','S.S. Reg. General',1,'2016-01-13 17:51:18',NULL,NULL,231,1793.05,1,'2015-12-31');
INSERT INTO `B65362949_chargesociales` VALUES (105,'2015-12-31 00:00:00','José Manuel Valle Llamas',1,'2016-01-13 17:52:50',NULL,NULL,232,296.27,1,'2015-12-31');
INSERT INTO `B65362949_chargesociales` VALUES (106,'2015-12-31 00:00:00','Sergio García Martínez',1,'2016-01-13 17:53:54',NULL,NULL,232,264.43,1,'2015-12-31');
INSERT INTO `B65362949_chargesociales` VALUES (107,'2015-11-30 00:00:00','José Manuel Valle Llamas',1,'2016-01-13 17:54:55',NULL,NULL,232,296.27,1,'2015-11-30');
INSERT INTO `B65362949_chargesociales` VALUES (108,'2015-11-30 00:00:00','Sergio García Martínez',1,'2016-01-13 17:55:38',NULL,NULL,232,264.43,1,'2015-11-30');
INSERT INTO `B65362949_chargesociales` VALUES (109,'2016-01-20 00:00:00','Sandra Tormo Britapaja',1,'2016-01-25 16:26:31',NULL,NULL,233,111.37,1,'2015-11-30');
INSERT INTO `B65362949_chargesociales` VALUES (110,'2016-01-20 00:00:00','Sandra Tormo Britapaja',1,'2016-01-25 16:24:24',NULL,NULL,233,111.37,1,'2015-12-31');
INSERT INTO `B65362949_chargesociales` VALUES (111,'2016-04-20 00:00:00','Montse Romero Jordán',1,'2016-04-21 13:32:25',NULL,NULL,234,238,1,'2016-01-31');
INSERT INTO `B65362949_chargesociales` VALUES (112,'2016-04-20 00:00:00','Joan Serra Piqué',1,'2016-04-21 13:56:06',NULL,NULL,234,28.57,1,'2016-01-31');
INSERT INTO `B65362949_chargesociales` VALUES (113,'2016-04-20 00:00:00','David Alcalde Repullo',1,'2016-04-21 13:52:28',NULL,NULL,234,14.29,1,'2016-01-31');
INSERT INTO `B65362949_chargesociales` VALUES (114,'2016-04-20 00:00:00','Guillermo Fernández del Moral',1,'2016-04-21 13:49:40',NULL,NULL,234,162.14,1,'2016-01-31');
INSERT INTO `B65362949_chargesociales` VALUES (115,'2016-01-31 00:00:00','Sergio García Martínez',1,'2016-02-01 16:55:24',NULL,NULL,232,267.03,1,'2016-01-31');
INSERT INTO `B65362949_chargesociales` VALUES (116,'2016-01-31 00:00:00','José Manuel Valle Llamas',1,'2016-02-01 16:56:19',NULL,NULL,232,299.19,1,'2016-01-31');
INSERT INTO `B65362949_chargesociales` VALUES (117,'2016-01-31 00:00:00','S.S. Reg. General',1,'2016-02-01 16:58:38',NULL,NULL,231,2064.92,1,'2016-01-31');
INSERT INTO `B65362949_chargesociales` VALUES (118,'2016-04-20 00:00:00','Sandra Tormo Britapaja',1,'2016-04-21 13:39:48',NULL,NULL,233,114.02,1,'2016-01-31');
INSERT INTO `B65362949_chargesociales` VALUES (119,'2016-04-20 00:00:00','David Alcalde Repullo	',1,'2016-04-21 14:05:02',NULL,NULL,234,6.67,1,'2016-02-29');
INSERT INTO `B65362949_chargesociales` VALUES (120,'2016-04-20 00:00:00','David Alcalde Repullo	',1,'2016-04-21 13:37:42',NULL,NULL,234,17.22,1,'2016-02-29');
INSERT INTO `B65362949_chargesociales` VALUES (121,'2016-04-20 00:00:00','Guillermo Fernández del Moral',1,'2016-04-21 14:03:02',NULL,NULL,234,162.14,1,'2016-02-29');
INSERT INTO `B65362949_chargesociales` VALUES (122,'2016-04-20 00:00:00','Joan Serra Piqué	',1,'2016-04-21 14:01:58',NULL,NULL,234,28.57,1,'2016-02-29');
INSERT INTO `B65362949_chargesociales` VALUES (123,'2016-04-20 00:00:00','Montse Romero Jordán	',1,'2016-04-21 13:57:53',NULL,NULL,234,238,1,'2016-02-29');
INSERT INTO `B65362949_chargesociales` VALUES (124,'2016-02-29 00:00:00','Sergio García Martínez	',1,'2016-03-03 19:53:50',NULL,NULL,232,267.03,1,'2016-02-29');
INSERT INTO `B65362949_chargesociales` VALUES (125,'2016-02-29 00:00:00','José Manuel Valle Llamas	',1,'2016-03-03 19:53:16',NULL,NULL,232,299.19,1,'2016-02-29');
INSERT INTO `B65362949_chargesociales` VALUES (126,'2016-02-29 00:00:00','S.S. Reg. General	',1,'2016-03-03 19:48:30',NULL,NULL,231,2064.92,1,'2016-02-29');
INSERT INTO `B65362949_chargesociales` VALUES (127,'2016-04-20 00:00:00','Sandra Tormo Britapaja',1,'2016-04-21 13:56:52',NULL,NULL,233,114.02,1,'2016-02-29');
INSERT INTO `B65362949_chargesociales` VALUES (128,'2016-04-20 00:00:00','José Guitart',1,'2016-04-21 13:54:18',NULL,NULL,233,27.3,1,'2016-03-08');
INSERT INTO `B65362949_chargesociales` VALUES (129,'2016-04-20 00:00:00','Pau González Albiñana',1,'2016-04-21 13:50:12',NULL,NULL,233,365.4,1,'2016-03-04');
INSERT INTO `B65362949_chargesociales` VALUES (130,'2016-04-20 00:00:00','Pau González Albiñana',1,'2016-04-21 13:47:39',NULL,NULL,233,279.3,1,'2016-03-04');
INSERT INTO `B65362949_chargesociales` VALUES (131,'2016-04-20 00:00:00','Pau González Albiñana',1,'2016-04-21 13:46:55',NULL,NULL,233,273,1,'2016-03-04');
INSERT INTO `B65362949_chargesociales` VALUES (132,'2016-04-20 00:00:00','David Alcalde Repullo	',1,'2016-04-21 13:23:05',NULL,NULL,234,28.57,1,'2016-03-31');
INSERT INTO `B65362949_chargesociales` VALUES (133,'2016-04-20 00:00:00','Joan Serra Piqué',1,'2016-04-21 13:45:03',NULL,NULL,234,28.57,1,'2016-03-31');
INSERT INTO `B65362949_chargesociales` VALUES (134,'2016-04-20 00:00:00','Borja Saiz García',1,'2016-04-21 13:39:04',NULL,NULL,234,164.66,1,'2016-03-31');
INSERT INTO `B65362949_chargesociales` VALUES (135,'2016-04-20 00:00:00','Guillermo Fernández del Moral',1,'2016-04-21 14:04:28',NULL,NULL,234,162.14,1,'2016-03-31');
INSERT INTO `B65362949_chargesociales` VALUES (136,'2016-04-20 00:00:00','Montse Romero Jordán',1,'2016-04-21 14:03:33',NULL,NULL,234,238,1,'2016-03-31');
INSERT INTO `B65362949_chargesociales` VALUES (137,'2016-04-20 00:00:00','Sandra Tormo Britapaja',1,'2016-04-21 14:02:30',NULL,NULL,233,114.02,1,'2016-03-31');
INSERT INTO `B65362949_chargesociales` VALUES (138,'2016-04-20 00:00:00','Pau González Albiñana',1,'2016-04-21 14:01:14',NULL,NULL,233,45,1,'2016-03-14');
INSERT INTO `B65362949_chargesociales` VALUES (139,'2016-03-31 00:00:00','Sergio García Martínez',1,'2016-04-14 12:37:42',NULL,NULL,232,267.03,1,'2016-03-31');
INSERT INTO `B65362949_chargesociales` VALUES (140,'2016-03-31 00:00:00','José Manuel Valle Llamas',1,'2016-04-14 12:39:29',NULL,NULL,232,299.19,1,'2016-03-31');
INSERT INTO `B65362949_chargesociales` VALUES (141,'2016-03-31 00:00:00','S.S. Reg. General',1,'2016-04-21 14:08:57',NULL,NULL,231,2277.69,1,'2016-03-31');
INSERT INTO `B65362949_chargesociales` VALUES (142,'2016-07-20 00:00:00','Pau González Albiñana	',1,'2016-08-03 19:23:10',NULL,NULL,233,365.76,1,'2016-06-04');
INSERT INTO `B65362949_chargesociales` VALUES (143,'2016-07-20 00:00:00','Pau González Albiñana	',1,'2016-08-03 19:21:20',NULL,NULL,233,241.86,1,'2016-06-04');
INSERT INTO `B65362949_chargesociales` VALUES (144,'2016-07-20 00:00:00','Pau González Albiñana	',1,'2016-08-03 19:20:42',NULL,NULL,233,163.8,1,'2016-06-04');
INSERT INTO `B65362949_chargesociales` VALUES (145,'2016-07-20 00:00:00','Montse Romero Jordán',1,'2016-08-03 19:12:36',NULL,NULL,234,238,1,'2016-04-30');
INSERT INTO `B65362949_chargesociales` VALUES (146,'2016-07-20 00:00:00','Joan Serra Piqué',1,'2016-08-03 19:14:43',NULL,NULL,234,20.95,1,'2016-04-30');
INSERT INTO `B65362949_chargesociales` VALUES (147,'2016-07-20 00:00:00','Joan Serra Piqué',1,'2016-08-03 19:19:34',NULL,NULL,234,6.11,1,'2016-04-30');
INSERT INTO `B65362949_chargesociales` VALUES (148,'2016-07-20 00:00:00','David Alcalde Repullo',1,'2016-08-03 19:18:24',NULL,NULL,234,187.15,1,'2016-04-30');
INSERT INTO `B65362949_chargesociales` VALUES (149,'2016-07-20 00:00:00','Guillermo Fernández del Moral',1,'2016-08-03 19:17:02',NULL,NULL,234,162.14,1,'2016-04-30');
INSERT INTO `B65362949_chargesociales` VALUES (150,'2016-07-20 00:00:00','Borja Saiz García',1,'2016-08-03 19:30:16',NULL,NULL,234,169.34,1,'2016-04-30');
INSERT INTO `B65362949_chargesociales` VALUES (151,'2016-07-20 00:00:00','Montse Romero Jordán',1,'2016-08-03 19:35:49',NULL,NULL,234,238,1,'2016-05-31');
INSERT INTO `B65362949_chargesociales` VALUES (152,'2016-07-20 00:00:00','Joan Serra Piqué',1,'2016-08-03 19:33:58',NULL,NULL,234,116.53,1,'2016-05-31');
INSERT INTO `B65362949_chargesociales` VALUES (153,'2016-07-20 00:00:00','David Alcalde Repullo',1,'2016-08-03 19:32:18',NULL,NULL,234,187.15,1,'2016-05-31');
INSERT INTO `B65362949_chargesociales` VALUES (154,'2016-07-20 00:00:00','Guillermo Fernández del Moral',1,'2016-08-03 19:30:45',NULL,NULL,234,217.02,1,'2016-05-31');
INSERT INTO `B65362949_chargesociales` VALUES (155,'2016-07-20 00:00:00','Borja Saiz García',1,'2016-08-03 19:25:48',NULL,NULL,234,167,1,'2016-05-31');
INSERT INTO `B65362949_chargesociales` VALUES (156,'2016-04-30 00:00:00','José Manuel Valle Llamas',1,'2016-06-15 17:52:35',NULL,NULL,232,299.19,1,'2016-04-30');
INSERT INTO `B65362949_chargesociales` VALUES (157,'2016-04-30 00:00:00','Sergio García Martínez',1,'2016-06-15 17:53:39',NULL,NULL,232,267.03,1,'2016-04-30');
INSERT INTO `B65362949_chargesociales` VALUES (158,'2016-05-31 00:00:00','José Manuel Valle Llamas',1,'2016-06-15 17:56:23',NULL,NULL,232,299.19,1,'2016-05-31');
INSERT INTO `B65362949_chargesociales` VALUES (159,'2016-05-31 00:00:00','Sergio García Martínez',1,'2016-06-15 17:56:02',NULL,NULL,232,267.03,1,'2016-05-31');
INSERT INTO `B65362949_chargesociales` VALUES (160,'2016-10-20 00:00:00','Daniel Rodríguez Prieto',1,'2016-10-24 20:48:21',NULL,NULL,233,199.15,1,'2016-07-01');
INSERT INTO `B65362949_chargesociales` VALUES (161,'2016-07-20 00:00:00','José Guitart	',1,'2016-08-03 19:20:14',NULL,NULL,233,264.6,1,'2016-06-02');
INSERT INTO `B65362949_chargesociales` VALUES (162,'2016-06-30 00:00:00','José Manuel Valle Llamas',1,'2016-06-30 10:22:05',NULL,NULL,232,299.19,1,'2016-06-30');
INSERT INTO `B65362949_chargesociales` VALUES (163,'2016-06-30 00:00:00','Sergio García Martínez',1,'2016-06-30 10:23:06',NULL,NULL,232,267.03,1,'2016-06-30');
INSERT INTO `B65362949_chargesociales` VALUES (164,'2016-06-30 00:00:00','S.S. Reg. General	',1,'2016-06-30 11:05:52',NULL,NULL,231,2916.81,1,'2016-06-30');
INSERT INTO `B65362949_chargesociales` VALUES (165,'2016-05-31 00:00:00','S.S. Reg. General',1,'2016-06-30 11:08:32',NULL,NULL,231,2976.04,1,'2016-05-31');
INSERT INTO `B65362949_chargesociales` VALUES (166,'2016-04-29 00:00:00','S.S. Reg. General',1,'2016-06-30 11:10:28',NULL,NULL,231,3015.26,1,'2016-04-29');
INSERT INTO `B65362949_chargesociales` VALUES (167,'2016-07-20 00:00:00','Montse Romero Jordán',1,'2016-08-03 19:35:19',NULL,NULL,234,238,1,'2016-06-30');
INSERT INTO `B65362949_chargesociales` VALUES (168,'2016-07-20 00:00:00','Joan Serra Piqué',1,'2016-08-03 19:32:58',NULL,NULL,234,116.53,1,'2016-06-30');
INSERT INTO `B65362949_chargesociales` VALUES (169,'2016-07-20 00:00:00','David Alcalde Repullo',1,'2016-08-03 19:31:43',NULL,NULL,234,187.15,1,'2016-06-30');
INSERT INTO `B65362949_chargesociales` VALUES (170,'2016-07-20 00:00:00','Guillermo Fernández del Moral',1,'2016-08-03 19:28:59',NULL,NULL,234,217.02,1,'2016-06-30');
INSERT INTO `B65362949_chargesociales` VALUES (171,'2016-07-20 00:00:00','Borja Saiz García',1,'2016-08-03 19:25:17',NULL,NULL,234,167,1,'2016-06-30');
INSERT INTO `B65362949_chargesociales` VALUES (172,'2016-10-20 00:00:00','Montse Romero Jordán',1,'2016-10-24 21:14:41',NULL,NULL,234,238,1,'2016-07-15');
INSERT INTO `B65362949_chargesociales` VALUES (173,'2016-10-20 00:00:00','Joan Serra Piqué',1,'2016-10-24 21:08:36',NULL,NULL,234,145.23,1,'2016-07-15');
INSERT INTO `B65362949_chargesociales` VALUES (174,'2016-10-20 00:00:00','David Alcalde Repullo',1,'2016-10-24 21:02:53',NULL,NULL,234,187.14,1,'2016-07-15');
INSERT INTO `B65362949_chargesociales` VALUES (175,'2016-10-20 00:00:00','Guillermo Fernández del Moral',1,'2016-10-24 20:53:28',NULL,NULL,234,217.02,1,'2016-07-15');
INSERT INTO `B65362949_chargesociales` VALUES (176,'2016-10-20 00:00:00','Borja Saiz García',1,'2016-10-24 20:46:53',NULL,NULL,234,111.33,1,'2016-07-15');
INSERT INTO `B65362949_chargesociales` VALUES (177,'2016-10-20 00:00:00','Borja Saiz García',1,'2016-10-24 20:40:26',NULL,NULL,234,167,1,'2016-07-31');
INSERT INTO `B65362949_chargesociales` VALUES (178,'2016-10-20 00:00:00','David Alcalde Repullo',1,'2016-10-24 20:38:31',NULL,NULL,234,187.15,1,'2016-07-31');
INSERT INTO `B65362949_chargesociales` VALUES (179,'2016-10-20 00:00:00','Guillermo Fernández del Moral',1,'2016-10-24 20:35:10',NULL,NULL,234,217.02,1,'2016-07-31');
INSERT INTO `B65362949_chargesociales` VALUES (180,'2016-10-20 00:00:00','Montse Romero Jordán',1,'2016-10-24 20:34:25',NULL,NULL,234,238,1,'2016-07-31');
INSERT INTO `B65362949_chargesociales` VALUES (181,'2016-10-20 00:00:00','José Guitart',1,'2016-10-24 20:33:33',NULL,NULL,233,239.4,1,'2016-07-14');
INSERT INTO `B65362949_chargesociales` VALUES (183,'2016-10-20 00:00:00','Joan Serra Piqué',1,'2016-10-24 20:31:39',NULL,NULL,234,44.22,1,'2016-07-18');
INSERT INTO `B65362949_chargesociales` VALUES (186,'2016-10-20 00:00:00','Montse Romero Jordán',1,'2016-10-24 21:21:19',NULL,NULL,234,238,1,'2016-08-31');
INSERT INTO `B65362949_chargesociales` VALUES (187,'2016-10-20 00:00:00','David Alcalde Repullo',1,'2016-10-24 21:17:46',NULL,NULL,234,49.91,1,'2016-08-31');
INSERT INTO `B65362949_chargesociales` VALUES (188,'2016-10-20 00:00:00','David Alcalde Repullo',1,'2016-10-24 21:17:17',NULL,NULL,234,137.24,1,'2016-08-31');
INSERT INTO `B65362949_chargesociales` VALUES (189,'2016-10-20 00:00:00','Guillermo Fernández del Moral',1,'2016-10-24 21:16:50',NULL,NULL,234,217.02,1,'2016-08-31');
INSERT INTO `B65362949_chargesociales` VALUES (190,'2016-10-20 00:00:00','Borja Saiz García',1,'2016-10-24 21:15:41',NULL,NULL,234,167,1,'2016-08-31');
INSERT INTO `B65362949_chargesociales` VALUES (191,'2016-10-20 00:00:00','Alejandro García Julià',1,'2016-10-24 21:11:37',NULL,NULL,234,37.8,1,'2016-08-31');
INSERT INTO `B65362949_chargesociales` VALUES (192,'2016-10-20 00:00:00','Silvia Tormo Britapaja',1,'2016-10-24 21:07:55',NULL,NULL,233,28,1,'2016-08-31');
INSERT INTO `B65362949_chargesociales` VALUES (193,'2016-10-20 00:00:00','Montse Romero Jordán',1,'2016-10-24 21:01:27',NULL,NULL,234,238,1,'2016-09-30');
INSERT INTO `B65362949_chargesociales` VALUES (194,'2016-10-20 00:00:00','David Alcalde Repullo',1,'2016-10-24 20:50:36',NULL,NULL,234,333.79,1,'2016-09-30');
INSERT INTO `B65362949_chargesociales` VALUES (195,'2016-10-20 00:00:00','Guillermo Fernández del Moral',1,'2016-10-24 20:44:37',NULL,NULL,234,217.02,1,'2016-09-30');
INSERT INTO `B65362949_chargesociales` VALUES (196,'2016-10-20 00:00:00','Borja Saiz García',1,'2016-10-24 20:39:35',NULL,NULL,234,167,1,'2016-09-30');
INSERT INTO `B65362949_chargesociales` VALUES (197,'2016-10-20 00:00:00','Alejandro García Julià',1,'2016-10-24 20:36:14',NULL,NULL,234,46.14,1,'2016-09-30');
INSERT INTO `B65362949_chargesociales` VALUES (198,'2016-07-31 00:00:00','Sergio García Martínez',1,'2016-10-02 19:15:59',NULL,NULL,232,267.03,1,'2016-07-31');
INSERT INTO `B65362949_chargesociales` VALUES (199,'2016-08-31 00:00:00','Sergio García Martínez',1,'2016-10-02 19:16:43',NULL,NULL,232,267.03,1,'2016-08-31');
INSERT INTO `B65362949_chargesociales` VALUES (200,'2016-09-30 00:00:00','Sergio García Martínez',1,'2016-10-02 19:17:42',NULL,NULL,232,267.03,1,'2016-09-30');
INSERT INTO `B65362949_chargesociales` VALUES (201,'2016-07-31 00:00:00','José Manuel Valle Llamas',1,'2016-10-02 19:19:06',NULL,NULL,232,299.19,1,'2016-07-31');
INSERT INTO `B65362949_chargesociales` VALUES (202,'2016-08-31 00:00:00','José Manuel Valle Llamas',1,'2016-10-02 19:19:46',NULL,NULL,232,299.19,1,'2016-08-31');
INSERT INTO `B65362949_chargesociales` VALUES (203,'2016-09-30 00:00:00','José Manuel Valle Llamas',1,'2016-10-02 19:20:26',NULL,NULL,232,299.19,1,'2016-09-30');
INSERT INTO `B65362949_chargesociales` VALUES (204,'2016-09-30 00:00:00','S.S. Reg. General',1,'2016-10-02 19:22:18',NULL,NULL,231,2739.01,1,'2016-09-30');
INSERT INTO `B65362949_chargesociales` VALUES (205,'2016-08-31 00:00:00','S.S. Reg. General',1,'2016-10-02 19:23:39',NULL,NULL,231,1645.4,1,'2016-08-31');
INSERT INTO `B65362949_chargesociales` VALUES (206,'2016-07-31 00:00:00','S.S. Reg. General',1,'2016-10-02 19:24:58',NULL,NULL,231,2916.83,1,'2016-07-31');
INSERT INTO `B65362949_chargesociales` VALUES (207,'2016-10-20 00:00:00','Pau González Albiñana	',1,'2016-10-24 21:10:14',NULL,NULL,233,250.59,1,'2016-09-30');
INSERT INTO `B65362949_chargesociales` VALUES (208,'2016-10-20 00:00:00','Pau González Albiñana',1,'2016-10-24 21:04:04',NULL,NULL,233,353.33,1,'2016-09-30');
INSERT INTO `B65362949_chargesociales` VALUES (209,'2016-10-20 00:00:00','Pau González Albiñana',1,'2016-10-24 21:00:13',NULL,NULL,233,96.6,1,'2016-09-30');
INSERT INTO `B65362949_chargesociales` VALUES (210,'2016-10-20 00:00:00','Daniel Rodríguez Prieto',1,'2016-10-24 20:48:59',NULL,NULL,233,6.51,1,'2016-07-18');
INSERT INTO `B65362949_chargesociales` VALUES (211,'2016-10-20 00:00:00','Daniel Rodríguez Prieto',1,'2016-10-24 20:43:47',NULL,NULL,233,119.49,1,'2016-08-05');
INSERT INTO `B65362949_chargesociales` VALUES (212,'2016-10-31 00:00:00','S.S. Reg. General',1,'2016-11-01 18:59:07',NULL,NULL,231,3189.59,1,'2016-10-31');
INSERT INTO `B65362949_chargesociales` VALUES (213,'2016-11-30 00:00:00','S.S. Reg. General',1,'2016-12-02 14:43:27',NULL,NULL,231,2907.42,1,'2016-11-30');
INSERT INTO `B65362949_chargesociales` VALUES (214,'2016-10-31 00:00:00','José Manuel Valle Llamas',1,'2016-12-02 14:55:34',NULL,NULL,232,299.19,1,'2016-10-31');
INSERT INTO `B65362949_chargesociales` VALUES (215,'2016-11-30 00:00:00','José Manuel Valle Llamas',1,'2016-12-02 14:56:21',NULL,NULL,232,299.19,1,'2016-11-30');
INSERT INTO `B65362949_chargesociales` VALUES (216,'2016-10-30 00:00:00','Sergio García Martínez',1,'2016-12-02 14:55:05',NULL,NULL,232,267.03,1,'2016-10-31');
INSERT INTO `B65362949_chargesociales` VALUES (217,'2016-11-30 00:00:00','Sergio García Martínez',1,'2016-12-02 14:55:57',NULL,NULL,232,267.03,1,'2016-11-30');
INSERT INTO `B65362949_chargesociales` VALUES (218,'2016-12-31 00:00:00','David Bea Ruiz',1,'2018-01-25 15:13:45',NULL,NULL,233,255.29,1,'2016-11-14');
INSERT INTO `B65362949_chargesociales` VALUES (219,'2016-12-31 00:00:00','David Bea Ruiz',1,'2018-01-25 15:13:45',NULL,NULL,233,312,1,'2016-11-21');
INSERT INTO `B65362949_chargesociales` VALUES (220,'2016-12-31 00:00:00','Montse Romero Jordán',1,'2018-01-25 15:13:45',NULL,NULL,234,238,1,'2016-12-15');
INSERT INTO `B65362949_chargesociales` VALUES (221,'2016-12-31 00:00:00','David Alcalde Repullo',1,'2018-01-25 15:13:45',NULL,NULL,234,152.14,1,'2016-12-15');
INSERT INTO `B65362949_chargesociales` VALUES (222,'2016-12-31 00:00:00','Alejandro García Julià',1,'2018-01-25 15:13:45',NULL,NULL,234,33.53,1,'2016-12-15');
INSERT INTO `B65362949_chargesociales` VALUES (223,'2016-12-31 00:00:00','Montse Romero Jordán',1,'2018-01-25 15:13:45',NULL,NULL,234,238,1,'2016-11-30');
INSERT INTO `B65362949_chargesociales` VALUES (224,'2016-12-31 00:00:00','David Alcalde Repullo',1,'2018-01-25 15:13:45',NULL,NULL,234,187.58,1,'2016-11-30');
INSERT INTO `B65362949_chargesociales` VALUES (225,'2016-12-31 00:00:00','Alejandro García Julià',1,'2018-01-25 15:13:45',NULL,NULL,234,40.5,1,'2016-11-30');
INSERT INTO `B65362949_chargesociales` VALUES (226,'2016-12-31 00:00:00','José Antonio Camacho Martínez',1,'2018-01-25 15:13:45',NULL,NULL,234,157.5,1,'2016-11-30');
INSERT INTO `B65362949_chargesociales` VALUES (227,'2016-12-31 00:00:00','Montse Romero Jordán',1,'2018-01-25 15:13:45',NULL,NULL,234,238,1,'2016-10-31');
INSERT INTO `B65362949_chargesociales` VALUES (228,'2016-12-31 00:00:00','David Alcalde Repullo',1,'2018-01-25 15:13:45',NULL,NULL,234,187.58,1,'2016-10-31');
INSERT INTO `B65362949_chargesociales` VALUES (229,'2016-12-31 00:00:00','Guillermo Fernández del Moral',1,'2018-01-25 15:13:45',NULL,NULL,234,217.02,1,'2016-10-31');
INSERT INTO `B65362949_chargesociales` VALUES (230,'2016-12-31 00:00:00','Borja Saiz García',1,'2018-01-25 15:13:45',NULL,NULL,234,167,1,'2016-10-31');
INSERT INTO `B65362949_chargesociales` VALUES (231,'2016-12-31 00:00:00','Alejandro García Julià',1,'2018-01-25 15:13:45',NULL,NULL,234,40.5,1,'2016-10-31');
INSERT INTO `B65362949_chargesociales` VALUES (232,'2016-12-31 00:00:00','José Antonio Camacho Martínez',1,'2018-01-25 15:13:45',NULL,NULL,234,5.25,1,'2016-10-31');
INSERT INTO `B65362949_chargesociales` VALUES (233,'2016-12-31 00:00:00','Guillermo Fernández del Moral',1,'2018-01-25 15:13:45',NULL,NULL,234,340.45,1,'2016-11-11');
INSERT INTO `B65362949_chargesociales` VALUES (234,'2016-12-31 00:00:00','Borja Saiz García',1,'2018-01-25 15:13:45',NULL,NULL,234,373.03,1,'2016-11-22');
INSERT INTO `B65362949_chargesociales` VALUES (235,'2016-12-31 00:00:00','Pau González Albiñana',1,'2018-01-25 15:13:45',NULL,NULL,233,101.85,1,'2016-12-11');
INSERT INTO `B65362949_chargesociales` VALUES (236,'2016-12-31 00:00:00','Pau González Albiñana',1,'2018-01-25 15:13:45',NULL,NULL,233,58.8,1,'2016-12-12');
INSERT INTO `B65362949_chargesociales` VALUES (238,'2016-12-31 00:00:00','David Alcalde Repullo',1,'2018-01-25 15:13:45',NULL,NULL,234,187.58,1,'2016-12-31');
INSERT INTO `B65362949_chargesociales` VALUES (239,'2016-12-31 00:00:00','Alejandro García Julià',1,'2018-01-25 15:13:45',NULL,NULL,234,40.5,1,'2016-12-31');
INSERT INTO `B65362949_chargesociales` VALUES (240,'2016-12-31 00:00:00','José Antonio Camacho Martínez',1,'2018-01-25 15:13:45',NULL,NULL,234,157.5,1,'2016-12-31');
INSERT INTO `B65362949_chargesociales` VALUES (241,'2016-12-31 00:00:00','Juan Carlos Alonso Álvarez',1,'2018-01-25 15:13:45',NULL,NULL,233,11.39,1,'2016-06-30');
INSERT INTO `B65362949_chargesociales` VALUES (242,'2016-12-31 00:00:00','Juan Carlos Alonso Álvarez',1,'2018-01-25 15:13:45',NULL,NULL,233,33.12,1,'2016-06-30');
INSERT INTO `B65362949_chargesociales` VALUES (244,'2016-12-31 00:00:00','Pau González Albiñana',1,'2018-01-25 15:13:45',NULL,NULL,233,366.98,1,'2016-11-11');
INSERT INTO `B65362949_chargesociales` VALUES (246,'2016-12-31 00:00:00','Pau González Albiñana',1,'2018-01-25 15:13:45',NULL,NULL,233,297.68,1,'2016-11-11');
INSERT INTO `B65362949_chargesociales` VALUES (247,'2016-12-31 00:00:00','Pau González Albiñana',1,'2018-01-25 15:13:45',NULL,NULL,233,207.9,1,'2016-11-11');
INSERT INTO `B65362949_chargesociales` VALUES (250,'2016-12-31 00:00:00','Montse Romero Jordán',1,'2018-01-25 15:13:45',NULL,NULL,234,238,1,'2016-12-31');
INSERT INTO `B65362949_chargesociales` VALUES (251,'2016-12-31 00:00:00','José Manuel Valle Llamas',1,'2017-03-28 19:10:39',NULL,NULL,232,299.19,1,'2016-12-31');
INSERT INTO `B65362949_chargesociales` VALUES (252,'2016-12-31 00:00:00','Sergio García Martínez',1,'2017-03-28 19:11:22',NULL,NULL,232,267.03,1,'2016-12-31');
INSERT INTO `B65362949_chargesociales` VALUES (253,'2017-04-20 00:00:00','Sergio García Martínez',1,'2017-04-20 13:08:41',NULL,NULL,234,464.34,1,'2017-01-31');
INSERT INTO `B65362949_chargesociales` VALUES (254,'2017-04-20 00:00:00','José Manuel Valle Llamas',1,'2017-04-20 13:07:48',NULL,NULL,234,470.91,1,'2017-01-31');
INSERT INTO `B65362949_chargesociales` VALUES (255,'2017-04-20 00:00:00','Montse Romero Jordán',1,'2017-04-20 13:06:44',NULL,NULL,234,277.67,1,'2017-01-31');
INSERT INTO `B65362949_chargesociales` VALUES (256,'2017-04-20 00:00:00','David Alcalde Repullo',1,'2017-04-20 13:05:39',NULL,NULL,234,232.28,1,'2017-01-31');
INSERT INTO `B65362949_chargesociales` VALUES (257,'2017-04-20 00:00:00','Alejandro García Julià',1,'2017-04-20 13:03:21',NULL,NULL,234,47.25,1,'2017-01-31');
INSERT INTO `B65362949_chargesociales` VALUES (258,'2017-04-20 00:00:00','José Antonio Camacho Martínez',1,'2017-04-20 13:03:02',NULL,NULL,234,157.5,1,'2017-01-31');
INSERT INTO `B65362949_chargesociales` VALUES (259,'2017-04-20 00:00:00','Sergio García Martínez',1,'2017-04-20 13:01:51',NULL,NULL,234,464.34,1,'2017-02-28');
INSERT INTO `B65362949_chargesociales` VALUES (260,'2017-04-20 00:00:00','José Manuel Valle Llamas',1,'2017-04-20 13:00:50',NULL,NULL,234,470.91,1,'2017-02-28');
INSERT INTO `B65362949_chargesociales` VALUES (261,'2017-04-20 00:00:00','Montse Romero Jordán',1,'2017-04-20 13:00:20',NULL,NULL,234,277.67,1,'2017-02-28');
INSERT INTO `B65362949_chargesociales` VALUES (262,'2017-04-20 00:00:00','David Alcalde Repullo',1,'2017-04-20 13:13:54',NULL,NULL,234,232.28,1,'2017-02-28');
INSERT INTO `B65362949_chargesociales` VALUES (263,'2017-04-20 00:00:00','José Antonio Camacho Martínez',1,'2017-04-20 13:12:45',NULL,NULL,234,157.5,1,'2017-02-28');
INSERT INTO `B65362949_chargesociales` VALUES (264,'2017-04-20 00:00:00','Albert Martínez Fernández',1,'2017-04-20 13:11:52',NULL,NULL,234,99.75,1,'2017-02-28');
INSERT INTO `B65362949_chargesociales` VALUES (265,'2017-04-20 00:00:00','Sergio García Martínez',1,'2017-04-20 13:13:23',NULL,NULL,234,464.34,1,'2017-03-31');
INSERT INTO `B65362949_chargesociales` VALUES (266,'2017-04-20 00:00:00','José Manuel Valle Llamas',1,'2017-04-20 13:12:16',NULL,NULL,234,470.91,1,'2017-03-31');
INSERT INTO `B65362949_chargesociales` VALUES (267,'2017-04-20 00:00:00','Montse Romero Jordán',1,'2017-04-20 13:11:27',NULL,NULL,234,277.67,1,'2017-03-31');
INSERT INTO `B65362949_chargesociales` VALUES (268,'2017-04-20 00:00:00','David Alcalde Repullo',1,'2017-04-20 13:10:17',NULL,NULL,234,232.28,1,'2017-03-31');
INSERT INTO `B65362949_chargesociales` VALUES (269,'2017-04-20 00:00:00','José Antonio Camacho Martínez',1,'2017-04-20 13:09:53',NULL,NULL,234,157.5,1,'2017-03-31');
INSERT INTO `B65362949_chargesociales` VALUES (270,'2017-04-20 00:00:00','Albert Martínez Fernández',1,'2017-04-20 13:09:30',NULL,NULL,234,157.5,1,'2017-03-31');
INSERT INTO `B65362949_chargesociales` VALUES (271,'2017-04-20 00:00:00','Pau González Albiñana',1,'2017-04-20 13:09:08',NULL,NULL,233,262.5,1,'2017-02-25');
INSERT INTO `B65362949_chargesociales` VALUES (272,'2017-04-20 00:00:00','Pau González Albiñana',1,'2017-04-20 13:08:17',NULL,NULL,233,557.55,1,'2017-02-25');
INSERT INTO `B65362949_chargesociales` VALUES (273,'2017-04-20 00:00:00','Pau González Albiñana',1,'2017-04-20 13:07:11',NULL,NULL,233,177,1,'2017-03-07');
INSERT INTO `B65362949_chargesociales` VALUES (274,'2017-04-20 00:00:00','Alejandro García Julià',1,'2017-04-20 13:06:06',NULL,NULL,234,38.1,1,'2017-01-20');
INSERT INTO `B65362949_chargesociales` VALUES (275,'2017-07-20 00:00:00','Pau González Albiñana',1,'2017-07-21 11:30:52',NULL,NULL,233,241.5,1,'2017-03-25');
INSERT INTO `B65362949_chargesociales` VALUES (276,'2016-12-31 00:00:00','S.S. Reg. General',1,'2017-04-28 17:02:32',NULL,NULL,231,2831.41,1,'2016-12-31');
INSERT INTO `B65362949_chargesociales` VALUES (277,'2016-12-31 00:00:00','S.S. Reg. General',1,'2017-04-28 17:01:56',NULL,NULL,231,690.25,1,'2016-12-31');
INSERT INTO `B65362949_chargesociales` VALUES (278,'2017-01-31 00:00:00','S.S. Reg. General',1,'2017-04-28 17:03:09',NULL,NULL,231,2093.04,1,'2017-01-31');
INSERT INTO `B65362949_chargesociales` VALUES (279,'2017-02-28 00:00:00','S.S. Reg. General',1,'2017-04-28 17:03:42',NULL,NULL,231,2219.37,1,'2017-02-28');
INSERT INTO `B65362949_chargesociales` VALUES (280,'2017-03-31 00:00:00','S.S. Reg. General',1,'2017-04-28 17:04:45',NULL,NULL,231,2432.61,1,'2017-03-31');
INSERT INTO `B65362949_chargesociales` VALUES (281,'2017-03-31 00:00:00','S.S. Reg. General',1,'2017-04-28 17:04:12',NULL,NULL,231,61.51,1,'2017-03-31');
INSERT INTO `B65362949_chargesociales` VALUES (282,'2017-04-28 00:00:00','S.S. Reg. General',1,'2017-04-28 17:05:18',NULL,NULL,231,2353.16,1,'2017-04-28');
INSERT INTO `B65362949_chargesociales` VALUES (283,'2017-07-20 00:00:00','José Manuel Valle Llamas	',1,'2017-07-21 11:27:13',NULL,NULL,234,470.91,1,'2017-04-30');
INSERT INTO `B65362949_chargesociales` VALUES (284,'2017-07-20 00:00:00','Sergio García Martínez	',1,'2017-07-21 11:26:01',NULL,NULL,234,464.34,1,'2017-04-30');
INSERT INTO `B65362949_chargesociales` VALUES (285,'2017-07-20 00:00:00','Montse Romero Jordán	',1,'2017-07-21 11:25:05',NULL,NULL,234,277.67,1,'2017-04-30');
INSERT INTO `B65362949_chargesociales` VALUES (286,'2017-07-20 00:00:00','David Alcalde Repullo	',1,'2017-07-21 11:33:21',NULL,NULL,234,232.28,1,'2017-04-30');
INSERT INTO `B65362949_chargesociales` VALUES (287,'2017-07-20 00:00:00','José Antonio Camacho Martínez	',1,'2017-07-21 11:32:59',NULL,NULL,234,157.5,1,'2017-04-30');
INSERT INTO `B65362949_chargesociales` VALUES (288,'2017-07-20 00:00:00','Albert Martínez Fernández	',1,'2017-07-21 11:32:38',NULL,NULL,234,157.5,1,'2017-04-30');
INSERT INTO `B65362949_chargesociales` VALUES (289,'2017-07-20 00:00:00','Sergio García Martínez',1,'2017-07-21 11:32:17',NULL,NULL,234,464.34,1,'2017-05-31');
INSERT INTO `B65362949_chargesociales` VALUES (290,'2017-07-20 00:00:00','José Manuel Valle Llamas',1,'2017-07-21 11:31:54',NULL,NULL,234,470.91,1,'2017-05-31');
INSERT INTO `B65362949_chargesociales` VALUES (291,'2017-07-20 00:00:00','Montse Romero Jordán',1,'2017-07-21 11:30:24',NULL,NULL,234,277.67,1,'2017-05-31');
INSERT INTO `B65362949_chargesociales` VALUES (292,'2017-07-20 00:00:00','David Alcalde Repullo',1,'2017-07-21 11:30:01',NULL,NULL,234,232.28,1,'2017-05-31');
INSERT INTO `B65362949_chargesociales` VALUES (293,'2017-07-20 00:00:00','José Antonio Camacho Martínez',1,'2017-07-21 11:29:31',NULL,NULL,234,157.5,1,'2017-05-31');
INSERT INTO `B65362949_chargesociales` VALUES (294,'2017-07-20 00:00:00','Albert Martínez Fernández',1,'2017-07-21 11:29:09',NULL,NULL,234,157.5,1,'2017-05-31');
INSERT INTO `B65362949_chargesociales` VALUES (295,'2017-07-20 00:00:00','Pau González Albiñana',1,'2017-07-21 11:28:45',NULL,NULL,233,408.45,1,'2017-05-17');
INSERT INTO `B65362949_chargesociales` VALUES (296,'2017-07-20 00:00:00','Sergio García Martínez',1,'2017-07-21 11:28:23',NULL,NULL,234,464.34,1,'2017-06-30');
INSERT INTO `B65362949_chargesociales` VALUES (297,'2017-07-20 00:00:00','José Manuel Valle Llamas',1,'2017-07-21 11:28:01',NULL,NULL,234,470.91,1,'2017-06-30');
INSERT INTO `B65362949_chargesociales` VALUES (298,'2017-07-20 00:00:00','Montse Romero Jordán',1,'2017-07-21 11:27:37',NULL,NULL,234,277.67,1,'2017-06-30');
INSERT INTO `B65362949_chargesociales` VALUES (299,'2017-07-20 00:00:00','David Alcalde Repullo',1,'2017-07-21 11:26:47',NULL,NULL,234,232.28,1,'2017-06-30');
INSERT INTO `B65362949_chargesociales` VALUES (300,'2017-07-20 00:00:00','José Antonio Camacho Martínez',1,'2017-07-21 11:25:34',NULL,NULL,234,157.5,1,'2017-06-30');
INSERT INTO `B65362949_chargesociales` VALUES (301,'2017-07-20 00:00:00','Albert Martínez Fernández',1,'2017-07-21 11:24:35',NULL,NULL,234,157.5,1,'2017-06-30');
INSERT INTO `B65362949_chargesociales` VALUES (302,'2017-10-20 00:00:00','David Alcalde Repullo',1,'2018-01-29 13:47:02',NULL,NULL,234,232.28,1,'2017-07-15');
INSERT INTO `B65362949_chargesociales` VALUES (303,'2017-10-20 00:00:00','Pau González Albiñana',1,'2017-10-18 13:07:57',NULL,NULL,233,302.4,1,'2017-07-26');
INSERT INTO `B65362949_chargesociales` VALUES (304,'2017-10-20 00:00:00','Pau González Albiñana	',1,'2017-10-18 13:07:03',NULL,NULL,233,333.9,1,'2017-09-22');
INSERT INTO `B65362949_chargesociales` VALUES (305,'2017-10-20 00:00:00','Sergio García Martínez	',1,'2017-10-18 13:05:21',NULL,NULL,234,465.96,1,'2017-09-30');
INSERT INTO `B65362949_chargesociales` VALUES (306,'2017-10-20 00:00:00','José Manuel Valle Llamas	',1,'2017-10-18 13:04:23',NULL,NULL,234,472.75,1,'2017-09-30');
INSERT INTO `B65362949_chargesociales` VALUES (307,'2017-10-20 00:00:00','Montse Romero Jordán	',1,'2017-10-18 13:02:35',NULL,NULL,234,277.67,1,'2017-09-30');
INSERT INTO `B65362949_chargesociales` VALUES (308,'2017-10-20 00:00:00','David Alcalde Repullo	',1,'2017-10-18 13:14:17',NULL,NULL,234,232.28,1,'2017-09-30');
INSERT INTO `B65362949_chargesociales` VALUES (309,'2017-10-20 00:00:00','José Antonio Camacho Martínez	',1,'2017-10-18 13:13:53',NULL,NULL,234,157.5,1,'2017-09-30');
INSERT INTO `B65362949_chargesociales` VALUES (310,'2017-10-20 00:00:00','Albert Martínez Fernández	',1,'2017-10-18 13:13:17',NULL,NULL,234,157.5,1,'2017-09-30');
INSERT INTO `B65362949_chargesociales` VALUES (311,'2017-10-20 00:00:00','Sergio García Martínez',1,'2017-10-18 13:12:10',NULL,NULL,234,467.6,1,'2017-08-31');
INSERT INTO `B65362949_chargesociales` VALUES (312,'2017-10-20 00:00:00','José Manuel Valle Llamas',1,'2017-10-18 13:11:40',NULL,NULL,234,474.59,1,'2017-08-31');
INSERT INTO `B65362949_chargesociales` VALUES (313,'2017-10-20 00:00:00','Montse Romero Jordán',1,'2017-10-18 13:11:13',NULL,NULL,234,277.67,1,'2017-08-31');
INSERT INTO `B65362949_chargesociales` VALUES (314,'2017-10-20 00:00:00','David Alcalde Repullo',1,'2017-10-18 13:10:46',NULL,NULL,234,232.28,1,'2017-08-31');
INSERT INTO `B65362949_chargesociales` VALUES (315,'2017-10-20 00:00:00','José Antonio Camacho Martínez',1,'2017-10-18 13:10:20',NULL,NULL,234,157.5,1,'2017-08-31');
INSERT INTO `B65362949_chargesociales` VALUES (316,'2017-10-20 00:00:00','Albert Martínez Fernández',1,'2017-10-18 13:09:51',NULL,NULL,234,157.5,1,'2017-08-31');
INSERT INTO `B65362949_chargesociales` VALUES (317,'2017-10-20 00:00:00','Sergio García Martínez',1,'2017-10-18 13:09:16',NULL,NULL,234,464.34,1,'2017-07-31');
INSERT INTO `B65362949_chargesociales` VALUES (318,'2017-10-20 00:00:00','José Manuel Valle Llamas',1,'2017-10-18 13:08:26',NULL,NULL,234,470.91,1,'2017-07-31');
INSERT INTO `B65362949_chargesociales` VALUES (319,'2017-10-20 00:00:00','Montse Romero Jordán',1,'2017-10-18 13:07:30',NULL,NULL,234,277.67,1,'2017-07-31');
INSERT INTO `B65362949_chargesociales` VALUES (320,'2017-10-20 00:00:00','David Alcalde Repullo',1,'2017-10-18 13:06:33',NULL,NULL,234,232.28,1,'2017-07-31');
INSERT INTO `B65362949_chargesociales` VALUES (321,'2017-10-20 00:00:00','José Antonio Camacho Martínez',1,'2017-10-18 13:04:52',NULL,NULL,234,157.5,1,'2017-07-31');
INSERT INTO `B65362949_chargesociales` VALUES (322,'2017-10-20 00:00:00','Albert Martínez Fernández',1,'2017-10-18 13:03:14',NULL,NULL,234,157.5,1,'2017-07-31');
INSERT INTO `B65362949_chargesociales` VALUES (323,'2017-10-20 00:00:00','Sergio García Martínez',1,'2018-01-29 13:47:42',NULL,NULL,234,631.58,1,'2017-07-15');
INSERT INTO `B65362949_chargesociales` VALUES (324,'2017-10-20 00:00:00','José Manuel Valle Llamas',1,'2018-01-29 13:48:07',NULL,NULL,234,631.58,1,'2017-07-15');
INSERT INTO `B65362949_chargesociales` VALUES (325,'2017-10-20 00:00:00','Montse Romero Jordán',1,'2018-01-29 13:48:34',NULL,NULL,234,286.41,1,'2017-07-15');
INSERT INTO `B65362949_chargesociales` VALUES (326,'2017-10-20 00:00:00','Carles Rovira Quintana',1,'2017-10-18 13:12:49',NULL,NULL,234,0.66,1,'2017-08-31');
INSERT INTO `B65362949_chargesociales` VALUES (327,'2017-10-31 00:00:00','Sergio García Martínez	',1,'2018-01-29 13:44:46',NULL,NULL,234,465.96,1,'2017-10-31');
INSERT INTO `B65362949_chargesociales` VALUES (328,'2017-10-31 00:00:00','José Manuel Valle Llamas	',1,'2018-01-29 13:45:15',NULL,NULL,234,472.75,1,'2017-10-31');
INSERT INTO `B65362949_chargesociales` VALUES (329,'2017-10-31 00:00:00','David Alcalde Repullo	',1,'2018-01-29 13:45:41',NULL,NULL,234,232.28,1,'2017-10-31');
INSERT INTO `B65362949_chargesociales` VALUES (330,'2017-10-31 00:00:00','José Antonio Camacho Martínez	',1,'2018-01-29 13:38:12',NULL,NULL,234,157.5,1,'2017-10-31');
INSERT INTO `B65362949_chargesociales` VALUES (331,'2017-11-30 00:00:00','Sergio García Martínez',1,'2018-01-29 13:44:03',NULL,NULL,234,465.96,1,'2017-11-30');
INSERT INTO `B65362949_chargesociales` VALUES (332,'2017-11-30 00:00:00','José Manuel Valle Llamas',1,'2018-01-29 13:42:27',NULL,NULL,234,472.75,1,'2017-11-30');
INSERT INTO `B65362949_chargesociales` VALUES (333,'2017-11-30 00:00:00','David Alcalde Repullo',1,'2018-01-29 13:42:48',NULL,NULL,234,232.28,1,'2017-11-30');
INSERT INTO `B65362949_chargesociales` VALUES (334,'2017-11-30 00:00:00','José Antonio Camacho Martínez',1,'2018-01-29 13:43:11',NULL,NULL,234,157.5,1,'2017-11-30');
INSERT INTO `B65362949_chargesociales` VALUES (335,'2017-11-30 00:00:00','Carles Rovira Quinatna',1,'2018-01-29 13:43:35',NULL,NULL,234,47.36,1,'2017-11-30');
INSERT INTO `B65362949_chargesociales` VALUES (336,'2017-12-31 00:00:00','Sergio García Martínez',1,'2018-01-29 13:39:09',NULL,NULL,234,465.96,1,'2017-12-31');
INSERT INTO `B65362949_chargesociales` VALUES (337,'2017-12-31 00:00:00','José Manuel Valle Llamas',1,'2018-01-29 13:39:50',NULL,NULL,234,472.75,1,'2017-12-31');
INSERT INTO `B65362949_chargesociales` VALUES (338,'2017-12-31 00:00:00','David Alcalde Repullo',1,'2018-01-29 13:40:17',NULL,NULL,234,232.28,1,'2017-12-31');
INSERT INTO `B65362949_chargesociales` VALUES (339,'2017-12-31 00:00:00','José Antonio Camacho Martínez',1,'2018-01-29 13:41:01',NULL,NULL,234,157.5,1,'2017-12-31');
INSERT INTO `B65362949_chargesociales` VALUES (340,'2017-12-31 00:00:00','Carles Rovira Quinatna',1,'2018-01-29 13:41:24',NULL,NULL,234,88.8,1,'2017-12-31');
INSERT INTO `B65362949_chargesociales` VALUES (341,'2017-12-15 00:00:00','David Alcalde Repullo',1,'2018-01-29 13:42:00',NULL,NULL,234,232.28,1,'2017-12-15');
INSERT INTO `B65362949_chargesociales` VALUES (343,'2017-10-26 00:00:00','Albert Martínez Fernández	',1,'2018-01-29 13:46:06',NULL,NULL,234,136.5,1,'2017-10-26');
INSERT INTO `B65362949_chargesociales` VALUES (344,'2017-10-26 00:00:00','Albert Martínez Fernández',1,'2018-01-29 13:46:38',NULL,NULL,234,136.39,1,'2017-10-26');
INSERT INTO `B65362949_chargesociales` VALUES (345,'2017-10-13 00:00:00','Montse Romero Jordán',1,'2018-01-29 13:49:04',NULL,NULL,234,185.11,1,'2017-10-13');
INSERT INTO `B65362949_chargesociales` VALUES (347,'2017-12-29 00:00:00','S.S. Reg. General	',1,'2018-01-12 16:25:10',NULL,NULL,231,1584.04,1,'2017-12-29');
INSERT INTO `B65362949_chargesociales` VALUES (348,'2017-11-30 00:00:00','S.S. Reg. General',1,'2018-01-12 16:26:04',NULL,NULL,231,2083.09,1,'2017-11-30');
INSERT INTO `B65362949_chargesociales` VALUES (352,'2017-07-31 00:00:00','S.S. Reg. General',1,'2018-01-12 16:37:17',NULL,NULL,231,2504,1,'2017-07-31');
INSERT INTO `B65362949_chargesociales` VALUES (353,'2017-06-30 00:00:00','S.S. Reg. General',1,'2018-01-12 16:36:47',NULL,NULL,231,2504,1,'2017-06-30');
INSERT INTO `B65362949_chargesociales` VALUES (354,'2017-05-31 00:00:00','S.S. Reg. General',1,'2018-01-12 16:24:15',NULL,NULL,231,2522.75,1,'2017-05-31');
INSERT INTO `B65362949_chargesociales` VALUES (355,'2017-10-31 00:00:00','S.S. Reg. General',1,'2018-01-12 16:38:21',NULL,NULL,231,2504,1,'2017-10-31');
INSERT INTO `B65362949_chargesociales` VALUES (356,'2017-09-29 00:00:00','S.S. Reg. General',1,'2018-01-12 16:38:46',NULL,NULL,231,2504,1,'2017-09-29');
INSERT INTO `B65362949_chargesociales` VALUES (357,'2017-08-31 00:00:00','S.S. Reg. General',1,'2018-01-12 16:37:53',NULL,NULL,231,2518.94,1,'2017-08-31');
INSERT INTO `B65362949_chargesociales` VALUES (358,'2017-12-29 00:00:00','José Manuel Valle Llamas',1,'2018-01-12 16:41:41',NULL,NULL,232,308.14,1,'2017-12-29');
INSERT INTO `B65362949_chargesociales` VALUES (359,'2017-12-29 00:00:00','Sergio García Martínez',1,'2018-01-12 16:42:21',NULL,NULL,232,275.02,1,'2017-12-29');
INSERT INTO `B65362949_chargesociales` VALUES (360,'2017-11-30 00:00:00','José Manuel Valle Llamas',1,'2018-01-12 16:43:40',NULL,NULL,232,308.14,1,'2017-11-30');
INSERT INTO `B65362949_chargesociales` VALUES (361,'2017-11-30 00:00:00','Sergio García Martínez',1,'2018-01-12 16:44:20',NULL,NULL,232,275.02,1,'2017-11-30');
INSERT INTO `B65362949_chargesociales` VALUES (362,'2017-10-31 00:00:00','José Manuel Valle Llamas',1,'2018-01-12 16:45:17',NULL,NULL,232,308.14,1,'2017-10-31');
INSERT INTO `B65362949_chargesociales` VALUES (363,'2017-10-31 00:00:00','Sergio García Martínez',1,'2018-01-12 16:45:54',NULL,NULL,232,275.02,1,'2017-10-31');
INSERT INTO `B65362949_chargesociales` VALUES (364,'2017-09-29 00:00:00','José Manuel Valle Llamas',1,'2018-01-12 16:46:51',NULL,NULL,232,308.14,1,'2017-09-29');
INSERT INTO `B65362949_chargesociales` VALUES (365,'2017-09-29 00:00:00','Sergio García Martínez',1,'2018-01-12 16:47:38',NULL,NULL,232,275.02,1,'2017-09-29');
INSERT INTO `B65362949_chargesociales` VALUES (369,'2018-01-31 00:00:00','José Antonio Camacho Martínez',1,'2018-01-29 13:04:21',NULL,NULL,234,157.5,0,'2018-01-31');
INSERT INTO `B65362949_chargesociales` VALUES (370,'2018-01-31 00:00:00','Sergio García Martínez',1,'2018-01-29 13:05:58',NULL,NULL,234,465.96,0,'2018-01-31');
INSERT INTO `B65362949_chargesociales` VALUES (371,'2018-01-31 00:00:00','José Manuel Valle Llamas',1,'2018-01-29 13:06:23',NULL,NULL,234,472.75,0,'2018-01-31');
INSERT INTO `B65362949_chargesociales` VALUES (372,'2018-01-31 00:00:00','David Alcalde Repullo',1,'2018-01-29 13:06:44',NULL,NULL,234,247.05,0,'2018-01-31');
INSERT INTO `B65362949_chargesociales` VALUES (373,'2018-01-31 00:00:00','Carles Rovira Quinatna',1,'2018-01-29 13:07:59',NULL,NULL,234,88.93,0,'2018-01-31');
INSERT INTO `B65362949_chargesociales` VALUES (374,'2017-10-13 00:00:00','Montse Romero Jordán',1,'2018-01-29 13:53:15',NULL,NULL,234,-63.59,1,'2017-10-13');
INSERT INTO `B65362949_chargesociales` VALUES (375,'2018-01-31 00:00:00','Sergio García Martínez',1,'2018-01-31 11:03:30',NULL,NULL,232,247.02,1,'2018-01-31');
INSERT INTO `B65362949_chargesociales` VALUES (376,'2018-01-31 00:00:00','José Manuel Valle Llamas',1,'2018-01-31 11:03:57',NULL,NULL,232,308.14,1,'2018-01-31');
INSERT INTO `B65362949_chargesociales` VALUES (377,'2018-01-31 00:00:00','S.S. Reg. General',1,'2018-01-31 11:07:08',NULL,NULL,231,1809.37,1,'2018-01-31');
INSERT INTO `B65362949_chargesociales` VALUES (378,'2018-02-28 00:00:00','S.S. Reg. General',1,'2018-03-01 14:11:38',NULL,NULL,231,1830.86,1,'2018-02-28');
INSERT INTO `B65362949_chargesociales` VALUES (379,'2018-02-28 00:00:00','José Manuel Valle Llamas',1,'2018-03-01 14:12:46',NULL,NULL,232,308.14,1,'2018-02-28');
INSERT INTO `B65362949_chargesociales` VALUES (380,'2018-02-28 00:00:00','Sergio García Martínez',1,'2018-03-01 14:13:26',NULL,NULL,232,275.02,1,'2018-02-28');
INSERT INTO `B65362949_chargesociales` VALUES (381,'2018-02-28 00:00:00','Sergio García Martínez',1,'2018-03-01 14:15:29',NULL,NULL,234,465.96,0,'2018-02-28');
INSERT INTO `B65362949_chargesociales` VALUES (382,'2018-02-28 00:00:00','José Manuel Valle Llamas',1,'2018-03-01 14:16:58',NULL,NULL,234,472.75,0,'2018-02-28');
INSERT INTO `B65362949_chargesociales` VALUES (383,'2018-02-28 00:00:00','David Alcalde Repullo',1,'2018-03-01 14:17:54',NULL,NULL,234,247.05,0,'2018-02-28');
INSERT INTO `B65362949_chargesociales` VALUES (384,'2018-02-28 00:00:00','Carles Rovira Quinatna',1,'2018-03-01 14:18:39',NULL,NULL,234,88.93,0,'2018-02-28');
INSERT INTO `B65362949_chargesociales` VALUES (385,'2018-02-28 00:00:00','Raúl Solorzano Navarro',1,'2018-03-01 14:19:39',NULL,NULL,234,50.52,0,'2018-02-28');
INSERT INTO `B65362949_chargesociales` VALUES (386,'2018-02-28 00:00:00','José Antonio Camacho Martínez',1,'2018-03-01 14:28:33',NULL,NULL,233,384,0,'2018-02-28');




--
