CREATE TABLE `b65362949_propaldet_extrafields` (
  `rowid` int NOT NULL,
  `tms` timestamp NOT NULL DEFAULT CURRENT_TIMESTAMP ON UPDATE CURRENT_TIMESTAMP,
  `fk_object` int NOT NULL,
  `import_key` varchar(14) DEFAULT NULL
) ENGINE=InnoDB DEFAULT CHARSET=utf8mb3;

-- --------------------------------------------------------

--
-- Estructura de tabla para la tabla `b65362949_propal_extrafields`
--

CREATE TABLE `b65362949_propal_extrafields` (
  `rowid` int NOT NULL,
  `tms` timestamp NOT NULL DEFAULT CURRENT_TIMESTAMP ON UPDATE CURRENT_TIMESTAMP,
  `fk_object` int NOT NULL,
  `import_key` varchar(14) DEFAULT NULL
) ENGINE=InnoDB DEFAULT CHARSET=utf8mb3;

-- --------------------------------------------------------

--
-- Estructura de tabla para la tabla `b65362949_resource`
--

CREATE TABLE `b65362949_resource` (
  `rowid` int NOT NULL,
  `entity` int DEFAULT NULL,
  `ref` varchar(255) DEFAULT NULL,
  `description` text,
  `fk_code_type_resource` varchar(32) DEFAULT NULL,
  `note_public` text,
  `note_private` text,
  `tms` timestamp NOT NULL DEFAULT CURRENT_TIMESTAMP ON UPDATE CURRENT_TIMESTAMP
) ENGINE=InnoDB DEFAULT CHARSET=utf8mb3;

-- --------------------------------------------------------

--
-- Estructura de tabla para la tabla `b65362949_rights_def`
--

CREATE TABLE `b65362949_rights_def` (
  `id` int NOT NULL DEFAULT '0',
  `libelle` varchar(255) DEFAULT NULL,
  `module` varchar(64) DEFAULT NULL,
  `entity` int NOT NULL DEFAULT '1',
  `perms` varchar(50) DEFAULT NULL,
  `subperms` varchar(50) DEFAULT NULL,
  `type` varchar(1) DEFAULT NULL,
  `bydefault` tinyint DEFAULT '0'
) ENGINE=InnoDB DEFAULT CHARSET=utf8mb3;

--
-- Volcado de datos para la tabla `b65362949_rights_def`
--

INSERT INTO `b65362949_rights_def` (`id`, `libelle`, `module`, `entity`, `perms`, `subperms`, `type`, `bydefault`) VALUES
(11, 'Lire les factures', 'facture', 1, 'lire', NULL, 'a', 1),
(12, 'Creer/modifier les factures', 'facture', 1, 'creer', NULL, 'a', 0),
(13, 'Dévalider les factures', 'facture', 1, 'invoice_advance', 'unvalidate', 'a', 0),
(14, 'Valider les factures', 'facture', 1, 'valider', NULL, 'a', 0),
(15, 'Envoyer les factures par mail', 'facture', 1, 'invoice_advance', 'send', 'a', 0),
(16, 'Emettre des paiements sur les factures', 'facture', 1, 'paiement', NULL, 'a', 0),
(19, 'Supprimer les factures', 'facture', 1, 'supprimer', NULL, 'a', 0),
(21, 'Lire les propositions commerciales', 'propale', 1, 'lire', NULL, 'r', 1),
(22, 'Creer/modifier les propositions commerciales', 'propale', 1, 'creer', NULL, 'w', 0),
(24, 'Valider les propositions commerciales', 'propale', 1, 'valider', NULL, 'd', 0),
(25, 'Envoyer les propositions commerciales aux clients', 'propale', 1, 'propal_advance', 'send', 'd', 0),
(26, 'Cloturer les propositions commerciales', 'propale', 1, 'cloturer', NULL, 'd', 0),
(27, 'Supprimer les propositions commerciales', 'propale', 1, 'supprimer', NULL, 'd', 0),
(28, 'Exporter les propositions commerciales et attributs', 'propale', 1, 'export', NULL, 'r', 0),
(31, 'Lire les produits', 'produit', 1, 'lire', NULL, 'r', 1),
(32, 'Creer/modifier les produits', 'produit', 1, 'creer', NULL, 'w', 0),
(34, 'Supprimer les produits', 'produit', 1, 'supprimer', NULL, 'd', 0),
(38, 'Exporter les produits', 'produit', 1, 'export', NULL, 'r', 0),
(41, 'Lire les projets et tâches (partagés ou dont je suis contact)', 'projet', 1, 'lire', NULL, 'r', 1),
(42, 'Creer/modifier les projets et tâches (partagés ou dont je suis contact)', 'projet', 1, 'creer', NULL, 'w', 0),
(44, 'Supprimer les projets et tâches (partagés ou dont je suis contact)', 'projet', 1, 'supprimer', NULL, 'd', 0),
(45, 'Exporter les projets', 'projet', 1, 'export', NULL, 'd', 0),
(81, 'Lire les commandes clients', 'commande', 1, 'lire', NULL, 'r', 1),
(82, 'Creer/modifier les commandes clients', 'commande', 1, 'creer', NULL, 'w', 0),
(84, 'Valider les commandes clients', 'commande', 1, 'valider', NULL, 'd', 0),
(86, 'Envoyer les commandes clients', 'commande', 1, 'order_advance', 'send', 'd', 0),
(87, 'Cloturer les commandes clients', 'commande', 1, 'cloturer', NULL, 'd', 0),
(88, 'Annuler les commandes clients', 'commande', 1, 'annuler', NULL, 'd', 0),
(89, 'Supprimer les commandes clients', 'commande', 1, 'supprimer', NULL, 'd', 0),
(91, 'Lire les charges', 'tax', 1, 'charges', 'lire', 'r', 1),
(92, 'Creer/modifier les charges', 'tax', 1, 'charges', 'creer', 'w', 0),
(93, 'Supprimer les charges', 'tax', 1, 'charges', 'supprimer', 'd', 0),
(94, 'Exporter les charges', 'tax', 1, 'charges', 'export', 'r', 0),
(95, 'Lire CA, bilans, resultats', 'compta', 1, 'resultat', 'lire', 'r', 1),
(96, 'Parametrer la ventilation', 'compta', 1, 'ventilation', 'parametrer', 'r', 0),
(97, 'Lire les ventilations de factures', 'compta', 1, 'ventilation', 'lire', 'r', 1),
(98, 'Ventiler les lignes de factures', 'compta', 1, 'ventilation', 'creer', 'r', 0),
(101, 'Lire les expeditions', 'expedition', 1, 'lire', NULL, 'r', 1),
(102, 'Creer modifier les expeditions', 'expedition', 1, 'creer', NULL, 'w', 0),
(104, 'Valider les expeditions', 'expedition', 1, 'valider', NULL, 'd', 0),
(105, 'Envoyer les expeditions aux clients', 'expedition', 1, 'shipping_advance', 'send', 'd', 0),
(106, 'Exporter les expeditions', 'expedition', 1, 'shipment', 'export', 'r', 0),
(109, 'Supprimer les expeditions', 'expedition', 1, 'supprimer', NULL, 'd', 0),
(111, 'Lire les comptes bancaires', 'banque', 1, 'lire', NULL, 'r', 1),
(112, 'Creer/modifier montant/supprimer ecriture bancaire', 'banque', 1, 'modifier', NULL, 'w', 0),
(113, 'Configurer les comptes bancaires (creer, gerer categories)', 'banque', 1, 'configurer', NULL, 'a', 0),
(114, 'Rapprocher les ecritures bancaires', 'banque', 1, 'consolidate', NULL, 'w', 0),
(115, 'Exporter transactions et releves', 'banque', 1, 'export', NULL, 'r', 0),
(116, 'Virements entre comptes', 'banque', 1, 'transfer', NULL, 'w', 0),
(117, 'Gerer les envois de cheques', 'banque', 1, 'cheque', NULL, 'w', 0),
(121, 'Lire les societes', 'societe', 1, 'lire', NULL, 'r', 1),
(122, 'Creer modifier les societes', 'societe', 1, 'creer', NULL, 'w', 0),
(125, 'Supprimer les societes', 'societe', 1, 'supprimer', NULL, 'd', 0),
(126, 'Exporter les societes', 'societe', 1, 'export', NULL, 'r', 0),
(141, 'Lire tous les projets et tâches (y compris prives qui ne me sont pas affectes)', 'projet', 1, 'all', 'lire', 'r', 0),
(142, 'Creer/modifier tous les projets et tâches (y compris prives qui ne me sont pas affectes)', 'projet', 1, 'all', 'creer', 'w', 0),
(144, 'Supprimer tous les projets et tâches (y compris prives qui ne me sont pas affectes)', 'projet', 1, 'all', 'supprimer', 'd', 0),
(151, 'Read withdrawals', 'prelevement', 1, 'bons', 'lire', 'r', 1),
(152, 'Create/modify a withdrawals', 'prelevement', 1, 'bons', 'creer', 'w', 0),
(153, 'Send withdrawals to bank', 'prelevement', 1, 'bons', 'send', 'a', 0),
(154, 'credit/refuse withdrawals', 'prelevement', 1, 'bons', 'credit', 'a', 0),
(161, 'Lire les contrats', 'contrat', 1, 'lire', NULL, 'r', 1),
(162, 'Creer / modifier les contrats', 'contrat', 1, 'creer', NULL, 'w', 0),
(163, 'Activer un service d\'un contrat', 'contrat', 1, 'activer', NULL, 'w', 0),
(164, 'Desactiver un service d\'un contrat', 'contrat', 1, 'desactiver', NULL, 'w', 0),
(165, 'Supprimer un contrat', 'contrat', 1, 'supprimer', NULL, 'd', 0),
(171, 'Lire les deplacements', 'deplacement', 1, 'lire', NULL, 'r', 1),
(172, 'Creer/modifier les deplacements', 'deplacement', 1, 'creer', NULL, 'w', 0),
(173, 'Supprimer les deplacements', 'deplacement', 1, 'supprimer', NULL, 'd', 0),
(178, 'Exporter les deplacements', 'deplacement', 1, 'export', NULL, 'd', 0),
(251, 'Consulter les autres utilisateurs', 'user', 1, 'user', 'lire', 'r', 0),
(252, 'Consulter les permissions des autres utilisateurs', 'user', 1, 'user_advance', 'readperms', 'r', 0),
(253, 'Creer/modifier utilisateurs internes et externes', 'user', 1, 'user', 'creer', 'w', 0),
(254, 'Creer/modifier utilisateurs externes seulement', 'user', 1, 'user_advance', 'write', 'w', 0),
(255, 'Modifier le mot de passe des autres utilisateurs', 'user', 1, 'user', 'password', 'w', 0),
(256, 'Supprimer ou desactiver les autres utilisateurs', 'user', 1, 'user', 'supprimer', 'd', 0),
(262, 'Consulter tous les tiers par utilisateurs internes (sinon uniquement si contact commercial). Non effectif pour utilisateurs externes (tjs limités à eux-meme).', 'societe', 1, 'client', 'voir', 'r', 1),
(281, 'Lire les contacts', 'societe', 1, 'contact', 'lire', 'r', 1),
(282, 'Creer modifier les contacts', 'societe', 1, 'contact', 'creer', 'w', 0),
(283, 'Supprimer les contacts', 'societe', 1, 'contact', 'supprimer', 'd', 0),
(286, 'Exporter les contacts', 'societe', 1, 'contact', 'export', 'd', 0),
(341, 'Consulter ses propres permissions', 'user', 1, 'self_advance', 'readperms', 'r', 1),
(342, 'Creer/modifier ses propres infos utilisateur', 'user', 1, 'self', 'creer', 'w', 1),
(343, 'Modifier son propre mot de passe', 'user', 1, 'self', 'password', 'w', 1),
(344, 'Modifier ses propres permissions', 'user', 1, 'self_advance', 'writeperms', 'w', 1),
(351, 'Consulter les groupes', 'user', 1, 'group_advance', 'read', 'r', 0),
(352, 'Consulter les permissions des groupes', 'user', 1, 'group_advance', 'readperms', 'r', 0),
(353, 'Creer/modifier les groupes et leurs permissions', 'user', 1, 'group_advance', 'write', 'w', 0),
(354, 'Supprimer ou desactiver les groupes', 'user', 1, 'group_advance', 'delete', 'd', 0),
(358, 'Exporter les utilisateurs', 'user', 1, 'user', 'export', 'r', 0),
(510, 'Read salaries', 'salaries', 1, 'read', NULL, 'r', 0),
(512, 'Create/modify salaries', 'salaries', 1, 'write', NULL, 'w', 0),
(514, 'Delete salaries', 'salaries', 1, 'delete', NULL, 'd', 0),
(517, 'Export salaries', 'salaries', 1, 'export', NULL, 'r', 0),
(531, 'Lire les services', 'service', 1, 'lire', NULL, 'r', 1),
(532, 'Creer/modifier les services', 'service', 1, 'creer', NULL, 'w', 0),
(534, 'Supprimer les services', 'service', 1, 'supprimer', NULL, 'd', 0),
(538, 'Exporter les services', 'service', 1, 'export', NULL, 'r', 0),
(1101, 'Lire les bons de livraison', 'expedition', 1, 'livraison', 'lire', 'r', 1),
(1102, 'Creer modifier les bons de livraison', 'expedition', 1, 'livraison', 'creer', 'w', 0),
(1104, 'Valider les bons de livraison', 'expedition', 1, 'livraison', 'valider', 'd', 0),
(1109, 'Supprimer les bons de livraison', 'expedition', 1, 'livraison', 'supprimer', 'd', 0),
(1181, 'Consulter les fournisseurs', 'fournisseur', 1, 'lire', NULL, 'r', 1),
(1182, 'Consulter les commandes fournisseur', 'fournisseur', 1, 'commande', 'lire', 'r', 1),
(1183, 'Creer une commande fournisseur', 'fournisseur', 1, 'commande', 'creer', 'w', 0),
(1184, 'Valider une commande fournisseur', 'fournisseur', 1, 'commande', 'valider', 'w', 0),
(1185, 'Approuver une commande fournisseur', 'fournisseur', 1, 'commande', 'approuver', 'w', 0),
(1186, 'Commander une commande fournisseur', 'fournisseur', 1, 'commande', 'commander', 'w', 0),
(1187, 'Receptionner une commande fournisseur', 'fournisseur', 1, 'commande', 'receptionner', 'd', 0),
(1188, 'Supprimer une commande fournisseur', 'fournisseur', 1, 'commande', 'supprimer', 'd', 0),
(1201, 'Lire les exports', 'export', 1, 'lire', NULL, 'r', 1),
(1202, 'Creer/modifier un export', 'export', 1, 'creer', NULL, 'w', 0),
(1231, 'Consulter les factures fournisseur', 'fournisseur', 1, 'facture', 'lire', 'r', 1),
(1232, 'Creer une facture fournisseur', 'fournisseur', 1, 'facture', 'creer', 'w', 0),
(1233, 'Valider une facture fournisseur', 'fournisseur', 1, 'facture', 'valider', 'w', 0),
(1234, 'Supprimer une facture fournisseur', 'fournisseur', 1, 'facture', 'supprimer', 'd', 0),
(1235, 'Envoyer les factures par mail', 'fournisseur', 1, 'supplier_invoice_advance', 'send', 'a', 0),
(1236, 'Exporter les factures fournisseurs, attributs et reglements', 'fournisseur', 1, 'facture', 'export', 'r', 0),
(1237, 'Exporter les commande fournisseurs, attributs', 'fournisseur', 1, 'commande', 'export', 'r', 0),
(1321, 'Exporter les factures clients, attributs et reglements', 'facture', 1, 'facture', 'export', 'r', 0),
(1421, 'Exporter les commandes clients et attributs', 'commande', 1, 'commande', 'export', 'r', 0),
(2401, 'Read actions/tasks linked to his account', 'agenda', 1, 'myactions', 'read', 'r', 1),
(2402, 'Create/modify actions/tasks linked to his account', 'agenda', 1, 'myactions', 'create', 'w', 0),
(2403, 'Delete actions/tasks linked to his account', 'agenda', 1, 'myactions', 'delete', 'w', 0),
(2411, 'Read actions/tasks of others', 'agenda', 1, 'allactions', 'read', 'r', 0),
(2412, 'Create/modify actions/tasks of others', 'agenda', 1, 'allactions', 'create', 'w', 0),
(2413, 'Delete actions/tasks of others', 'agenda', 1, 'allactions', 'delete', 'w', 0),
(2414, 'Export actions/tasks of others', 'agenda', 1, 'export', NULL, 'w', 0),
(2501, 'Consulter/Télécharger les documents', 'ecm', 1, 'read', NULL, 'r', 1),
(2503, 'Soumettre ou supprimer des documents', 'ecm', 1, 'upload', NULL, 'w', 1),
(2515, 'Administrer les rubriques de documents', 'ecm', 1, 'setup', NULL, 'w', 1),
(20001, 'Create/modify your own holidays', 'holiday', 1, 'write', NULL, 'w', 1),
(20002, 'Create/modify hollidays for everybody', 'holiday', 1, 'write_all', NULL, 'w', 0),
(20003, 'Delete holidays', 'holiday', 1, 'delete', NULL, 'w', 0),
(20004, 'Setup holidays of users', 'holiday', 1, 'define_holiday', NULL, 'w', 0),
(20005, 'See logs for holidays requests', 'holiday', 1, 'view_log', NULL, 'w', 0),
(20006, 'Read holidays monthly report', 'holiday', 1, 'month_report', NULL, 'w', 0),
(59001, 'Visualiser les marges', 'margins', 1, 'liretous', NULL, 'r', 1),
(59002, 'Définir les marges', 'margins', 1, 'creer', NULL, 'w', 0);

-- --------------------------------------------------------

--
-- Estructura de tabla para la tabla `b65362949_societe`
--

CREATE TABLE `b65362949_societe` (
  `rowid` int NOT NULL,
  `nom` varchar(60) DEFAULT NULL,
  `entity` int NOT NULL DEFAULT '1',
  `ref_ext` varchar(128) DEFAULT NULL,
  `ref_int` varchar(60) DEFAULT NULL,
  `statut` tinyint DEFAULT '0',
  `parent` int DEFAULT NULL,
  `tms` timestamp NOT NULL DEFAULT CURRENT_TIMESTAMP ON UPDATE CURRENT_TIMESTAMP,
  `datec` datetime DEFAULT NULL,
  `status` tinyint DEFAULT '1',
  `code_client` varchar(24) DEFAULT NULL,
  `code_fournisseur` varchar(24) DEFAULT NULL,
  `code_compta` varchar(24) DEFAULT NULL,
  `code_compta_fournisseur` varchar(24) DEFAULT NULL,
  `address` varchar(255) DEFAULT NULL,
  `zip` varchar(25) DEFAULT NULL,
  `town` varchar(50) DEFAULT NULL,
  `fk_departement` int DEFAULT '0',
  `fk_pays` int DEFAULT '0',
  `phone` varchar(20) DEFAULT NULL,
  `fax` varchar(20) DEFAULT NULL,
  `url` varchar(255) DEFAULT NULL,
  `email` varchar(128) DEFAULT NULL,
  `skype` varchar(255) DEFAULT NULL,
  `fk_effectif` int DEFAULT '0',
  `fk_typent` int DEFAULT '0',
  `fk_forme_juridique` int DEFAULT '0',
  `fk_currency` varchar(3) DEFAULT NULL,
  `siren` varchar(128) DEFAULT NULL,
  `siret` varchar(128) DEFAULT NULL,
  `ape` varchar(128) DEFAULT NULL,
  `idprof4` varchar(128) DEFAULT NULL,
  `idprof5` varchar(128) DEFAULT NULL,
  `idprof6` varchar(128) DEFAULT NULL,
  `tva_intra` varchar(20) DEFAULT NULL,
  `capital` double DEFAULT NULL,
  `fk_stcomm` int NOT NULL DEFAULT '0',
  `note_private` text,
  `note_public` text,
  `prefix_comm` varchar(5) DEFAULT NULL,
  `client` tinyint DEFAULT '0',
  `fournisseur` tinyint DEFAULT '0',
  `supplier_account` varchar(32) DEFAULT NULL,
  `fk_prospectlevel` varchar(12) DEFAULT NULL,
  `customer_bad` tinyint DEFAULT '0',
  `customer_rate` double DEFAULT '0',
  `supplier_rate` double DEFAULT '0',
  `fk_user_creat` int DEFAULT NULL,
  `fk_user_modif` int DEFAULT NULL,
  `remise_client` double DEFAULT '0',
  `mode_reglement` tinyint DEFAULT NULL,
  `cond_reglement` tinyint DEFAULT NULL,
  `mode_reglement_supplier` tinyint DEFAULT NULL,
  `cond_reglement_supplier` tinyint DEFAULT NULL,
  `tva_assuj` tinyint DEFAULT '1',
  `localtax1_assuj` tinyint DEFAULT '0',
  `localtax2_assuj` tinyint DEFAULT '0',
  `barcode` varchar(255) DEFAULT NULL,
  `fk_barcode_type` int DEFAULT '0',
  `price_level` int DEFAULT NULL,
  `outstanding_limit` double(24,8) DEFAULT NULL,
  `default_lang` varchar(6) DEFAULT NULL,
  `logo` varchar(255) DEFAULT NULL,
  `canvas` varchar(32) DEFAULT NULL,
  `import_key` varchar(14) DEFAULT NULL
) ENGINE=InnoDB DEFAULT CHARSET=utf8mb3;

--
-- Volcado de datos para la tabla `b65362949_societe`
--

INSERT INTO `b65362949_societe` (`rowid`, `nom`, `entity`, `ref_ext`, `ref_int`, `statut`, `parent`, `tms`, `datec`, `status`, `code_client`, `code_fournisseur`, `code_compta`, `code_compta_fournisseur`, `address`, `zip`, `town`, `fk_departement`, `fk_pays`, `phone`, `fax`, `url`, `email`, `skype`, `fk_effectif`, `fk_typent`, `fk_forme_juridique`, `fk_currency`, `siren`, `siret`, `ape`, `idprof4`, `idprof5`, `idprof6`, `tva_intra`, `capital`, `fk_stcomm`, `note_private`, `note_public`, `prefix_comm`, `client`, `fournisseur`, `supplier_account`, `fk_prospectlevel`, `customer_bad`, `customer_rate`, `supplier_rate`, `fk_user_creat`, `fk_user_modif`, `remise_client`, `mode_reglement`, `cond_reglement`, `mode_reglement_supplier`, `cond_reglement_supplier`, `tva_assuj`, `localtax1_assuj`, `localtax2_assuj`, `barcode`, `fk_barcode_type`, `price_level`, `outstanding_limit`, `default_lang`, `logo`, `canvas`, `import_key`) VALUES
(1, 'Isabel Rodríguez Fernández', 1, NULL, NULL, 0, NULL, '2015-03-13 23:53:40', '2015-03-12 14:17:28', 1, '019', NULL, NULL, NULL, 'C/. Sant Josep, 59 Baixos', '08520', 'Les Franqueses del Vallés', 249, 4, '938473075', '9384924125', 'www.azor-serveis.com', 'azor-serveis@azor-serveis.com', NULL, 1, 8, NULL, NULL, '52163977T', '', '8690', '', '', '', '', 0, 0, NULL, NULL, NULL, 1, 0, NULL, NULL, 0, 0, 0, 3, 3, 0, 3, 1, NULL, NULL, 1, NULL, NULL, NULL, 0, NULL, 500.00000000, NULL, NULL, NULL, NULL),
(2, 'CSI Partner Spain, S.L.U.', 1, NULL, NULL, 0, NULL, '2016-12-01 15:25:22', '2015-03-14 00:37:52', 0, '039', NULL, NULL, NULL, 'Av. Diagonal, 514  3º Local 4', '08006', 'Barcelona', 249, 4, '902442050', '902442052', 'www.csipartner.es', 'griselda.cami@csipartner.es', NULL, NULL, 3, 405, NULL, 'B63853055', '', '4651', '', '', '', '', 0, 0, NULL, NULL, NULL, 1, 0, NULL, NULL, 0, 0, 0, 3, 2, 0, 3, 1, NULL, NULL, 1, NULL, NULL, NULL, 0, NULL, 500.00000000, NULL, NULL, NULL, NULL),
(3, 'María Barcelona, S.L.', 1, NULL, NULL, 0, NULL, '2017-05-25 10:44:17', '2015-03-14 10:51:15', 1, '131', NULL, NULL, NULL, 'Rambla Catalunya, 135 1º 2ª', '08006', 'Barcelona', 249, 4, NULL, NULL, 'www.mariabarcelona.com', 'ahuerga@mariabarcelona.com', NULL, NULL, 3, 405, NULL, 'B60659059', '', '', '', '', '', '', 0, 0, NULL, NULL, NULL, 1, 0, NULL, NULL, 0, 0, 0, 3, 3, 0, 2, 1, NULL, NULL, 1, NULL, NULL, NULL, 0, NULL, 10000.00000000, NULL, NULL, NULL, NULL),
(4, 'Outservico Informática, S.L.', 1, NULL, NULL, 0, NULL, '2016-12-01 15:31:06', '2015-03-14 19:03:30', 0, '141', NULL, NULL, NULL, 'Calle Tarragona, 149-151, 5ª planta', '08015', 'Barcelona', 249, 4, NULL, NULL, 'www.outservico.net', 'j.lizana@outservico.net', NULL, NULL, 3, 405, NULL, 'B61717088', '', '', '', '', '', '', 0, 0, NULL, NULL, NULL, 1, 0, NULL, NULL, 0, 0, 0, 3, 2, 0, NULL, NULL, NULL, NULL, 1, NULL, NULL, NULL, 0, NULL, 500.00000000, NULL, NULL, NULL, NULL),
(5, 'Supremo Coffee Systems, S.L.', 1, NULL, NULL, 0, NULL, '2017-10-03 09:31:26', '2015-03-14 19:26:52', 1, '061', NULL, NULL, NULL, 'Santa Margarida de Boada Vell, 21', '08184', 'Palau-Solità i Plegamans', 249, 4, NULL, NULL, 'www.supremocs.es', 'administracion@supremocs.es', NULL, NULL, 3, 405, NULL, 'B65787921', '', '', '', '', '', '', 0, 0, NULL, NULL, NULL, 1, 0, NULL, NULL, 0, 0, 0, 3, 3, 0, 2, 1, NULL, NULL, 1, NULL, NULL, NULL, 0, NULL, 500.00000000, NULL, NULL, NULL, NULL),
(6, 'ARTEMI NOLLA GRUP GESTIÓ DE RESTAURANTS, S.L.', 1, NULL, NULL, 0, NULL, '2015-03-14 22:32:59', '2015-03-14 19:50:11', 1, '020', NULL, NULL, NULL, 'C/ Diputació, 273, Pral.', '08007', 'Barcelona', 249, 4, '934677020', '934677045', 'www.angrup.com', 'mllop@angrup.com', NULL, NULL, 3, 405, NULL, 'B62840673', '', '', '', '', '', '', 0, 0, NULL, NULL, NULL, 1, 0, NULL, NULL, 0, 0, 0, 3, 3, 0, 2, 4, NULL, NULL, 1, NULL, 0, NULL, 0, NULL, 500.00000000, NULL, NULL, NULL, NULL),
(7, 'EDICIONES Y ESTUDIOS S.L.', 1, NULL, NULL, 0, NULL, '2016-12-01 15:28:45', '2015-03-14 20:09:51', 0, '052', NULL, NULL, NULL, 'C/ Enrique Larreta, 5-1ª', '28036', 'Madrid', 269, 4, NULL, NULL, 'www.edicionesyestudios.com', 'jmurraca@edicionesyestudios.com', NULL, NULL, 3, 405, NULL, 'B28921195', '', '', '', '', '', '', 0, 0, NULL, NULL, NULL, 1, 0, NULL, NULL, 0, 0, 0, 3, 2, 0, 7, 1, NULL, NULL, 1, NULL, NULL, NULL, 0, NULL, 500.00000000, NULL, NULL, NULL, NULL),
(8, 'Kawasaki Motors Europe NV', 1, NULL, NULL, 0, NULL, '2015-03-14 22:33:54', '2015-03-14 20:17:58', 1, '036', NULL, NULL, NULL, 'José Agustín Goytisolo 29 -31', '08908', 'Hospitalet de Llobregat', 249, 4, NULL, NULL, 'www.kawasaki.es', 'l.ensenyat@kawasaki.es', NULL, NULL, 2, NULL, NULL, 'W0032780I', '', '', '', '', '', '', 0, 0, NULL, NULL, NULL, 1, 0, NULL, NULL, 0, 0, 0, 3, 3, 0, 2, 2, NULL, NULL, 1, NULL, 0, NULL, 0, NULL, 1500.00000000, NULL, NULL, NULL, NULL),
(9, 'BRILLIANT IBÉRICA, S.L.', 1, NULL, NULL, 0, NULL, '2015-03-14 22:34:33', '2015-03-14 21:00:02', 1, '029', NULL, NULL, NULL, 'Av. Castilla, 1, Centro Empresarial Best Point', '28830', 'Madrid', 269, 4, NULL, NULL, NULL, 'robertoperez@icam.es', NULL, NULL, 3, 405, NULL, 'B59147629', '', '', '', '', '', '', 0, 0, NULL, NULL, NULL, 1, 0, NULL, NULL, 0, 0, 0, 3, 3, 0, 2, 1, NULL, NULL, 1, NULL, 0, NULL, 0, NULL, 500.00000000, NULL, NULL, NULL, NULL),
(10, 'everis BPO S.L.', 1, NULL, NULL, 0, NULL, '2016-10-31 16:55:31', '2015-03-14 21:22:36', 1, '122', NULL, NULL, NULL, 'Avda Diagonal, 605', '08028', 'Barcelona', 249, 4, '917491010', NULL, NULL, 'spain.supplier.invoices@everis.com', NULL, NULL, 2, 405, NULL, 'B91251082', '', '', '', '', '', '', 0, 0, NULL, NULL, NULL, 1, 0, NULL, NULL, 0, 0, 0, 3, 3, 0, 2, 4, NULL, NULL, 1, NULL, NULL, NULL, 0, NULL, 10000.00000000, NULL, NULL, NULL, NULL),
(11, 'PQD Análisis', 1, NULL, NULL, 0, NULL, '2016-02-02 13:28:02', '2015-03-14 22:35:52', 1, '099', NULL, NULL, NULL, 'C/ Ulises 108, 2ª Planta', '28043', 'Madrid', 269, 4, NULL, NULL, NULL, 'rgranados@pqd.es', NULL, NULL, 3, 405, NULL, 'B85769099', '', '', '', '', '', '', 0, 0, NULL, NULL, NULL, 1, 0, NULL, NULL, 0, 0, 0, 3, 3, 0, 2, 1, NULL, NULL, 1, NULL, NULL, NULL, 0, NULL, 1000.00000000, NULL, NULL, NULL, NULL),
(12, 'DIPTEC CONSULTORS, S.L.', 1, NULL, NULL, 0, NULL, '2015-03-14 22:35:48', '2015-03-14 22:57:33', 1, '119', NULL, NULL, NULL, 'C/GRAN VIA DE CARLOS III, 33-35 Entlo.2', '08028', 'Barcelona', 249, 4, NULL, NULL, NULL, 'miquel.roso@diptec.es', NULL, NULL, 3, 405, NULL, 'B66174194', '', '', '', '', '', '', 0, 0, NULL, NULL, NULL, 1, 0, NULL, NULL, 0, 0, 0, 3, 3, 0, 3, 1, NULL, NULL, 1, NULL, 0, NULL, 0, NULL, 500.00000000, NULL, NULL, NULL, NULL),
(13, 'TIC AND TAG CONSULTORIA, S.L.', 1, NULL, NULL, 0, NULL, '2015-03-14 22:45:10', '2015-03-14 23:44:52', 1, NULL, NULL, NULL, NULL, 'C/. Londres, 37 5º', '08029', 'Barcelona', 249, 4, NULL, NULL, NULL, 'xlopez@tic-tag.es', NULL, NULL, 3, 405, NULL, 'B65932469', '', '', '', '', '', '', 0, 0, NULL, NULL, NULL, 0, 1, NULL, NULL, 0, 0, 0, 3, 3, 0, NULL, NULL, 2, 1, 1, NULL, 0, NULL, 0, NULL, NULL, NULL, NULL, NULL, NULL),
(14, 'ALES BOIRES Serveis Informàtics, S.C.P.', 1, NULL, NULL, 0, NULL, '2015-03-16 15:36:39', '2015-03-15 16:24:21', 1, NULL, NULL, NULL, NULL, 'C/ Espigol, 1', '08192', 'Sant Quirze del Vallés', 249, 4, '937214361', NULL, NULL, NULL, NULL, NULL, 3, 403, NULL, 'J65502718', '', '', '', '', '', '', 0, 0, NULL, NULL, NULL, 0, 1, NULL, NULL, 0, 0, 0, 3, 3, 0, NULL, NULL, 2, 1, 1, NULL, 1, NULL, 0, NULL, NULL, NULL, NULL, NULL, NULL),
(15, 'Telefónica de España, S.A.U.', 1, NULL, NULL, 0, NULL, '2015-03-16 15:36:22', '2015-03-16 16:36:14', 1, NULL, NULL, NULL, NULL, 'Gran Vía, 20', '28013', 'Madrid', 269, 4, NULL, NULL, NULL, NULL, NULL, NULL, 2, 406, NULL, 'A82018474', '', '', '', '', '', '', 0, 0, NULL, NULL, NULL, 0, 1, NULL, NULL, 0, 0, 0, 3, 3, 0, NULL, NULL, 3, 1, 1, NULL, 0, NULL, 0, NULL, NULL, NULL, NULL, NULL, NULL),
(16, 'Orange Spagne, S.A.U.', 1, NULL, NULL, 0, NULL, '2015-03-16 17:03:04', '2015-03-16 18:03:02', 1, NULL, NULL, NULL, NULL, 'Paseo del Club Deportivo, 1 Edif. 8\r\nParque Emp. La Finca', '28223', 'Pozuelo de Alarcón', 269, 4, NULL, NULL, NULL, NULL, NULL, NULL, 2, 406, NULL, 'A82009812', '', '', '', '', '', '', 0, 0, NULL, NULL, NULL, 0, 1, NULL, NULL, 0, 0, 0, 3, 3, 0, NULL, NULL, 3, 1, 1, NULL, 0, NULL, 0, NULL, NULL, NULL, NULL, NULL, NULL),
(17, 'Rhenus Shipping S.L', 1, NULL, NULL, 0, NULL, '2015-03-17 09:56:27', '2015-03-17 10:56:26', 1, NULL, NULL, NULL, NULL, 'C/ Llull 321', '08019', 'Barcelona', 249, 4, NULL, NULL, NULL, NULL, NULL, NULL, 3, 405, NULL, 'B65803876', '', '', '', '', '', '', 0, 0, NULL, NULL, NULL, 0, 1, NULL, NULL, 0, 0, 0, 3, 3, 0, NULL, NULL, 2, 1, 1, NULL, 0, NULL, 0, NULL, NULL, NULL, NULL, NULL, NULL),
(18, 'CINC BUSINESS CENTER, S.L.', 1, NULL, NULL, 0, NULL, '2015-08-20 07:28:40', '2015-03-17 11:08:03', 1, NULL, NULL, NULL, NULL, 'C/ Llull, 321', '08019', 'Barcelona', 249, 4, '933030060', '933030080', 'www.cinc.es', 'enric.urreta@cinc.es', NULL, 3, 3, 405, NULL, 'B17912833', '', '', '', '', '', '', 0, 0, NULL, NULL, NULL, 1, 1, NULL, NULL, 0, 0, 0, 3, 3, 0, NULL, NULL, 2, 1, 1, NULL, 0, NULL, 0, NULL, NULL, NULL, NULL, NULL, NULL),
(19, 'Viva Aqua Service Spain, S.A.', 1, NULL, NULL, 0, NULL, '2015-03-17 10:20:39', '2015-03-17 11:20:37', 1, NULL, NULL, NULL, NULL, 'Calle Brosquill, S/N\r\nPol. Ind. Nº 7', '46540', 'El Puig', 287, 4, '638937361', NULL, NULL, 'juan.canumil@viva-aquaservice.com', NULL, NULL, 3, 406, NULL, 'A41810920', '', '', '', '', '', '', 0, 0, NULL, NULL, NULL, 0, 1, NULL, NULL, 0, 0, 0, 3, 3, 0, NULL, NULL, 3, 1, 1, NULL, 0, NULL, 0, NULL, NULL, NULL, NULL, NULL, NULL),
(20, 'Sociedad Estatal Correos y Telégrafos, S.A.', 1, NULL, NULL, 0, NULL, '2015-03-17 10:27:58', '2015-03-17 11:27:55', 1, NULL, NULL, NULL, NULL, 'Vía Dublín, 7', '28042', 'Madrid', 269, 4, NULL, NULL, NULL, NULL, NULL, NULL, 2, 406, NULL, 'A83052407', '', '', '', '', '', '', 0, 0, NULL, NULL, NULL, 0, 1, NULL, NULL, 0, 0, 0, 3, 3, 0, NULL, NULL, 4, 1, 1, NULL, 0, NULL, 0, NULL, NULL, NULL, NULL, NULL, NULL),
(21, 'DINTIC NET WORKERS, S.L.', 1, NULL, NULL, 0, NULL, '2015-03-17 10:39:03', '2015-03-17 11:39:05', 1, NULL, NULL, NULL, NULL, 'Arenys 39 Bustia 14\r\nUrb. Can Massuet', '08319', 'Dosrius', 249, 4, '625324133', NULL, 'www.dintic.es', 'dintic@dintic.es', NULL, NULL, 3, 405, NULL, 'B65905770', '', '', '', '', '', '', 0, 0, NULL, NULL, NULL, 0, 1, NULL, NULL, 0, 0, 0, 3, 3, 0, NULL, NULL, 2, 1, 1, NULL, 0, NULL, 0, NULL, NULL, NULL, NULL, NULL, NULL),
(22, 'SEREMCA CONSULTING,S.L.U.', 1, NULL, NULL, 0, NULL, '2015-03-17 10:58:01', '2015-03-17 11:58:04', 1, NULL, NULL, NULL, NULL, 'AV. MARE DE DEU DE MONTSERRAT 249, ENT.3ª', '08041', 'Barcelona', 249, 4, '934560421', '934551064', NULL, 'oficina@seremca.com', NULL, NULL, 3, 405, NULL, 'B65063638', '', '', '', '', '', '', 0, 0, NULL, NULL, NULL, 0, 1, NULL, NULL, 0, 0, 0, 3, 3, 0, NULL, NULL, 3, 1, 1, NULL, 0, NULL, 0, NULL, NULL, NULL, NULL, NULL, NULL),
(23, 'Llavaneras Marítimas, SL', 1, NULL, NULL, 0, NULL, '2015-03-17 11:31:54', '2015-03-17 12:31:54', 1, NULL, NULL, NULL, NULL, 'Córcega, 299', '08008', 'Barcelona', 249, 4, NULL, NULL, NULL, NULL, NULL, NULL, 3, 405, NULL, 'B08429573', '', '', '', '', '', '', 0, 0, NULL, NULL, NULL, 0, 1, NULL, NULL, 0, 0, 0, 3, 3, 0, NULL, NULL, 4, 1, 1, NULL, 0, NULL, 0, NULL, NULL, NULL, NULL, NULL, NULL),
(24, 'Material Informático - Varios', 1, NULL, NULL, 0, NULL, '2015-03-17 11:39:38', '2015-03-17 12:39:29', 1, NULL, NULL, NULL, NULL, '', NULL, NULL, 0, 4, NULL, NULL, NULL, NULL, NULL, NULL, 0, NULL, NULL, '', '', '', '', '', '', '', 0, 0, NULL, NULL, NULL, 0, 1, NULL, NULL, 0, 0, 0, 3, 3, 0, NULL, NULL, 6, 1, 1, NULL, 0, NULL, 0, NULL, NULL, NULL, NULL, NULL, NULL),
(25, 'EMBUTIDOS Y JAMONES DIAZ S.L.', 1, NULL, NULL, 0, NULL, '2015-03-18 17:09:34', '2015-03-17 16:51:02', 1, '124', NULL, NULL, NULL, 'C/ LLUVIA Nº 21', '28918', 'LEGANÉS', 269, 4, NULL, NULL, 'www.jamonesyembutidosdiaz.com', 'info@jamonesyembutidosdiaz.com', NULL, NULL, 3, 405, NULL, 'B83860064', '', '', '', '', '', '', 0, 0, NULL, NULL, NULL, 1, 0, NULL, NULL, 0, 0, 0, 3, 3, 0, 3, 1, NULL, NULL, 1, NULL, 0, NULL, 0, NULL, NULL, NULL, NULL, NULL, NULL),
(26, 'TENYCOL, S.L.', 1, NULL, NULL, 0, NULL, '2016-03-07 10:35:40', '2015-03-17 17:53:32', 1, '142', NULL, NULL, NULL, 'C/ Pisuerga, 33\r\nPol. Ind Sta Margarita', '08223', 'Terrassa', 249, 4, NULL, NULL, NULL, 'tonibeltran@tenycol.com', NULL, NULL, 3, 405, NULL, 'B08264806', '', '', '', '', '', '', 0, 0, NULL, NULL, NULL, 1, 0, NULL, NULL, 0, 0, 0, 3, 3, 0, 3, 1, NULL, NULL, 1, NULL, NULL, NULL, 0, NULL, NULL, NULL, NULL, NULL, NULL),
(27, 'CHATARRAS R. GARCIA, S.A.U.', 1, NULL, NULL, 0, NULL, '2017-04-27 12:00:26', '2015-03-17 18:20:58', 1, '025', NULL, NULL, NULL, 'AV. VERGE DE MONTSERRAT, 10', '08820', 'El Prat de Llobregat', 249, 4, NULL, NULL, 'www.chargsa.com', 'ana@chargsa.com', NULL, 3, 3, 406, NULL, 'A58372525', '', '', '', '', '', '', 0, 0, NULL, NULL, NULL, 1, 0, NULL, NULL, 0, 0, 0, 3, 3, 0, 2, 1, NULL, NULL, 1, NULL, NULL, NULL, 0, NULL, 500.00000000, NULL, NULL, NULL, NULL),
(28, 'Asesores Titulados S.A.', 1, NULL, NULL, 0, NULL, '2016-12-01 15:21:03', '2015-03-17 18:37:07', 0, '132', NULL, NULL, NULL, 'C/ Trópico nº 6,\r\nPol.Ind. Las Monjas\r\nEdificio ATISA', '28850', 'Torrejón de Ardoz', 269, 4, NULL, NULL, 'www.atisa.es', 'm.monforte@atisa.es', NULL, NULL, 3, 406, NULL, 'A28713667', '', '', '', '', '', '', 0, 0, NULL, NULL, NULL, 1, 0, NULL, NULL, 0, 0, 0, 3, 2, 0, 2, 1, NULL, NULL, 1, NULL, NULL, NULL, 0, NULL, NULL, NULL, NULL, NULL, NULL),
(29, 'PC Componentes y Multimedia, S.L.', 1, NULL, NULL, 0, NULL, '2015-03-18 14:19:33', '2015-03-18 15:19:31', 1, NULL, NULL, NULL, NULL, 'Avda Europa, 2-3\r\nPol.Ind. Las Salinas', '30840', 'Alhama de Murcia', 269, 4, NULL, NULL, NULL, NULL, NULL, NULL, 3, 405, NULL, 'B73347494', '', '', '', '', '', '', 0, 0, NULL, NULL, NULL, 0, 1, NULL, NULL, 0, 0, 0, 3, 3, 0, NULL, NULL, 6, 1, 1, NULL, 0, NULL, 0, NULL, NULL, NULL, NULL, NULL, NULL),
(30, 'SOLRED, S.A.', 1, NULL, NULL, 0, NULL, '2015-03-18 15:43:05', '2015-03-18 16:41:37', 1, NULL, NULL, NULL, NULL, 'Méndez Álvaro, 44', '28045', 'MADRID', 269, 4, NULL, NULL, NULL, NULL, NULL, NULL, 2, 406, NULL, 'A79707345', '', '', '', '', '', '', 0, 0, NULL, NULL, NULL, 0, 1, NULL, NULL, 0, 0, 0, 3, 3, 0, NULL, NULL, NULL, NULL, 1, NULL, 0, NULL, 0, NULL, NULL, NULL, NULL, NULL, NULL),
(31, 'HOTEL GRILL ALCALA DE HENARES, S.L.', 1, NULL, NULL, 0, NULL, '2015-03-18 16:17:19', '2015-03-18 17:13:39', 1, NULL, NULL, NULL, NULL, 'Calle Fausto Elhuyar, 3', '28806', 'Alcalá de Henares', 269, 4, '918025612', '918029741', NULL, 'madrid.alcala@campanile.com', NULL, NULL, 2, 405, NULL, 'B62949763', '', '', '', '', '', '', 0, 0, NULL, NULL, NULL, 0, 1, NULL, NULL, 0, 0, 0, 3, 3, 0, NULL, NULL, 6, 1, 1, NULL, 0, NULL, 0, NULL, NULL, NULL, NULL, NULL, NULL),
(34, 'Sandra Tormo Britapaja', 1, NULL, NULL, 0, NULL, '2015-03-27 16:12:05', '2015-03-27 17:08:59', 1, NULL, NULL, NULL, NULL, 'Avda. Fabregada 62 Atico 1º', '08901', 'Hospitalet de Llobregat', 249, 4, '650636553', NULL, NULL, 'sandra.tormo@addapta.com', NULL, 1, 8, 401, NULL, '47611935A', '', '', '', '', '', '', 0, 0, NULL, NULL, NULL, 0, 1, NULL, NULL, 0, 0, 0, 3, 3, 0, NULL, NULL, 2, 1, 1, NULL, 1, NULL, 0, NULL, NULL, NULL, NULL, NULL, NULL),
(35, 'Egregia Activos, SL', 1, NULL, NULL, 0, NULL, '2017-03-02 11:13:01', '2015-04-07 13:13:42', 1, '133', NULL, NULL, NULL, 'Aragón, 383 P.9', '08013', 'Barcelona', 249, 4, NULL, NULL, NULL, 'elisa.luque@egregia.net', NULL, NULL, 3, 405, NULL, 'B66025271', '', '', '', '', '', '', 0, 0, NULL, NULL, NULL, 1, 0, NULL, NULL, 0, 0, 0, 3, 3, 0, 3, 1, NULL, NULL, 1, NULL, NULL, NULL, 0, NULL, NULL, NULL, NULL, NULL, NULL),
(36, 'Motorlife Comunicación S.L.', 1, NULL, NULL, 0, NULL, '2016-12-01 15:21:53', '2015-04-10 11:04:08', 0, '94', NULL, NULL, NULL, 'Ctra. Fuencarral a Alcobendas, 44 Edif. 6 loft L37', '28110', 'ALGETE', 269, 4, NULL, NULL, NULL, 'msant@motorlife.es', NULL, NULL, 3, 405, NULL, 'B85773836', '', '', '', '', '', '', 0, 0, NULL, NULL, NULL, 1, 0, NULL, NULL, 0, 0, 0, 2, 2, 0, NULL, NULL, NULL, NULL, 1, NULL, NULL, NULL, 0, NULL, NULL, NULL, NULL, NULL, NULL),
(37, 'Divendis Consulting, SL', 1, NULL, NULL, 0, NULL, '2015-04-13 11:51:51', '2015-04-13 13:35:48', 1, NULL, NULL, NULL, NULL, 'Calle Hort de la Vila, 43, 2º 2ª', '08017', 'Barcelona', 249, 4, NULL, NULL, NULL, NULL, NULL, NULL, 3, 405, NULL, 'B65470254', '', '', '', '', '', '', 0, 0, NULL, NULL, NULL, 0, 1, NULL, NULL, 0, 0, 0, 3, 3, 0, NULL, NULL, NULL, NULL, 1, NULL, 0, NULL, 0, NULL, NULL, NULL, NULL, NULL, NULL),
(38, 'Aisnet-IT, SL', 1, NULL, NULL, 0, NULL, '2015-04-13 11:39:31', '2015-04-13 13:39:36', 1, NULL, NULL, NULL, NULL, 'C/ Catalunya, 1B 2-1', '08740', 'Sant Andreu de la Barca', 249, 4, NULL, NULL, NULL, NULL, NULL, NULL, 3, 405, NULL, 'B64459910', '', '', '', '', '', '', 0, 0, NULL, NULL, NULL, 0, 1, NULL, NULL, 0, 0, 0, 3, 3, 0, NULL, NULL, NULL, NULL, 1, NULL, 0, NULL, 0, NULL, NULL, NULL, NULL, NULL, NULL),
(39, 'ABAST SOLUTIONS, S.A.', 1, NULL, NULL, 0, NULL, '2015-04-13 12:14:35', '2015-04-13 14:12:38', 1, NULL, NULL, NULL, NULL, 'Avda. Francesc Cambó, 127', '08003', 'Barcelona', 249, 4, NULL, NULL, NULL, NULL, NULL, NULL, 3, 406, NULL, 'A59104612', '', '', '', '', '', '', 0, 0, NULL, NULL, NULL, 0, 1, NULL, NULL, 0, 0, 0, 3, 3, 0, NULL, NULL, NULL, NULL, 1, NULL, 0, NULL, 0, NULL, NULL, NULL, NULL, NULL, NULL),
(40, 'Ekipolis, SL', 1, NULL, NULL, 0, NULL, '2015-04-13 12:23:03', '2015-04-13 14:22:29', 1, NULL, NULL, NULL, NULL, 'C/ Dr Fleming, 94', '08440', 'Cardedeu', 249, 4, NULL, NULL, NULL, NULL, NULL, NULL, 3, 405, NULL, 'B63975080', '', '', '', '', '', '', 0, 0, NULL, NULL, NULL, 0, 1, NULL, NULL, 0, 0, 0, 3, 3, 0, NULL, NULL, NULL, NULL, 1, NULL, 0, NULL, 0, NULL, NULL, NULL, NULL, NULL, NULL),
(41, 'Verus Marketing, SL', 1, NULL, NULL, 0, NULL, '2015-04-13 12:32:29', '2015-04-13 14:32:34', 1, NULL, NULL, NULL, NULL, 'C/ Llull, 321', '08019', 'Barcelona', 249, 4, NULL, NULL, NULL, NULL, NULL, NULL, 3, 405, NULL, 'B83459719', '', '', '', '', '', '', 0, 0, NULL, NULL, NULL, 0, 1, NULL, NULL, 0, 0, 0, 3, 3, 0, NULL, NULL, NULL, NULL, 1, NULL, 0, NULL, 0, NULL, NULL, NULL, NULL, NULL, NULL),
(42, 'Memory Power, SA', 1, NULL, NULL, 0, NULL, '2015-04-13 14:32:29', '2015-04-13 16:31:00', 1, NULL, NULL, NULL, NULL, 'Cronos, 63', '28037', 'Madrid', 269, 4, NULL, NULL, NULL, NULL, NULL, NULL, 3, 406, NULL, 'A81570848', '', '', '', '', '', '', 0, 0, NULL, NULL, NULL, 0, 1, NULL, NULL, 0, 0, 0, 3, 3, 0, NULL, NULL, 4, 1, 1, NULL, 0, NULL, 0, NULL, NULL, NULL, NULL, NULL, NULL),
(43, 'Equifasa, SA', 1, NULL, NULL, 0, NULL, '2015-04-13 14:38:32', '2015-04-13 16:38:37', 1, NULL, NULL, NULL, NULL, 'B. San Agustín, S/N', '48230', 'El Orrio', 289, 4, NULL, NULL, NULL, NULL, NULL, NULL, 2, 406, NULL, 'A20372306', '', '', '', '', '', '', 0, 0, NULL, NULL, NULL, 0, 1, NULL, NULL, 0, 0, 0, 3, 3, 0, NULL, NULL, NULL, NULL, 1, NULL, 0, NULL, 0, NULL, NULL, NULL, NULL, NULL, NULL),
(44, 'PC Worshop, SL', 1, NULL, NULL, 0, NULL, '2015-04-13 14:52:45', '2015-04-13 16:47:14', 1, NULL, NULL, NULL, NULL, 'Raurich, 2', NULL, 'Sant Boi de Llobregat', 249, 4, NULL, NULL, NULL, NULL, NULL, NULL, 0, NULL, NULL, 'B64014793', '', '', '', '', '', '', 0, 0, NULL, NULL, NULL, 0, 1, NULL, NULL, 0, 0, 0, 3, 3, 0, NULL, NULL, 4, 1, 1, NULL, 0, NULL, 0, NULL, NULL, NULL, NULL, NULL, NULL),
(45, 'DN Electronic 2002, SL', 1, NULL, NULL, 0, NULL, '2015-04-13 15:28:39', '2015-04-13 17:28:18', 1, NULL, NULL, NULL, NULL, 'Av. Pau Claris, 11', '08760', 'Martorell', 249, 4, NULL, NULL, NULL, NULL, NULL, NULL, 3, 405, NULL, 'B61947453', '', '', '', '', '', '', 0, 0, NULL, NULL, NULL, 0, 1, NULL, NULL, 0, 0, 0, 3, 3, 0, NULL, NULL, 4, 1, 1, NULL, 0, NULL, 0, NULL, NULL, NULL, NULL, NULL, NULL),
(46, 'IAM Consultores, SL', 1, NULL, NULL, 0, NULL, '2015-04-13 15:35:32', '2015-04-13 17:35:27', 1, NULL, NULL, NULL, NULL, 'Abat Oliva, 1', '08700', 'Igualada', 249, 4, NULL, NULL, NULL, NULL, NULL, NULL, 3, 405, NULL, 'B63451827', '', '', '', '', '', '', 0, 0, NULL, NULL, NULL, 0, 1, NULL, NULL, 0, 0, 0, 3, 3, 0, NULL, NULL, 4, 1, 1, NULL, 0, NULL, 0, NULL, NULL, NULL, NULL, NULL, NULL),
(47, 'Sibaix Computers, SL', 1, NULL, NULL, 0, NULL, '2016-04-13 15:57:24', '2015-04-13 17:51:09', 1, NULL, NULL, NULL, NULL, 'Av. Congost, 4', '08760', 'Martorell', 249, 4, NULL, NULL, NULL, NULL, NULL, NULL, 3, 405, NULL, 'B61180899', '', '', '', '', '', '', 0, 0, NULL, NULL, NULL, 0, 1, NULL, NULL, 0, 0, 0, 3, 3, 0, NULL, NULL, 4, 1, 1, NULL, 0, NULL, 0, NULL, NULL, NULL, NULL, NULL, NULL),
(48, 'Dreissig, SL', 1, NULL, NULL, 0, NULL, '2015-04-13 16:00:26', '2015-04-13 17:59:34', 1, NULL, NULL, NULL, NULL, 'Llull, 321', '08019', 'Barcelona', 249, 4, NULL, NULL, NULL, NULL, NULL, NULL, 3, 405, NULL, 'B62841804', '', '', '', '', '', '', 0, 0, NULL, NULL, NULL, 0, 1, NULL, NULL, 0, 0, 0, 3, 3, 0, NULL, NULL, 4, 1, 1, NULL, 0, NULL, 0, NULL, NULL, NULL, NULL, NULL, NULL),
(49, 'Komkal', 1, NULL, NULL, 0, NULL, '2015-04-16 15:17:17', '2015-04-16 17:17:29', 1, NULL, NULL, NULL, NULL, 'Pere IV, 405-411', NULL, 'Barcelona', 249, 4, NULL, NULL, NULL, NULL, NULL, NULL, 3, 406, NULL, '', '', '', '', '', '', '', 0, 0, NULL, NULL, NULL, 0, 1, NULL, NULL, 0, 0, 0, 3, 3, 0, NULL, NULL, NULL, NULL, 1, NULL, 0, NULL, 0, NULL, NULL, NULL, NULL, NULL, NULL),
(50, 'BanSabadell Renting, SL', 1, NULL, NULL, 0, NULL, '2015-04-17 10:28:56', '2015-04-17 12:29:11', 1, NULL, NULL, NULL, NULL, 'Parque de A.E. Can Sant Joan\r\nCalle Sena, 12', '08017', 'Sant Cugat del Vallés', 249, 4, NULL, NULL, NULL, NULL, NULL, NULL, 2, 405, NULL, 'B60854932', '', '', '', '', '', '', 0, 0, NULL, NULL, NULL, 0, 1, NULL, NULL, 0, 0, 0, 3, 3, 0, NULL, NULL, NULL, NULL, 1, NULL, 0, NULL, 0, NULL, NULL, NULL, NULL, NULL, NULL),
(51, 'PARLEM TELECOM CIA. DE TELEC., S.L.', 1, NULL, NULL, 0, NULL, '2015-07-16 16:39:02', '2015-05-05 14:19:40', 1, '0143', NULL, NULL, NULL, 'C/ Alaba 61, 5º', '08005', 'Barcelona', 249, 4, NULL, NULL, 'www.parlem.com', 'emercader@parlem.com', NULL, NULL, 3, 405, NULL, 'B65851446', '', '', '', '', '', '', 0, 0, NULL, NULL, NULL, 1, 0, NULL, NULL, 0, 0, 0, 3, 3, 0, 2, 2, NULL, NULL, 1, NULL, NULL, NULL, 0, NULL, NULL, NULL, NULL, NULL, NULL),
(52, 'Rubes Editorial S.L.', 1, NULL, NULL, 0, NULL, '2016-12-01 15:23:14', '2015-05-13 13:42:35', 0, '80', NULL, NULL, NULL, 'Girona 36, local', '08010', 'Barcelona', 249, 4, NULL, NULL, NULL, 'gerencia@rubes.es', NULL, NULL, 0, NULL, NULL, 'B60478351', '', '', '', '', '', '', 0, 0, NULL, NULL, NULL, 1, 0, NULL, NULL, 0, 0, 0, 2, 2, 0, NULL, NULL, NULL, NULL, 1, NULL, NULL, NULL, 0, NULL, NULL, NULL, NULL, NULL, NULL),
(53, 'Desarrollos Informáticos Diusframi S.L', 1, NULL, NULL, 0, NULL, '2015-06-02 08:22:13', '2015-05-14 15:16:39', 1, '144', NULL, NULL, NULL, 'Rufino González, 32', '28037', 'Madrid', 269, 4, NULL, NULL, NULL, 'forte@did.grupodiusframi.com', NULL, NULL, 2, 405, NULL, 'B85612950', '', '', '', '', '', '', 0, 0, NULL, NULL, NULL, 1, 0, NULL, NULL, 0, 0, 0, 2, 2, 0, NULL, NULL, NULL, NULL, 1, NULL, NULL, NULL, 0, NULL, NULL, NULL, NULL, NULL, NULL),
(54, 'Magatzem d\'Idees, SL', 1, NULL, NULL, 0, NULL, '2020-06-15 12:55:39', '2015-05-17 11:40:59', 1, '121', NULL, NULL, NULL, 'Ramon Turró, 203 1P', '08005', 'Barcelona', 249, 4, NULL, NULL, NULL, 'admin@mdi.ci', NULL, NULL, 3, 405, NULL, 'B60695251', '', '', '', '', '', '', 0, 0, NULL, NULL, NULL, 1, 0, NULL, NULL, 0, 0, 0, 2, 3, 0, NULL, NULL, NULL, NULL, 1, NULL, NULL, NULL, 0, NULL, NULL, NULL, NULL, NULL, NULL),
(55, 'Sinergia LEDs S.L.', 1, NULL, NULL, 0, NULL, '2016-12-01 16:21:24', '2015-06-29 10:16:23', 0, NULL, NULL, NULL, NULL, 'Ronda Guinardó 62 Bajo 2 08025-Barcelona', '08025', 'Barcelona', 249, 4, '615150408', NULL, NULL, 'administracion@sinergialeds.com', NULL, NULL, 3, 405, NULL, 'B66432329', '', '', '', '', '', '', 0, 0, NULL, NULL, NULL, 1, 0, NULL, NULL, 0, 0, 0, 2, 2, 0, 2, 1, NULL, NULL, 1, NULL, NULL, NULL, 0, NULL, NULL, NULL, NULL, NULL, NULL),
(56, 'Dental Mayca S.L.', 1, NULL, NULL, 0, NULL, '2015-06-30 10:27:20', '2015-06-30 12:29:53', 1, NULL, NULL, NULL, NULL, 'Camarena, 101', '28047', 'Madrid', 269, 4, '915099191', NULL, NULL, 'manuelgg1979@gmail.com', NULL, NULL, 3, 405, NULL, 'B80944291', '', '', '', '', '', '', 0, 0, NULL, NULL, NULL, 1, 0, NULL, NULL, 0, 0, 0, 3, 3, 0, 3, 1, NULL, NULL, 1, NULL, 0, NULL, 0, NULL, NULL, NULL, NULL, NULL, NULL),
(57, 'Media Markt  Diagonal Mar', 1, NULL, NULL, 0, NULL, '2015-07-14 12:09:22', '2015-07-14 14:13:26', 1, NULL, NULL, NULL, NULL, 'CC Diagonal Mar', '08019', 'Barcelona', 249, 4, NULL, NULL, NULL, NULL, NULL, NULL, 2, 406, NULL, 'A63736284', '', '', '', '', '', '', 0, 0, NULL, NULL, NULL, 0, 1, NULL, NULL, 0, 0, 0, 3, 3, 0, NULL, NULL, NULL, NULL, 1, NULL, 0, NULL, 0, NULL, NULL, NULL, NULL, NULL, NULL),
(58, 'Serviaragon, SA', 1, NULL, NULL, 0, NULL, '2015-07-14 12:26:10', '2015-07-14 14:30:14', 1, NULL, NULL, NULL, NULL, 'ES El Sisallar\r\nCN240 PK 129', '22500', 'Binefar', 263, 4, NULL, NULL, NULL, NULL, NULL, NULL, 2, 406, NULL, 'A50377738', '', '', '', '', '', '', 0, 0, NULL, NULL, NULL, 0, 1, NULL, NULL, 0, 0, 0, 3, 3, 0, NULL, NULL, NULL, NULL, 1, NULL, 0, NULL, 0, NULL, NULL, NULL, NULL, NULL, NULL),
(59, 'Repsol Comercial de Productos Petrolíferos, SA', 1, NULL, NULL, 0, NULL, '2015-07-14 12:33:49', '2015-07-14 14:35:37', 1, NULL, NULL, NULL, NULL, 'Méndez Álvaro, 44', '28045', 'MADRID', 269, 4, NULL, NULL, NULL, NULL, NULL, NULL, 2, 406, NULL, 'A80298839', '', '', '', '', '', '', 0, 0, NULL, NULL, NULL, 0, 1, NULL, NULL, 0, 0, 0, 3, 3, 0, NULL, NULL, NULL, NULL, 1, NULL, 0, NULL, 0, NULL, NULL, NULL, NULL, NULL, NULL),
(60, 'Qloudea - Informática Serrano Mas, SL - Fashion PC\'s', 1, NULL, NULL, 0, NULL, '2016-12-23 11:02:54', '2015-07-14 15:54:52', 1, NULL, NULL, NULL, NULL, 'Hilarión Eslava, 178', '03204', 'Elx', 244, 4, NULL, NULL, NULL, NULL, NULL, NULL, 3, 405, NULL, 'B53947149', '', '', '', '', '', '', 0, 0, NULL, NULL, NULL, 0, 1, NULL, NULL, 0, 0, 0, 3, 3, 0, NULL, NULL, NULL, NULL, 1, NULL, 0, NULL, 0, NULL, NULL, NULL, NULL, NULL, NULL),
(61, 'Serrano - Rodríguez, SCP', 1, NULL, NULL, 0, NULL, '2015-07-14 14:03:39', '2015-07-14 16:07:42', 1, NULL, NULL, NULL, NULL, 'Plomo, 10-12', '08038', 'Barcelona', 249, 4, NULL, NULL, NULL, NULL, NULL, NULL, 3, 404, NULL, 'J60240116', '', '', '', '', '', '', 0, 0, NULL, NULL, NULL, 0, 1, NULL, NULL, 0, 0, 0, 3, 3, 0, NULL, NULL, NULL, NULL, 1, NULL, 0, NULL, 0, NULL, NULL, NULL, NULL, NULL, NULL),
(62, 'CONSORCIO REGIONAL DE TRANSPORTES DE MADRID', 1, NULL, NULL, 0, NULL, '2015-07-14 14:16:10', '2015-07-14 16:20:13', 1, NULL, NULL, NULL, NULL, 'PLAZA DESCUBRIDOR DIEGO DE ORDAS, 3', '28003', 'Madrid', 269, 4, NULL, NULL, NULL, NULL, NULL, NULL, 0, NULL, NULL, 'Q7850003J', '', '', '', '', '', '', 0, 0, NULL, NULL, NULL, 0, 1, NULL, NULL, 0, 0, 0, 3, 3, 0, NULL, NULL, NULL, NULL, 1, NULL, 0, NULL, 0, NULL, NULL, NULL, NULL, NULL, NULL),
(63, 'RENFE Viajeros, SA', 1, NULL, NULL, 0, NULL, '2015-07-14 14:21:46', '2015-07-14 16:25:50', 1, NULL, NULL, NULL, NULL, 'Avda. Pio XII, 110', '28036', 'Madrid', 269, 4, NULL, NULL, NULL, NULL, NULL, NULL, 2, 406, NULL, 'A86868189', '', '', '', '', '', '', 0, 0, NULL, NULL, NULL, 0, 1, NULL, NULL, 0, 0, 0, 3, 3, 0, NULL, NULL, NULL, NULL, 1, NULL, 0, NULL, 0, NULL, NULL, NULL, NULL, NULL, NULL),
(64, 'Holiday Autos', 1, NULL, NULL, 0, NULL, '2015-07-14 14:55:50', '2015-07-14 16:59:54', 1, NULL, NULL, NULL, NULL, 'GLORIETA DE ATOCHA S/N', '28045', 'MADRID', 269, 4, NULL, NULL, NULL, NULL, NULL, NULL, 3, 401, NULL, 'E4693898K', '', '', '', '', '', '', 0, 0, NULL, NULL, NULL, 0, 1, NULL, NULL, 0, 0, 0, 3, 3, 0, NULL, NULL, NULL, NULL, 1, NULL, 0, NULL, 0, NULL, NULL, NULL, NULL, NULL, NULL),
(65, 'Hostelería Franycer, SL', 1, NULL, NULL, 0, NULL, '2015-07-14 16:39:58', '2015-07-14 17:53:49', 1, NULL, NULL, NULL, NULL, 'CC Glorias\r\nAv. Diagonal, 280 local 405', '08002', 'Barcelona', 249, 4, NULL, NULL, NULL, NULL, NULL, NULL, 3, 405, NULL, 'B65049041', '', '', '', '', '', '', 0, 0, NULL, NULL, NULL, 0, 1, NULL, NULL, 0, 0, 0, 3, 3, 0, NULL, NULL, NULL, NULL, 1, NULL, 0, NULL, 0, NULL, NULL, NULL, NULL, NULL, NULL),
(66, 'Personal Computer Green, SLU', 1, NULL, NULL, 0, NULL, '2015-07-14 16:03:36', '2015-07-14 18:07:40', 1, NULL, NULL, NULL, NULL, 'SEPULVEDA, 172 TIENDA 2', '08011', 'Barcelona', 249, 4, NULL, NULL, NULL, NULL, NULL, NULL, 3, 405, NULL, 'B61195202', '', '', '', '', '', '', 0, 0, NULL, NULL, NULL, 0, 1, NULL, NULL, 0, 0, 0, 3, 3, 0, NULL, NULL, NULL, NULL, 1, NULL, 0, NULL, 0, NULL, NULL, NULL, NULL, NULL, NULL),
(67, 'Tagliadrians Barcot, SL', 1, NULL, NULL, 0, NULL, '2015-07-14 16:23:27', '2015-07-14 18:27:30', 1, NULL, NULL, NULL, NULL, 'CC Glorias\r\nAv. Diagonal, 208', '08010', 'Barcelona', 249, 4, NULL, NULL, NULL, NULL, NULL, NULL, 3, 405, NULL, 'B64416654', '', '', '', '', '', '', 0, 0, NULL, NULL, NULL, 0, 1, NULL, NULL, 0, 0, 0, 3, 3, 0, NULL, NULL, NULL, NULL, 1, NULL, 0, NULL, 0, NULL, NULL, NULL, NULL, NULL, NULL),
(68, 'Ornina, SL', 1, NULL, NULL, 0, NULL, '2015-07-14 16:32:58', '2015-07-14 18:33:48', 1, NULL, NULL, NULL, NULL, 'AV DIAGONAL, 661 671 \r\nHOTEL REY JUAN CARLOS I', '08028', 'Barcelona', 249, 4, NULL, NULL, NULL, NULL, NULL, NULL, 3, 405, NULL, 'B65344210', '', '', '', '', '', '', 0, 0, NULL, NULL, NULL, 0, 1, NULL, NULL, 0, 0, 0, 3, 3, 0, NULL, NULL, NULL, NULL, 1, NULL, 0, NULL, 0, NULL, NULL, NULL, NULL, NULL, NULL),
(69, 'MBC INFORMATICS SL', 1, NULL, NULL, 0, NULL, '2015-07-20 05:44:11', '2015-07-20 07:48:29', 1, NULL, NULL, NULL, NULL, 'MARQUES DE MONTOLIU, 2 PLT 1', '43002', 'Tarragona', 284, 4, NULL, NULL, NULL, NULL, NULL, NULL, 3, 405, NULL, 'B43342799', '', '', '', '', '', '', 0, 0, NULL, NULL, NULL, 0, 1, NULL, NULL, 0, 0, 0, 3, 3, 0, NULL, NULL, NULL, NULL, 1, NULL, 0, NULL, 0, NULL, NULL, NULL, NULL, NULL, NULL),
(70, 'MADD INFORMATICS SL', 1, NULL, NULL, 0, NULL, '2015-07-20 05:49:28', '2015-07-20 07:53:47', 1, NULL, NULL, NULL, NULL, 'FERRAN D\'ANTEQUERA, 19 BJ.', '08700', 'Igualada', 249, 4, NULL, NULL, NULL, NULL, NULL, NULL, 3, 405, NULL, 'B60665742', '', '', '', '', '', '', 0, 0, NULL, NULL, NULL, 0, 1, NULL, NULL, 0, 0, 0, 3, 3, 0, NULL, NULL, NULL, NULL, 1, NULL, 0, NULL, 0, NULL, NULL, NULL, NULL, NULL, NULL),
(71, 'P C R INFORMATICS SL', 1, NULL, NULL, 0, NULL, '2015-07-20 05:53:47', '2015-07-20 07:58:06', 1, NULL, NULL, NULL, NULL, 'VALLES, 1', '08243', 'Manresa', 249, 4, NULL, NULL, NULL, NULL, NULL, NULL, 3, 405, NULL, 'B59316125', '', '', '', '', '', '', 0, 0, NULL, NULL, NULL, 0, 1, NULL, NULL, 0, 0, 0, 3, 3, 0, NULL, NULL, NULL, NULL, 1, NULL, 0, NULL, 0, NULL, NULL, NULL, NULL, NULL, NULL),
(72, 'THE INFORMATICS PROS SL', 1, NULL, NULL, 0, NULL, '2015-07-20 06:00:04', '2015-07-20 08:04:22', 1, NULL, NULL, NULL, NULL, 'BURRIAC, 15', '08310', 'Argentona', 249, 4, NULL, NULL, NULL, NULL, NULL, NULL, 3, 405, NULL, 'B63923494', '', '', '', '', '', '', 0, 0, NULL, NULL, NULL, 0, 1, NULL, NULL, 0, 0, 0, 3, 3, 0, NULL, NULL, NULL, NULL, 1, NULL, 0, NULL, 0, NULL, NULL, NULL, NULL, NULL, NULL),
(73, 'ALL INFORMATICS EUROPE SL', 1, NULL, NULL, 0, NULL, '2015-07-20 06:11:29', '2015-07-20 08:15:48', 1, NULL, NULL, NULL, NULL, 'GRAN VIA, 13 ESC DE P 5 PTA 3', '08901', 'Hospitalet de Llobregat', 249, 4, NULL, NULL, NULL, NULL, NULL, NULL, 3, 405, NULL, 'B65260234', '', '', '', '', '', '', 0, 0, NULL, NULL, NULL, 0, 1, NULL, NULL, 0, 0, 0, 3, 3, 0, NULL, NULL, NULL, NULL, 1, NULL, 0, NULL, 0, NULL, NULL, NULL, NULL, NULL, NULL),
(74, 'GESPRO INFORMATICS SL', 1, NULL, NULL, 0, NULL, '2015-07-20 06:15:24', '2015-07-20 08:19:42', 1, NULL, NULL, NULL, NULL, 'AVDA DE LA GENERALITAT 27 1 A', NULL, 'Tarrega', 266, 4, NULL, NULL, NULL, NULL, NULL, NULL, 3, 405, NULL, 'B25527276', '', '', '', '', '', '', 0, 0, NULL, NULL, NULL, 0, 1, NULL, NULL, 0, 0, 0, 3, 3, 0, NULL, NULL, NULL, NULL, 1, NULL, 0, NULL, 0, NULL, NULL, NULL, NULL, NULL, NULL),
(75, 'HARDWER INFORMATICS SL', 1, NULL, NULL, 0, NULL, '2015-07-20 06:20:33', '2015-07-20 08:24:52', 1, NULL, NULL, NULL, NULL, 'CAPIXAN PALLARES, 3 B', '46500', 'Sagunt', 287, 4, NULL, NULL, NULL, NULL, NULL, NULL, 3, 405, NULL, 'B97655997', '', '', '', '', '', '', 0, 0, NULL, NULL, NULL, 0, 1, NULL, NULL, 0, 0, 0, 3, 3, 0, NULL, NULL, NULL, NULL, 1, NULL, 0, NULL, 0, NULL, NULL, NULL, NULL, NULL, NULL),
(76, 'ONDA INFORMATICS SL', 1, NULL, NULL, 0, NULL, '2015-07-20 06:25:15', '2015-07-20 08:29:33', 1, NULL, NULL, NULL, NULL, 'MONTENDRE, 44 BJ IZ', '12200', 'Castellón', 253, 4, NULL, NULL, NULL, NULL, NULL, NULL, 3, 405, NULL, 'B12750469', '', '', '', '', '', '', 0, 0, NULL, NULL, NULL, 0, 1, NULL, NULL, 0, 0, 0, 3, 3, 0, NULL, NULL, NULL, NULL, 1, NULL, 0, NULL, 0, NULL, NULL, NULL, NULL, NULL, NULL),
(77, 'BAGUENA INFORMATICS SL', 1, NULL, NULL, 0, NULL, '2015-07-20 07:36:39', '2015-07-20 09:40:57', 1, NULL, NULL, NULL, NULL, 'CL DESCARTES Num.30 P.BJ', NULL, 'Barcelona', 249, 4, NULL, NULL, NULL, NULL, NULL, NULL, 3, 405, NULL, 'B61066635', '', '', '', '', '', '', 0, 0, NULL, NULL, NULL, 0, 1, NULL, NULL, 0, 0, 0, 3, 3, 0, NULL, NULL, NULL, NULL, 1, NULL, 0, NULL, 0, NULL, NULL, NULL, NULL, NULL, NULL),
(78, '3ENRAYA INFORMATICS SL', 1, NULL, NULL, 0, NULL, '2015-07-20 07:39:22', '2015-07-20 09:43:40', 1, NULL, NULL, NULL, NULL, 'MARIA CRISTINA, 13', '08370', 'Calella', 249, 4, NULL, NULL, NULL, NULL, NULL, NULL, 3, 405, NULL, 'B63462683', '', '', '', '', '', '', 0, 0, NULL, NULL, NULL, 0, 1, NULL, NULL, 0, 0, 0, 3, 3, 0, NULL, NULL, NULL, NULL, 1, NULL, 0, NULL, 0, NULL, NULL, NULL, NULL, NULL, NULL),
(79, 'TORRENT INFORMATICS SL', 1, NULL, NULL, 0, NULL, '2015-07-20 07:42:25', '2015-07-20 09:46:43', 1, NULL, NULL, NULL, NULL, 'FRAY ANTONIO PARTES, 7', '46900', 'Torrent', 287, 4, NULL, NULL, NULL, NULL, NULL, NULL, 3, 405, NULL, 'B97634448', '', '', '', '', '', '', 0, 0, NULL, NULL, NULL, 0, 1, NULL, NULL, 0, 0, 0, 3, 3, 0, NULL, NULL, NULL, NULL, 1, NULL, 0, NULL, 0, NULL, NULL, NULL, NULL, NULL, NULL),
(80, 'JOLIS INFORMATICS SL', 1, NULL, NULL, 0, NULL, '2015-07-20 07:45:14', '2015-07-20 09:49:32', 1, NULL, NULL, NULL, NULL, 'DUERO, 68 72 BJ', '08031', 'Barcelona', 249, 4, NULL, NULL, NULL, NULL, NULL, NULL, 3, 405, NULL, 'B61524195', '', '', '', '', '', '', 0, 0, NULL, NULL, NULL, 0, 1, NULL, NULL, 0, 0, 0, 3, 3, 0, NULL, NULL, NULL, NULL, 1, NULL, 0, NULL, 0, NULL, NULL, NULL, NULL, NULL, NULL),
(81, 'INFORMATICS M I B RIPOLL SL', 1, NULL, NULL, 0, NULL, '2015-07-20 07:49:47', '2015-07-20 09:54:05', 1, NULL, NULL, NULL, NULL, 'PROGRES, 44 BJ', '17500', 'Ripoll', 258, 4, NULL, NULL, NULL, NULL, NULL, NULL, 3, 405, NULL, 'B17532466', '', '', '', '', '', '', 0, 0, NULL, NULL, NULL, 0, 1, NULL, NULL, 0, 0, 0, 3, 3, 0, NULL, NULL, NULL, NULL, 1, NULL, 0, NULL, 0, NULL, NULL, NULL, NULL, NULL, NULL),
(82, 'INFORMATICOS A TOPE SL', 1, NULL, NULL, 0, NULL, '2015-07-20 07:59:40', '2015-07-20 10:03:58', 1, NULL, NULL, NULL, NULL, 'PABLO COSO CALERO, 92', '41930', 'Bormujos', 282, 4, NULL, NULL, NULL, NULL, NULL, NULL, 3, 405, NULL, 'B91846667', '', '', '', '', '', '', 0, 0, NULL, NULL, NULL, 0, 1, NULL, NULL, 0, 0, 0, 3, 3, 0, NULL, NULL, NULL, NULL, 1, NULL, 0, NULL, 0, NULL, NULL, NULL, NULL, NULL, NULL),
(83, 'INFORMAX SERVICIOS INFORMATICOS SL', 1, NULL, NULL, 0, NULL, '2015-07-20 08:02:13', '2015-07-20 10:06:31', 1, NULL, NULL, NULL, NULL, 'AERONAUTICA, 10 EDF HELIOS PLT.', '41020', 'Sevilla', 282, 4, NULL, NULL, NULL, NULL, NULL, NULL, 3, 405, NULL, 'B91312116', '', '', '', '', '', '', 0, 0, NULL, NULL, NULL, 0, 1, NULL, NULL, 0, 0, 0, 3, 3, 0, NULL, NULL, NULL, NULL, 1, NULL, 0, NULL, 0, NULL, NULL, NULL, NULL, NULL, NULL),
(84, 'INFORMATICA Q SL', 1, NULL, NULL, 0, NULL, '2015-07-20 10:20:48', '2015-07-20 12:25:07', 1, NULL, NULL, NULL, NULL, 'TOMAS BRETON, 50 52 EDF INDUBUILDING', '28045', 'MADRID', 269, 4, NULL, NULL, NULL, NULL, NULL, NULL, 3, 405, NULL, 'B78795499', '', '', '', '', '', '', 0, 0, NULL, NULL, NULL, 0, 1, NULL, NULL, 0, 0, 0, 3, 3, 0, NULL, NULL, NULL, NULL, 1, NULL, 0, NULL, 0, NULL, NULL, NULL, NULL, NULL, NULL),
(85, 'Emsamar. SL', 1, NULL, NULL, 0, NULL, '2015-07-20 16:12:03', '2015-07-20 18:16:23', 1, NULL, NULL, NULL, NULL, 'Pso. De la Infanta Isabel, 5', NULL, 'Madrid', 269, 4, NULL, NULL, NULL, NULL, NULL, NULL, 3, 405, NULL, 'B81167298', '', '', '', '', '', '', 0, 0, NULL, NULL, NULL, 0, 1, NULL, NULL, 0, 0, 0, 3, 3, 0, NULL, NULL, NULL, NULL, 1, NULL, 0, NULL, 0, NULL, NULL, NULL, NULL, NULL, NULL),
(86, 'Pastificio Service, SL', 1, NULL, NULL, 0, NULL, '2015-07-20 16:32:23', '2015-07-20 18:36:42', 1, NULL, NULL, NULL, NULL, 'CC Diagonal Mar\r\nAv. Diagonal, 3 local 3230', '08019', 'BARCELONA', 249, 4, NULL, NULL, NULL, NULL, NULL, NULL, 3, 405, NULL, 'B25452566', '', '', '', '', '', '', 0, 0, NULL, NULL, NULL, 0, 1, NULL, NULL, 0, 0, 0, 3, 3, 0, NULL, NULL, NULL, NULL, 1, NULL, 0, NULL, 0, NULL, NULL, NULL, NULL, NULL, NULL),
(87, 'Café 365', 1, NULL, NULL, 0, NULL, '2015-07-20 16:39:57', '2015-07-20 18:44:16', 1, NULL, NULL, NULL, NULL, 'C/. Piereta, 49', '08784', 'Piera', 249, 4, NULL, NULL, NULL, NULL, NULL, NULL, 8, NULL, NULL, 'X5599282R', '', '', '', '', '', '', 0, 0, NULL, NULL, NULL, 0, 1, NULL, NULL, 0, 0, 0, 3, 3, 0, NULL, NULL, NULL, NULL, 1, NULL, 0, NULL, 0, NULL, NULL, NULL, NULL, NULL, NULL),
(88, 'SIXT RENT A CAR S.L.', 1, NULL, NULL, 0, NULL, '2015-09-07 09:53:10', '2015-09-07 11:59:34', 1, NULL, NULL, NULL, NULL, 'Carrer del Canal de Sant Jordi 29', '07610', 'Palma de Mallorca', 248, 4, NULL, NULL, NULL, NULL, NULL, NULL, 2, 405, NULL, 'B07947591', '', '', '', '', '', '', 0, 0, NULL, NULL, NULL, 0, 1, NULL, NULL, 0, 0, 0, 3, 3, 0, NULL, NULL, NULL, NULL, 1, NULL, 0, NULL, 0, NULL, NULL, NULL, NULL, NULL, NULL),
(89, 'José Guitart', 1, NULL, NULL, 0, NULL, '2015-09-15 07:22:25', '2015-09-15 09:29:09', 1, NULL, NULL, NULL, NULL, 'Carrer del Garbell 18', '08800', 'Vilanova i la Geltrú', 249, 4, '626226604', NULL, NULL, 'jose.guitart@gmail.com', NULL, NULL, 8, 401, NULL, '52429245D', '', '', '', '', '', '', 0, 0, NULL, NULL, NULL, 0, 1, NULL, NULL, 0, 0, 0, 3, 3, 0, NULL, NULL, NULL, NULL, 1, NULL, 1, NULL, 0, NULL, NULL, NULL, NULL, NULL, NULL),
(90, 'Eptisa Servicios de Ingeniería, S.L.', 1, NULL, NULL, 0, NULL, '2015-10-01 07:50:25', '2015-10-01 09:57:51', 1, NULL, NULL, NULL, NULL, '', NULL, NULL, 269, 4, NULL, NULL, 'www.eptisa.com/es/', 'raul.cuadrado@ti.eptisa.com', NULL, NULL, 3, 405, NULL, 'B85097962', '', '', '', '', '', '', 0, 0, NULL, NULL, NULL, 2, 0, NULL, NULL, 0, 0, 0, 2, 2, 0, NULL, NULL, NULL, NULL, 1, NULL, NULL, NULL, 0, NULL, NULL, NULL, NULL, NULL, NULL),
(91, 'GRUPO GENERALI ESPAÑA, Agrupación de Interés Económico', 1, NULL, NULL, 0, NULL, '2017-04-27 11:58:25', '2015-10-13 09:35:53', 1, '062', NULL, NULL, NULL, 'Calle Orense, 2', '28020', 'Madrid', 269, 4, NULL, NULL, NULL, 'giulia.dinapoli@generali.com', NULL, NULL, 2, 406, NULL, 'V81570335', '', '', '', '', '', '', 0, 0, NULL, NULL, NULL, 1, 0, NULL, NULL, 0, 0, 0, 2, 3, 0, 2, 1, NULL, NULL, 1, NULL, NULL, NULL, 0, NULL, 25000.00000000, NULL, NULL, NULL, NULL),
(92, 'INFORTISA SL', 1, NULL, NULL, 0, NULL, '2015-10-19 13:51:42', '2015-10-19 15:59:54', 1, NULL, NULL, NULL, NULL, 'CALLE DEL POZO, 1', '46115', 'ALFARA DEL PATRIARCA', 287, 4, NULL, NULL, NULL, NULL, NULL, NULL, 0, NULL, NULL, 'B46466421', '', '', '', '', '', '', 0, 0, NULL, NULL, NULL, 0, 1, NULL, NULL, 0, 0, 0, 3, 3, 0, NULL, NULL, NULL, NULL, 1, NULL, 0, NULL, 0, NULL, NULL, NULL, NULL, NULL, NULL),
(93, 'INFOR CRM SOLUTIONS ESPAÑA Y PORTUGAL SL', 1, NULL, NULL, 0, NULL, '2015-10-19 13:57:43', '2015-10-19 16:05:55', 1, NULL, NULL, NULL, NULL, 'CALLE GRACIA, 56', '08007', 'BARCELONA', 249, 4, NULL, NULL, NULL, NULL, NULL, NULL, 0, NULL, NULL, 'B83009464', '', '', '', '', '', '', 0, 0, NULL, NULL, NULL, 0, 1, NULL, NULL, 0, 0, 0, 3, 3, 0, NULL, NULL, NULL, NULL, 1, NULL, 0, NULL, 0, NULL, NULL, NULL, NULL, NULL, NULL),
(94, 'INFORTRON 2007 SL', 1, NULL, NULL, 0, NULL, '2015-10-19 14:05:00', '2015-10-19 16:13:13', 1, NULL, NULL, NULL, NULL, 'CALLE POETA RAFAEL ALBERTI LO, 5 A', '11500', 'PUERTO DE SANTA MARIA', 252, 4, NULL, NULL, NULL, NULL, NULL, NULL, 3, 405, NULL, 'B72013659', '', '', '', '', '', '', 0, 0, NULL, NULL, NULL, 0, 1, NULL, NULL, 0, 0, 0, 3, 3, 0, NULL, NULL, NULL, NULL, 1, NULL, 0, NULL, 0, NULL, NULL, NULL, NULL, NULL, NULL),
(95, 'INFORGROUP 2000 SL', 1, NULL, NULL, 0, NULL, '2015-10-19 14:08:59', '2015-10-19 16:17:11', 1, NULL, NULL, NULL, NULL, 'CALLE PILAR DE ZARAGOZA, 22 PISO 3 DRCH.', '28028', 'MADRID', 269, 4, NULL, NULL, NULL, NULL, NULL, NULL, 3, 405, NULL, 'B80815228', '', '', '', '', '', '', 0, 0, NULL, NULL, NULL, 0, 1, NULL, NULL, 0, 0, 0, 3, 3, 0, NULL, NULL, NULL, NULL, 1, NULL, 0, NULL, 0, NULL, NULL, NULL, NULL, NULL, NULL),
(96, 'INFORMATIC PRIM SL', 1, NULL, NULL, 0, NULL, '2015-10-19 14:58:41', '2015-10-19 17:06:54', 1, NULL, NULL, NULL, NULL, 'CALLE PRIM, 155 PRINCIPAL 2', '08020', 'BARCELONA', 249, 4, NULL, NULL, NULL, NULL, NULL, NULL, 0, NULL, NULL, 'B60698297', '', '', '', '', '', '', 0, 0, NULL, NULL, NULL, 0, 1, NULL, NULL, 0, 0, 0, 3, 3, 0, NULL, NULL, NULL, NULL, 1, NULL, 0, NULL, 0, NULL, NULL, NULL, NULL, NULL, NULL),
(97, 'INFORMATICALIBRE SL', 1, NULL, NULL, 0, NULL, '2015-10-19 15:10:19', '2015-10-19 17:18:32', 1, NULL, NULL, NULL, NULL, 'CALLE PUERTA DE VALENCIA, 10 BJ.', '02002', 'ALBACETE', 243, 4, NULL, NULL, NULL, NULL, NULL, NULL, 0, NULL, NULL, 'B02482396', '', '', '', '', '', '', 0, 0, NULL, NULL, NULL, 0, 1, NULL, NULL, 0, 0, 0, 3, 3, 0, NULL, NULL, NULL, NULL, 1, NULL, 0, NULL, 0, NULL, NULL, NULL, NULL, NULL, NULL),
(98, 'INFORPYME MONZON SL', 1, NULL, NULL, 0, NULL, '2015-10-19 15:25:21', '2015-10-19 17:33:33', 1, NULL, NULL, NULL, NULL, 'CARRER SEGRIA, 34', '25006', 'LLEIDA', 266, 4, NULL, NULL, NULL, NULL, NULL, NULL, 0, NULL, NULL, 'B22261861', '', '', '', '', '', '', 0, 0, NULL, NULL, NULL, 0, 1, NULL, NULL, 0, 0, 0, 3, 3, 0, NULL, NULL, NULL, NULL, 1, NULL, 0, NULL, 0, NULL, NULL, NULL, NULL, NULL, NULL),
(99, 'TECH ONUBA SL', 1, NULL, NULL, 0, NULL, '2015-10-19 15:30:36', '2015-10-19 17:38:49', 1, NULL, NULL, NULL, NULL, 'Calle PORTUGAL, 15', '06172', 'TORRE DE MIGUEL SESMERO', 247, 4, NULL, NULL, NULL, NULL, NULL, NULL, 0, NULL, NULL, 'B21425970', '', '', '', '', '', '', 0, 0, NULL, NULL, NULL, 0, 1, NULL, NULL, 0, 0, 0, 3, 3, 0, NULL, NULL, NULL, NULL, 1, NULL, 0, NULL, 0, NULL, NULL, NULL, NULL, NULL, NULL),
(100, 'BITBOX SL', 1, NULL, NULL, 0, NULL, '2015-10-19 15:48:20', '2015-10-19 17:56:33', 1, NULL, NULL, NULL, NULL, 'CALLE PESCADOR, 1 URB SALINETAS', '35219', 'TELDE', 276, 4, NULL, NULL, NULL, NULL, NULL, NULL, 0, NULL, NULL, 'B35790344', '', '', '', '', '', '', 0, 0, NULL, NULL, NULL, 0, 1, NULL, NULL, 0, 0, 0, 3, 3, 0, NULL, NULL, NULL, NULL, 1, NULL, 0, NULL, 0, NULL, NULL, NULL, NULL, NULL, NULL),
(101, 'BIT DENISSE SL', 1, NULL, NULL, 0, NULL, '2015-10-19 15:54:22', '2015-10-19 18:02:35', 1, NULL, NULL, NULL, NULL, 'C/ URANO 9 BAJO A', NULL, 'ALCORCON', 269, 4, NULL, NULL, NULL, NULL, NULL, NULL, 0, NULL, NULL, '', '', '', '', '', '', '', 0, 0, NULL, NULL, NULL, 0, 1, NULL, NULL, 0, 0, 0, 3, 3, 0, NULL, NULL, NULL, NULL, 1, NULL, 0, NULL, 0, NULL, NULL, NULL, NULL, NULL, NULL),
(102, 'BYTE PASS SL', 1, NULL, NULL, 0, NULL, '2015-10-19 16:02:16', '2015-10-19 18:10:29', 1, NULL, NULL, NULL, NULL, 'CARRER OSEP PLA, 2 B 3 PLT 10', '08019', 'BARCELONA', 249, 4, NULL, NULL, NULL, NULL, NULL, NULL, 0, NULL, NULL, 'B65382343', '', '', '', '', '', '', 0, 0, NULL, NULL, NULL, 0, 1, NULL, NULL, 0, 0, 0, 3, 3, 0, NULL, NULL, NULL, NULL, 1, NULL, 0, NULL, 0, NULL, NULL, NULL, NULL, NULL, NULL),
(103, 'BYTE BUSINESS SL', 1, NULL, NULL, 0, NULL, '2015-10-19 16:08:43', '2015-10-19 18:16:56', 1, NULL, NULL, NULL, NULL, 'C/ PAU CASALS 3', NULL, 'GIRONA', 258, 4, NULL, NULL, NULL, NULL, NULL, NULL, 0, NULL, NULL, 'B55195572', '', '', '', '', '', '', 0, 0, NULL, NULL, NULL, 0, 1, NULL, NULL, 0, 0, 0, 3, 3, 0, NULL, NULL, NULL, NULL, 1, NULL, 0, NULL, 0, NULL, NULL, NULL, NULL, NULL, NULL),
(104, 'SOAIN SOFTWARE ASSOCIATES CORPORATION SL', 1, NULL, NULL, 0, NULL, '2015-10-19 16:14:59', '2015-10-19 18:23:12', 1, NULL, NULL, NULL, NULL, 'CALLE ANABEL SEGURA, 11 EDF ALBATROS A', '28108', 'ALCOBENDAS', 269, 4, NULL, NULL, NULL, NULL, NULL, NULL, 0, NULL, NULL, 'B85083400', '', '', '', '', '', '', 0, 0, NULL, NULL, NULL, 0, 1, NULL, NULL, 0, 0, 0, 3, 3, 0, NULL, NULL, NULL, NULL, 1, NULL, 0, NULL, 0, NULL, NULL, NULL, NULL, NULL, NULL),
(105, 'SMARTOBJECTS SOFTWARE SYSTEMS SL', 1, NULL, NULL, 0, NULL, '2015-10-19 16:18:57', '2015-10-19 18:27:10', 1, NULL, NULL, NULL, NULL, 'CALLE PEDRO ALONSO, 2 2 C', '28043', 'MADRID', 269, 4, NULL, NULL, NULL, NULL, NULL, NULL, 0, NULL, NULL, 'B85764942', '', '', '', '', '', '', 0, 0, NULL, NULL, NULL, 0, 1, NULL, NULL, 0, 0, 0, 3, 3, 0, NULL, NULL, NULL, NULL, 1, NULL, 0, NULL, 0, NULL, NULL, NULL, NULL, NULL, NULL),
(106, 'GESTION DE PUNTOS DE VENTA GESPEVESA SA', 1, NULL, NULL, 0, NULL, '2015-10-20 09:20:54', '2015-10-20 11:29:08', 1, NULL, NULL, NULL, NULL, 'PASEO DE LA CASTELLANA, 257 1 IZQD.', '28046', 'MADRID', 269, 4, NULL, NULL, NULL, NULL, NULL, NULL, 3, 406, NULL, 'A81931214', '', '', '', '', '', '', 0, 0, NULL, NULL, NULL, 0, 1, NULL, NULL, 0, 0, 0, 3, 3, 0, NULL, NULL, NULL, NULL, 1, NULL, 0, NULL, 0, NULL, NULL, NULL, NULL, NULL, NULL),
(107, 'LUJO IBERICO ALIMENTACION SL', 1, NULL, NULL, 0, NULL, '2015-10-20 09:54:12', '2015-10-20 12:02:26', 1, NULL, NULL, NULL, NULL, 'Carrer Riera Baixa, 40', '08208', 'Sabadell', 249, 4, NULL, NULL, NULL, NULL, NULL, NULL, 0, NULL, NULL, 'B64430333', '', '', '', '', '', '', 0, 0, NULL, NULL, NULL, 0, 1, NULL, NULL, 0, 0, 0, 3, 3, 0, NULL, NULL, NULL, NULL, 1, NULL, 0, NULL, 0, NULL, NULL, NULL, NULL, NULL, NULL),
(108, 'Restaurante Mykasa', 1, NULL, NULL, 0, NULL, '2015-10-20 09:58:17', '2015-10-20 12:06:32', 1, NULL, NULL, NULL, NULL, 'Calle Pujades, 350 Local 1', '08019', 'Barcelona', 249, 4, NULL, NULL, NULL, NULL, NULL, NULL, 3, NULL, NULL, 'J63927495', '', '', '', '', '', '', 0, 0, NULL, NULL, NULL, 0, 1, NULL, NULL, 0, 0, 0, 3, 3, 0, NULL, NULL, NULL, NULL, 1, NULL, 0, NULL, 0, NULL, NULL, NULL, NULL, NULL, NULL),
(109, 'CARBURANTES NAVAS SA', 1, NULL, NULL, 0, NULL, '2015-10-20 10:04:49', '2015-10-20 12:13:04', 1, NULL, NULL, NULL, NULL, 'Ctra. BARCELONA, s/n KM 331', '50016', 'ZARAGOZA', 291, 4, NULL, NULL, NULL, NULL, NULL, NULL, 0, NULL, NULL, 'A50341973', '', '', '', '', '', '', 0, 0, NULL, NULL, NULL, 0, 1, NULL, NULL, 0, 0, 0, 3, 3, 0, NULL, NULL, NULL, NULL, 1, NULL, 0, NULL, 0, NULL, NULL, NULL, NULL, NULL, NULL),
(110, 'Material Oficina - Varios', 1, NULL, NULL, 0, NULL, '2015-10-20 10:28:31', '2015-10-20 12:36:45', 1, NULL, NULL, NULL, NULL, '', NULL, NULL, 0, 4, NULL, NULL, NULL, NULL, NULL, NULL, 0, NULL, NULL, '', '', '', '', '', '', '', 0, 0, NULL, NULL, NULL, 0, 1, NULL, NULL, 0, 0, 0, 3, 3, 0, NULL, NULL, NULL, NULL, 1, NULL, 0, NULL, 0, NULL, NULL, NULL, NULL, NULL, NULL),
(111, 'Dietas', 1, NULL, NULL, 0, NULL, '2015-10-20 13:12:23', '2015-10-20 15:20:38', 1, NULL, NULL, NULL, NULL, '', NULL, NULL, 0, 4, NULL, NULL, NULL, NULL, NULL, NULL, 0, NULL, NULL, '', '', '', '', '', '', '', 0, 0, NULL, NULL, NULL, 0, 1, NULL, NULL, 0, 0, 0, 3, 3, 0, NULL, NULL, NULL, NULL, 1, NULL, 0, NULL, 0, NULL, NULL, NULL, NULL, NULL, NULL),
(112, 'Parking', 1, NULL, NULL, 0, NULL, '2015-10-20 13:12:48', '2015-10-20 15:21:03', 1, NULL, NULL, NULL, NULL, '', NULL, NULL, 0, 4, NULL, NULL, NULL, NULL, NULL, NULL, 0, NULL, NULL, '', '', '', '', '', '', '', 0, 0, NULL, NULL, NULL, 0, 1, NULL, NULL, 0, 0, 0, 3, 3, 0, NULL, NULL, NULL, NULL, 1, NULL, 0, NULL, 0, NULL, NULL, NULL, NULL, NULL, NULL),
(113, 'YHERLA, S.L.', 1, NULL, NULL, 0, NULL, '2015-11-18 10:37:58', '2015-11-18 11:45:14', 1, '118', NULL, NULL, NULL, 'Paseo les Massies, 11', '08780', 'Pallejà', 249, 4, '639353070', NULL, NULL, 'jordi@yherla.cat', NULL, NULL, 3, 405, NULL, 'B60517984', '', '', '', '', '', '', 0, 0, NULL, NULL, NULL, 1, 0, NULL, NULL, 0, 0, 0, 3, 3, 0, 3, 1, NULL, NULL, 1, NULL, 0, NULL, 0, NULL, NULL, NULL, NULL, NULL, NULL),
(117, 'Outservico Utilities Services, S.L.', 1, NULL, NULL, 0, NULL, '2016-12-01 15:30:29', '2015-12-16 21:41:00', 0, NULL, NULL, NULL, NULL, 'CALLE ALBASANZ, 61', '28037', 'MADRID', 269, 4, '913756771', '915041942', 'www.outservico.net', 'a.hernandez@outservico.net', NULL, NULL, 3, 405, NULL, 'B85417202', '', '3514', '', '', '', '', 0, 0, NULL, NULL, NULL, 1, 0, NULL, NULL, 0, 0, 0, 3, 2, 0, 3, 1, NULL, NULL, 1, NULL, NULL, NULL, 0, NULL, NULL, NULL, NULL, NULL, NULL),
(118, 'MIGUEL ANGEL FERRER MEDINA', 1, NULL, NULL, 0, NULL, '2015-12-24 10:54:08', '2015-12-24 12:05:09', 1, '123', NULL, NULL, NULL, 'BOLIVIA 9', '28016', 'Madrid', 269, 4, '615197963', NULL, 'www.pescadosmiguel.com', 'peska30@hotmail.com', NULL, NULL, 8, 401, NULL, '47019489Z', '', '', '', '', '', '', 0, 0, NULL, NULL, NULL, 1, 0, NULL, NULL, 0, 0, 0, 3, 3, 0, NULL, NULL, NULL, NULL, 1, NULL, 0, NULL, 0, NULL, NULL, NULL, NULL, NULL, NULL),
(119, 'Marcil, SA', 1, NULL, NULL, 0, NULL, '2016-01-29 10:16:54', '2016-01-29 11:29:24', 1, NULL, NULL, NULL, NULL, 'Johann Sebastian Bach, 24', '08021', 'Barcelona', 249, 4, NULL, NULL, NULL, NULL, NULL, NULL, 3, 406, NULL, 'A08510364', '', '', '', '', '', '', 0, 0, NULL, NULL, NULL, 0, 1, NULL, NULL, 0, 0, 0, 3, 3, 0, NULL, NULL, NULL, NULL, 1, NULL, 0, NULL, 0, NULL, NULL, NULL, NULL, NULL, NULL),
(120, 'BYTE UP SL', 1, NULL, NULL, 0, NULL, '2016-01-30 23:43:01', '2016-01-31 00:55:35', 1, NULL, NULL, NULL, NULL, 'Cl Entenca Num.74', '08015', 'Barcelona', 249, 4, NULL, NULL, NULL, NULL, NULL, NULL, 3, 405, NULL, 'B66499294', '', '', '', '', '', '', 0, 0, NULL, NULL, NULL, 0, 1, NULL, NULL, 0, 0, 0, 3, 3, 0, NULL, NULL, NULL, NULL, 1, NULL, 0, NULL, 0, NULL, NULL, NULL, NULL, NULL, NULL),
(121, 'BYTE ARMY SL', 1, NULL, NULL, 0, NULL, '2016-01-30 23:58:40', '2016-01-31 01:11:14', 1, NULL, NULL, NULL, NULL, 'PEZ, 12 PLT BJ OFC 3', '28004', 'Madrid', 269, 4, NULL, NULL, NULL, NULL, NULL, NULL, 3, 405, NULL, 'B85399376', '', '', '', '', '', '', 0, 0, NULL, NULL, NULL, 0, 1, NULL, NULL, 0, 0, 0, 3, 3, 0, NULL, NULL, NULL, NULL, 1, NULL, 0, NULL, 0, NULL, NULL, NULL, NULL, NULL, NULL);
INSERT INTO `b65362949_societe` (`rowid`, `nom`, `entity`, `ref_ext`, `ref_int`, `statut`, `parent`, `tms`, `datec`, `status`, `code_client`, `code_fournisseur`, `code_compta`, `code_compta_fournisseur`, `address`, `zip`, `town`, `fk_departement`, `fk_pays`, `phone`, `fax`, `url`, `email`, `skype`, `fk_effectif`, `fk_typent`, `fk_forme_juridique`, `fk_currency`, `siren`, `siret`, `ape`, `idprof4`, `idprof5`, `idprof6`, `tva_intra`, `capital`, `fk_stcomm`, `note_private`, `note_public`, `prefix_comm`, `client`, `fournisseur`, `supplier_account`, `fk_prospectlevel`, `customer_bad`, `customer_rate`, `supplier_rate`, `fk_user_creat`, `fk_user_modif`, `remise_client`, `mode_reglement`, `cond_reglement`, `mode_reglement_supplier`, `cond_reglement_supplier`, `tva_assuj`, `localtax1_assuj`, `localtax2_assuj`, `barcode`, `fk_barcode_type`, `price_level`, `outstanding_limit`, `default_lang`, `logo`, `canvas`, `import_key`) VALUES
(122, 'BYTE LLEDO SL', 1, NULL, NULL, 0, NULL, '2016-01-31 00:09:38', '2016-01-31 01:22:13', 1, NULL, NULL, NULL, NULL, 'Avgda Pais Valencia, 9', '03580', 'Alfas del Pi', 244, 4, NULL, NULL, NULL, NULL, NULL, NULL, 3, 405, NULL, 'B53723532', '', '', '', '', '', '', 0, 0, NULL, NULL, NULL, 0, 1, NULL, NULL, 0, 0, 0, 3, 3, 0, NULL, NULL, NULL, NULL, 1, NULL, 0, NULL, 0, NULL, NULL, NULL, NULL, NULL, NULL),
(123, 'BYTEPIX SL', 1, NULL, NULL, 0, NULL, '2016-01-31 00:27:46', '2016-01-31 01:40:21', 1, NULL, NULL, NULL, NULL, 'C/ CLARA DEL REY 27 1º D', NULL, 'Madrid', 269, 4, NULL, NULL, NULL, NULL, NULL, NULL, 3, 405, NULL, 'B86468204', '', '', '', '', '', '', 0, 0, NULL, NULL, NULL, 0, 1, NULL, NULL, 0, 0, 0, 3, 3, 0, NULL, NULL, NULL, NULL, 1, NULL, 0, NULL, 0, NULL, NULL, NULL, NULL, NULL, NULL),
(124, 'BYTE DEALER SL', 1, NULL, NULL, 0, NULL, '2016-01-31 00:50:19', '2016-01-31 02:02:53', 1, NULL, NULL, NULL, NULL, 'C/ GOMEZ TEJEDOR, 11', '28223', 'Pozuelo de Alarcón', 269, 4, NULL, NULL, NULL, NULL, NULL, NULL, 3, 405, NULL, 'B87297230', '', '', '', '', '', '', 0, 0, NULL, NULL, NULL, 0, 1, NULL, NULL, 0, 0, 0, 3, 3, 0, NULL, NULL, NULL, NULL, 1, NULL, 0, NULL, 0, NULL, NULL, NULL, NULL, NULL, NULL),
(125, 'BYTE 4 GAMES SL', 1, NULL, NULL, 0, NULL, '2016-01-31 00:59:26', '2016-01-31 02:12:00', 1, NULL, NULL, NULL, NULL, 'AVDA PERIS Y VALERO 166', '46006', 'Valencia', 287, 4, NULL, NULL, NULL, NULL, NULL, NULL, 3, 405, NULL, 'B98715691', '', '', '', '', '', '', 0, 0, NULL, NULL, NULL, 0, 1, NULL, NULL, 0, 0, 0, 3, 3, 0, NULL, NULL, NULL, NULL, 1, NULL, 0, NULL, 0, NULL, NULL, NULL, NULL, NULL, NULL),
(126, 'BYTE DESIGNING SL', 1, NULL, NULL, 0, NULL, '2016-01-31 01:09:42', '2016-01-31 02:22:16', 1, NULL, NULL, NULL, NULL, 'C/ SAN JUAN DE LA CRUZ, Nº 2', '28223', 'Pozuelo de Alarcón', 269, 4, NULL, NULL, NULL, NULL, NULL, NULL, 3, 405, NULL, 'B86779477', '', '', '', '', '', '', 0, 0, NULL, NULL, NULL, 0, 1, NULL, NULL, 0, 0, 0, 3, 3, 0, NULL, NULL, NULL, NULL, 1, NULL, 0, NULL, 0, NULL, NULL, NULL, NULL, NULL, NULL),
(127, 'BYTE REVOLUTION SL', 1, NULL, NULL, 0, NULL, '2016-01-31 01:26:21', '2016-01-31 02:38:55', 1, NULL, NULL, NULL, NULL, 'C/ SECUNDINO ZUAZO 4 Ptl.2 1º H', NULL, 'Boadilla del Monte', 269, 4, NULL, NULL, NULL, NULL, NULL, NULL, 3, 405, NULL, 'B84553668', '', '', '', '', '', '', 0, 0, NULL, NULL, NULL, 0, 1, NULL, NULL, 0, 0, 0, 3, 3, 0, NULL, NULL, NULL, NULL, 1, NULL, 0, NULL, 0, NULL, NULL, NULL, NULL, NULL, NULL),
(128, 'SOFT PAR SL', 1, NULL, NULL, 0, NULL, '2016-01-31 01:52:10', '2016-01-31 03:04:44', 1, NULL, NULL, NULL, NULL, 'Calle Neopatria 87', '08030', 'Barcelona', 249, 4, NULL, NULL, NULL, NULL, NULL, NULL, 3, 405, NULL, 'B08920282', '', '', '', '', '', '', 0, 0, NULL, NULL, NULL, 0, 1, NULL, NULL, 0, 0, 0, 3, 3, 0, NULL, NULL, NULL, NULL, 1, NULL, 0, NULL, 0, NULL, NULL, NULL, NULL, NULL, NULL),
(129, 'SOFT SUR SL', 1, NULL, NULL, 0, NULL, '2016-01-31 09:31:40', '2016-01-31 10:44:16', 1, NULL, NULL, NULL, NULL, 'PINTOR BORRASSA, 75 P BA', '08205', 'Sabadell', 249, 4, NULL, NULL, NULL, NULL, NULL, NULL, 3, 405, NULL, 'B30553150', '', '', '', '', '', '', 0, 0, NULL, NULL, NULL, 0, 1, NULL, NULL, 0, 0, 0, 3, 3, 0, NULL, NULL, NULL, NULL, 1, NULL, 0, NULL, 0, NULL, NULL, NULL, NULL, NULL, NULL),
(130, 'SOFT TRUE SL', 1, NULL, NULL, 0, NULL, '2016-01-31 09:36:01', '2016-01-31 10:48:36', 1, NULL, NULL, NULL, NULL, 'MEDITERRANI, 56', '25241', 'Golmes', 266, 4, NULL, NULL, NULL, NULL, NULL, NULL, 3, 405, NULL, 'B25694951', '', '', '', '', '', '', 0, 0, NULL, NULL, NULL, 0, 1, NULL, NULL, 0, 0, 0, 3, 3, 0, NULL, NULL, NULL, NULL, 1, NULL, 0, NULL, 0, NULL, NULL, NULL, NULL, NULL, NULL),
(131, 'SOFT ASTUR SL', 1, NULL, NULL, 0, NULL, '2016-01-31 09:41:11', '2016-01-31 10:53:47', 1, NULL, NULL, NULL, NULL, 'JOSE CUETO, 34 2 DRCH', '33401', 'Aviles', 274, 4, NULL, NULL, NULL, NULL, NULL, NULL, 3, 405, NULL, 'B33317876', '', '', '', '', '', '', 0, 0, NULL, NULL, NULL, 0, 1, NULL, NULL, 0, 0, 0, 3, 3, 0, NULL, NULL, NULL, NULL, 1, NULL, 0, NULL, 0, NULL, NULL, NULL, NULL, NULL, NULL),
(132, 'SOFTGAR SL', 1, NULL, NULL, 0, NULL, '2016-01-31 09:46:09', '2016-01-31 10:58:45', 1, NULL, NULL, NULL, NULL, 'CARCAIXENT, 1', '03112', 'Alicante', 244, 4, NULL, NULL, NULL, NULL, NULL, NULL, 3, 405, NULL, 'B53914636', '', '', '', '', '', '', 0, 0, NULL, NULL, NULL, 0, 1, NULL, NULL, 0, 0, 0, 3, 3, 0, NULL, NULL, NULL, NULL, 1, NULL, 0, NULL, 0, NULL, NULL, NULL, NULL, NULL, NULL),
(133, 'SOFTENG SL', 1, NULL, NULL, 0, NULL, '2016-01-31 09:48:49', '2016-01-31 11:01:25', 1, NULL, NULL, NULL, NULL, 'PAU CLARIS, 162', '08037', 'Barcelona', 249, 4, NULL, NULL, NULL, NULL, NULL, NULL, 3, 405, NULL, 'B61279980', '', '', '', '', '', '', 0, 0, NULL, NULL, NULL, 0, 1, NULL, NULL, 0, 0, 0, 3, 3, 0, NULL, NULL, NULL, NULL, 1, NULL, 0, NULL, 0, NULL, NULL, NULL, NULL, NULL, NULL),
(134, 'SOFTTRON SA', 1, NULL, NULL, 0, NULL, '2016-01-31 09:53:02', '2016-01-31 11:05:37', 1, NULL, NULL, NULL, NULL, 'GAZTAMBIDE, 62', NULL, 'Madrid', 269, 4, NULL, NULL, NULL, NULL, NULL, NULL, 3, 406, NULL, 'A78854940', '', '', '', '', '', '', 0, 0, NULL, NULL, NULL, 0, 1, NULL, NULL, 0, 0, 0, 3, 3, 0, NULL, NULL, NULL, NULL, 1, NULL, 0, NULL, 0, NULL, NULL, NULL, NULL, NULL, NULL),
(135, 'SOFT CATALUNYA SL', 1, NULL, NULL, 0, NULL, '2016-01-31 09:56:11', '2016-01-31 11:08:46', 1, NULL, NULL, NULL, NULL, 'CABALLERO, 48', '08014', 'Barcelona', 249, 4, NULL, NULL, NULL, NULL, NULL, NULL, 3, 405, NULL, 'B60645405', '', '', '', '', '', '', 0, 0, NULL, NULL, NULL, 0, 1, NULL, NULL, 0, 0, 0, 3, 3, 0, NULL, NULL, NULL, NULL, 1, NULL, 0, NULL, 0, NULL, NULL, NULL, NULL, NULL, NULL),
(136, 'MICRO II SL', 1, NULL, NULL, 0, NULL, '2016-01-31 10:01:11', '2016-01-31 11:13:46', 1, NULL, NULL, NULL, NULL, 'SAN PABLO, 59', '03012', 'Alicante', 244, 4, NULL, NULL, NULL, NULL, NULL, NULL, 3, 405, NULL, 'B03168010', '', '', '', '', '', '', 0, 0, NULL, NULL, NULL, 0, 1, NULL, NULL, 0, 0, 0, 3, 3, 0, NULL, NULL, NULL, NULL, 1, NULL, 0, NULL, 0, NULL, NULL, NULL, NULL, NULL, NULL),
(137, 'MICRO GATE SL', 1, NULL, NULL, 0, NULL, '2016-01-31 10:04:32', '2016-01-31 11:17:08', 1, NULL, NULL, NULL, NULL, 'MARAGALL, 19', '08027', 'Barcelona', 249, 4, NULL, NULL, NULL, NULL, NULL, NULL, 3, 405, NULL, 'B61954442', '', '', '', '', '', '', 0, 0, NULL, NULL, NULL, 0, 1, NULL, NULL, 0, 0, 0, 3, 3, 0, NULL, NULL, NULL, NULL, 1, NULL, 0, NULL, 0, NULL, NULL, NULL, NULL, NULL, NULL),
(138, 'ACENS TECHNOLOGIES SL', 1, NULL, NULL, 0, NULL, '2016-01-31 10:25:27', '2016-01-31 11:38:02', 1, NULL, NULL, NULL, NULL, 'C/ San Rafael 14', '28108', 'ALCOBENDAS', 269, 4, NULL, NULL, NULL, NULL, NULL, NULL, 3, 405, NULL, 'B8494873', '', '', '', '', '', '', 0, 0, NULL, NULL, NULL, 0, 1, NULL, NULL, 0, 0, 0, 3, 3, 0, NULL, NULL, NULL, NULL, 1, NULL, 0, NULL, 0, NULL, NULL, NULL, NULL, NULL, NULL),
(139, 'Eptisa Tecnologías de la Información, S.A.', 1, NULL, NULL, 0, NULL, '2016-02-03 16:15:39', '2016-02-02 09:29:39', 1, NULL, NULL, NULL, NULL, 'Calle Emilio Muñoz, 35-37', '28037', 'Madrid', 269, 4, '915949500', '902011530', 'www.eptisa.es', 'raul.cuadrado@ti.eptisa.com', NULL, NULL, 2, 406, NULL, 'A79851341', '', '', '', '', '', '', 0, 0, NULL, NULL, NULL, 1, 1, NULL, NULL, 0, 0, 0, 3, 3, 0, NULL, NULL, 7, NULL, 1, NULL, 0, NULL, 0, NULL, NULL, NULL, NULL, NULL, NULL),
(140, 'DATAWAREHOUSE', 1, NULL, NULL, 0, NULL, '2016-02-04 18:26:32', '2016-02-04 19:39:19', 1, NULL, NULL, NULL, NULL, 'DATAWAREHOUSE', '08019', 'Barcelona', 249, 4, NULL, NULL, NULL, NULL, NULL, NULL, 0, NULL, NULL, '', '', '', '', '', '', '', 0, 0, NULL, NULL, NULL, 1, 1, NULL, NULL, 0, 0, 0, 3, 3, 0, NULL, NULL, NULL, NULL, 1, NULL, 0, NULL, 0, NULL, NULL, NULL, NULL, NULL, NULL),
(141, 'Transportes', 1, NULL, NULL, 0, NULL, '2016-02-05 10:07:24', '2016-02-05 11:20:12', 1, NULL, NULL, NULL, NULL, '', NULL, NULL, 0, 4, NULL, NULL, NULL, NULL, NULL, NULL, 0, NULL, NULL, '', '', '', '', '', '', '', 0, 0, NULL, NULL, NULL, 0, 1, NULL, NULL, 0, 0, 0, 3, 3, 0, NULL, NULL, NULL, NULL, 1, NULL, 0, NULL, 0, NULL, NULL, NULL, NULL, NULL, NULL),
(143, 'Pau González Albiñana', 1, NULL, NULL, 0, NULL, '2016-03-14 17:59:34', '2016-03-14 19:13:39', 1, NULL, NULL, NULL, NULL, 'C/ Josep Carner 24', '08233', 'Vacarisses', 249, 4, NULL, NULL, NULL, NULL, NULL, NULL, 8, 401, NULL, '45644168R', '', '', '', '', '', '', 0, 0, NULL, NULL, NULL, 0, 1, NULL, NULL, 0, 0, 0, 3, 3, 0, NULL, NULL, 2, 1, 1, NULL, 1, NULL, 0, NULL, NULL, NULL, NULL, NULL, NULL),
(144, 'ASSESSORIA CATAFAL, S.L.', 1, NULL, NULL, 0, NULL, '2016-04-13 09:46:00', '2016-04-13 12:00:20', 1, NULL, NULL, NULL, NULL, 'CL BAC DE RODA 176 EN', '08020', 'Barcelona', 249, 4, '932661074', '932661633', NULL, NULL, NULL, NULL, 3, 405, NULL, 'B61511614', '', '', '', '', '', '', 0, 0, NULL, NULL, NULL, 0, 1, NULL, NULL, 0, 0, 0, 3, 3, 0, NULL, NULL, NULL, NULL, 1, NULL, 0, NULL, 0, NULL, NULL, NULL, NULL, NULL, NULL),
(145, 'ADAMO TELECOM IBERIA S.A,', 1, NULL, NULL, 0, NULL, '2016-04-13 10:06:42', '2016-04-13 12:21:02', 1, NULL, NULL, NULL, NULL, 'C/ LLACUNA, 22', '08005,', 'Barcelona', 249, 4, NULL, NULL, NULL, NULL, NULL, NULL, 2, 406, NULL, 'A65232357', '', '', '', '', '', '', 0, 0, NULL, NULL, NULL, 0, 1, NULL, NULL, 0, 0, 0, 3, 3, 0, NULL, NULL, NULL, NULL, 1, NULL, 0, NULL, 0, NULL, NULL, NULL, NULL, NULL, NULL),
(146, 'IKEA IBERICA, S.A.', 1, NULL, NULL, 0, NULL, '2016-04-13 12:38:22', '2016-04-13 14:52:43', 1, NULL, NULL, NULL, NULL, 'AV. MATAPIÑONERA, 9', '28703', 'San Sebastián de los Reyes', 269, 4, NULL, NULL, NULL, NULL, NULL, NULL, 2, 406, NULL, 'A28812618', '', '', '', '', '', '', 0, 0, NULL, NULL, NULL, 0, 1, NULL, NULL, 0, 0, 0, 3, 3, 0, NULL, NULL, NULL, NULL, 1, NULL, 0, NULL, 0, NULL, NULL, NULL, NULL, NULL, NULL),
(147, 'Proksa Asesores inmobiliarios, S.L.', 1, NULL, NULL, 0, NULL, '2016-09-28 17:28:02', '2016-04-25 06:48:55', 0, '146', NULL, NULL, NULL, 'Rambla de Sant Sebastià , 71', '08921', 'Santa Coloma de Gramanet', 249, 4, '934686007', NULL, 'www.proksa.es', 'p.breton@proksa.es', NULL, NULL, 3, 405, NULL, 'B66576604', '', '', '', '', '', '', 0, 0, NULL, NULL, NULL, 1, 0, NULL, NULL, 0, 0, 0, 2, 2, 0, NULL, NULL, NULL, NULL, 1, NULL, NULL, NULL, 0, NULL, NULL, NULL, NULL, NULL, NULL),
(148, 'COMBUSTIBLE', 1, NULL, NULL, 0, NULL, '2016-05-12 09:49:40', '2016-05-12 12:03:24', 1, NULL, NULL, NULL, NULL, '', NULL, NULL, 0, 4, NULL, NULL, NULL, NULL, NULL, NULL, 0, NULL, NULL, '', '', '', '', '', '', '', 0, 0, NULL, NULL, NULL, 0, 1, NULL, NULL, 0, 0, 0, 3, 3, 0, NULL, NULL, NULL, NULL, 1, NULL, 0, NULL, 0, NULL, NULL, NULL, NULL, NULL, NULL),
(149, 'Time Logistic S.L.', 1, NULL, NULL, 0, NULL, '2016-12-01 15:22:24', '2016-05-20 10:21:23', 0, '147', NULL, NULL, NULL, 'C/ Duran I Jorda, 6-8', '08960', 'Sant Just Desvern', 249, 4, NULL, NULL, NULL, 'jariza@festina.com', NULL, NULL, 2, 405, NULL, 'B61756490', '', '', '', '', '', '', 0, 0, NULL, NULL, NULL, 1, 0, NULL, NULL, 0, 0, 0, 2, 2, 0, NULL, NULL, NULL, NULL, 1, NULL, NULL, NULL, 0, NULL, NULL, NULL, NULL, NULL, NULL),
(150, 'Daniel Rodríguez Prieto', 1, NULL, NULL, 0, NULL, '2016-10-28 04:13:07', '2016-06-29 10:38:28', 1, NULL, NULL, NULL, NULL, 'Francesc Ferrer i Guardia, 2D Int. 6-3', '08100', 'Mollet del Valles, España', 249, 4, '649693995', NULL, NULL, 'dani.rodriguez@idaliza.com', NULL, NULL, 8, 401, NULL, '46654792M', '', '', '', '', '', '', 0, 0, NULL, NULL, NULL, 2, 1, NULL, NULL, 0, 0, 0, 3, 2, 0, NULL, NULL, NULL, NULL, 1, NULL, 0, NULL, 0, NULL, NULL, NULL, NULL, NULL, NULL),
(151, 'VIAJES EL CORTE INGLÉS, S.A.', 1, NULL, NULL, 0, NULL, '2016-07-11 17:08:44', '2016-07-11 19:25:00', 1, NULL, NULL, NULL, NULL, 'Hermosilla, 112', '28009', 'Madrid', 269, 4, NULL, NULL, NULL, NULL, NULL, NULL, 2, 406, NULL, 'A2822981', '', '', '', '', '', '', 0, 0, NULL, NULL, NULL, 0, 1, NULL, NULL, 0, 0, 0, 3, 3, 0, NULL, NULL, NULL, NULL, 1, NULL, 0, NULL, 0, NULL, NULL, NULL, NULL, NULL, NULL),
(152, 'Peaje', 1, NULL, NULL, 0, NULL, '2016-07-12 16:26:27', '2016-07-12 18:42:46', 1, NULL, NULL, NULL, NULL, '', NULL, NULL, 0, 4, NULL, NULL, NULL, NULL, NULL, NULL, 0, NULL, NULL, '', '', '', '', '', '', '', 0, 0, NULL, NULL, NULL, 0, 1, NULL, NULL, 0, 0, 0, 3, 3, 0, NULL, NULL, NULL, NULL, 1, NULL, 0, NULL, 0, NULL, NULL, NULL, NULL, NULL, NULL),
(153, 'Dell Computer', 1, NULL, NULL, 0, NULL, '2016-07-13 11:05:10', '2016-07-13 13:21:30', 1, NULL, NULL, NULL, NULL, 'c/Basauri 17', '28023', 'Madrid', 269, 4, NULL, NULL, NULL, NULL, NULL, NULL, 2, 406, NULL, 'N0012622G', '', '', '', '', '', '', 0, 0, NULL, NULL, NULL, 0, 1, NULL, NULL, 0, 0, 0, 3, 3, 0, NULL, NULL, NULL, NULL, 1, NULL, 0, NULL, 0, NULL, NULL, NULL, NULL, NULL, NULL),
(154, 'Festina Lotus S.A.', 1, NULL, NULL, 0, NULL, '2016-12-01 15:22:59', '2016-08-01 23:53:55', 0, NULL, NULL, NULL, NULL, 'C/ VELAZQUEZ 150 3-1', '28002', 'Madrid', 269, 4, NULL, NULL, NULL, 'jariza@festina.com', NULL, NULL, 2, 406, NULL, 'A08663684', '', '', '', '', '', '', 0, 0, NULL, NULL, NULL, 1, 0, NULL, NULL, 0, 0, 0, 2, 2, 0, NULL, NULL, NULL, NULL, 1, NULL, NULL, NULL, 0, NULL, NULL, NULL, NULL, NULL, NULL),
(155, 'FNAC', 1, NULL, NULL, 0, NULL, '2016-08-16 12:25:53', '2016-08-16 14:43:37', 1, NULL, NULL, NULL, NULL, 'Paseo de la Finca, 11, 2ª planta', '28223', 'Pozuelo de Alarcón', 269, 4, NULL, NULL, NULL, NULL, NULL, NULL, 2, 406, NULL, 'A80500200', '', '', '', '', '', '', 0, 0, NULL, NULL, NULL, 0, 1, NULL, NULL, 0, 0, 0, 3, 3, 0, NULL, NULL, NULL, NULL, 1, NULL, 0, NULL, 0, NULL, NULL, NULL, NULL, NULL, NULL),
(156, 'Carrefour', 1, NULL, NULL, 0, NULL, '2016-08-16 13:03:39', '2016-08-16 15:21:23', 1, NULL, NULL, NULL, NULL, 'Calle Llacuna, 155', '08018', 'Barcelona', 249, 4, NULL, NULL, NULL, NULL, NULL, NULL, 2, 406, NULL, 'A28425270', '', '', '', '', '', '', 0, 0, NULL, NULL, NULL, 0, 1, NULL, NULL, 0, 0, 0, 3, 3, 0, NULL, NULL, NULL, NULL, 1, NULL, 0, NULL, 0, NULL, NULL, NULL, NULL, NULL, NULL),
(157, 'Silvia Tormo', 1, NULL, NULL, 0, NULL, '2016-08-31 11:10:04', '2016-08-31 13:18:44', 1, NULL, NULL, NULL, NULL, 'Pius xii 23 1-2', '08901', 'Cornellà de Llobregat', 249, 4, '660130211', NULL, NULL, 'silvia.tormo@gmail.com', NULL, NULL, 8, NULL, NULL, '47611935A', '', '', '', '', '', '', 0, 0, NULL, NULL, NULL, 0, 1, NULL, NULL, 0, 0, 0, 3, 3, 0, NULL, NULL, 2, 1, 1, NULL, 1, NULL, 0, NULL, NULL, NULL, NULL, NULL, NULL),
(158, 'RECANVIS MARTORELL', 1, NULL, NULL, 0, NULL, '2016-10-09 19:16:48', '2016-10-09 21:36:44', 1, NULL, NULL, NULL, NULL, 'Ctra. de Piera, 4', '08760', 'Martorell', 249, 4, NULL, NULL, NULL, NULL, NULL, NULL, 3, 405, NULL, 'B60408010', '', '', '', '', '', '', 0, 0, NULL, NULL, NULL, 0, 1, NULL, NULL, 0, 0, 0, 3, 3, 0, NULL, NULL, NULL, NULL, 1, NULL, 0, NULL, 0, NULL, NULL, NULL, NULL, NULL, NULL),
(159, 'Anovo Ibérica Madrid, SL', 1, NULL, NULL, 0, NULL, '2018-06-20 10:13:43', '2016-11-02 08:35:18', 1, '012', NULL, NULL, NULL, 'Isla de la Palma 32 Nave 15-16', '28703', 'San Sebastián de los Reyes', 269, 4, NULL, NULL, NULL, 'jjmarcos@anovo.com', NULL, NULL, 3, 405, NULL, 'B82479197', '', '', '', '', '', '', 0, 0, NULL, NULL, NULL, 1, 0, NULL, NULL, 0, 0, 0, 2, 3, 0, NULL, 1, NULL, NULL, 1, NULL, NULL, NULL, 0, NULL, 2500.00000000, NULL, 'logo-new.gif', NULL, NULL),
(160, 'GEHOZAS, SL Hotel Madrid Las Rozas', 1, NULL, NULL, 0, NULL, '2016-11-23 15:30:23', '2016-11-23 16:52:08', 1, NULL, NULL, NULL, NULL, 'Crta. A Coruña (NVI) km 22,5', '28230', 'Las Rozas', 269, 4, NULL, NULL, NULL, NULL, NULL, NULL, 2, 405, NULL, 'B84079649', '', '', '', '', '', '', 0, 0, NULL, NULL, NULL, 0, 1, NULL, NULL, 0, 0, 0, 3, 3, 0, NULL, NULL, NULL, NULL, 1, NULL, 0, NULL, 0, NULL, NULL, NULL, NULL, NULL, NULL),
(161, 'Awan Sport Europa S.L.', 1, NULL, NULL, 0, NULL, '2017-11-06 11:52:26', '2016-11-23 19:22:55', 0, NULL, NULL, NULL, NULL, 'C/ Modena, 30', '28230', 'Las Rozas', 269, 4, NULL, NULL, NULL, NULL, NULL, NULL, 0, NULL, NULL, '', '', '', '', '', '', '', 0, 0, NULL, NULL, NULL, 2, 0, NULL, NULL, 0, 0, 0, 2, 2, 0, NULL, NULL, NULL, NULL, 1, NULL, NULL, NULL, 0, NULL, NULL, NULL, NULL, NULL, NULL),
(162, 'AECSA APARCAMIENTOS ESTELA CASANOVAS S.L.', 1, NULL, NULL, 0, NULL, '2016-11-24 14:30:46', '2016-11-24 15:52:33', 1, NULL, NULL, NULL, NULL, 'Dr. August Pi i Sunyer 3 Local 2', '08034', 'Barcelona', 249, 4, NULL, NULL, NULL, NULL, NULL, NULL, 3, 405, NULL, 'B58630286', '', '', '', '', '', '', 0, 0, NULL, NULL, NULL, 0, 1, NULL, NULL, 0, 0, 0, 3, 3, 0, NULL, NULL, NULL, NULL, 1, NULL, 0, NULL, 0, NULL, NULL, NULL, NULL, NULL, NULL),
(163, 'DAVID BEA RUIZ', 1, NULL, NULL, 0, NULL, '2016-11-24 20:09:30', '2016-11-24 21:31:18', 1, NULL, NULL, NULL, NULL, 'Camí de Can Llonc, 46', '08184', 'Palau-Solità i Plegamans', 249, 4, NULL, NULL, NULL, NULL, NULL, NULL, 8, 401, NULL, '43443441Y', '', '', '', '', '', '', 0, 0, NULL, NULL, NULL, 0, 1, NULL, NULL, 0, 0, 0, 3, 3, 0, NULL, NULL, NULL, NULL, 1, NULL, 1, NULL, 0, NULL, NULL, NULL, NULL, NULL, NULL),
(164, 'FNMT - Fábrica Nacional de Moneda y Timbre', 1, NULL, NULL, 0, NULL, '2016-12-02 20:09:29', '2016-12-02 21:29:36', 1, NULL, NULL, NULL, NULL, 'C/ Jorge Juan, 106', '28009', 'Madrid', 269, 4, NULL, NULL, NULL, NULL, NULL, NULL, 5, NULL, NULL, 'Q2826004J', '', '', '', '', '', '', 0, 0, NULL, NULL, NULL, 0, 1, NULL, NULL, 0, 0, 0, 3, 3, 0, NULL, NULL, NULL, NULL, 1, NULL, 0, NULL, 0, NULL, NULL, NULL, NULL, NULL, NULL),
(165, 'Juan Carlos Alonso Álvarez', 1, NULL, NULL, 0, NULL, '2016-12-16 12:21:48', '2016-12-16 13:44:26', 1, NULL, NULL, NULL, NULL, 'Av. Diagonal, 117', '08005', 'Barcelona', 249, 4, NULL, NULL, NULL, NULL, NULL, NULL, 8, 401, NULL, '35549354W', '', '', '', '', '', '', 0, 0, NULL, NULL, NULL, 0, 1, NULL, NULL, 0, 0, 0, 3, 3, 0, NULL, NULL, NULL, NULL, 1, NULL, 1, NULL, 0, NULL, NULL, NULL, NULL, NULL, NULL),
(166, 'Eulalia Garriga Mas - Ukkotrade', 1, NULL, NULL, 0, NULL, '2017-02-14 15:37:17', '2016-12-27 11:54:52', 1, NULL, NULL, NULL, NULL, 'Déu i Mata 156 6-1', '08029', 'Barcelona', 249, 4, NULL, NULL, NULL, NULL, NULL, NULL, 8, NULL, NULL, '46131208Q', '', '', '', '', '', '', 0, 0, NULL, NULL, NULL, 1, 0, NULL, NULL, 0, 0, 0, 3, 3, 0, NULL, NULL, NULL, NULL, 1, NULL, NULL, NULL, 0, NULL, NULL, NULL, NULL, NULL, NULL),
(167, 'Endesa', 1, NULL, NULL, 0, NULL, '2017-01-09 10:44:32', '2017-01-09 12:07:53', 1, NULL, NULL, NULL, NULL, 'Ribera del Loira, 60', '28042', 'Madrid', 269, 4, NULL, NULL, NULL, NULL, NULL, NULL, 2, 406, NULL, 'A81948077', '', '', '', '', '', '', 0, 0, NULL, NULL, NULL, 0, 1, NULL, NULL, 0, 0, 0, 3, 3, 0, NULL, NULL, NULL, NULL, 1, NULL, 0, NULL, 0, NULL, NULL, NULL, NULL, NULL, NULL),
(168, 'Media Markt Getafe', 1, NULL, NULL, 0, NULL, '2017-01-10 13:20:40', '2017-01-10 14:44:04', 1, NULL, NULL, NULL, NULL, 'Río Guadalquivir, 13\r\nCC Nassica', '28906', 'Getafe', 269, 4, NULL, NULL, NULL, NULL, NULL, NULL, 2, 406, NULL, 'A62348305', '', '', '', '', '', '', 0, 0, NULL, NULL, NULL, 0, 1, NULL, NULL, 0, 0, 0, 3, 3, 0, NULL, NULL, NULL, NULL, 1, NULL, 0, NULL, 0, NULL, NULL, NULL, NULL, NULL, NULL),
(169, 'Aeromodelo, SL', 1, NULL, NULL, 0, NULL, '2017-01-16 12:33:40', '2017-01-16 13:57:19', 1, NULL, NULL, NULL, NULL, 'Hilarión Eslava, 64', '28015', 'Madrid', 269, 4, NULL, NULL, NULL, NULL, NULL, NULL, 3, 405, NULL, 'B80597545', '', '', '', '', '', '', 0, 0, NULL, NULL, NULL, 0, 1, NULL, NULL, 0, 0, 0, 3, 3, 0, NULL, NULL, NULL, NULL, 1, NULL, 0, NULL, 0, NULL, NULL, NULL, NULL, NULL, NULL),
(170, 'MAPFRE ESPAÑA, COMPAÑIA DE SEGUROS Y REASEGUROS SA', 1, NULL, NULL, 0, NULL, '2017-01-23 11:19:20', '2017-01-23 12:41:13', 1, NULL, NULL, NULL, NULL, 'CARRETERA DE POZUELO (M-515), 50', '28222', 'MAJADAHONDA', 269, 4, NULL, NULL, NULL, NULL, NULL, NULL, 2, 406, NULL, 'A28141935', '', '6512', '', '', '', '', 0, 0, NULL, NULL, NULL, 0, 1, NULL, NULL, 0, 0, 0, 3, 3, 0, NULL, NULL, NULL, NULL, 0, NULL, 0, NULL, 0, NULL, NULL, NULL, NULL, NULL, NULL),
(171, 'Apple Distribution International', 1, NULL, NULL, 0, NULL, '2017-01-23 16:26:47', '2017-01-23 17:50:44', 1, NULL, NULL, NULL, NULL, 'Hollyhill Industrial Estate', NULL, NULL, 0, 4, NULL, NULL, NULL, NULL, NULL, NULL, 2, NULL, NULL, 'N0072469J', '', '', '', '', '', '', 0, 0, NULL, NULL, NULL, 0, 1, NULL, NULL, 0, 0, 0, 3, 3, 0, NULL, NULL, NULL, NULL, 1, NULL, 0, NULL, 0, NULL, NULL, NULL, NULL, NULL, NULL),
(172, 'Banco de Sabadell, S.A.', 1, NULL, NULL, 0, NULL, '2017-02-15 16:29:10', '2017-02-15 17:54:07', 1, NULL, NULL, NULL, NULL, 'Pl. de Sant Roc, 20', '08205', 'Sabadell', 249, 4, NULL, NULL, NULL, NULL, NULL, NULL, 2, 406, NULL, 'A08000143', '', '', '', '', '', '', 0, 0, NULL, NULL, NULL, 0, 1, NULL, NULL, 0, 0, 0, 3, 3, 0, NULL, NULL, NULL, NULL, 1, NULL, 0, NULL, 0, NULL, NULL, NULL, NULL, NULL, NULL),
(174, 'Precintia Internacional, S.A.', 1, NULL, NULL, 0, NULL, '2017-09-28 13:17:04', '2017-03-19 08:30:27', 1, NULL, NULL, NULL, NULL, 'c/ Vic, 26-28', '08120', 'La Llagosta', 249, 4, NULL, NULL, NULL, 'jaime.baucells@precintia.com', NULL, NULL, 3, 406, NULL, 'A08843252', '', '2229', '', '', '', '', 2542230, 0, NULL, NULL, NULL, 1, 0, NULL, NULL, 0, 0, 0, 2, 3, 0, NULL, NULL, NULL, NULL, 1, NULL, NULL, NULL, 0, NULL, NULL, NULL, NULL, NULL, NULL),
(175, 'Meridiana Courier, SL - MRW', 1, NULL, NULL, 0, NULL, '2017-03-21 17:50:18', '2017-03-21 19:15:53', 1, NULL, NULL, NULL, NULL, '', '08018', 'Barcelona', 249, 4, NULL, NULL, NULL, NULL, NULL, NULL, 3, 405, NULL, 'B60450319', '', '', '', '', '', '', 0, 0, NULL, NULL, NULL, 0, 1, NULL, NULL, 0, 0, 0, 3, 3, 0, NULL, NULL, NULL, NULL, 1, NULL, 0, NULL, 0, NULL, NULL, NULL, NULL, NULL, NULL),
(176, 'Paradores de Turismo de España, SME, SA', 1, NULL, NULL, 0, NULL, '2017-03-23 09:13:35', '2017-03-23 10:39:14', 1, NULL, NULL, NULL, NULL, 'José Abascal, 2-4, planta 6', '28003', 'Madrid', 269, 4, NULL, NULL, NULL, NULL, NULL, NULL, 2, 406, NULL, 'A79855201', '', '', '', '', '', '', 0, 0, NULL, NULL, NULL, 0, 1, NULL, NULL, 0, 0, 0, 3, 3, 0, NULL, NULL, NULL, NULL, 1, NULL, 0, NULL, 0, NULL, NULL, NULL, NULL, NULL, NULL),
(177, 'Siemens (Cornella)', 1, NULL, NULL, 0, NULL, '2018-02-27 16:41:01', '2017-04-05 11:02:13', 1, NULL, NULL, NULL, NULL, '', NULL, NULL, 0, 4, NULL, NULL, NULL, NULL, NULL, NULL, 0, NULL, NULL, '', '', '', '', '', '', '', 0, 0, NULL, NULL, NULL, 1, 0, NULL, NULL, 0, 0, 0, 2, 2, 0, NULL, NULL, NULL, NULL, 1, NULL, NULL, NULL, 0, NULL, NULL, NULL, NULL, NULL, NULL),
(178, 'REINPE BAIX LLOBREGAT, SL', 1, NULL, NULL, 0, NULL, '2017-04-19 13:34:18', '2017-04-19 15:52:26', 1, '0150', NULL, NULL, NULL, 'C/ FRANCESC SANTACANA, 5', '08760', 'Martorell', 249, 4, '937735151', NULL, 'www.reinpe.cat', 'sat@reinpe.cat', NULL, 3, 3, 405, NULL, 'B59093211', '', '', '', '', '', '', 0, 0, NULL, NULL, NULL, 1, 1, NULL, NULL, 0, 0, 0, 3, 3, 0, 3, 2, NULL, NULL, 1, NULL, 0, NULL, 0, NULL, 1000.00000000, NULL, NULL, NULL, NULL),
(179, 'Gema E Santiago Garrido', 1, NULL, NULL, 0, NULL, '2017-05-16 09:16:26', '2017-05-16 11:05:35', 1, NULL, NULL, NULL, NULL, 'Ernest Lluch 21 2 2', '08904', 'Hospitalet de Llobregat', 249, 4, '652811977', NULL, 'www.divinossabores.com', 'gemaesantiago@gmail.com', NULL, NULL, 8, 401, NULL, '46733781N', '', '', '', '', '', '', 0, 0, NULL, NULL, NULL, 1, 0, NULL, NULL, 0, 0, 0, 3, 3, 0, NULL, NULL, NULL, NULL, 1, NULL, NULL, NULL, 0, NULL, NULL, NULL, NULL, NULL, NULL),
(180, 'Anticipa', 1, NULL, NULL, 0, NULL, '2018-03-02 08:30:33', '2017-05-28 13:40:57', 0, NULL, NULL, NULL, NULL, '', NULL, NULL, 0, 4, NULL, NULL, NULL, NULL, NULL, NULL, 0, NULL, NULL, '', '', '', '', '', '', '', 0, 0, NULL, NULL, NULL, 2, 0, NULL, NULL, 0, 0, 0, 2, 2, 0, NULL, NULL, NULL, NULL, 1, NULL, NULL, NULL, 0, NULL, NULL, NULL, NULL, NULL, NULL),
(181, 'Neopost', 1, NULL, NULL, 0, NULL, '2017-06-17 06:11:47', '2017-06-17 08:41:06', 1, NULL, NULL, NULL, NULL, '', NULL, NULL, 0, 4, NULL, NULL, NULL, NULL, NULL, NULL, 0, NULL, NULL, '', '', '', '', '', '', '', 0, 0, NULL, NULL, NULL, 3, 1, NULL, NULL, 0, 0, 0, 2, 2, 0, NULL, NULL, NULL, NULL, 1, NULL, 0, NULL, 0, NULL, NULL, NULL, NULL, NULL, NULL),
(183, 'Serlotor, SL', 1, NULL, NULL, 0, NULL, '2017-06-20 09:04:11', '2017-06-20 11:30:34', 1, NULL, NULL, NULL, NULL, 'C/ Miquel Servet 13\r\nPol.ind Sesrovires', '08635', 'Sant Esteve de Sesrrovires', 249, 4, NULL, NULL, NULL, 'esther.casado@serlotor.com', NULL, NULL, 3, 405, NULL, 'B65739278', '', '', '', '', '', '', 0, 0, NULL, NULL, NULL, 1, 0, NULL, NULL, 0, 0, 0, 3, 3, 0, NULL, 2, NULL, NULL, 1, NULL, 0, NULL, 0, NULL, NULL, NULL, NULL, NULL, NULL),
(184, 'Hotel Izán Trujillo', 1, NULL, NULL, 0, NULL, '2017-07-11 10:36:20', '2017-07-11 13:06:16', 1, NULL, NULL, NULL, NULL, 'Plaza del Campillo, 1', '10200', 'Trujillo', 251, 4, NULL, NULL, NULL, NULL, NULL, NULL, 0, NULL, NULL, 'B82811571', '', '', '', '', '', '', 0, 0, NULL, NULL, NULL, 0, 1, NULL, NULL, 0, 0, 0, 3, 3, 0, NULL, NULL, NULL, NULL, 1, NULL, 0, NULL, 0, NULL, NULL, NULL, NULL, NULL, NULL),
(185, 'AYUNTAMIENTO BARCELONA', 1, NULL, NULL, 0, NULL, '2017-07-11 13:13:52', '2017-07-11 15:44:13', 1, NULL, NULL, NULL, NULL, '', NULL, NULL, 0, 4, NULL, NULL, NULL, NULL, NULL, NULL, 0, NULL, NULL, '', '', '', '', '', '', '', 0, 0, NULL, NULL, NULL, 0, 1, NULL, NULL, 0, 0, 0, 3, 3, 0, NULL, NULL, NULL, NULL, 1, NULL, 0, NULL, 0, NULL, NULL, NULL, NULL, NULL, NULL),
(186, 'Hotel Cristina', 1, NULL, NULL, 0, NULL, '2017-07-11 13:48:59', '2017-07-11 16:19:19', 1, NULL, NULL, NULL, NULL, '', NULL, NULL, 0, 4, NULL, NULL, NULL, NULL, NULL, NULL, 0, NULL, NULL, 'A78312469', '', '', '', '', '', '', 0, 0, NULL, NULL, NULL, 0, 1, NULL, NULL, 0, 0, 0, 3, 3, 0, NULL, NULL, NULL, NULL, 1, NULL, 0, NULL, 0, NULL, NULL, NULL, NULL, NULL, NULL),
(187, 'Hotel Ciudad de Cordoba', 1, NULL, NULL, 0, NULL, '2017-07-11 13:53:02', '2017-07-11 16:23:23', 1, NULL, NULL, NULL, NULL, '', NULL, NULL, 0, 4, NULL, NULL, NULL, NULL, NULL, NULL, 0, NULL, NULL, 'B14532147', '', '', '', '', '', '', 0, 0, NULL, NULL, NULL, 0, 1, NULL, NULL, 0, 0, 0, 3, 3, 0, NULL, NULL, NULL, NULL, 1, NULL, 0, NULL, 0, NULL, NULL, NULL, NULL, NULL, NULL),
(188, 'Jamón Jarote, SL', 1, NULL, NULL, 0, NULL, '2017-07-12 13:52:28', '2017-07-12 16:22:51', 1, NULL, NULL, NULL, NULL, 'Av. del Matadero, 40', '14440', 'Villanueva de Córdoba', 255, 4, NULL, NULL, NULL, NULL, NULL, NULL, 3, 405, NULL, 'B14320733', '', '', '', '', '', '', 0, 0, NULL, NULL, NULL, 0, 1, NULL, NULL, 0, 0, 0, 3, 3, 0, NULL, NULL, NULL, NULL, 1, NULL, 0, NULL, 0, NULL, NULL, NULL, NULL, NULL, NULL),
(189, 'Castmay-Francisco Castillo Mayén', 1, NULL, NULL, 0, NULL, '2017-07-13 12:41:43', '2017-07-13 15:12:08', 1, NULL, NULL, NULL, NULL, 'C/Fuenteobejuna, nº21', '14005', 'Córdoba,', 255, 4, NULL, NULL, NULL, NULL, NULL, NULL, 0, 401, NULL, '44352851L', '', '', '', '', '', '', 0, 0, NULL, NULL, NULL, 0, 1, NULL, NULL, 0, 0, 0, 3, 3, 0, NULL, NULL, NULL, NULL, 1, NULL, 0, NULL, 0, NULL, NULL, NULL, NULL, NULL, NULL),
(190, 'Plastic Omnium Automotive España S.A.', 1, NULL, NULL, 0, NULL, '2017-11-24 14:24:34', '2017-11-24 15:47:42', 1, NULL, NULL, NULL, NULL, '', NULL, NULL, 0, 4, NULL, NULL, NULL, NULL, NULL, NULL, 0, NULL, NULL, '', '', '', '', '', '', '', 0, 0, NULL, NULL, NULL, 2, 0, NULL, NULL, 0, 0, 0, 2, 2, 0, NULL, NULL, NULL, NULL, 1, NULL, NULL, NULL, 0, NULL, NULL, NULL, NULL, NULL, NULL),
(191, 'MATTIELLO VENETO S.L.', 1, NULL, NULL, 0, NULL, '2017-11-29 09:55:31', '2017-11-29 11:18:51', 1, '152', NULL, NULL, NULL, 'C/Joaquim Blume 7', '08205', 'Sabadell', 249, 4, NULL, NULL, NULL, 'administracion@mattielloveneto.es', NULL, NULL, 3, 405, NULL, 'B66836909', '', '', '', '', '', '', 0, 0, NULL, NULL, NULL, 1, 0, NULL, NULL, 0, 0, 0, 3, 3, 0, NULL, NULL, NULL, NULL, 1, NULL, 0, NULL, 0, NULL, NULL, NULL, NULL, NULL, NULL),
(192, 'Nova Fincas', 1, NULL, NULL, 0, NULL, '2017-12-14 09:36:08', '2017-12-14 11:00:04', 1, NULL, NULL, NULL, NULL, '', NULL, NULL, 0, 4, NULL, NULL, NULL, NULL, NULL, NULL, 0, NULL, NULL, '', '', '', '', '', '', '', 0, 0, NULL, NULL, NULL, 3, 1, NULL, NULL, 0, 0, 0, 2, 2, 0, NULL, NULL, NULL, NULL, 1, NULL, 0, NULL, 0, NULL, NULL, NULL, NULL, NULL, NULL),
(193, 'Xavier Figueras Peñalver', 1, NULL, NULL, 0, NULL, '2017-12-27 16:08:38', '2017-12-27 15:19:26', 1, NULL, NULL, NULL, NULL, 'Ronda Ponent, 64', '08781', 'Els Hostalets de Pierola', 249, 4, NULL, NULL, NULL, 'inmalolo67@gmail.com', NULL, NULL, 0, NULL, NULL, '36564390W', '', '', '', '', '', '', 0, 0, NULL, NULL, NULL, 1, 0, NULL, NULL, 0, 0, 0, 3, 3, 0, NULL, NULL, NULL, NULL, 1, NULL, NULL, NULL, 0, NULL, NULL, NULL, NULL, NULL, NULL),
(194, 'Hotel Entredos servicios Hoteleros, SL', 1, NULL, NULL, 0, NULL, '2018-01-23 19:03:03', '2018-01-23 20:28:35', 1, NULL, NULL, NULL, NULL, '', '37770', 'Guijuelo', 278, 4, NULL, NULL, NULL, NULL, NULL, NULL, 3, 405, NULL, 'B37420940', '', '', '', '', '', '', 0, 0, NULL, NULL, NULL, 0, 1, NULL, NULL, 0, 0, 0, 3, 3, 0, NULL, NULL, NULL, NULL, 1, NULL, 0, NULL, 0, NULL, NULL, NULL, NULL, NULL, NULL),
(195, 'José Antonio Camacho  Martínez', 1, NULL, NULL, 0, NULL, '2018-03-01 13:27:23', '2018-02-06 16:05:41', 1, NULL, NULL, NULL, NULL, 'Calle Navarra 67, atico 1', '08401', 'Granollers', 249, 4, '+34652642129', NULL, NULL, 'josecamacho85@gmail.com', NULL, 1, 8, 401, NULL, '47703149E', '', '', '', '', '', '', 0, 0, NULL, NULL, NULL, 0, 1, NULL, NULL, 0, 0, 0, 3, 3, 0, NULL, NULL, 2, 1, 1, NULL, 1, NULL, 0, NULL, NULL, NULL, NULL, NULL, NULL),
(196, 'Copistería TPI', 1, NULL, NULL, 0, NULL, '2018-02-20 11:00:44', '2018-02-20 12:27:21', 1, NULL, NULL, NULL, NULL, 'María Aguiló, 92', '08005', 'Barcelona', 249, 4, NULL, NULL, NULL, NULL, NULL, NULL, 3, 401, NULL, '46758536L', '', '', '', '', '', '', 0, 0, NULL, NULL, NULL, 0, 1, NULL, NULL, 0, 0, 0, 3, 3, 0, NULL, NULL, NULL, NULL, 1, NULL, 0, NULL, 0, NULL, NULL, NULL, NULL, NULL, NULL),
(197, 'Siemens Healthcare S.L.U.', 1, NULL, NULL, 0, NULL, '2018-03-15 13:19:42', '2018-03-15 14:46:59', 1, NULL, NULL, NULL, NULL, 'Avenida Leonardo Da Vinci 15-19', '28906', 'Getafe', 269, 4, NULL, NULL, NULL, NULL, NULL, NULL, 2, 405, NULL, 'B60805769', '', '', '', '', '', '', 0, 0, NULL, NULL, NULL, 1, 0, NULL, NULL, 0, 0, 0, 3, 3, 0, 2, 4, NULL, NULL, 1, NULL, 0, NULL, 0, NULL, NULL, NULL, NULL, NULL, NULL),
(198, 'COSMOS BRUSH SL', 1, NULL, NULL, 0, NULL, '2019-01-18 11:05:25', '2018-03-20 18:10:52', 1, NULL, NULL, NULL, NULL, 'Aragón 383, 9º', '08013', 'Barcelona', 249, 4, NULL, NULL, NULL, 'sergio.s@airesbcn.com', NULL, NULL, 3, 405, NULL, 'B65030363', '', '', '', '', '', '', 0, 0, NULL, NULL, NULL, 1, 0, NULL, NULL, 0, 0, 0, 3, 3, 0, NULL, NULL, NULL, NULL, 1, NULL, NULL, NULL, 0, NULL, NULL, NULL, NULL, NULL, NULL),
(199, 'Repsol Comercial de Productos Petrolíferos, SA', 1, NULL, NULL, 0, NULL, '2018-04-04 14:57:23', '2018-04-04 17:25:41', 1, NULL, NULL, NULL, NULL, 'Méndez Álvaro, 44', '28045', 'MADRID', 269, 4, NULL, NULL, NULL, NULL, NULL, NULL, 0, NULL, NULL, 'A80298839', '', '', '', '', '', '', 0, 0, NULL, NULL, NULL, 0, 1, NULL, NULL, 0, 0, 0, 3, 3, 0, NULL, NULL, NULL, NULL, 1, NULL, 0, NULL, 0, NULL, NULL, NULL, NULL, NULL, NULL),
(200, 'addapta IT Partner S.L.', 1, NULL, NULL, 0, NULL, '2018-07-05 10:34:56', '2018-07-05 13:06:48', 1, NULL, NULL, NULL, NULL, 'Llull, 321', '08019', 'Barcelona', 249, 4, NULL, NULL, 'www.addapta.com', 'adm.facturacion@addapta.com', NULL, NULL, 3, 405, NULL, 'B67182907', '', '', '', '', '', '', 0, 0, NULL, NULL, NULL, 1, 1, NULL, NULL, 0, 0, 0, 3, 3, 0, NULL, NULL, NULL, NULL, 1, NULL, 0, NULL, 0, NULL, NULL, NULL, NULL, NULL, NULL),
(201, 'AB Hotel Arganda', 1, NULL, NULL, 0, NULL, '2018-10-03 14:51:01', '2018-10-03 17:26:20', 1, NULL, NULL, NULL, NULL, 'Avda. Madrid, 47', '28500', 'Arganda del Rey', 269, 4, NULL, NULL, NULL, NULL, NULL, NULL, 3, 405, NULL, 'B84619543', '', '', '', '', '', '', 0, 0, NULL, NULL, NULL, 0, 1, NULL, NULL, 0, 0, 0, 3, 3, 0, NULL, NULL, NULL, NULL, 1, NULL, 0, NULL, 0, NULL, NULL, NULL, NULL, NULL, NULL),
(202, 'Adding Serveis de Gestió, SLU', 1, NULL, NULL, 0, NULL, '2019-01-10 11:54:14', '2019-01-10 12:54:20', 1, NULL, NULL, NULL, NULL, 'Ronda Maiols, 1 Oficina 354', '08192', 'Sant Quirze del Valles', 249, 4, '937252694', NULL, NULL, 'info@adding.cat', NULL, NULL, 3, 405, NULL, 'B66368374', '', '', '', '', '', '', 0, 0, NULL, NULL, NULL, 0, 1, NULL, NULL, 0, 0, 0, 3, 3, 0, NULL, NULL, NULL, NULL, 1, NULL, 0, NULL, 0, NULL, NULL, NULL, NULL, NULL, NULL),
(203, 'Grup LLuçanes 2011', 1, NULL, NULL, 0, NULL, '2019-04-09 07:12:44', '2019-04-09 09:12:55', 1, NULL, NULL, NULL, NULL, 'Carretera Vic, 163 Manresa', '08240', NULL, 249, 4, NULL, NULL, NULL, NULL, NULL, NULL, 3, 405, NULL, 'B6562816', '', '', '', '', '', '', 0, 0, NULL, NULL, NULL, 0, 1, NULL, NULL, 0, 0, 0, 2, 2, 0, NULL, NULL, NULL, NULL, 1, NULL, 0, NULL, 0, NULL, NULL, NULL, NULL, NULL, NULL),
(204, 'NH Hoteles España', 1, NULL, NULL, 0, NULL, '2019-04-09 07:19:24', '2019-04-09 09:19:35', 1, NULL, NULL, NULL, NULL, '', NULL, NULL, 0, 4, NULL, NULL, NULL, NULL, NULL, NULL, 2, 406, NULL, '', '', '', '', '', '', '', 0, 0, NULL, NULL, NULL, 3, 1, NULL, NULL, 0, 0, 0, 2, 2, 0, NULL, NULL, NULL, NULL, 1, NULL, 0, NULL, 0, NULL, NULL, NULL, NULL, NULL, NULL),
(205, 'Hnas. Pedraza villanueva cordoba', 1, NULL, NULL, 0, NULL, '2019-04-09 07:26:11', '2019-04-09 09:26:22', 1, NULL, NULL, NULL, NULL, 'C/ real 4 1izq Villanueva Cordoba', '14440', NULL, 255, 4, NULL, NULL, NULL, NULL, NULL, NULL, 0, NULL, NULL, 'B11484208', '', '', '', '', '', '', 0, 0, NULL, NULL, NULL, 0, 1, NULL, NULL, 0, 0, 0, 2, 2, 0, NULL, NULL, NULL, NULL, 1, NULL, 0, NULL, 0, NULL, NULL, NULL, NULL, NULL, NULL),
(206, 'Alojamiento', 1, NULL, NULL, 0, NULL, '2019-04-09 18:02:50', '2019-04-09 20:03:02', 1, NULL, NULL, NULL, NULL, '', NULL, NULL, 0, 4, NULL, NULL, NULL, NULL, NULL, NULL, 0, NULL, NULL, '', '', '', '', '', '', '', 0, 0, NULL, NULL, NULL, 0, 1, NULL, NULL, 0, 0, 0, 3, 3, 0, NULL, NULL, NULL, NULL, 1, NULL, 0, NULL, 0, NULL, NULL, NULL, NULL, NULL, NULL),
(207, 'AIRESBCN CONSULTING COMPANY, SL', 1, NULL, NULL, 0, NULL, '2020-01-21 11:15:30', '2020-01-21 12:12:22', 1, NULL, NULL, NULL, NULL, 'Calle Marqués de Sentmenat, 63 Bajos Izq.', '08029', 'Barcelona', 249, 4, NULL, NULL, 'www.airesbcn.com', 'sergio.s@airesbcn.com', NULL, NULL, 3, 405, NULL, 'B67497560', '', '', '', '', '', '', 0, 0, NULL, NULL, NULL, 1, 0, NULL, NULL, 0, 0, 0, 3, 3, 0, NULL, NULL, NULL, NULL, 1, NULL, NULL, NULL, 0, NULL, NULL, NULL, NULL, NULL, NULL),
(208, 'SIGLA COMUNICACIÓN S.L.', 1, NULL, NULL, 0, NULL, '2020-02-19 13:08:21', '2020-02-19 14:08:55', 1, NULL, NULL, NULL, NULL, 'C/Ramón y Cajal, 17', '08100', 'Mollet del Valles, España', 249, 4, NULL, NULL, NULL, 'trabal@siglacomunicacion.com', NULL, NULL, 3, 405, NULL, 'B61013579', '', '', '', '', '', '', 0, 0, NULL, NULL, NULL, 3, 0, NULL, NULL, 0, 0, 0, 3, 3, 0, NULL, NULL, NULL, NULL, 1, NULL, 0, NULL, 0, NULL, NULL, NULL, NULL, NULL, NULL),
(209, 'Inmaculada Corpas Aguilera', 1, NULL, NULL, 0, NULL, '2020-04-06 09:25:11', '2020-04-06 11:25:44', 1, NULL, NULL, NULL, NULL, 'Calle Empordá, 61', '08740', 'Sant Andreu de la Barca', 249, 4, '678310121', NULL, NULL, NULL, NULL, NULL, 0, NULL, NULL, '', '', '', '', '', '', '', 0, 0, NULL, NULL, NULL, 3, 0, NULL, NULL, 0, 0, 0, 3, 3, 0, NULL, NULL, NULL, NULL, 1, NULL, 0, NULL, 0, NULL, NULL, NULL, NULL, NULL, NULL),
(210, 'INBOUND COLOURS S.L.', 1, NULL, NULL, 0, NULL, '2021-03-01 20:26:03', '2021-03-01 21:26:03', 1, NULL, NULL, NULL, NULL, 'c/Ramón Turró 203 1er', '08005', 'Barcelona', 249, 4, NULL, NULL, NULL, 'admin@mdi.ci', NULL, NULL, 3, 405, NULL, 'B01743657', '', '', '', '', '', '', 0, 0, NULL, NULL, NULL, 1, 0, NULL, NULL, 0, 0, 0, 3, 3, 0, NULL, NULL, NULL, NULL, 1, NULL, 0, NULL, 0, NULL, NULL, NULL, NULL, NULL, NULL),
(211, 'Daicolorchem, SA', 1, NULL, NULL, 0, NULL, '2021-03-29 09:36:32', '2021-03-29 11:35:24', 1, NULL, NULL, NULL, NULL, 'Pol. Ind. Baix Ebre, 165', '43897', 'Campredó', 284, 4, NULL, NULL, NULL, 'dymbernon@daicolorchem.com', NULL, NULL, 2, 406, NULL, 'A08068017', '', '', '', '', '', '', 0, 0, NULL, NULL, NULL, 1, 0, NULL, NULL, 0, 0, 0, 3, 3, 0, NULL, NULL, NULL, NULL, 1, NULL, NULL, NULL, 0, NULL, NULL, NULL, NULL, NULL, NULL),
(212, 'CONTINENTAL ELECTRICA SA', 1, NULL, NULL, 0, NULL, '2021-04-01 10:26:59', '2021-04-01 12:26:59', 1, NULL, NULL, NULL, NULL, 'Calle Bolivia 218-220,', '08018', 'Barcelona', 249, 4, NULL, NULL, 'www.contielec.es', 'admin@contielec.es', NULL, NULL, 3, 406, NULL, 'A58160904', '', '', '', '', '', '', 0, 0, NULL, NULL, NULL, 1, 0, NULL, NULL, 0, 0, 0, 3, 3, 0, NULL, NULL, NULL, NULL, 1, NULL, 0, NULL, 0, NULL, NULL, NULL, NULL, NULL, NULL),
(213, 'THE COLOURS BOX SL', 1, NULL, NULL, 0, NULL, '2021-11-02 08:12:39', '2021-10-28 18:15:26', 1, NULL, NULL, NULL, NULL, 'Ramón Turró 203 1a planta', '08005', 'Barcelona', 249, 4, NULL, NULL, NULL, 'admin@mdi.ci', NULL, NULL, 0, 405, NULL, 'B64700461', '', '', '', '', '', '', 0, 0, NULL, NULL, NULL, 1, 0, NULL, NULL, 0, 0, 0, 3, 3, 0, NULL, NULL, NULL, NULL, 1, NULL, NULL, NULL, 0, NULL, NULL, NULL, NULL, NULL, NULL),
(214, 'BRAND SALESMAN SL', 1, NULL, NULL, 0, NULL, '2022-09-22 08:10:43', '2022-09-22 10:10:43', 1, NULL, NULL, NULL, NULL, 'Crrer de l\'Avenir 22, Entlo. 1ª', '08021', 'Barcelona', 249, 4, NULL, NULL, NULL, NULL, NULL, NULL, 0, NULL, NULL, '', '', '', '', '', '', '', 0, 0, NULL, NULL, NULL, 2, 0, NULL, NULL, 0, 0, 0, 3, 3, 0, NULL, NULL, NULL, NULL, 1, NULL, 0, NULL, 0, NULL, NULL, NULL, NULL, NULL, NULL),
(215, 'Air Time Telecom SAU', 1, NULL, NULL, 0, NULL, '2024-02-28 13:21:09', '2024-02-28 14:20:36', 1, NULL, NULL, NULL, NULL, 'AVENIDA DE PAU CASALS, 87', '08907', 'Hospitalet de Llobregat', 249, 4, NULL, NULL, NULL, 'iniciativasparets@aaccoomm.com', NULL, NULL, 3, 406, NULL, 'A62078399', '', '', '', '', '', '', 0, 0, NULL, NULL, NULL, 1, 0, NULL, NULL, 0, 0, 0, 3, 3, 0, NULL, NULL, NULL, NULL, 1, NULL, 0, NULL, 0, NULL, NULL, NULL, NULL, NULL, NULL),
(216, 'LAMPISTERIA ILLA SL', 1, NULL, NULL, 0, NULL, '2024-02-28 18:04:56', '2024-02-28 19:04:22', 1, NULL, NULL, NULL, NULL, 'PLAZA MAJOR, 3', '08460', 'SANTA MARIA DE PALAUTORDERA', 249, 4, NULL, NULL, NULL, 'illa@lampisteriailla.cat', NULL, NULL, 0, 405, NULL, '', '', '', '', '', '', '', 0, 0, NULL, NULL, NULL, 1, 0, NULL, NULL, 0, 0, 0, 3, 3, 0, NULL, NULL, NULL, NULL, 1, NULL, 0, NULL, 0, NULL, NULL, NULL, NULL, NULL, NULL);

-- --------------------------------------------------------

--
-- Estructura de tabla para la tabla `b65362949_societe_address`
--

CREATE TABLE `b65362949_societe_address` (
  `rowid` int NOT NULL,
  `datec` datetime DEFAULT NULL,
  `tms` timestamp NOT NULL DEFAULT CURRENT_TIMESTAMP ON UPDATE CURRENT_TIMESTAMP,
  `label` varchar(30) DEFAULT NULL,
  `fk_soc` int DEFAULT '0',
  `name` varchar(60) DEFAULT NULL,
  `address` varchar(255) DEFAULT NULL,
  `zip` varchar(10) DEFAULT NULL,
  `town` varchar(50) DEFAULT NULL,
  `fk_pays` int DEFAULT '0',
  `phone` varchar(20) DEFAULT NULL,
  `fax` varchar(20) DEFAULT NULL,
  `note` text,
  `fk_user_creat` int DEFAULT NULL,
  `fk_user_modif` int DEFAULT NULL
) ENGINE=InnoDB DEFAULT CHARSET=utf8mb3;

-- --------------------------------------------------------

--
-- Estructura de tabla para la tabla `b65362949_societe_commerciaux`
--

CREATE TABLE `b65362949_societe_commerciaux` (
  `rowid` int NOT NULL,
  `fk_soc` int DEFAULT NULL,
  `fk_user` int DEFAULT NULL
) ENGINE=InnoDB DEFAULT CHARSET=utf8mb3;

--
-- Volcado de datos para la tabla `b65362949_societe_commerciaux`
--

INSERT INTO `b65362949_societe_commerciaux` (`rowid`, `fk_soc`, `fk_user`) VALUES
(1, 1, 3),
(2, 2, 3),
(159, 3, 2),
(3, 3, 3),
(4, 4, 3),
(5, 5, 3),
(6, 6, 3),
(7, 7, 3),
(8, 8, 3),
(9, 9, 3),
(10, 10, 3),
(11, 11, 3),
(12, 12, 3),
(13, 13, 3),
(14, 14, 3),
(15, 15, 3),
(16, 16, 3),
(17, 17, 3),
(18, 18, 3),
(19, 19, 3),
(20, 20, 3),
(21, 21, 3),
(22, 22, 3),
(23, 23, 3),
(24, 24, 3),
(25, 25, 3),
(26, 26, 3),
(27, 27, 3),
(28, 28, 3),
(29, 29, 3),
(30, 30, 3),
(31, 31, 3),
(32, 32, 2),
(33, 33, 3),
(34, 34, 3),
(35, 35, 3),
(36, 36, 2),
(37, 37, 3),
(38, 38, 3),
(39, 39, 3),
(40, 40, 3),
(41, 41, 3),
(42, 42, 3),
(43, 43, 3),
(44, 44, 3),
(45, 45, 3),
(46, 46, 3),
(47, 47, 3),
(48, 48, 3),
(49, 49, 3),
(50, 50, 3),
(51, 51, 3),
(52, 52, 2),
(53, 53, 2),
(54, 54, 2),
(55, 55, 2),
(56, 56, 3),
(57, 57, 3),
(58, 58, 3),
(59, 59, 3),
(60, 60, 3),
(61, 61, 3),
(62, 62, 3),
(63, 63, 3),
(64, 64, 3),
(65, 65, 3),
(66, 66, 3),
(67, 67, 3),
(68, 68, 3),
(69, 69, 3),
(70, 70, 3),
(71, 71, 3),
(72, 72, 3),
(73, 73, 3),
(74, 74, 3),
(75, 75, 3),
(76, 76, 3),
(77, 77, 3),
(78, 78, 3),
(79, 79, 3),
(80, 80, 3),
(81, 81, 3),
(82, 82, 3),
(83, 83, 3),
(84, 84, 3),
(85, 85, 3),
(86, 86, 3),
(87, 87, 3),
(88, 88, 3),
(89, 89, 3),
(90, 90, 2),
(91, 91, 2),
(92, 92, 3),
(93, 93, 3),
(94, 94, 3),
(95, 95, 3),
(96, 96, 3),
(97, 97, 3),
(98, 98, 3),
(99, 99, 3),
(100, 100, 3),
(101, 101, 3),
(102, 102, 3),
(103, 103, 3),
(104, 104, 3),
(105, 105, 3),
(106, 106, 3),
(107, 107, 3),
(108, 108, 3),
(109, 109, 3),
(110, 110, 3),
(111, 111, 3),
(112, 112, 3),
(116, 117, 3),
(117, 118, 3),
(118, 119, 3),
(119, 120, 3),
(120, 121, 3),
(121, 122, 3),
(122, 123, 3),
(123, 124, 3),
(124, 125, 3),
(125, 126, 3),
(126, 127, 3),
(127, 128, 3),
(128, 129, 3),
(129, 130, 3),
(130, 131, 3),
(131, 132, 3),
(132, 133, 3),
(133, 134, 3),
(134, 135, 3),
(135, 136, 3),
(136, 137, 3),
(137, 138, 3),
(138, 139, 3),
(139, 140, 3),
(140, 141, 3),
(141, 142, 3),
(142, 143, 3),
(143, 144, 3),
(144, 145, 3),
(145, 146, 3),
(146, 147, 2),
(147, 148, 3),
(148, 149, 2),
(149, 150, 3),
(150, 151, 3),
(151, 152, 3),
(152, 153, 3),
(153, 154, 2),
(154, 155, 3),
(155, 156, 3),
(156, 157, 3),
(157, 158, 3),
(158, 159, 2),
(160, 160, 3),
(161, 161, 2),
(162, 162, 3),
(163, 163, 3),
(164, 164, 3),
(165, 165, 3),
(166, 166, 3),
(167, 173, 2),
(168, 174, 2),
(169, 177, 2),
(170, 180, 2),
(171, 181, 2),
(172, 182, 2),
(173, 184, 3),
(174, 185, 3),
(175, 186, 3),
(176, 187, 3),
(177, 188, 3),
(178, 189, 3),
(179, 190, 2),
(180, 192, 2),
(181, 193, 3),
(182, 194, 3),
(183, 195, 3),
(184, 196, 3),
(185, 199, 3),
(186, 200, 3),
(187, 201, 3),
(188, 202, 3),
(189, 203, 2),
(190, 204, 2),
(191, 205, 2),
(192, 206, 3),
(193, 207, 3),
(194, 208, 3),
(195, 209, 3),
(196, 210, 3),
(197, 211, 3),
(198, 212, 3),
(199, 213, 3),
(200, 214, 3),
(202, 215, 3),
(203, 216, 3);

-- --------------------------------------------------------

--
-- Estructura de tabla para la tabla `b65362949_societe_extrafields`
--

CREATE TABLE `b65362949_societe_extrafields` (
  `rowid` int NOT NULL,
  `tms` timestamp NOT NULL DEFAULT CURRENT_TIMESTAMP ON UPDATE CURRENT_TIMESTAMP,
  `fk_object` int NOT NULL,
  `import_key` varchar(14) DEFAULT NULL
) ENGINE=InnoDB DEFAULT CHARSET=utf8mb3;

-- --------------------------------------------------------

--
-- Estructura de tabla para la tabla `b65362949_societe_log`
--

CREATE TABLE `b65362949_societe_log` (
  `id` int NOT NULL,
  `datel` datetime DEFAULT NULL,
  `fk_soc` int DEFAULT NULL,
  `fk_statut` int DEFAULT NULL,
  `fk_user` int DEFAULT NULL,
  `author` varchar(30) DEFAULT NULL,
  `label` varchar(128) DEFAULT NULL
) ENGINE=InnoDB DEFAULT CHARSET=utf8mb3;

-- --------------------------------------------------------

--
-- Estructura de tabla para la tabla `b65362949_societe_prices`
--

CREATE TABLE `b65362949_societe_prices` (
  `rowid` int NOT NULL,
  `fk_soc` int DEFAULT '0',
  `tms` timestamp NOT NULL DEFAULT CURRENT_TIMESTAMP ON UPDATE CURRENT_TIMESTAMP,
  `datec` datetime DEFAULT NULL,
  `fk_user_author` int DEFAULT NULL,
  `price_level` tinyint DEFAULT '1'
) ENGINE=InnoDB DEFAULT CHARSET=utf8mb3;

-- --------------------------------------------------------

--
-- Estructura de tabla para la tabla `b65362949_societe_remise`
--

CREATE TABLE `b65362949_societe_remise` (
  `rowid` int NOT NULL,
  `fk_soc` int NOT NULL,
  `tms` timestamp NOT NULL DEFAULT CURRENT_TIMESTAMP ON UPDATE CURRENT_TIMESTAMP,
  `datec` datetime DEFAULT NULL,
  `fk_user_author` int DEFAULT NULL,
  `remise_client` double(6,3) NOT NULL DEFAULT '0.000',
  `note` text
) ENGINE=InnoDB DEFAULT CHARSET=utf8mb3;

-- --------------------------------------------------------

--
-- Estructura de tabla para la tabla `b65362949_societe_remise_except`
--

CREATE TABLE `b65362949_societe_remise_except` (
  `rowid` int NOT NULL,
  `fk_soc` int NOT NULL,
  `datec` datetime DEFAULT NULL,
  `amount_ht` double(24,8) NOT NULL,
  `amount_tva` double(24,8) NOT NULL DEFAULT '0.00000000',
  `amount_ttc` double(24,8) NOT NULL DEFAULT '0.00000000',
  `tva_tx` double(6,3) NOT NULL DEFAULT '0.000',
  `fk_user` int NOT NULL,
  `fk_facture_line` int DEFAULT NULL,
  `fk_facture` int DEFAULT NULL,
  `fk_facture_source` int DEFAULT NULL,
  `description` varchar(255) NOT NULL
) ENGINE=InnoDB DEFAULT CHARSET=utf8mb3;

-- --------------------------------------------------------

--
-- Estructura de tabla para la tabla `b65362949_societe_rib`
--

CREATE TABLE `b65362949_societe_rib` (
  `rowid` int NOT NULL,
  `fk_soc` int NOT NULL,
  `datec` datetime DEFAULT NULL,
  `tms` timestamp NOT NULL DEFAULT CURRENT_TIMESTAMP ON UPDATE CURRENT_TIMESTAMP,
  `label` varchar(30) DEFAULT NULL,
  `bank` varchar(255) DEFAULT NULL,
  `code_banque` varchar(7) DEFAULT NULL,
  `code_guichet` varchar(6) DEFAULT NULL,
  `number` varchar(255) DEFAULT NULL,
  `cle_rib` varchar(5) DEFAULT NULL,
  `bic` varchar(20) DEFAULT NULL,
  `iban_prefix` varchar(34) DEFAULT NULL,
  `domiciliation` varchar(255) DEFAULT NULL,
  `proprio` varchar(60) DEFAULT NULL,
  `owner_address` varchar(255) DEFAULT NULL,
  `default_rib` smallint NOT NULL DEFAULT '0',
  `import_key` varchar(14) DEFAULT NULL
) ENGINE=InnoDB DEFAULT CHARSET=utf8mb3;

--
-- Volcado de datos para la tabla `b65362949_societe_rib`
--

INSERT INTO `b65362949_societe_rib` (`rowid`, `fk_soc`, `datec`, `tms`, `label`, `bank`, `code_banque`, `code_guichet`, `number`, `cle_rib`, `bic`, `iban_prefix`, `domiciliation`, `proprio`, `owner_address`, `default_rib`, `import_key`) VALUES
(1, 1, '2015-03-13 11:28:02', '2015-03-13 10:28:45', 'Caixa Sabadell - 8527', 'Caixa Sabadell', '2059', '0240', '0001028527', '54', '', 'ES42 2059 0240 5400 0102 8527', '', 'Isabel Rodríguez Fernández', '', 1, NULL),
(2, 2, '2015-03-14 10:23:54', '2015-03-23 13:53:57', 'Banco Sabadell - 7788', 'Banco Sabadell Atlántico', '0081', '0200', '0001867788', '25', 'BSABESBBXXX', 'ES71 0081 0200 2500 0186 7788', '', 'CSI PARTNER SPAIN, S.L.U.', '', 1, NULL),
(3, 3, '2015-03-14 11:07:41', '2015-03-14 10:07:56', 'La Caixa - 9294', 'Caixabank, S.A.', '2100', '3060', '2201789294', '50', '', 'ES0921003060502201789294', '', 'María Barcelona, S.L.', '', 1, NULL),
(4, 4, '2015-03-14 19:13:06', '2015-03-14 18:15:21', 'Banco Santander - 0785', 'Banco Snatander', '0049 ', '1878 ', '2810320785', '95', '', 'ES25 0049 1878 9528 1032 0785', '', 'Outservico Informática, S.L.', '', 1, NULL),
(5, 12, '2015-03-14 23:05:41', '2015-03-14 22:07:38', 'La Caixa - 8634', 'Caixabank, S.A.', '2100', '0879', '0200398634', '78', '', 'ES17 2100 0879 7802 0039 8634', '', 'DIPTEC CONSULTORS, S.L.', '', 1, NULL),
(6, 13, '2015-03-14 23:47:44', '2015-03-14 22:47:36', 'La Caixa - 0966', 'Caixabank, S.A.', '2100', '3277', '2200240966', '13', '', '', '', 'TIC AND TAG CONSULTORÍA, S.L.', '', 1, NULL),
(7, 17, '2015-03-17 11:47:23', '2015-03-17 10:50:04', 'Banco Sabadell - 6752', 'Banco Sabadell Atlántico', '0081', '0200', '0002476752', '26', '', 'ES63 0081 0200 2600 0247 6752', '', 'Rhenus Shipping S.L	', '', 1, NULL),
(8, 18, '2015-03-17 11:49:55', '2015-03-17 10:49:40', 'Banco Sabadell - 8846', 'Banco Sabadell Atlántico', '0081', '0107', '0001368846', '05', '', 'ES59 0081 0107 0500 0136 8846', '', 'CINC BUSINESS CENTER, S.L.	', '', 1, NULL),
(9, 21, '2015-03-17 11:52:12', '2015-03-17 10:51:57', 'Banco Sabadell - 3652', 'Banco Sabadell Atlántico', '0081', '0020', '0001413652', '19', '', 'ES69 0081 0020 1900 0141 3652', '', 'DINTIC NET WORKERS, S.L.	', '', 1, NULL),
(10, 34, '2015-03-27 17:11:53', '2016-08-31 11:16:35', 'Catalunya-Bank - 2944', 'Catalunya Banc, S.A.', '2013', '0126', '020178 2944', '79', 'CESCESBBXXX', 'ES44 2013 0126 79020178 2944 ', '', 'Sandra Tormo Britapaja', '', 1, NULL),
(11, 35, '2015-04-07 13:17:09', '2015-04-07 11:17:10', 'Banco Sabadell - 7640', 'Banco Sabadell Atlántico', '0081', '0066  ', '0001377640', '61', '', 'ES60 0081  0066  6100  0137 7640', '', 'Egregia Activos, SL', '', 1, NULL),
(12, 56, '2015-06-30 12:35:16', '2015-06-30 10:31:49', 'Bankia - 5551', 'Bankia', '2038  ', '1110  ', '6000485551', '12', '', 'ES30 ', '', 'Dental Mayca S.L.', '', 1, NULL),
(13, 89, '2015-09-15 09:33:19', '2015-09-15 07:26:35', 'Bankinter - 6141', 'Bankinter', '0128', '8700', '010.1866141', '19', '', 'ES37 0128 8700 19 0101866141', '', 'José Guitart', '', 1, NULL),
(14, 113, '2015-11-18 11:53:22', '2019-11-12 10:01:33', 'BBVA - 1193', 'BBVA', '0182', '4890', '0201531193', '04', '', 'ES22 0182 4890 0402 0153 1193', '', '', '', 1, NULL),
(15, 118, '2015-12-24 12:09:23', '2015-12-24 10:58:21', 'Barclays - 4744', 'Barclays', '0065 ', '1183 ', '0001034744', '56 ', '', '', '', '', '', 1, NULL),
(16, 143, '2016-03-14 19:15:36', '2016-03-14 18:02:22', 'BBVA - 3599', 'BBVA', '0182 ', '8176 ', '0201503599', '57 ', '', 'ES1601828176570201503599', '', '', '', 1, NULL),
(17, 157, '2016-08-31 13:30:44', '2016-08-31 11:12:24', 'La Caixa - 8065', 'La Caixa', '2100', '3308', '2200078065', '92', '', 'ES17 2100 3308 9222 0007 8065', '', '', '', 1, NULL),
(18, 163, '2016-11-24 21:36:10', '2016-11-24 20:14:23', 'Banco Sabadell - 0761', 'Banco Sabadell', '0081', '0060', '0001560761', '91', '', 'ES12 0081 0060 9100 0156 0761', '', '', '', 1, NULL),
(19, 26, '2017-03-06 17:33:10', '2017-03-06 16:08:15', 'La Caixa - 4790', 'La Caixa', '2100', '0719', '0200024790', '17', '', 'ES6221000719170200024790', '', '', '', 1, NULL),
(20, 178, '2017-04-19 15:55:13', '2017-04-19 13:28:22', 'BBVA - 2840', 'BBVA', '0182 ', '0234', '0201602840', '64', '', 'ES8701820234640201602840', '', 'REINPE BAIX LLOBREGAT, SL', '', 1, NULL),
(21, 183, '2017-06-20 11:50:56', '2017-06-20 09:30:41', 'BSCH - 4794', 'BSCH', '0049', '1925', '2110074794', '26', '', 'ES7600491925262110074794', '', '', '', 1, NULL),
(22, 5, '2017-09-21 14:15:03', '2017-09-21 11:42:05', '9665', 'Banco Sabadell', '0081', '0060', '0001559665', '91', '', 'ES19 0081 0060 9100 0155 9665', '', 'Supremo Coffee Systems, S.L.	', '', 1, NULL),
(23, 25, '2018-01-30 11:35:31', '2018-01-30 10:10:56', 'Banco Popular - 0742', 'Banco Popular', '0072', '0573', '0000100742', '31', '', 'ES1400720573310000100742', '', '', '', 1, NULL),
(24, 195, '2018-02-06 16:09:22', '2018-02-06 14:43:18', 'La Caixa - 9944', 'La Caixa', '2100', '2904', '0202659944', '06', '', 'ES3921002904060202659944', '', '', '', 1, NULL);

-- --------------------------------------------------------

--
-- Estructura de tabla para la tabla `b65362949_socpeople`
--

CREATE TABLE `b65362949_socpeople` (
  `rowid` int NOT NULL,
  `datec` datetime DEFAULT NULL,
  `tms` timestamp NOT NULL DEFAULT CURRENT_TIMESTAMP ON UPDATE CURRENT_TIMESTAMP,
  `fk_soc` int DEFAULT NULL,
  `entity` int NOT NULL DEFAULT '1',
  `ref_ext` varchar(128) DEFAULT NULL,
  `civilite` varchar(6) DEFAULT NULL,
  `lastname` varchar(50) DEFAULT NULL,
  `firstname` varchar(50) DEFAULT NULL,
  `address` varchar(255) DEFAULT NULL,
  `zip` varchar(25) DEFAULT NULL,
  `town` varchar(255) DEFAULT NULL,
  `fk_departement` int DEFAULT NULL,
  `fk_pays` int DEFAULT '0',
  `birthday` date DEFAULT NULL,
  `poste` varchar(80) DEFAULT NULL,
  `phone` varchar(30) DEFAULT NULL,
  `phone_perso` varchar(30) DEFAULT NULL,
  `phone_mobile` varchar(30) DEFAULT NULL,
  `fax` varchar(30) DEFAULT NULL,
  `email` varchar(255) DEFAULT NULL,
  `jabberid` varchar(255) DEFAULT NULL,
  `skype` varchar(255) DEFAULT NULL,
  `no_email` smallint NOT NULL DEFAULT '0',
  `priv` smallint NOT NULL DEFAULT '0',
  `fk_user_creat` int DEFAULT '0',
  `fk_user_modif` int DEFAULT NULL,
  `note_private` text,
  `note_public` text,
  `default_lang` varchar(6) DEFAULT NULL,
  `canvas` varchar(32) DEFAULT NULL,
  `import_key` varchar(14) DEFAULT NULL,
  `statut` tinyint NOT NULL DEFAULT '1'
) ENGINE=InnoDB DEFAULT CHARSET=utf8mb3;

--
-- Volcado de datos para la tabla `b65362949_socpeople`
--

INSERT INTO `b65362949_socpeople` (`rowid`, `datec`, `tms`, `fk_soc`, `entity`, `ref_ext`, `civilite`, `lastname`, `firstname`, `address`, `zip`, `town`, `fk_departement`, `fk_pays`, `birthday`, `poste`, `phone`, `phone_perso`, `phone_mobile`, `fax`, `email`, `jabberid`, `skype`, `no_email`, `priv`, `fk_user_creat`, `fk_user_modif`, `note_private`, `note_public`, `default_lang`, `canvas`, `import_key`, `statut`) VALUES
(1, '2015-03-12 14:17:28', '2015-03-19 10:41:05', 1, 1, NULL, 'MME', 'Rodríguez Fernández', 'Isabel', 'C/. Sant Josep, 59 Baixos', '08520', 'Les Franqueses del Vallés', 249, 4, NULL, '', '', '', '607404142', '', 'azor-serveis@azor-serveis.com', '', '', 0, 0, 3, 3, '', '', NULL, NULL, NULL, 1),
(3, '2015-03-19 11:24:53', '2015-03-19 11:04:34', 3, 1, NULL, 'MR', 'Font', 'Pau', 'Rambla Catalunya, 135 1º 2ª', '08006', 'Barcelona', 249, 4, NULL, 'Director General', '607414054', '', '', '', 'pfont@mariabarcelona.com', '', '', 0, 0, 2, 2, '', '', NULL, NULL, NULL, 1),
(4, '2015-03-19 11:34:24', '2015-03-19 10:37:46', 7, 1, NULL, 'MR', 'Navarro', 'Andrés', '', '', '', 269, 4, NULL, '', '', '', '', '', 'anavarro@edicionesyestudios.com', '', '', 0, 0, 3, 3, '', '', NULL, NULL, NULL, 1),
(5, '2015-03-19 11:52:13', '2015-03-19 10:51:53', 2, 1, NULL, 'MLE', 'Igea', 'Adoración', '', '', '', 249, 4, NULL, 'Contable', '', '', '', '', 'adoracion.igea@csipartner.es', '', '', 0, 0, 3, 3, '', '', NULL, NULL, NULL, 1),
(6, '2015-03-27 17:08:59', '2015-03-27 16:08:17', 34, 1, NULL, 'MLE', 'Tormo Britapaja', 'Sandra', 'Avda. Fabregada 62 Atico 1º', '08901', 'Hospitalet de Llobregat', 249, 4, NULL, '', '650636553', '', '', '', 'sandra.tormo@addapta.com', '', '', 0, 0, 3, 3, NULL, NULL, NULL, NULL, NULL, 1),
(7, '2015-03-31 15:34:01', '2015-03-31 13:36:36', 22, 1, NULL, 'MR', 'Calderón Bosch', 'Federico', '', '', '', 249, 4, NULL, 'Gestor', '', '', '', '', '', '', '', 0, 0, NULL, 3, '', '', NULL, NULL, NULL, 1),
(8, '2015-04-01 11:28:41', '2015-04-01 09:27:47', 4, 1, NULL, 'MLE', 'Cobos', 'María del Mar', '', '', '', 249, 4, NULL, 'Contable', '', '', '', '', 'm.cobos@outservico.net', '', '', 0, 0, 3, 3, '', '', NULL, NULL, NULL, 1),
(9, '2015-04-01 11:34:40', '2016-02-02 13:28:53', 11, 1, NULL, 'MLE', 'Fernández', 'Ana', '', '', '', 249, 4, NULL, 'Administración', '', '', '', '', 'afernandez@pqd.es', '', '', 0, 0, 3, 3, '', '', NULL, NULL, NULL, 1),
(10, '2015-04-21 11:26:41', '2015-04-21 09:26:16', 3, 1, NULL, '', 'Strems', 'Cristina', '', '', '', NULL, 4, NULL, '', '', '', '', '', 'cestrems@mariabarcelona.com', '', '', 0, 0, 2, 2, '', '', NULL, NULL, NULL, 1),
(11, '2015-04-21 18:05:54', '2015-04-21 16:05:28', 3, 1, NULL, '', 'Marti', 'Patricia', '', '', '', NULL, 4, NULL, '', '', '', '', '', 'pmarti@mariabarcelona.com', '', '', 0, 0, 2, 2, '', '', NULL, NULL, NULL, 1),
(12, '2015-04-23 16:58:39', '2015-04-23 14:58:08', 3, 1, NULL, '', 'Andres', 'Victoria', '', '', '', NULL, 4, NULL, '', '', '', '', '', 'vandres@mariabarcelona.com', '', '', 0, 0, 2, 2, '', '', NULL, NULL, NULL, 1),
(13, '2015-05-06 15:08:46', '2015-05-06 13:07:41', 3, 1, NULL, '', 'Fernandez', 'Arantxa', '', '', '', NULL, 4, NULL, '', '', '', '', '', 'afernandez@mariabarcelona.com', '', '', 0, 0, 2, 2, '', '', NULL, NULL, NULL, 1),
(14, '2015-05-19 20:16:36', '2015-05-19 18:14:57', 53, 1, NULL, 'MR', 'Ramos', 'Roberto', '', '', '', NULL, 4, NULL, '', '', '', '669393287', '', 'rramos@did.grupodiusframi.com', '', '', 0, 0, 2, 2, '', '', NULL, NULL, NULL, 1),
(15, '2015-05-29 09:52:14', '2015-05-29 07:50:11', 51, 1, NULL, '', 'Lopez Creixell', 'Xavier', '', '', '', NULL, 4, NULL, '', '', '', '', '', 'xlopez@parlem.com', '', '', 0, 0, 2, 2, '', '', NULL, NULL, NULL, 1),
(16, '2015-09-17 10:16:50', '2015-09-17 08:10:00', 6, 1, NULL, '', 'Zafra', 'Cristina', '', '', '', NULL, 4, NULL, 'Responsable de calidad', '', '', '', '', 'czafra@angrup.com', '', '', 0, 0, 2, 2, '', '', NULL, NULL, NULL, 1),
(17, '2015-11-16 14:18:20', '2015-11-16 13:08:56', 4, 1, NULL, 'MME', 'Bisbe', 'Ignacio', '', '', '', 249, 4, NULL, 'Director General', '', '', '', '', 'i.bisbe@outservico.net', '', '', 0, 0, 3, 3, '', '', NULL, NULL, NULL, 1),
(18, '2016-02-03 17:30:00', '2016-02-03 16:17:16', 139, 1, NULL, 'MME', 'Batata', 'Viviani', '', '', '', NULL, 4, NULL, '', '', '', '', '', 'viviani.batata@ti.eptisa.com', '', '', 0, 0, 3, 3, '', '', NULL, NULL, NULL, 1),
(19, '2016-03-08 12:30:18', '2016-03-08 11:16:10', 91, 1, NULL, 'MME', 'Elisabet Gutiérrez', '', '', '', '', NULL, 4, NULL, '', '', '', '', '', 'elisabet.gutierrez@generali.com', '', '', 0, 0, 3, 3, '', '', NULL, NULL, NULL, 1),
(20, '2016-03-10 20:08:37', '2016-03-10 18:54:24', 91, 1, NULL, '', 'Noel Rojo', '', '', '', '', NULL, 4, NULL, '', '', '', '', '', 'noel.rojo@generali.com', '', '', 0, 0, 3, 3, '', '', NULL, NULL, NULL, 1),
(21, '2016-03-10 20:09:25', '2016-03-10 18:55:11', 91, 1, NULL, '', 'Pau Gres', '', '', '', '', NULL, 4, NULL, '', '', '', '', '', 'pau.gres@generali.com', '', '', 0, 0, 3, 3, '', '', NULL, NULL, NULL, 1),
(22, '2016-04-06 11:17:10', '2016-04-06 09:03:10', 91, 1, NULL, '', 'Facturas', '', '', '', '', NULL, 4, NULL, '', '', '', '', '', 'facturas.es@generali.com', '', '', 0, 0, 3, 3, '', '', NULL, NULL, NULL, 1),
(23, '2016-05-10 13:41:11', '2016-05-10 11:27:31', 8, 1, NULL, 'MLE', 'Palacin', 'Arantxa', '', '', '', NULL, 4, NULL, '', '93 264 26 13', '', '', '', 'A.Palacin@kawasaki.es', '', '', 0, 0, 2, 2, '', '', NULL, NULL, NULL, 1),
(24, '2016-05-12 12:42:19', '2016-05-12 10:28:34', 8, 1, NULL, 'MR', 'Regalón', 'Antonio', '', '', '', NULL, 4, NULL, '', '932642600', '', '', '', 'A.Regalon@kawasaki.es', '', '', 0, 0, 2, 2, '', '', NULL, NULL, NULL, 1),
(25, '2016-05-23 12:05:11', '2016-05-23 09:50:59', 91, 1, NULL, 'MLE', 'DI NAPOLI PINILLOS', 'GIULIA', '', '', '', NULL, 4, NULL, 'Administración', '', '', '', '', 'giulia.dinapoli@generali.com', '', '', 0, 0, 3, 3, '', '', NULL, NULL, NULL, 1),
(26, '2016-11-11 09:34:06', '2016-11-11 08:12:51', 3, 1, NULL, '', 'Tormo', 'Silvia', '', '', '', NULL, 4, NULL, '', '', '', '', '', 'stormo@mariabarcelona.com', '', '', 0, 0, 2, 2, '', '', NULL, NULL, NULL, 1),
(27, '2016-11-24 20:22:04', '2016-11-24 19:00:16', 154, 1, NULL, '', 'Administración', '', '', '', '', NULL, 4, NULL, '', '', '', '', '', 'timelogistic@festina.com', '', '', 0, 0, 2, 2, '', '', NULL, NULL, NULL, 1),
(28, '2016-11-30 13:29:58', '2016-11-30 12:07:57', 3, 1, NULL, '', 'Moreno', 'Carmen', '', '', '', NULL, 4, NULL, '', '', '', '', '', 'cmoreno@mariabarcelona.com', '', '', 0, 0, 2, 2, '', '', NULL, NULL, NULL, 1),
(29, '2017-03-16 18:01:36', '2017-03-16 16:36:15', 159, 1, NULL, 'MR', 'Delgado Amor', 'Borja', '', '', '', NULL, 4, NULL, '', '', '', '', '', 'bdelgado@anovo.com', '', '', 0, 0, 2, 2, '', '', NULL, NULL, NULL, 1),
(30, '2017-03-31 14:13:39', '2017-03-31 11:47:37', 159, 1, NULL, 'MME', 'Dobarro', 'Mercedes', '', '', '', 269, 4, NULL, 'Administración', '', '', '', '', 'mdobarro@anovo.com', '', '', 0, 0, 3, 3, '', '', NULL, NULL, NULL, 1),
(31, '2017-04-19 16:02:10', '2017-04-19 13:35:20', 178, 1, NULL, 'MLE', 'Correro', 'Cristina', '', '08760', 'Martorell', 249, 4, NULL, 'Acdministración', '', '', '', '', 'ccorrero@reinpe.cat', '', '', 0, 0, 3, 3, '', '', NULL, NULL, NULL, 1),
(32, '2017-09-14 13:30:13', '2017-09-14 10:57:18', 178, 1, NULL, '', 'Gemma', '', '', '', '', NULL, 4, NULL, '', '', '', '', '', 'info@reinpe.cat', '', '', 0, 0, 3, 3, '', '', NULL, NULL, NULL, 1),
(33, '2017-11-23 18:30:30', '2017-11-23 17:07:23', 174, 1, NULL, 'MR', 'de Francisco', 'Ramón', '', '', '', 249, 4, NULL, '', '', '', '', '', 'ramondefrancisco@precintia.com', '', '', 0, 0, 3, 3, '', '', NULL, NULL, NULL, 1),
(34, '2017-12-14 11:01:25', '2017-12-14 09:37:29', 192, 1, NULL, '', 'Francisco Navarro', '', '', '', '', NULL, 4, NULL, 'Director', '', '', '', '', 'fnavarro@novafinques.com', '', '', 0, 0, 2, 2, '', '', NULL, NULL, NULL, 1),
(35, '2018-01-04 12:52:58', '2018-01-04 11:28:12', 174, 1, NULL, '', 'Valle', 'Joaquin', 'Madrid', '', '', NULL, 4, NULL, 'Comercial', '', '', '607963620', '', 'joaquin.valle@precintia.com', '', '', 0, 0, 2, 2, '', '', NULL, NULL, NULL, 1),
(36, '2018-03-15 15:03:36', '2018-03-15 13:36:05', 197, 1, NULL, 'MME', 'Ormeño', 'Isabel', 'Avenida Leonardo Da Vinci 15-19', '28906', 'Getafe', 269, 4, NULL, '', '915147378', '', '', '', '', '', '', 0, 0, 3, 3, '', '', NULL, NULL, NULL, 1),
(37, '2018-06-05 13:59:12', '2018-06-05 11:28:30', 159, 1, NULL, '', 'Facturas', '', '', '', '', NULL, 4, NULL, '', '', '', '', '', 'cuentasapagar@anovo.com', '', '', 0, 0, 3, 3, '', '', NULL, NULL, NULL, 1);

-- --------------------------------------------------------

--
-- Estructura de tabla para la tabla `b65362949_socpeople_extrafields`
--

CREATE TABLE `b65362949_socpeople_extrafields` (
  `rowid` int NOT NULL,
  `tms` timestamp NOT NULL DEFAULT CURRENT_TIMESTAMP ON UPDATE CURRENT_TIMESTAMP,
  `fk_object` int NOT NULL,
  `import_key` varchar(14) DEFAULT NULL
) ENGINE=InnoDB DEFAULT CHARSET=utf8mb3;

-- --------------------------------------------------------

--
-- Estructura de tabla para la tabla `b65362949_stock_mouvement`
--

CREATE TABLE `b65362949_stock_mouvement` (
  `rowid` int NOT NULL,
  `tms` timestamp NOT NULL DEFAULT CURRENT_TIMESTAMP ON UPDATE CURRENT_TIMESTAMP,
  `datem` datetime DEFAULT NULL,
  `fk_product` int NOT NULL,
  `fk_entrepot` int NOT NULL,
  `value` double DEFAULT NULL,
  `price` float(13,4) DEFAULT '0.0000',
  `type_mouvement` smallint DEFAULT NULL,
  `fk_user_author` int DEFAULT NULL,
  `label` varchar(128) DEFAULT NULL,
  `fk_origin` int DEFAULT NULL,
  `origintype` varchar(32) DEFAULT NULL
) ENGINE=InnoDB DEFAULT CHARSET=utf8mb3;

-- --------------------------------------------------------

--
-- Estructura de tabla para la tabla `b65362949_texts`
--

CREATE TABLE `b65362949_texts` (
  `rowid` int NOT NULL,
  `module` varchar(32) DEFAULT NULL,
  `typemodele` varchar(32) DEFAULT NULL,
  `sortorder` smallint DEFAULT NULL,
  `private` smallint NOT NULL DEFAULT '0',
  `fk_user` int DEFAULT NULL,
  `title` varchar(128) DEFAULT NULL,
  `filename` varchar(128) DEFAULT NULL,
  `content` text,
  `tms` timestamp NOT NULL DEFAULT CURRENT_TIMESTAMP ON UPDATE CURRENT_TIMESTAMP
) ENGINE=InnoDB DEFAULT CHARSET=utf8mb3;

-- --------------------------------------------------------

--
-- Estructura de tabla para la tabla `b65362949_tva`
--

CREATE TABLE `b65362949_tva` (
  `rowid` int NOT NULL,
  `tms` timestamp NOT NULL DEFAULT CURRENT_TIMESTAMP ON UPDATE CURRENT_TIMESTAMP,
  `datep` date DEFAULT NULL,
  `datev` date DEFAULT NULL,
  `amount` double NOT NULL DEFAULT '0',
  `fk_typepayment` int DEFAULT NULL,
  `num_payment` varchar(50) DEFAULT NULL,
  `label` varchar(255) DEFAULT NULL,
  `entity` int NOT NULL DEFAULT '1',
  `note` text,
  `fk_bank` int DEFAULT NULL,
  `fk_user_creat` int DEFAULT NULL,
  `fk_user_modif` int DEFAULT NULL
) ENGINE=InnoDB DEFAULT CHARSET=utf8mb3;

--
-- Volcado de datos para la tabla `b65362949_tva`
--

INSERT INTO `b65362949_tva` (`rowid`, `tms`, `datep`, `datev`, `amount`, `fk_typepayment`, `num_payment`, `label`, `entity`, `note`, `fk_bank`, `fk_user_creat`, `fk_user_modif`) VALUES
(4, '2015-10-21 13:20:59', '2015-01-30', '2014-12-31', 488.36, 2, 'NRC-3030081517102N35C93023', 'Pago IVA 4T2014', 1, NULL, 654, 3, NULL),
(5, '2015-10-21 13:24:50', '2015-10-20', '2015-09-30', 399.19, 2, 'NRC-3030081706732S0DAACD25', 'Pago IVA 3T2015', 1, NULL, 655, 3, NULL),
(8, '2016-02-01 17:14:53', '2016-02-01', '2015-12-31', 991.66, 2, 'NRC-3030081229813S9C7F863F', 'Pago IVA 4T2015', 1, NULL, 840, 3, NULL),
(9, '2016-04-21 10:10:33', '2016-04-18', '2016-03-31', 8718.86, 2, 'NRC-3030081411682R77EF60D8', 'Pago IVA 1T2016', 1, NULL, 1045, 3, NULL),
(11, '2016-12-27 14:28:39', '2016-07-20', '2016-06-30', 10170.04, 2, 'NRC-3030081188924A1A55CC11', 'Pago IVA 2T2016', 1, NULL, 1390, 3, NULL),
(12, '2016-12-27 14:28:39', '2016-10-20', '2016-09-30', 7502.79, 3, '', 'Pago IVA 3T2016', 1, NULL, 1631, 3, NULL),
(13, '2017-02-15 16:06:36', '2017-01-31', '2016-12-31', 4607.41, 3, '', 'Pago IVA 4T2016', 1, NULL, 1995, 3, NULL),
(14, '2017-04-20 10:57:06', '2017-03-31', '2017-03-31', 1629.56, 3, '', 'Pago IVA 1T2017', 1, NULL, 2254, 3, NULL),
(15, '2018-02-20 11:22:44', '2017-06-30', '2017-06-30', 14573.61, 2, '', 'Pago IVA 2T2017', 1, NULL, 2486, 3, NULL),
(16, '2018-02-20 11:20:58', '2017-09-30', '2017-09-30', 1338.55, 3, '', 'Pago IVA 3T2017', 1, NULL, 2725, 3, NULL),
(17, '2018-02-20 11:20:58', '2017-09-30', '2017-09-30', 1342.78, 3, '', 'Pago IVA 3T2017', 1, NULL, 2737, 3, NULL),
(19, '2018-02-20 11:20:58', '2017-09-30', '2017-09-30', 1347.04, 3, '', 'Pago IVA 3T2017', 1, NULL, 2838, 3, NULL),
(20, '2018-04-06 13:11:28', '2017-12-31', '2017-12-31', 1887.78, 3, '', 'Pago IVA 4T2017', 1, NULL, 2857, 3, NULL),
(21, '2018-04-06 13:11:28', '2017-12-31', '2017-12-31', 1893.56, 3, '', 'Pago IVA 4T2017', 1, NULL, 2858, 3, NULL),
(22, '2018-04-06 13:11:28', '2017-12-31', '2017-12-31', 1899.55, 3, '', 'Pago IVA 4T2017', 1, NULL, 2859, 3, NULL),
(23, '2018-05-11 10:36:45', '2018-03-31', '2018-03-31', 1416.15, 3, '', 'Pago IVA 1T2018', 1, NULL, 2976, 3, NULL),
(24, '2018-05-11 10:37:08', '2018-03-31', '2018-03-31', 1416.15, 3, '', 'Pago IVA 1T2018', 1, NULL, 2977, 3, NULL),
(25, '2018-05-11 10:37:41', '2018-03-31', '2018-03-31', 1416.16, 3, '', 'Pago IVA 1T2018', 1, NULL, 2978, 3, NULL),
(26, '2018-07-19 17:33:44', '2018-06-30', '2018-06-30', 3537.64, 3, '', 'Pago IVA 2T 2018', 1, NULL, 3090, 3, NULL),
(27, '2019-01-11 13:47:59', '2018-09-30', '2018-09-30', 1043.94, 3, '', 'Pago IVA 3T2018', 1, NULL, 3247, 3, NULL);

-- --------------------------------------------------------

--
-- Estructura de tabla para la tabla `b65362949_user`
--

CREATE TABLE `b65362949_user` (
  `rowid` int NOT NULL,
  `entity` int NOT NULL DEFAULT '1',
  `ref_ext` varchar(50) DEFAULT NULL,
  `ref_int` varchar(50) DEFAULT NULL,
  `datec` datetime DEFAULT NULL,
  `tms` timestamp NOT NULL DEFAULT CURRENT_TIMESTAMP ON UPDATE CURRENT_TIMESTAMP,
  `login` varchar(24) NOT NULL,
  `pass` varchar(32) DEFAULT NULL,
  `pass_crypted` varchar(128) DEFAULT NULL,
  `pass_temp` varchar(32) DEFAULT NULL,
  `civilite` varchar(6) DEFAULT NULL,
  `lastname` varchar(50) DEFAULT NULL,
  `firstname` varchar(50) DEFAULT NULL,
  `address` varchar(255) DEFAULT NULL,
  `zip` varchar(25) DEFAULT NULL,
  `town` varchar(50) DEFAULT NULL,
  `fk_state` int DEFAULT '0',
  `fk_country` int DEFAULT '0',
  `job` varchar(128) DEFAULT NULL,
  `skype` varchar(255) DEFAULT NULL,
  `office_phone` varchar(20) DEFAULT NULL,
  `office_fax` varchar(20) DEFAULT NULL,
  `user_mobile` varchar(20) DEFAULT NULL,
  `email` varchar(255) DEFAULT NULL,
  `signature` text,
  `admin` smallint DEFAULT '0',
  `module_comm` smallint DEFAULT '1',
  `module_compta` smallint DEFAULT '1',
  `fk_societe` int DEFAULT NULL,
  `fk_socpeople` int DEFAULT NULL,
  `fk_member` int DEFAULT NULL,
  `fk_user` int DEFAULT NULL,
  `thm` double(24,8) DEFAULT NULL,
  `note` text,
  `datelastlogin` datetime DEFAULT NULL,
  `datepreviouslogin` datetime DEFAULT NULL,
  `egroupware_id` int DEFAULT NULL,
  `ldap_sid` varchar(255) DEFAULT NULL,
  `openid` varchar(255) DEFAULT NULL,
  `statut` tinyint DEFAULT '1',
  `photo` varchar(255) DEFAULT NULL,
  `lang` varchar(6) DEFAULT NULL,
  `color` varchar(6) DEFAULT NULL,
  `barcode` varchar(255) DEFAULT NULL,
  `fk_barcode_type` int DEFAULT '0',
  `accountancy_code` varchar(24) DEFAULT NULL,
  `nb_holiday` int DEFAULT '0',
  `salary` double(24,8) DEFAULT NULL
) ENGINE=InnoDB DEFAULT CHARSET=utf8mb3;

--
-- Volcado de datos para la tabla `b65362949_user`
--

INSERT INTO `b65362949_user` (`rowid`, `entity`, `ref_ext`, `ref_int`, `datec`, `tms`, `login`, `pass`, `pass_crypted`, `pass_temp`, `civilite`, `lastname`, `firstname`, `address`, `zip`, `town`, `fk_state`, `fk_country`, `job`, `skype`, `office_phone`, `office_fax`, `user_mobile`, `email`, `signature`, `admin`, `module_comm`, `module_compta`, `fk_societe`, `fk_socpeople`, `fk_member`, `fk_user`, `thm`, `note`, `datelastlogin`, `datepreviouslogin`, `egroupware_id`, `ldap_sid`, `openid`, `statut`, `photo`, `lang`, `color`, `barcode`, `fk_barcode_type`, `accountancy_code`, `nb_holiday`, `salary`) VALUES
(1, 0, NULL, NULL, '2015-03-12 13:16:41', '2015-03-12 12:45:33', 'administrador', '4dd4pt422', '0d64cd99ad9253fb8420dc5a149153df', NULL, NULL, 'SuperAdmin', '', '', '', '', NULL, NULL, '', '', '', '', '', '', '', 1, 1, 1, NULL, NULL, NULL, NULL, NULL, '', '2016-01-04 17:57:40', '2015-12-28 19:13:13', NULL, '', NULL, 1, NULL, NULL, NULL, NULL, 0, '', 0, NULL),
(2, 0, NULL, NULL, '2015-03-12 13:32:44', '2015-04-21 09:25:01', 'sergio.garcia', 'laguna22', '4683cdc08d3325dc6e4535408aef18a5', NULL, NULL, 'Garcia Martinez', 'Sergio', '', '', '', NULL, NULL, 'Administrador', '', '', '', '', 'sergio.garcia@addapta.com', 'Consultor TIC\r\n\r\nTel:	        +34 902 070 470\r\nFax:  	+34 935 530 743\r\nMóvil:	+34 622 939 535\r\nSkype:    sergio.garcia-addapta.com\r\nWeb:	www.addapta.com\r\n\r\nDirección:	\r\nEdificio CINC\r\nC/Llull 321\r\nDistrito tecnológico 22@\r\n08019 Barcelona\r\nBarcelona', 1, 1, 1, NULL, NULL, NULL, NULL, NULL, '', '2023-04-17 15:47:51', '2023-01-02 17:39:41', NULL, '', NULL, 1, NULL, NULL, NULL, NULL, 0, '', 0, NULL),
(3, 0, NULL, NULL, '2015-03-12 13:36:12', '2023-05-10 15:17:03', 'jose.valle', 'jmv4ll322', '0698beb8621278cf89e856a451dda4f3', NULL, NULL, 'Valle Llamas', 'José Manuel', '', '', '', NULL, NULL, 'Gerente', '', '935995018', '935530743', '652402155', 'adm.informacion@addapta.com', 'José Manuel Valle Llamas\r\nDirector Tec. de la Información\r\n\r\nTel: +34 935 995 018\r\nFax: +34 935 530 743\r\nMóvil: +34 652 402 155\r\nSkype: jose.valle-addapta.com\r\nWeb: www.addapta.com\r\n\r\nDirección:	\r\nEdificio CINC\r\nC/Llull 321\r\nDistrito tecnológico 22@\r\n08019 Barcelona\r\nBarcelona', 1, 1, 1, NULL, NULL, NULL, NULL, NULL, '', '2024-04-06 14:55:34', '2024-04-01 22:07:47', NULL, '', NULL, 1, 'Perfil20180507-3.jpg', NULL, NULL, NULL, 0, '', 0, NULL),
(4, 0, NULL, NULL, '2015-03-19 12:34:58', '2016-12-27 10:48:52', 'silvia.tormo', '4dd4pt422', '0d64cd99ad9253fb8420dc5a149153df', NULL, NULL, 'Tormo Britapaja', 'Silvia', '', '', '', NULL, NULL, 'Desarrolladora', '', '', '', '', 'silvia.tormo@addapta.com', '', 0, 1, 1, NULL, NULL, NULL, 2, NULL, '', NULL, NULL, NULL, '', NULL, 0, NULL, NULL, NULL, NULL, 0, '', 0, NULL),
(5, 0, NULL, NULL, '2015-03-20 12:11:23', '2018-03-01 13:04:08', 'montse.romero', '4dd4pt422', '0d64cd99ad9253fb8420dc5a149153df', NULL, NULL, 'Romero Jordán', 'Montse', '', '', '', NULL, NULL, 'Programadora UNIX', '', '', '', '658578559', '', '', 0, 1, 1, NULL, NULL, NULL, 2, NULL, '', '2017-02-20 14:09:44', '2017-02-20 14:07:23', NULL, '', NULL, 0, NULL, NULL, NULL, NULL, 0, '', 0, NULL),
(7, 0, NULL, NULL, '2015-07-22 14:50:41', '2016-12-27 10:50:17', 'joan.serra', 'bmvqsf32', '7e9d656042d241f70de3aefee11ed0d1', NULL, NULL, 'Serra Piqué', 'Joan', '', '', '', NULL, NULL, 'Desarrollador', '', '', '', '', '', '', 0, 1, 1, NULL, NULL, NULL, NULL, NULL, '', NULL, NULL, NULL, '', NULL, 0, NULL, NULL, NULL, NULL, 0, '', 0, NULL),
(8, 0, NULL, NULL, '2016-01-13 16:22:39', '2016-12-27 11:39:58', 'david.alcalde', '4dd4pt422', '0d64cd99ad9253fb8420dc5a149153df', NULL, NULL, 'Alcalde Repullo', 'David', '', '', '', NULL, NULL, '', '', '', '', '620682162', '', '', 0, 1, 1, NULL, NULL, NULL, 2, NULL, '', NULL, NULL, NULL, '', NULL, 1, NULL, NULL, NULL, NULL, 0, '', 0, NULL),
(9, 0, NULL, NULL, '2016-01-13 16:24:07', '2016-12-27 10:49:40', 'guillermo.fernandez', '3s2pqf1k', '331e20595b1aaace17395e0a8c640265', NULL, NULL, 'Fernández del Moral', 'Guillermo', '', '', '', NULL, NULL, '', '', '', '', '675100028', 'guillermo.fernandez@addapta.com', '', 0, 1, 1, NULL, NULL, NULL, 2, NULL, '', NULL, NULL, NULL, '', NULL, 0, NULL, NULL, NULL, NULL, 0, '', 0, NULL),
(11, 0, NULL, NULL, '2016-08-08 10:17:24', '2017-02-20 15:51:46', 'alex.garcia', '4dd4pt422', '0d64cd99ad9253fb8420dc5a149153df', NULL, NULL, 'García Julià', 'Alejandro', '', '', '', NULL, NULL, 'Desarrollador', '', '', '', '674625082', '', '', 0, 1, 1, NULL, NULL, NULL, 2, NULL, '', '2017-01-25 20:36:12', '2016-12-27 13:13:57', NULL, '', NULL, 0, NULL, NULL, NULL, NULL, 0, '', 0, NULL),
(12, 0, NULL, NULL, '2016-12-02 16:39:42', '2016-12-27 11:40:34', 'jose.camacho', '4dd4pt422', '0d64cd99ad9253fb8420dc5a149153df', NULL, NULL, 'Camacho Martínez', 'José Antonio', '', '', '', NULL, NULL, '', '', '', '', '', '', '', 0, 1, 1, NULL, NULL, NULL, 2, NULL, '', '2016-12-27 13:11:28', '2016-12-27 12:53:21', NULL, '', NULL, 1, NULL, NULL, NULL, NULL, 0, '', 0, NULL),
(13, 0, NULL, NULL, '2017-02-20 14:16:32', '2018-03-01 13:03:39', 'albert.martinez', '4dd4pt422', '0d64cd99ad9253fb8420dc5a149153df', NULL, NULL, 'Martinez Fernandez', 'Albert', '', '', '', NULL, NULL, 'Desarrollador', '', '', '', '687 527 435', '', '', 0, 1, 1, NULL, NULL, NULL, 2, NULL, '', NULL, NULL, NULL, '', NULL, 0, NULL, NULL, NULL, NULL, 0, '', 0, NULL),
(14, 0, NULL, NULL, '2017-03-28 20:07:44', '2018-03-01 13:03:50', 'borja.saiz', NULL, NULL, NULL, NULL, 'Saiz García', 'Borja', '', '', '', NULL, NULL, '', '', '', '', '', '', '', 0, 1, 1, NULL, NULL, NULL, NULL, NULL, '', NULL, NULL, NULL, '', NULL, 0, NULL, NULL, NULL, NULL, 0, '', 0, NULL),
(15, 0, NULL, NULL, '2018-01-25 13:04:09', '2018-01-25 11:38:33', 'carles.rovira', 'nr3mx04y', '5f78ee98bdbe403faa4ebce0eceed3d6', NULL, NULL, 'Rovira Quintana', 'Carles', '', '', '', NULL, NULL, '', '', '', '', '', '', '', 0, 1, 1, NULL, NULL, NULL, NULL, NULL, '', NULL, NULL, NULL, '', NULL, 1, NULL, NULL, NULL, NULL, 0, '', 0, NULL),
(16, 0, NULL, NULL, '2018-02-12 14:12:54', '2018-02-12 12:46:36', 'joananton.cardenas', 'addapta', '32514d8989a95158e5da2e9dfea08394', NULL, NULL, 'Cardenas', 'Joan', '', '', '', NULL, NULL, 'Socio', '', '', '', '', '', '', 1, 1, 1, NULL, NULL, NULL, NULL, NULL, '', '2018-05-11 12:19:42', '2018-04-26 16:46:49', NULL, '', NULL, 1, NULL, NULL, NULL, NULL, 0, '', 0, NULL),
(17, 0, NULL, NULL, '2018-03-01 14:30:10', '2018-03-01 13:03:12', 'raul.solorzano', '679kvwp1', '26e89f8b4c04fc1b941ea8c473716c07', NULL, NULL, 'Solorzano Navarro', 'Raúl', '', '', '', NULL, NULL, 'Desarrollador', '', '', '', '', '', '', 0, 1, 1, NULL, NULL, NULL, NULL, NULL, '', NULL, NULL, NULL, '', NULL, 1, NULL, NULL, NULL, NULL, 0, '', 0, NULL),
(18, 0, NULL, NULL, '2019-04-01 12:36:04', '2019-04-01 10:35:58', 'lluis.aluju', 'addapta', '32514d8989a95158e5da2e9dfea08394', NULL, NULL, 'Aluju', 'Lluis', '', '', '', NULL, NULL, 'Gestor', '', '', '', '', '', '', 0, 1, 1, NULL, NULL, NULL, NULL, NULL, '', '2024-03-27 12:05:06', '2023-10-13 12:18:20', NULL, '', NULL, 1, NULL, NULL, NULL, NULL, 0, '', 0, NULL);

-- --------------------------------------------------------

--
-- Estructura de tabla para la tabla `b65362949_usergroup`
--

CREATE TABLE `b65362949_usergroup` (
  `rowid` int NOT NULL,
  `nom` varchar(255) NOT NULL,
  `entity` int NOT NULL DEFAULT '1',
  `datec` datetime DEFAULT NULL,
  `tms` timestamp NOT NULL DEFAULT CURRENT_TIMESTAMP ON UPDATE CURRENT_TIMESTAMP,
  `note` text
) ENGINE=InnoDB DEFAULT CHARSET=utf8mb3;

--
-- Volcado de datos para la tabla `b65362949_usergroup`
--

INSERT INTO `b65362949_usergroup` (`rowid`, `nom`, `entity`, `datec`, `tms`, `note`) VALUES
(1, 'Gerencia', 1, '2015-03-12 13:37:18', '2015-03-12 12:37:17', ''),
(2, 'Trabajadores', 1, '2015-03-19 12:32:21', '2015-03-19 11:32:01', ''),
(3, 'Externos', 1, '2015-04-14 18:39:32', '2015-04-14 16:39:24', '');

-- --------------------------------------------------------

--
-- Estructura de tabla para la tabla `b65362949_usergroup_rights`
--

CREATE TABLE `b65362949_usergroup_rights` (
  `rowid` int NOT NULL,
  `fk_usergroup` int NOT NULL,
  `fk_id` int NOT NULL
) ENGINE=InnoDB DEFAULT CHARSET=utf8mb3;

--
-- Volcado de datos para la tabla `b65362949_usergroup_rights`
--

INSERT INTO `b65362949_usergroup_rights` (`rowid`, `fk_usergroup`, `fk_id`) VALUES
(12, 3, 11),
(4, 3, 91),
(14, 3, 95),
(15, 3, 111),
(6, 3, 121),
(9, 3, 151),
(7, 3, 262),
(8, 3, 510),
(10, 3, 1181),
(11, 3, 1231),
(13, 3, 2501);

-- --------------------------------------------------------

--
-- Estructura de tabla para la tabla `b65362949_usergroup_user`
--

CREATE TABLE `b65362949_usergroup_user` (
  `rowid` int NOT NULL,
  `entity` int NOT NULL DEFAULT '1',
  `fk_user` int NOT NULL,
  `fk_usergroup` int NOT NULL
) ENGINE=InnoDB DEFAULT CHARSET=utf8mb3;

--
-- Volcado de datos para la tabla `b65362949_usergroup_user`
--

INSERT INTO `b65362949_usergroup_user` (`rowid`, `entity`, `fk_user`, `fk_usergroup`) VALUES
(4, 1, 1, 1),
(1, 1, 2, 1),
(5, 1, 2, 2),
(2, 1, 3, 1),
(6, 1, 3, 2),
(21, 1, 4, 2),
(7, 1, 5, 2),
(19, 1, 7, 2),
(10, 1, 8, 2),
(14, 1, 9, 2),
(12, 1, 11, 2),
(11, 1, 12, 2),
(15, 1, 13, 2),
(18, 1, 14, 2),
(17, 1, 15, 2),
(13, 1, 16, 1),
(16, 1, 16, 2),
(20, 1, 17, 2);

-- --------------------------------------------------------

--
-- Estructura de tabla para la tabla `b65362949_user_alert`
--

CREATE TABLE `b65362949_user_alert` (
  `rowid` int NOT NULL,
  `type` int DEFAULT NULL,
  `fk_contact` int DEFAULT NULL,
  `fk_user` int DEFAULT NULL
) ENGINE=InnoDB DEFAULT CHARSET=utf8mb3;

-- --------------------------------------------------------

--
-- Estructura de tabla para la tabla `b65362949_user_clicktodial`
--

CREATE TABLE `b65362949_user_clicktodial` (
  `fk_user` int NOT NULL,
  `url` varchar(255) DEFAULT NULL,
  `login` varchar(32) DEFAULT NULL,
  `pass` varchar(64) DEFAULT NULL,
  `poste` varchar(20) DEFAULT NULL
) ENGINE=InnoDB DEFAULT CHARSET=utf8mb3;

-- --------------------------------------------------------

--
-- Estructura de tabla para la tabla `b65362949_user_extrafields`
--

CREATE TABLE `b65362949_user_extrafields` (
  `rowid` int NOT NULL,
  `tms` timestamp NOT NULL DEFAULT CURRENT_TIMESTAMP ON UPDATE CURRENT_TIMESTAMP,
  `fk_object` int NOT NULL,
  `import_key` varchar(14) DEFAULT NULL
) ENGINE=InnoDB DEFAULT CHARSET=utf8mb3;

-- --------------------------------------------------------

--
-- Estructura de tabla para la tabla `b65362949_user_param`
--

CREATE TABLE `b65362949_user_param` (
  `fk_user` int NOT NULL,
  `entity` int NOT NULL DEFAULT '1',
  `param` varchar(64) NOT NULL,
  `value` varchar(255) NOT NULL
) ENGINE=InnoDB DEFAULT CHARSET=utf8mb3;

--
-- Volcado de datos para la tabla `b65362949_user_param`
--

INSERT INTO `b65362949_user_param` (`fk_user`, `entity`, `param`, `value`) VALUES
(2, 1, 'MAIN_BOXES_0', '1'),
(3, 1, 'MAIN_BOXES_0', '1');

-- --------------------------------------------------------

--
-- Estructura de tabla para la tabla `b65362949_user_rights`
--

CREATE TABLE `b65362949_user_rights` (
  `rowid` int NOT NULL,
  `fk_user` int NOT NULL,
  `fk_id` int NOT NULL
) ENGINE=InnoDB DEFAULT CHARSET=utf8mb3;

--
-- Volcado de datos para la tabla `b65362949_user_rights`
--

INSERT INTO `b65362949_user_rights` (`rowid`, `fk_user`, `fk_id`) VALUES
(172, 1, 11),
(165, 1, 12),
(166, 1, 13),
(168, 1, 14),
(169, 1, 15),
(171, 1, 16),
(173, 1, 19),
(1197, 1, 21),
(1171, 1, 22),
(1177, 1, 24),
(1182, 1, 25),
(1186, 1, 26),
(1192, 1, 27),
(1198, 1, 28),
(1263, 1, 31),
(1252, 1, 32),
(1258, 1, 34),
(1264, 1, 38),
(306, 1, 41),
(303, 1, 42),
(305, 1, 44),
(307, 1, 45),
(1317, 1, 61),
(1306, 1, 62),
(1312, 1, 64),
(1318, 1, 67),
(1323, 1, 68),
(223, 1, 71),
(218, 1, 72),
(220, 1, 74),
(224, 1, 75),
(222, 1, 76),
(226, 1, 78),
(227, 1, 79),
(1046, 1, 81),
(1020, 1, 82),
(1026, 1, 84),
(1031, 1, 86),
(1035, 1, 87),
(1041, 1, 88),
(1047, 1, 89),
(208, 1, 91),
(205, 1, 92),
(207, 1, 93),
(209, 1, 94),
(111, 1, 95),
(112, 1, 96),
(114, 1, 97),
(115, 1, 98),
(989, 1, 101),
(972, 1, 102),
(978, 1, 104),
(983, 1, 105),
(986, 1, 106),
(990, 1, 109),
(201, 1, 111),
(192, 1, 112),
(194, 1, 113),
(196, 1, 114),
(198, 1, 115),
(200, 1, 116),
(202, 1, 117),
(1341, 1, 121),
(1330, 1, 122),
(1336, 1, 125),
(1342, 1, 126),
(311, 1, 141),
(310, 1, 142),
(312, 1, 144),
(161, 1, 151),
(158, 1, 152),
(160, 1, 153),
(162, 1, 154),
(82, 1, 161),
(77, 1, 162),
(79, 1, 163),
(81, 1, 164),
(83, 1, 165),
(240, 1, 171),
(237, 1, 172),
(239, 1, 173),
(241, 1, 178),
(1347, 1, 262),
(1365, 1, 281),
(1354, 1, 282),
(1360, 1, 283),
(1366, 1, 286),
(1, 1, 341),
(2, 1, 342),
(3, 1, 343),
(4, 1, 344),
(233, 1, 510),
(230, 1, 512),
(232, 1, 514),
(234, 1, 517),
(104, 1, 531),
(101, 1, 532),
(103, 1, 534),
(105, 1, 538),
(1010, 1, 1101),
(999, 1, 1102),
(1005, 1, 1104),
(1011, 1, 1109),
(242, 1, 1181),
(266, 1, 1182),
(245, 1, 1183),
(247, 1, 1184),
(249, 1, 1185),
(251, 1, 1186),
(253, 1, 1187),
(255, 1, 1188),
(933, 1, 1201),
(934, 1, 1202),
(264, 1, 1231),
(258, 1, 1232),
(260, 1, 1233),
(262, 1, 1234),
(263, 1, 1235),
(265, 1, 1236),
(267, 1, 1237),
(174, 1, 1321),
(1052, 1, 1421),
(293, 1, 2401),
(292, 1, 2402),
(294, 1, 2403),
(298, 1, 2411),
(297, 1, 2412),
(299, 1, 2413),
(300, 1, 2414),
(510, 1, 2501),
(505, 1, 2503),
(511, 1, 2515),
(210, 1, 20001),
(211, 1, 20002),
(212, 1, 20003),
(213, 1, 20004),
(214, 1, 20005),
(215, 1, 20006),
(1161, 1, 59001),
(1164, 1, 59002),
(547, 2, 11),
(548, 2, 12),
(549, 2, 13),
(550, 2, 14),
(551, 2, 15),
(552, 2, 16),
(553, 2, 19),
(1199, 2, 21),
(1173, 2, 22),
(1179, 2, 24),
(1183, 2, 25),
(1188, 2, 26),
(1194, 2, 27),
(1200, 2, 28),
(1265, 2, 31),
(1254, 2, 32),
(1260, 2, 34),
(1266, 2, 38),
(580, 2, 41),
(581, 2, 42),
(582, 2, 44),
(583, 2, 45),
(1319, 2, 61),
(1308, 2, 62),
(1314, 2, 64),
(1320, 2, 67),
(1324, 2, 68),
(317, 2, 71),
(318, 2, 78),
(1048, 2, 81),
(1022, 2, 82),
(1028, 2, 84),
(1032, 2, 86),
(1037, 2, 87),
(1043, 2, 88),
(1049, 2, 89),
(615, 2, 91),
(616, 2, 92),
(617, 2, 93),
(618, 2, 94),
(594, 2, 95),
(595, 2, 96),
(596, 2, 97),
(597, 2, 98),
(991, 2, 101),
(974, 2, 102),
(980, 2, 104),
(984, 2, 105),
(987, 2, 106),
(992, 2, 109),
(523, 2, 111),
(524, 2, 112),
(525, 2, 113),
(526, 2, 114),
(527, 2, 115),
(528, 2, 116),
(529, 2, 117),
(1343, 2, 121),
(1332, 2, 122),
(1338, 2, 125),
(1344, 2, 126),
(584, 2, 141),
(585, 2, 142),
(586, 2, 144),
(576, 2, 151),
(577, 2, 152),
(578, 2, 153),
(579, 2, 154),
(538, 2, 161),
(539, 2, 162),
(540, 2, 163),
(541, 2, 164),
(542, 2, 165),
(543, 2, 171),
(544, 2, 172),
(545, 2, 173),
(546, 2, 178),
(1348, 2, 262),
(1367, 2, 281),
(1356, 2, 282),
(1362, 2, 283),
(1368, 2, 286),
(330, 2, 341),
(331, 2, 342),
(332, 2, 343),
(333, 2, 344),
(598, 2, 510),
(599, 2, 512),
(600, 2, 514),
(601, 2, 517),
(602, 2, 531),
(603, 2, 532),
(604, 2, 534),
(605, 2, 538),
(1012, 2, 1101),
(1001, 2, 1102),
(1007, 2, 1104),
(1013, 2, 1109),
(555, 2, 1181),
(556, 2, 1182),
(557, 2, 1183),
(558, 2, 1184),
(559, 2, 1185),
(560, 2, 1186),
(561, 2, 1187),
(562, 2, 1188),
(935, 2, 1201),
(936, 2, 1202),
(563, 2, 1231),
(564, 2, 1232),
(565, 2, 1233),
(566, 2, 1234),
(567, 2, 1235),
(568, 2, 1236),
(569, 2, 1237),
(554, 2, 1321),
(1053, 2, 1421),
(516, 2, 2401),
(517, 2, 2402),
(518, 2, 2403),
(519, 2, 2411),
(520, 2, 2412),
(521, 2, 2413),
(522, 2, 2414),
(512, 2, 2501),
(507, 2, 2503),
(513, 2, 2515),
(570, 2, 20001),
(571, 2, 20002),
(572, 2, 20003),
(573, 2, 20004),
(574, 2, 20005),
(575, 2, 20006),
(1162, 2, 59001),
(1165, 2, 59002),
(429, 3, 11),
(430, 3, 12),
(431, 3, 13),
(432, 3, 14),
(433, 3, 15),
(434, 3, 16),
(435, 3, 19),
(1201, 3, 21),
(1175, 3, 22),
(1181, 3, 24),
(1184, 3, 25),
(1190, 3, 26),
(1196, 3, 27),
(1202, 3, 28),
(1267, 3, 31),
(1256, 3, 32),
(1262, 3, 34),
(1268, 3, 38),
(679, 3, 41),
(680, 3, 42),
(464, 3, 44),
(465, 3, 45),
(1321, 3, 61),
(1310, 3, 62),
(1316, 3, 64),
(1322, 3, 67),
(1325, 3, 68),
(391, 3, 71),
(392, 3, 72),
(393, 3, 74),
(394, 3, 75),
(395, 3, 76),
(396, 3, 78),
(397, 3, 79),
(1050, 3, 81),
(1024, 3, 82),
(1030, 3, 84),
(1033, 3, 86),
(1039, 3, 87),
(1045, 3, 88),
(1051, 3, 89),
(497, 3, 91),
(498, 3, 92),
(499, 3, 93),
(500, 3, 94),
(420, 3, 95),
(421, 3, 96),
(422, 3, 97),
(423, 3, 98),
(993, 3, 101),
(976, 3, 102),
(982, 3, 104),
(985, 3, 105),
(988, 3, 106),
(994, 3, 109),
(405, 3, 111),
(406, 3, 112),
(407, 3, 113),
(408, 3, 114),
(409, 3, 115),
(410, 3, 116),
(411, 3, 117),
(1345, 3, 121),
(1334, 3, 122),
(1340, 3, 125),
(1346, 3, 126),
(466, 3, 141),
(467, 3, 142),
(468, 3, 144),
(458, 3, 151),
(459, 3, 152),
(460, 3, 153),
(461, 3, 154),
(424, 3, 161),
(425, 3, 162),
(426, 3, 163),
(427, 3, 164),
(428, 3, 165),
(623, 3, 171),
(620, 3, 172),
(622, 3, 173),
(624, 3, 178),
(1349, 3, 262),
(1369, 3, 281),
(1358, 3, 282),
(1364, 3, 283),
(1370, 3, 286),
(360, 3, 341),
(361, 3, 342),
(362, 3, 343),
(363, 3, 344),
(480, 3, 510),
(481, 3, 512),
(482, 3, 514),
(483, 3, 517),
(484, 3, 531),
(485, 3, 532),
(486, 3, 534),
(487, 3, 538),
(1014, 3, 1101),
(1003, 3, 1102),
(1009, 3, 1104),
(1015, 3, 1109),
(437, 3, 1181),
(438, 3, 1182),
(439, 3, 1183),
(440, 3, 1184),
(441, 3, 1185),
(442, 3, 1186),
(443, 3, 1187),
(444, 3, 1188),
(937, 3, 1201),
(938, 3, 1202),
(445, 3, 1231),
(446, 3, 1232),
(447, 3, 1233),
(448, 3, 1234),
(449, 3, 1235),
(450, 3, 1236),
(451, 3, 1237),
(436, 3, 1321),
(1054, 3, 1421),
(398, 3, 2401),
(399, 3, 2402),
(400, 3, 2403),
(401, 3, 2411),
(402, 3, 2412),
(403, 3, 2413),
(404, 3, 2414),
(514, 3, 2501),
(509, 3, 2503),
(515, 3, 2515),
(452, 3, 20001),
(681, 3, 20002),
(454, 3, 20003),
(455, 3, 20004),
(456, 3, 20005),
(457, 3, 20006),
(1163, 3, 59001),
(1166, 3, 59002),
(639, 4, 341),
(640, 4, 342),
(642, 4, 344),
(647, 4, 2401),
(666, 5, 341),
(667, 5, 342),
(669, 5, 344),
(674, 5, 2401),
(1269, 5, 20001),
(818, 7, 11),
(819, 7, 21),
(820, 7, 31),
(821, 7, 41),
(822, 7, 81),
(823, 7, 91),
(824, 7, 95),
(825, 7, 97),
(826, 7, 111),
(827, 7, 121),
(828, 7, 151),
(829, 7, 161),
(830, 7, 171),
(831, 7, 262),
(832, 7, 281),
(833, 7, 341),
(834, 7, 342),
(835, 7, 343),
(836, 7, 344),
(837, 7, 531),
(838, 7, 1181),
(839, 7, 1182),
(840, 7, 1231),
(841, 7, 2401),
(842, 7, 2501),
(843, 7, 2503),
(844, 7, 2515),
(845, 7, 20001),
(846, 8, 11),
(847, 8, 21),
(848, 8, 31),
(849, 8, 41),
(850, 8, 81),
(851, 8, 91),
(852, 8, 95),
(853, 8, 97),
(854, 8, 111),
(855, 8, 121),
(856, 8, 151),
(857, 8, 161),
(858, 8, 171),
(859, 8, 262),
(860, 8, 281),
(861, 8, 341),
(862, 8, 342),
(863, 8, 343),
(864, 8, 344),
(865, 8, 531),
(866, 8, 1181),
(867, 8, 1182),
(868, 8, 1231),
(869, 8, 2401),
(870, 8, 2501),
(871, 8, 2503),
(872, 8, 2515),
(873, 8, 20001),
(874, 9, 11),
(875, 9, 21),
(876, 9, 31),
(877, 9, 41),
(878, 9, 81),
(879, 9, 91),
(880, 9, 95),
(881, 9, 97),
(882, 9, 111),
(883, 9, 121),
(884, 9, 151),
(885, 9, 161),
(886, 9, 171),
(887, 9, 262),
(888, 9, 281),
(889, 9, 341),
(890, 9, 342),
(891, 9, 343),
(892, 9, 344),
(893, 9, 531),
(894, 9, 1181),
(895, 9, 1182),
(896, 9, 1231),
(897, 9, 2401),
(898, 9, 2501),
(899, 9, 2503),
(900, 9, 2515),
(901, 9, 20001),
(939, 11, 11),
(940, 11, 21),
(941, 11, 31),
(942, 11, 41),
(943, 11, 81),
(944, 11, 91),
(945, 11, 95),
(946, 11, 97),
(947, 11, 111),
(948, 11, 121),
(949, 11, 151),
(950, 11, 161),
(951, 11, 171),
(952, 11, 262),
(953, 11, 281),
(954, 11, 341),
(955, 11, 342),
(956, 11, 343),
(957, 11, 344),
(958, 11, 531),
(959, 11, 1181),
(960, 11, 1182),
(961, 11, 1201),
(962, 11, 1231),
(963, 11, 2401),
(964, 11, 2501),
(965, 11, 2503),
(966, 11, 2515),
(967, 11, 20001),
(1139, 12, 251),
(1140, 12, 252),
(1141, 12, 253),
(1142, 12, 254),
(1143, 12, 255),
(1144, 12, 256),
(1145, 12, 341),
(1146, 12, 342),
(1147, 12, 343),
(1148, 12, 344),
(1149, 12, 351),
(1150, 12, 352),
(1151, 12, 353),
(1152, 12, 354),
(1153, 12, 358),
(1154, 12, 2401),
(1155, 12, 2402),
(1156, 12, 2403),
(1157, 12, 2411),
(1158, 12, 2412),
(1159, 12, 2413),
(1160, 12, 2414),
(1133, 12, 20001),
(1134, 12, 20002),
(1135, 12, 20003),
(1136, 12, 20004),
(1137, 12, 20005),
(1138, 12, 20006),
(1270, 13, 11),
(1271, 13, 21),
(1272, 13, 31),
(1273, 13, 41),
(1274, 13, 81),
(1275, 13, 91),
(1276, 13, 95),
(1277, 13, 97),
(1278, 13, 101),
(1279, 13, 111),
(1280, 13, 121),
(1281, 13, 151),
(1282, 13, 161),
(1283, 13, 171),
(1284, 13, 262),
(1285, 13, 281),
(1286, 13, 341),
(1287, 13, 342),
(1288, 13, 343),
(1289, 13, 344),
(1290, 13, 531),
(1291, 13, 1101),
(1292, 13, 1181),
(1293, 13, 1182),
(1294, 13, 1201),
(1295, 13, 1231),
(1296, 13, 2401),
(1297, 13, 2501),
(1298, 13, 2503),
(1299, 13, 2515),
(1300, 13, 20001),
(1301, 13, 59001),
(1371, 14, 11),
(1372, 14, 21),
(1373, 14, 31),
(1374, 14, 41),
(1375, 14, 81),
(1376, 14, 91),
(1377, 14, 95),
(1378, 14, 97),
(1379, 14, 101),
(1380, 14, 111),
(1381, 14, 121),
(1382, 14, 151),
(1383, 14, 161),
(1384, 14, 171),
(1385, 14, 262),
(1386, 14, 281),
(1387, 14, 341),
(1388, 14, 342),
(1389, 14, 343),
(1390, 14, 344),
(1391, 14, 531),
(1392, 14, 1101),
(1393, 14, 1181),
(1394, 14, 1182),
(1395, 14, 1201),
(1396, 14, 1231),
(1397, 14, 2401),
(1398, 14, 2501),
(1399, 14, 2503),
(1400, 14, 2515),
(1401, 14, 20001),
(1402, 14, 59001),
(1403, 15, 11),
(1404, 15, 21),
(1405, 15, 31),
(1406, 15, 41),
(1407, 15, 81),
(1408, 15, 91),
(1409, 15, 95),
(1410, 15, 97),
(1411, 15, 101),
(1412, 15, 111),
(1413, 15, 121),
(1414, 15, 151),
(1415, 15, 161),
(1416, 15, 171),
(1417, 15, 262),
(1418, 15, 281),
(1419, 15, 341),
(1420, 15, 342),
(1421, 15, 343),
(1422, 15, 344),
(1423, 15, 531),
(1424, 15, 1101),
(1425, 15, 1181),
(1426, 15, 1182),
(1427, 15, 1201),
(1428, 15, 1231),
(1429, 15, 2401),
(1430, 15, 2501),
(1431, 15, 2503),
(1432, 15, 2515),
(1433, 15, 20001),
(1434, 15, 59001),
(1598, 16, 11),
(1599, 16, 12),
(1600, 16, 13),
(1601, 16, 14),
(1602, 16, 15),
(1603, 16, 16),
(1604, 16, 19),
(1563, 16, 21),
(1564, 16, 22),
(1565, 16, 24),
(1566, 16, 25),
(1567, 16, 26),
(1568, 16, 27),
(1569, 16, 28),
(1559, 16, 31),
(1560, 16, 32),
(1561, 16, 34),
(1562, 16, 38),
(1591, 16, 41),
(1592, 16, 42),
(1593, 16, 44),
(1594, 16, 45),
(1513, 16, 81),
(1514, 16, 82),
(1515, 16, 84),
(1516, 16, 86),
(1517, 16, 87),
(1518, 16, 88),
(1519, 16, 89),
(1587, 16, 91),
(1588, 16, 92),
(1589, 16, 93),
(1590, 16, 94),
(1606, 16, 95),
(1607, 16, 96),
(1608, 16, 97),
(1609, 16, 98),
(1526, 16, 101),
(1527, 16, 102),
(1528, 16, 104),
(1529, 16, 105),
(1530, 16, 106),
(1531, 16, 109),
(1506, 16, 111),
(1507, 16, 112),
(1508, 16, 113),
(1509, 16, 114),
(1510, 16, 115),
(1511, 16, 116),
(1512, 16, 117),
(1578, 16, 121),
(1579, 16, 122),
(1580, 16, 125),
(1581, 16, 126),
(1595, 16, 141),
(1596, 16, 142),
(1597, 16, 144),
(1616, 16, 151),
(1617, 16, 152),
(1618, 16, 153),
(1619, 16, 154),
(1521, 16, 161),
(1522, 16, 162),
(1523, 16, 163),
(1524, 16, 164),
(1525, 16, 165),
(1610, 16, 171),
(1611, 16, 172),
(1612, 16, 173),
(1613, 16, 178),
(1582, 16, 262),
(1583, 16, 281),
(1584, 16, 282),
(1585, 16, 283),
(1586, 16, 286),
(1451, 16, 341),
(1452, 16, 342),
(1453, 16, 343),
(1454, 16, 344),
(1570, 16, 510),
(1571, 16, 512),
(1572, 16, 514),
(1573, 16, 517),
(1574, 16, 531),
(1575, 16, 532),
(1576, 16, 534),
(1577, 16, 538),
(1532, 16, 1101),
(1533, 16, 1102),
(1534, 16, 1104),
(1535, 16, 1109),
(1538, 16, 1181),
(1539, 16, 1182),
(1540, 16, 1183),
(1541, 16, 1184),
(1542, 16, 1185),
(1543, 16, 1186),
(1544, 16, 1187),
(1545, 16, 1188),
(1536, 16, 1201),
(1537, 16, 1202),
(1546, 16, 1231),
(1547, 16, 1232),
(1548, 16, 1233),
(1549, 16, 1234),
(1550, 16, 1235),
(1551, 16, 1236),
(1552, 16, 1237),
(1605, 16, 1321),
(1520, 16, 1421),
(1499, 16, 2401),
(1500, 16, 2402),
(1501, 16, 2403),
(1502, 16, 2411),
(1503, 16, 2412),
(1504, 16, 2413),
(1505, 16, 2414),
(1462, 16, 2501),
(1463, 16, 2503),
(1464, 16, 2515),
(1553, 16, 20001),
(1554, 16, 20002),
(1555, 16, 20003),
(1556, 16, 20004),
(1557, 16, 20005),
(1558, 16, 20006),
(1614, 16, 59001),
(1615, 16, 59002),
(1467, 17, 11),
(1468, 17, 21),
(1469, 17, 31),
(1470, 17, 41),
(1471, 17, 81),
(1472, 17, 91),
(1473, 17, 95),
(1474, 17, 97),
(1475, 17, 101),
(1476, 17, 111),
(1477, 17, 121),
(1478, 17, 151),
(1479, 17, 161),
(1480, 17, 171),
(1481, 17, 262),
(1482, 17, 281),
(1483, 17, 341),
(1484, 17, 342),
(1485, 17, 343),
(1486, 17, 344),
(1487, 17, 531),
(1488, 17, 1101),
(1489, 17, 1181),
(1490, 17, 1182),
(1491, 17, 1201),
(1492, 17, 1231),
(1493, 17, 2401),
(1494, 17, 2501),
(1495, 17, 2503),
(1496, 17, 2515),
(1497, 17, 20001),
(1498, 17, 59001),
(1620, 18, 11),
(1621, 18, 21),
(1622, 18, 31),
(1623, 18, 41),
(1624, 18, 81),
(1625, 18, 91),
(1626, 18, 95),
(1627, 18, 97),
(1628, 18, 101),
(1629, 18, 111),
(1630, 18, 121),
(1652, 18, 141),
(1631, 18, 151),
(1632, 18, 161),
(1633, 18, 171),
(1634, 18, 262),
(1635, 18, 281),
(1636, 18, 341),
(1637, 18, 342),
(1638, 18, 343),
(1639, 18, 344),
(1640, 18, 531),
(1641, 18, 1101),
(1642, 18, 1181),
(1643, 18, 1182),
(1644, 18, 1201),
(1645, 18, 1231),
(1646, 18, 2401),
(1647, 18, 2501),
(1648, 18, 2503),
(1649, 18, 2515),
(1650, 18, 20001),
(1651, 18, 59001);

-- --------------------------------------------------------

--
-- Estructura de tabla para la tabla `b67182907_accounting_account`
--

CREATE TABLE `b67182907_accounting_account` (
  `rowid` int NOT NULL,
  `entity` int NOT NULL DEFAULT '1',
  `datec` datetime DEFAULT NULL,
  `tms` timestamp NOT NULL DEFAULT CURRENT_TIMESTAMP ON UPDATE CURRENT_TIMESTAMP,
  `fk_pcg_version` varchar(32) NOT NULL,
  `pcg_type` varchar(20) NOT NULL,
  `pcg_subtype` varchar(20) NOT NULL,
  `account_number` varchar(32) NOT NULL,
  `account_parent` varchar(32) DEFAULT '0',
  `label` varchar(255) NOT NULL,
  `fk_accounting_category` int DEFAULT '0',
  `fk_user_author` int DEFAULT NULL,
  `fk_user_modif` int DEFAULT NULL,
  `active` tinyint NOT NULL DEFAULT '1',
  `import_key` varchar(14) DEFAULT NULL,
  `extraparams` varchar(255) DEFAULT NULL
) ENGINE=InnoDB DEFAULT CHARSET=utf8mb3;

--
-- Volcado de datos para la tabla `b67182907_accounting_account`
--

INSERT INTO `b67182907_accounting_account` (`rowid`, `entity`, `datec`, `tms`, `fk_pcg_version`, `pcg_type`, `pcg_subtype`, `account_number`, `account_parent`, `label`, `fk_accounting_category`, `fk_user_author`, `fk_user_modif`, `active`, `import_key`, `extraparams`) VALUES
(4001, 1, NULL, '2018-05-02 07:15:25', 'PCG08-PYME', 'CAPIT', 'XXXXXX', '1', '0', 'Financiación básica', 0, NULL, NULL, 1, NULL, NULL),
(4002, 1, NULL, '2018-05-02 07:15:25', 'PCG08-PYME', 'ACTIVO', 'XXXXXX', '2', '0', 'Activo no corriente', 0, NULL, NULL, 1, NULL, NULL),
(4003, 1, NULL, '2018-05-02 07:15:25', 'PCG08-PYME', 'EXISTENCIAS', 'XXXXXX', '3', '0', 'Existencias', 0, NULL, NULL, 1, NULL, NULL),
(4004, 1, NULL, '2018-05-02 07:15:25', 'PCG08-PYME', 'ACREEDORES_DEUDORES', 'XXXXXX', '4', '0', 'Acreedores y deudores por operaciones comerciales', 0, NULL, NULL, 1, NULL, NULL),
(4005, 1, NULL, '2018-05-02 07:15:25', 'PCG08-PYME', 'FINAN', 'XXXXXX', '5', '0', 'Cuentas financieras', 0, NULL, NULL, 1, NULL, NULL),
(4006, 1, NULL, '2018-05-02 07:15:25', 'PCG08-PYME', 'EXPENSE', 'XXXXXX', '6', '0', 'Compras y gastos', 0, NULL, NULL, 1, NULL, NULL),
(4007, 1, NULL, '2018-05-02 07:15:25', 'PCG08-PYME', 'INCOME', 'XXXXXX', '7', '0', 'Ventas e ingresos', 0, NULL, NULL, 1, NULL, NULL),
(4008, 1, NULL, '2018-05-02 07:15:25', 'PCG08-PYME', 'CAPIT', 'XXXXXX', '10', '4001', 'CAPITAL', 0, NULL, NULL, 1, NULL, NULL),
(4009, 1, NULL, '2018-05-02 07:15:25', 'PCG08-PYME', 'CAPIT', 'XXXXXX', '100', '4008', 'Capital social', 0, NULL, NULL, 1, NULL, NULL),
(4010, 1, NULL, '2018-05-02 07:15:25', 'PCG08-PYME', 'CAPIT', 'XXXXXX', '101', '4008', 'Fondo social', 0, NULL, NULL, 1, NULL, NULL),
(4011, 1, NULL, '2018-05-02 07:15:25', 'PCG08-PYME', 'CAPIT', 'CAPITAL', '102', '4008', 'Capital', 0, NULL, NULL, 1, NULL, NULL),
(4012, 1, NULL, '2018-05-02 07:15:25', 'PCG08-PYME', 'CAPIT', 'XXXXXX', '103', '4008', 'Socios por desembolsos no exigidos', 0, NULL, NULL, 1, NULL, NULL),
(4013, 1, NULL, '2018-05-02 07:15:25', 'PCG08-PYME', 'CAPIT', 'XXXXXX', '1030', '4012', 'Socios por desembolsos no exigidos capital social', 0, NULL, NULL, 1, NULL, NULL),
(4014, 1, NULL, '2018-05-02 07:15:25', 'PCG08-PYME', 'CAPIT', 'XXXXXX', '1034', '4012', 'Socios por desembolsos no exigidos capital pendiente de inscripción', 0, NULL, NULL, 1, NULL, NULL),
(4015, 1, NULL, '2018-05-02 07:15:25', 'PCG08-PYME', 'CAPIT', 'XXXXXX', '104', '4008', 'Socios por aportaciones no dineradas pendientes', 0, NULL, NULL, 1, NULL, NULL),
(4016, 1, NULL, '2018-05-02 07:15:25', 'PCG08-PYME', 'CAPIT', 'XXXXXX', '1040', '4015', 'Socios por aportaciones no dineradas pendientes capital social', 0, NULL, NULL, 1, NULL, NULL),
(4017, 1, NULL, '2018-05-02 07:15:25', 'PCG08-PYME', 'CAPIT', 'XXXXXX', '1044', '4015', 'Socios por aportaciones no dineradas pendientes capital pendiente de inscripción', 0, NULL, NULL, 1, NULL, NULL),
(4018, 1, NULL, '2018-05-02 07:15:25', 'PCG08-PYME', 'CAPIT', 'XXXXXX', '108', '4008', 'Acciones o participaciones propias en situaciones especiales', 0, NULL, NULL, 1, NULL, NULL),
(4019, 1, NULL, '2018-05-02 07:15:25', 'PCG08-PYME', 'CAPIT', 'XXXXXX', '109', '4008', 'Acciones o participaciones propias para reducción de capital', 0, NULL, NULL, 1, NULL, NULL),
(4020, 1, NULL, '2018-05-02 07:15:25', 'PCG08-PYME', 'CAPIT', 'XXXXXX', '11', '4001', 'Reservas y otros instrumentos de patrimonio', 0, NULL, NULL, 1, NULL, NULL),
(4021, 1, NULL, '2018-05-02 07:15:25', 'PCG08-PYME', 'CAPIT', 'XXXXXX', '110', '4020', 'Prima de emisión o asunción', 0, NULL, NULL, 1, NULL, NULL),
(4022, 1, NULL, '2018-05-02 07:15:25', 'PCG08-PYME', 'CAPIT', 'XXXXXX', '111', '4020', 'Otros instrumentos de patrimonio neto', 0, NULL, NULL, 1, NULL, NULL),
(4023, 1, NULL, '2018-05-02 07:15:25', 'PCG08-PYME', 'CAPIT', 'XXXXXX', '1110', '4022', 'Patrimonio neto por emisión de instrumentos financieros compuestos', 0, NULL, NULL, 1, NULL, NULL),
(4024, 1, NULL, '2018-05-02 07:15:25', 'PCG08-PYME', 'CAPIT', 'XXXXXX', '1111', '4022', 'Resto de instrumentos de patrimoio neto', 0, NULL, NULL, 1, NULL, NULL),
(4025, 1, NULL, '2018-05-02 07:15:25', 'PCG08-PYME', 'CAPIT', 'XXXXXX', '112', '4020', 'Reserva legal', 0, NULL, NULL, 1, NULL, NULL),
(4026, 1, NULL, '2018-05-02 07:15:25', 'PCG08-PYME', 'CAPIT', 'XXXXXX', '113', '4020', 'Reservas voluntarias', 0, NULL, NULL, 1, NULL, NULL),
(4027, 1, NULL, '2018-05-02 07:15:25', 'PCG08-PYME', 'CAPIT', 'XXXXXX', '114', '4020', 'Reservas especiales', 0, NULL, NULL, 1, NULL, NULL),
(4028, 1, NULL, '2018-05-02 07:15:25', 'PCG08-PYME', 'CAPIT', 'XXXXXX', '1140', '4027', 'Reservas para acciones o participaciones de la sociedad dominante', 0, NULL, NULL, 1, NULL, NULL),
(4029, 1, NULL, '2018-05-02 07:15:25', 'PCG08-PYME', 'CAPIT', 'XXXXXX', '1141', '4027', 'Reservas estatutarias', 0, NULL, NULL, 1, NULL, NULL),
(4030, 1, NULL, '2018-05-02 07:15:25', 'PCG08-PYME', 'CAPIT', 'XXXXXX', '1142', '4027', 'Reservas por capital amortizado', 0, NULL, NULL, 1, NULL, NULL),
(4031, 1, NULL, '2018-05-02 07:15:25', 'PCG08-PYME', 'CAPIT', 'XXXXXX', '1143', '4027', 'Reservas por fondo de comercio', 0, NULL, NULL, 1, NULL, NULL),
(4032, 1, NULL, '2018-05-02 07:15:25', 'PCG08-PYME', 'CAPIT', 'XXXXXX', '1144', '4028', 'Reservas por acciones propias aceptadas en garantía', 0, NULL, NULL, 1, NULL, NULL),
(4033, 1, NULL, '2018-05-02 07:15:25', 'PCG08-PYME', 'CAPIT', 'XXXXXX', '115', '4020', 'Reservas por pérdidas y ganancias actuariales y otros ajustes', 0, NULL, NULL, 1, NULL, NULL),
(4034, 1, NULL, '2018-05-02 07:15:25', 'PCG08-PYME', 'CAPIT', 'XXXXXX', '118', '4020', 'Aportaciones de socios o propietarios', 0, NULL, NULL, 1, NULL, NULL),
(4035, 1, NULL, '2018-05-02 07:15:25', 'PCG08-PYME', 'CAPIT', 'XXXXXX', '119', '4020', 'Diferencias por ajuste del capital a euros', 0, NULL, NULL, 1, NULL, NULL),
(4036, 1, NULL, '2018-05-02 07:15:25', 'PCG08-PYME', 'CAPIT', 'XXXXXX', '12', '4001', 'Resultados pendientes de aplicación', 0, NULL, NULL, 1, NULL, NULL),
(4037, 1, NULL, '2018-05-02 07:15:25', 'PCG08-PYME', 'CAPIT', 'XXXXXX', '120', '4036', 'Remanente', 0, NULL, NULL, 1, NULL, NULL),
(4038, 1, NULL, '2018-05-02 07:15:25', 'PCG08-PYME', 'CAPIT', 'XXXXXX', '121', '4036', 'Resultados negativos de ejercicios anteriores', 0, NULL, NULL, 1, NULL, NULL),
(4039, 1, NULL, '2018-05-02 07:15:25', 'PCG08-PYME', 'CAPIT', 'XXXXXX', '129', '4036', 'Resultado del ejercicio', 0, NULL, NULL, 1, NULL, NULL),
(4040, 1, NULL, '2018-05-02 07:15:25', 'PCG08-PYME', 'CAPIT', 'XXXXXX', '13', '4001', 'Subvenciones, donaciones y ajustes por cambio de valor', 0, NULL, NULL, 1, NULL, NULL),
(4041, 1, NULL, '2018-05-02 07:15:25', 'PCG08-PYME', 'CAPIT', 'XXXXXX', '130', '4040', 'Subvenciones oficiales de capital', 0, NULL, NULL, 1, NULL, NULL),
(4042, 1, NULL, '2018-05-02 07:15:25', 'PCG08-PYME', 'CAPIT', 'XXXXXX', '131', '4040', 'Donaciones y legados de capital', 0, NULL, NULL, 1, NULL, NULL),
(4043, 1, NULL, '2018-05-02 07:15:25', 'PCG08-PYME', 'CAPIT', 'XXXXXX', '132', '4040', 'Otras subvenciones, donaciones y legados', 0, NULL, NULL, 1, NULL, NULL),
(4044, 1, NULL, '2018-05-02 07:15:25', 'PCG08-PYME', 'CAPIT', 'XXXXXX', '133', '4040', 'Ajustes por valoración en activos financieros disponibles para la venta', 0, NULL, NULL, 1, NULL, NULL),
(4045, 1, NULL, '2018-05-02 07:15:25', 'PCG08-PYME', 'CAPIT', 'XXXXXX', '134', '4040', 'Operaciones de cobertura', 0, NULL, NULL, 1, NULL, NULL),
(4046, 1, NULL, '2018-05-02 07:15:25', 'PCG08-PYME', 'CAPIT', 'XXXXXX', '1340', '4045', 'Cobertura de flujos de efectivo', 0, NULL, NULL, 1, NULL, NULL),
(4047, 1, NULL, '2018-05-02 07:15:25', 'PCG08-PYME', 'CAPIT', 'XXXXXX', '1341', '4045', 'Cobertura de una inversión neta en un negocio extranjero', 0, NULL, NULL, 1, NULL, NULL),
(4048, 1, NULL, '2018-05-02 07:15:25', 'PCG08-PYME', 'CAPIT', 'XXXXXX', '135', '4040', 'Diferencias de conversión', 0, NULL, NULL, 1, NULL, NULL),
(4049, 1, NULL, '2018-05-02 07:15:25', 'PCG08-PYME', 'CAPIT', 'XXXXXX', '136', '4040', 'Ajustes por valoración en activos no corrientes y grupos enajenables de elementos mantenidos para la venta', 0, NULL, NULL, 1, NULL, NULL),
(4050, 1, NULL, '2018-05-02 07:15:25', 'PCG08-PYME', 'CAPIT', 'XXXXXX', '137', '4040', 'Ingresos fiscales a distribuir en varios ejercicios', 0, NULL, NULL, 1, NULL, NULL),
(4051, 1, NULL, '2018-05-02 07:15:25', 'PCG08-PYME', 'CAPIT', 'XXXXXX', '1370', '4050', 'Ingresos fiscales por diferencias permanentes a distribuir en varios ejercicios', 0, NULL, NULL, 1, NULL, NULL),
(4052, 1, NULL, '2018-05-02 07:15:25', 'PCG08-PYME', 'CAPIT', 'XXXXXX', '1371', '4050', 'Ingresos fiscales por deducciones y bonificaciones a distribuir en varios ejercicios', 0, NULL, NULL, 1, NULL, NULL),
(4053, 1, NULL, '2018-05-02 07:15:25', 'PCG08-PYME', 'CAPIT', 'XXXXXX', '14', '4001', 'Provisiones', 0, NULL, NULL, 1, NULL, NULL),
(4054, 1, NULL, '2018-05-02 07:15:25', 'PCG08-PYME', 'CAPIT', 'XXXXXX', '141', '4053', 'Provisión para impuestos', 0, NULL, NULL, 1, NULL, NULL),
(4055, 1, NULL, '2018-05-02 07:15:25', 'PCG08-PYME', 'CAPIT', 'XXXXXX', '142', '4053', 'Provisión para otras responsabilidades', 0, NULL, NULL, 1, NULL, NULL),
(4056, 1, NULL, '2018-05-02 07:15:25', 'PCG08-PYME', 'CAPIT', 'XXXXXX', '143', '4053', 'Provisión por desmantelamiento, retiro o rehabilitación del inmovilizado', 0, NULL, NULL, 1, NULL, NULL),
(4057, 1, NULL, '2018-05-02 07:15:25', 'PCG08-PYME', 'CAPIT', 'XXXXXX', '145', '4053', 'Provisión para actuaciones medioambientales', 0, NULL, NULL, 1, NULL, NULL),
(4058, 1, NULL, '2018-05-02 07:15:25', 'PCG08-PYME', 'CAPIT', 'XXXXXX', '15', '4001', 'Deudas a largo plazo con características especiales', 0, NULL, NULL, 1, NULL, NULL),
(4059, 1, NULL, '2018-05-02 07:15:25', 'PCG08-PYME', 'CAPIT', 'XXXXXX', '150', '4058', 'Acciones o participaciones a largo plazo consideradas como pasivos financieros', 0, NULL, NULL, 1, NULL, NULL),
(4060, 1, NULL, '2018-05-02 07:15:25', 'PCG08-PYME', 'CAPIT', 'XXXXXX', '153', '4058', 'Desembolsos no exigidos por acciones o participaciones consideradas como pasivos financieros', 0, NULL, NULL, 1, NULL, NULL),
(4061, 1, NULL, '2018-05-02 07:15:25', 'PCG08-PYME', 'CAPIT', 'XXXXXX', '1533', '4060', 'Desembolsos no exigidos empresas del grupo', 0, NULL, NULL, 1, NULL, NULL),
(4062, 1, NULL, '2018-05-02 07:15:25', 'PCG08-PYME', 'CAPIT', 'XXXXXX', '1534', '4060', 'Desembolsos no exigidos empresas asociadas', 0, NULL, NULL, 1, NULL, NULL),
(4063, 1, NULL, '2018-05-02 07:15:25', 'PCG08-PYME', 'CAPIT', 'XXXXXX', '1535', '4060', 'Desembolsos no exigidos otras partes vinculadas', 0, NULL, NULL, 1, NULL, NULL),
(4064, 1, NULL, '2018-05-02 07:15:25', 'PCG08-PYME', 'CAPIT', 'XXXXXX', '1536', '4060', 'Otros desembolsos no exigidos', 0, NULL, NULL, 1, NULL, NULL),
(4065, 1, NULL, '2018-05-02 07:15:25', 'PCG08-PYME', 'CAPIT', 'XXXXXX', '154', '4058', 'Aportaciones no dinerarias pendientes por acciones o participaciones consideradas como pasivos financieros', 0, NULL, NULL, 1, NULL, NULL),
(4066, 1, NULL, '2018-05-02 07:15:25', 'PCG08-PYME', 'CAPIT', 'XXXXXX', '1543', '4065', 'Aportaciones no dinerarias pendientes empresas del grupo', 0, NULL, NULL, 1, NULL, NULL),
(4067, 1, NULL, '2018-05-02 07:15:25', 'PCG08-PYME', 'CAPIT', 'XXXXXX', '1544', '4065', 'Aportaciones no dinerarias pendientes empresas asociadas', 0, NULL, NULL, 1, NULL, NULL),
(4068, 1, NULL, '2018-05-02 07:15:25', 'PCG08-PYME', 'CAPIT', 'XXXXXX', '1545', '4065', 'Aportaciones no dinerarias pendientes otras partes vinculadas', 0, NULL, NULL, 1, NULL, NULL),
(4069, 1, NULL, '2018-05-02 07:15:25', 'PCG08-PYME', 'CAPIT', 'XXXXXX', '1546', '4065', 'Otras aportaciones no dinerarias pendientes', 0, NULL, NULL, 1, NULL, NULL),
(4070, 1, NULL, '2018-05-02 07:15:25', 'PCG08-PYME', 'CAPIT', 'XXXXXX', '16', '4001', 'Deudas a largo plazo con partes vinculadas', 0, NULL, NULL, 1, NULL, NULL),
(4071, 1, NULL, '2018-05-02 07:15:25', 'PCG08-PYME', 'CAPIT', 'XXXXXX', '160', '4070', 'Deudas a largo plazo con entidades de crédito vinculadas', 0, NULL, NULL, 1, NULL, NULL),
(4072, 1, NULL, '2018-05-02 07:15:25', 'PCG08-PYME', 'CAPIT', 'XXXXXX', '1603', '4071', 'Deudas a largo plazo con entidades de crédito empresas del grupo', 0, NULL, NULL, 1, NULL, NULL),
(4073, 1, NULL, '2018-05-02 07:15:25', 'PCG08-PYME', 'CAPIT', 'XXXXXX', '1604', '4071', 'Deudas a largo plazo con entidades de crédito empresas asociadas', 0, NULL, NULL, 1, NULL, NULL),
(4074, 1, NULL, '2018-05-02 07:15:25', 'PCG08-PYME', 'CAPIT', 'XXXXXX', '1605', '4071', 'Deudas a largo plazo con otras entidades de crédito vinculadas', 0, NULL, NULL, 1, NULL, NULL),
(4075, 1, NULL, '2018-05-02 07:15:25', 'PCG08-PYME', 'CAPIT', 'XXXXXX', '161', '4070', 'Proveedores de inmovilizado a largo plazo partes vinculadas', 0, NULL, NULL, 1, NULL, NULL),
(4076, 1, NULL, '2018-05-02 07:15:25', 'PCG08-PYME', 'CAPIT', 'XXXXXX', '1613', '4075', 'Proveedores de inmovilizado a largo plazo empresas del grupo', 0, NULL, NULL, 1, NULL, NULL),
(4077, 1, NULL, '2018-05-02 07:15:25', 'PCG08-PYME', 'CAPIT', 'XXXXXX', '1614', '4075', 'Proveedores de inmovilizado a largo plazo empresas asociadas', 0, NULL, NULL, 1, NULL, NULL),
(4078, 1, NULL, '2018-05-02 07:15:25', 'PCG08-PYME', 'CAPIT', 'XXXXXX', '1615', '4075', 'Proveedores de inmovilizado a largo plazo otras partes vinculadas', 0, NULL, NULL, 1, NULL, NULL),
(4079, 1, NULL, '2018-05-02 07:15:25', 'PCG08-PYME', 'CAPIT', 'XXXXXX', '162', '4070', 'Acreedores por arrendamiento financiero a largo plazo partes vinculadas', 0, NULL, NULL, 1, NULL, NULL),
(4080, 1, NULL, '2018-05-02 07:15:25', 'PCG08-PYME', 'CAPIT', 'XXXXXX', '1623', '4079', 'Acreedores por arrendamiento financiero a largo plazo empresas del grupo', 0, NULL, NULL, 1, NULL, NULL),
(4081, 1, NULL, '2018-05-02 07:15:25', 'PCG08-PYME', 'CAPIT', 'XXXXXX', '1624', '4080', 'Acreedores por arrendamiento financiero a largo plazo empresas asociadas', 0, NULL, NULL, 1, NULL, NULL),
(4082, 1, NULL, '2018-05-02 07:15:25', 'PCG08-PYME', 'CAPIT', 'XXXXXX', '1625', '4080', 'Acreedores por arrendamiento financiero a largo plazo otras partes vinculadas', 0, NULL, NULL, 1, NULL, NULL),
(4083, 1, NULL, '2018-05-02 07:15:25', 'PCG08-PYME', 'CAPIT', 'XXXXXX', '163', '4070', 'Otras deudas a largo plazo con partes vinculadas', 0, NULL, NULL, 1, NULL, NULL),
(4084, 1, NULL, '2018-05-02 07:15:25', 'PCG08-PYME', 'CAPIT', 'XXXXXX', '1633', '4083', 'Otras deudas a largo plazo empresas del grupo', 0, NULL, NULL, 1, NULL, NULL),
(4085, 1, NULL, '2018-05-02 07:15:25', 'PCG08-PYME', 'CAPIT', 'XXXXXX', '1634', '4083', 'Otras deudas a largo plazo empresas asociadas', 0, NULL, NULL, 1, NULL, NULL),
(4086, 1, NULL, '2018-05-02 07:15:25', 'PCG08-PYME', 'CAPIT', 'XXXXXX', '1635', '4083', 'Otras deudas a largo plazo otras partes vinculadas', 0, NULL, NULL, 1, NULL, NULL),
(4087, 1, NULL, '2018-05-02 07:15:25', 'PCG08-PYME', 'CAPIT', 'XXXXXX', '17', '4001', 'Deudas a largo plazo por préstamos recibidos empresitos y otros conceptos', 0, NULL, NULL, 1, NULL, NULL),
(4088, 1, NULL, '2018-05-02 07:15:25', 'PCG08-PYME', 'CAPIT', 'XXXXXX', '170', '4087', 'Deudas a largo plazo con entidades de crédito', 0, NULL, NULL, 1, NULL, NULL),
(4089, 1, NULL, '2018-05-02 07:15:25', 'PCG08-PYME', 'CAPIT', 'XXXXXX', '171', '4087', 'Deudas a largo plazo', 0, NULL, NULL, 1, NULL, NULL),
(4090, 1, NULL, '2018-05-02 07:15:25', 'PCG08-PYME', 'CAPIT', 'XXXXXX', '172', '4087', 'Deudas a largo plazo transformables en suvbenciones donaciones y legados', 0, NULL, NULL, 1, NULL, NULL),
(4091, 1, NULL, '2018-05-02 07:15:25', 'PCG08-PYME', 'CAPIT', 'XXXXXX', '173', '4087', 'Proveedores de inmovilizado a largo plazo', 0, NULL, NULL, 1, NULL, NULL),
(4092, 1, NULL, '2018-05-02 07:15:25', 'PCG08-PYME', 'CAPIT', 'XXXXXX', '174', '4087', 'Acreedores por arrendamiento financiero a largo plazo', 0, NULL, NULL, 1, NULL, NULL),
(4093, 1, NULL, '2018-05-02 07:15:25', 'PCG08-PYME', 'CAPIT', 'XXXXXX', '175', '4087', 'Efectos a pagar a largo plazo', 0, NULL, NULL, 1, NULL, NULL),
(4094, 1, NULL, '2018-05-02 07:15:25', 'PCG08-PYME', 'CAPIT', 'XXXXXX', '176', '4087', 'Pasivos por derivados financieros a largo plazo', 0, NULL, NULL, 1, NULL, NULL),
(4095, 1, NULL, '2018-05-02 07:15:25', 'PCG08-PYME', 'CAPIT', 'XXXXXX', '177', '4087', 'Obligaciones y bonos', 0, NULL, NULL, 1, NULL, NULL),
(4096, 1, NULL, '2018-05-02 07:15:25', 'PCG08-PYME', 'CAPIT', 'XXXXXX', '179', '4087', 'Deudas representadas en otros valores negociables', 0, NULL, NULL, 1, NULL, NULL),
(4097, 1, NULL, '2018-05-02 07:15:25', 'PCG08-PYME', 'CAPIT', 'XXXXXX', '18', '4001', 'Pasivos por fianzas garantias y otros conceptos a largo plazo', 0, NULL, NULL, 1, NULL, NULL),
(4098, 1, NULL, '2018-05-02 07:15:25', 'PCG08-PYME', 'CAPIT', 'XXXXXX', '180', '4097', 'Fianzas recibidas a largo plazo', 0, NULL, NULL, 1, NULL, NULL),
(4099, 1, NULL, '2018-05-02 07:15:25', 'PCG08-PYME', 'CAPIT', 'XXXXXX', '181', '4097', 'Anticipos recibidos por ventas o prestaciones de servicios a largo plazo', 0, NULL, NULL, 1, NULL, NULL),
(4100, 1, NULL, '2018-05-02 07:15:25', 'PCG08-PYME', 'CAPIT', 'XXXXXX', '185', '4097', 'Depositos recibidos a largo plazo', 0, NULL, NULL, 1, NULL, NULL),
(4101, 1, NULL, '2018-05-02 07:15:25', 'PCG08-PYME', 'CAPIT', 'XXXXXX', '19', '4001', 'Situaciones transitorias de financiación', 0, NULL, NULL, 1, NULL, NULL),
(4102, 1, NULL, '2018-05-02 07:15:25', 'PCG08-PYME', 'CAPIT', 'XXXXXX', '190', '4101', 'Acciones o participaciones emitidas', 0, NULL, NULL, 1, NULL, NULL),
(4103, 1, NULL, '2018-05-02 07:15:25', 'PCG08-PYME', 'CAPIT', 'XXXXXX', '192', '4101', 'Suscriptores de acciones', 0, NULL, NULL, 1, NULL, NULL),
(4104, 1, NULL, '2018-05-02 07:15:25', 'PCG08-PYME', 'CAPIT', 'XXXXXX', '194', '4101', 'Capital emitido pendiente de inscripción', 0, NULL, NULL, 1, NULL, NULL),
(4105, 1, NULL, '2018-05-02 07:15:25', 'PCG08-PYME', 'CAPIT', 'XXXXXX', '195', '4101', 'Acciones o participaciones emitidas consideradas como pasivos financieros', 0, NULL, NULL, 1, NULL, NULL),
(4106, 1, NULL, '2018-05-02 07:15:25', 'PCG08-PYME', 'CAPIT', 'XXXXXX', '197', '4101', 'Suscriptores de acciones consideradas como pasivos financieros', 0, NULL, NULL, 1, NULL, NULL),
(4107, 1, NULL, '2018-05-02 07:15:25', 'PCG08-PYME', 'CAPIT', 'XXXXXX', '199', '4101', 'Acciones o participaciones emitidas consideradas como pasivos financieros pendientes de inscripción', 0, NULL, NULL, 1, NULL, NULL),
(4108, 1, NULL, '2018-05-02 07:15:25', 'PCG08-PYME', 'ACTIVO', 'XXXXXX', '20', '4002', 'Inmovilizaciones intangibles', 0, NULL, NULL, 1, NULL, NULL),
(4109, 1, NULL, '2018-05-02 07:15:25', 'PCG08-PYME', 'ACTIVO', 'XXXXXX', '200', '4108', 'Investigación', 0, NULL, NULL, 1, NULL, NULL),
(4110, 1, NULL, '2018-05-02 07:15:25', 'PCG08-PYME', 'ACTIVO', 'XXXXXX', '201', '4108', 'Desarrollo', 0, NULL, NULL, 1, NULL, NULL),
(4111, 1, NULL, '2018-05-02 07:15:25', 'PCG08-PYME', 'ACTIVO', 'XXXXXX', '202', '4108', 'Concesiones administrativas', 0, NULL, NULL, 1, NULL, NULL),
(4112, 1, NULL, '2018-05-02 07:15:25', 'PCG08-PYME', 'ACTIVO', 'XXXXXX', '203', '4108', 'Propiedad industrial', 0, NULL, NULL, 1, NULL, NULL),
(4113, 1, NULL, '2018-05-02 07:15:25', 'PCG08-PYME', 'ACTIVO', 'XXXXXX', '205', '4108', 'Derechos de transpaso', 0, NULL, NULL, 1, NULL, NULL),
(4114, 1, NULL, '2018-05-02 07:15:25', 'PCG08-PYME', 'ACTIVO', 'XXXXXX', '206', '4108', 'Aplicaciones informáticas', 0, NULL, NULL, 1, NULL, NULL),
(4115, 1, NULL, '2018-05-02 07:15:25', 'PCG08-PYME', 'ACTIVO', 'XXXXXX', '209', '4108', 'Anticipos para inmovilizaciones intangibles', 0, NULL, NULL, 1, NULL, NULL),
(4116, 1, NULL, '2018-05-02 07:15:25', 'PCG08-PYME', 'ACTIVO', 'XXXXXX', '21', '4002', 'Inmovilizaciones materiales', 0, NULL, NULL, 1, NULL, NULL),
(4117, 1, NULL, '2018-05-02 07:15:25', 'PCG08-PYME', 'ACTIVO', 'XXXXXX', '210', '4116', 'Terrenos y bienes naturales', 0, NULL, NULL, 1, NULL, NULL),
(4118, 1, NULL, '2018-05-02 07:15:25', 'PCG08-PYME', 'ACTIVO', 'XXXXXX', '211', '4116', 'Construcciones', 0, NULL, NULL, 1, NULL, NULL),
(4119, 1, NULL, '2018-05-02 07:15:25', 'PCG08-PYME', 'ACTIVO', 'XXXXXX', '212', '4116', 'Instalaciones técnicas', 0, NULL, NULL, 1, NULL, NULL),
(4120, 1, NULL, '2018-05-02 07:15:25', 'PCG08-PYME', 'ACTIVO', 'XXXXXX', '213', '4116', 'Maquinaria', 0, NULL, NULL, 1, NULL, NULL),
(4121, 1, NULL, '2018-05-02 07:15:25', 'PCG08-PYME', 'ACTIVO', 'XXXXXX', '214', '4116', 'Utillaje', 0, NULL, NULL, 1, NULL, NULL),
(4122, 1, NULL, '2018-05-02 07:15:25', 'PCG08-PYME', 'ACTIVO', 'XXXXXX', '215', '4116', 'Otras instalaciones', 0, NULL, NULL, 1, NULL, NULL),
(4123, 1, NULL, '2018-05-02 07:15:25', 'PCG08-PYME', 'ACTIVO', 'XXXXXX', '216', '4116', 'Mobiliario', 0, NULL, NULL, 1, NULL, NULL),
(4124, 1, NULL, '2018-05-02 07:15:25', 'PCG08-PYME', 'ACTIVO', 'XXXXXX', '217', '4116', 'Equipos para procesos de información', 0, NULL, NULL, 1, NULL, NULL),
(4125, 1, NULL, '2018-05-02 07:15:25', 'PCG08-PYME', 'ACTIVO', 'XXXXXX', '218', '4116', 'Elementos de transporte', 0, NULL, NULL, 1, NULL, NULL),
(4126, 1, NULL, '2018-05-02 07:15:25', 'PCG08-PYME', 'ACTIVO', 'XXXXXX', '219', '4116', 'Otro inmovilizado material', 0, NULL, NULL, 1, NULL, NULL),
(4127, 1, NULL, '2018-05-02 07:15:25', 'PCG08-PYME', 'ACTIVO', 'XXXXXX', '22', '4002', 'Inversiones inmobiliarias', 0, NULL, NULL, 1, NULL, NULL),
(4128, 1, NULL, '2018-05-02 07:15:26', 'PCG08-PYME', 'ACTIVO', 'XXXXXX', '220', '4127', 'Inversiones en terreons y bienes naturales', 0, NULL, NULL, 1, NULL, NULL),
(4129, 1, NULL, '2018-05-02 07:15:26', 'PCG08-PYME', 'ACTIVO', 'XXXXXX', '221', '4127', 'Inversiones en construcciones', 0, NULL, NULL, 1, NULL, NULL),
(4130, 1, NULL, '2018-05-02 07:15:26', 'PCG08-PYME', 'ACTIVO', 'XXXXXX', '23', '4002', 'Inmovilizaciones materiales en curso', 0, NULL, NULL, 1, NULL, NULL),
(4131, 1, NULL, '2018-05-02 07:15:26', 'PCG08-PYME', 'ACTIVO', 'XXXXXX', '230', '4130', 'Adaptación de terrenos y bienes naturales', 0, NULL, NULL, 1, NULL, NULL),
(4132, 1, NULL, '2018-05-02 07:15:26', 'PCG08-PYME', 'ACTIVO', 'XXXXXX', '231', '4130', 'Construcciones en curso', 0, NULL, NULL, 1, NULL, NULL),
(4133, 1, NULL, '2018-05-02 07:15:26', 'PCG08-PYME', 'ACTIVO', 'XXXXXX', '232', '4130', 'Instalaciones técnicas en montaje', 0, NULL, NULL, 1, NULL, NULL),
(4134, 1, NULL, '2018-05-02 07:15:26', 'PCG08-PYME', 'ACTIVO', 'XXXXXX', '233', '4130', 'Maquinaria en montaje', 0, NULL, NULL, 1, NULL, NULL),
(4135, 1, NULL, '2018-05-02 07:15:26', 'PCG08-PYME', 'ACTIVO', 'XXXXXX', '237', '4130', 'Equipos para procesos de información en montaje', 0, NULL, NULL, 1, NULL, NULL),
(4136, 1, NULL, '2018-05-02 07:15:26', 'PCG08-PYME', 'ACTIVO', 'XXXXXX', '239', '4130', 'Anticipos para inmovilizaciones materiales', 0, NULL, NULL, 1, NULL, NULL),
(4137, 1, NULL, '2018-05-02 07:15:26', 'PCG08-PYME', 'ACTIVO', 'XXXXXX', '24', '4002', 'Inversiones financieras a largo plazo en partes vinculadas', 0, NULL, NULL, 1, NULL, NULL),
(4138, 1, NULL, '2018-05-02 07:15:26', 'PCG08-PYME', 'ACTIVO', 'XXXXXX', '240', '4137', 'Participaciones a largo plazo en partes vinculadas', 0, NULL, NULL, 1, NULL, NULL),
(4139, 1, NULL, '2018-05-02 07:15:26', 'PCG08-PYME', 'ACTIVO', 'XXXXXX', '2403', '4138', 'Participaciones a largo plazo en empresas del grupo', 0, NULL, NULL, 1, NULL, NULL),
(4140, 1, NULL, '2018-05-02 07:15:26', 'PCG08-PYME', 'ACTIVO', 'XXXXXX', '2404', '4138', 'Participaciones a largo plazo en empresas asociadas', 0, NULL, NULL, 1, NULL, NULL),
(4141, 1, NULL, '2018-05-02 07:15:26', 'PCG08-PYME', 'ACTIVO', 'XXXXXX', '2405', '4138', 'Participaciones a largo plazo en otras partes vinculadas', 0, NULL, NULL, 1, NULL, NULL),
(4142, 1, NULL, '2018-05-02 07:15:26', 'PCG08-PYME', 'ACTIVO', 'XXXXXX', '241', '4137', 'Valores representativos de deuda a largo plazo de partes vinculadas', 0, NULL, NULL, 1, NULL, NULL),
(4143, 1, NULL, '2018-05-02 07:15:26', 'PCG08-PYME', 'ACTIVO', 'XXXXXX', '2413', '4142', 'Valores representativos de deuda a largo plazo de empresas del grupo', 0, NULL, NULL, 1, NULL, NULL),
(4144, 1, NULL, '2018-05-02 07:15:26', 'PCG08-PYME', 'ACTIVO', 'XXXXXX', '2414', '4142', 'Valores representativos de deuda a largo plazo de empresas asociadas', 0, NULL, NULL, 1, NULL, NULL),
(4145, 1, NULL, '2018-05-02 07:15:26', 'PCG08-PYME', 'ACTIVO', 'XXXXXX', '2415', '4142', 'Valores representativos de deuda a largo plazo de otras partes vinculadas', 0, NULL, NULL, 1, NULL, NULL),
(4146, 1, NULL, '2018-05-02 07:15:26', 'PCG08-PYME', 'ACTIVO', 'XXXXXX', '242', '4137', 'Créditos a largo plazo a partes vinculadas', 0, NULL, NULL, 1, NULL, NULL),
(4147, 1, NULL, '2018-05-02 07:15:26', 'PCG08-PYME', 'ACTIVO', 'XXXXXX', '2423', '4146', 'Créditos a largo plazo a empresas del grupo', 0, NULL, NULL, 1, NULL, NULL),
(4148, 1, NULL, '2018-05-02 07:15:26', 'PCG08-PYME', 'ACTIVO', 'XXXXXX', '2424', '4146', 'Créditos a largo plazo a empresas asociadas', 0, NULL, NULL, 1, NULL, NULL),
(4149, 1, NULL, '2018-05-02 07:15:26', 'PCG08-PYME', 'ACTIVO', 'XXXXXX', '2425', '4146', 'Créditos a largo plazo a otras partes vinculadas', 0, NULL, NULL, 1, NULL, NULL),
(4150, 1, NULL, '2018-05-02 07:15:26', 'PCG08-PYME', 'ACTIVO', 'XXXXXX', '249', '4137', 'Desembolsos pendientes sobre participaciones a largo plazo en partes vinculadas', 0, NULL, NULL, 1, NULL, NULL),
(4151, 1, NULL, '2018-05-02 07:15:26', 'PCG08-PYME', 'ACTIVO', 'XXXXXX', '2493', '4150', 'Desembolsos pendientes sobre participaciones a largo plazo en empresas del grupo', 0, NULL, NULL, 1, NULL, NULL),
(4152, 1, NULL, '2018-05-02 07:15:26', 'PCG08-PYME', 'ACTIVO', 'XXXXXX', '2494', '4150', 'Desembolsos pendientes sobre participaciones a largo plazo en empresas asociadas', 0, NULL, NULL, 1, NULL, NULL),
(4153, 1, NULL, '2018-05-02 07:15:26', 'PCG08-PYME', 'ACTIVO', 'XXXXXX', '2495', '4150', 'Desembolsos pendientes sobre participaciones a largo plazo en otras partes vinculadas', 0, NULL, NULL, 1, NULL, NULL),
(4154, 1, NULL, '2018-05-02 07:15:26', 'PCG08-PYME', 'ACTIVO', 'XXXXXX', '25', '4002', 'Otras inversiones financieras a largo plazo', 0, NULL, NULL, 1, NULL, NULL),
(4155, 1, NULL, '2018-05-02 07:15:26', 'PCG08-PYME', 'ACTIVO', 'XXXXXX', '250', '4154', 'Inversiones financieras a largo plazo en instrumentos de patrimonio', 0, NULL, NULL, 1, NULL, NULL),
(4156, 1, NULL, '2018-05-02 07:15:26', 'PCG08-PYME', 'ACTIVO', 'XXXXXX', '251', '4154', 'Valores representativos de deuda a largo plazo', 0, NULL, NULL, 1, NULL, NULL),
(4157, 1, NULL, '2018-05-02 07:15:26', 'PCG08-PYME', 'ACTIVO', 'XXXXXX', '252', '4154', 'Créditos a largo plazo', 0, NULL, NULL, 1, NULL, NULL),
(4158, 1, NULL, '2018-05-02 07:15:26', 'PCG08-PYME', 'ACTIVO', 'XXXXXX', '253', '4154', 'Créditos a largo plazo por enajenación de inmovilizado', 0, NULL, NULL, 1, NULL, NULL),
(4159, 1, NULL, '2018-05-02 07:15:26', 'PCG08-PYME', 'ACTIVO', 'XXXXXX', '254', '4154', 'Créditos a largo plazo al personal', 0, NULL, NULL, 1, NULL, NULL),
(4160, 1, NULL, '2018-05-02 07:15:26', 'PCG08-PYME', 'ACTIVO', 'XXXXXX', '255', '4154', 'Activos por derivados financieros a largo plazo', 0, NULL, NULL, 1, NULL, NULL),
(4161, 1, NULL, '2018-05-02 07:15:26', 'PCG08-PYME', 'ACTIVO', 'XXXXXX', '258', '4154', 'Imposiciones a largo plazo', 0, NULL, NULL, 1, NULL, NULL),
(4162, 1, NULL, '2018-05-02 07:15:26', 'PCG08-PYME', 'ACTIVO', 'XXXXXX', '259', '4154', 'Desembolsos pendientes sobre participaciones en el patrimonio neto a largo plazo', 0, NULL, NULL, 1, NULL, NULL),
(4163, 1, NULL, '2018-05-02 07:15:26', 'PCG08-PYME', 'ACTIVO', 'XXXXXX', '26', '4002', 'Fianzas y depósitos constituidos a largo plazo', 0, NULL, NULL, 1, NULL, NULL),
(4164, 1, NULL, '2018-05-02 07:15:26', 'PCG08-PYME', 'ACTIVO', 'XXXXXX', '260', '4163', 'Fianzas constituidas a largo plazo', 0, NULL, NULL, 1, NULL, NULL),
(4165, 1, NULL, '2018-05-02 07:15:26', 'PCG08-PYME', 'ACTIVO', 'XXXXXX', '261', '4163', 'Depósitos constituidos a largo plazo', 0, NULL, NULL, 1, NULL, NULL),
(4166, 1, NULL, '2018-05-02 07:15:26', 'PCG08-PYME', 'ACTIVO', 'XXXXXX', '28', '4002', 'Amortización acumulada del inmovilizado', 0, NULL, NULL, 1, NULL, NULL),
(4167, 1, NULL, '2018-05-02 07:15:26', 'PCG08-PYME', 'ACTIVO', 'XXXXXX', '280', '4166', 'Amortización acumulado del inmovilizado intangible', 0, NULL, NULL, 1, NULL, NULL),
(4168, 1, NULL, '2018-05-02 07:15:26', 'PCG08-PYME', 'ACTIVO', 'XXXXXX', '2800', '4167', 'Amortización acumulada de investigación', 0, NULL, NULL, 1, NULL, NULL),
(4169, 1, NULL, '2018-05-02 07:15:26', 'PCG08-PYME', 'ACTIVO', 'XXXXXX', '2801', '4167', 'Amortización acumulada de desarrollo', 0, NULL, NULL, 1, NULL, NULL),
(4170, 1, NULL, '2018-05-02 07:15:26', 'PCG08-PYME', 'ACTIVO', 'XXXXXX', '2802', '4167', 'Amortización acumulada de concesiones administrativas', 0, NULL, NULL, 1, NULL, NULL),
(4171, 1, NULL, '2018-05-02 07:15:26', 'PCG08-PYME', 'ACTIVO', 'XXXXXX', '2803', '4167', 'Amortización acumulada de propiedad industrial', 0, NULL, NULL, 1, NULL, NULL),
(4172, 1, NULL, '2018-05-02 07:15:26', 'PCG08-PYME', 'ACTIVO', 'XXXXXX', '2805', '4167', 'Amortización acumulada de derechos de transpaso', 0, NULL, NULL, 1, NULL, NULL),
(4173, 1, NULL, '2018-05-02 07:15:26', 'PCG08-PYME', 'ACTIVO', 'XXXXXX', '2806', '4167', 'Amortización acumulada de aplicaciones informáticas', 0, NULL, NULL, 1, NULL, NULL),
(4174, 1, NULL, '2018-05-02 07:15:26', 'PCG08-PYME', 'ACTIVO', 'XXXXXX', '281', '4166', 'Amortización acumulado del inmovilizado material', 0, NULL, NULL, 1, NULL, NULL),
(4175, 1, NULL, '2018-05-02 07:15:26', 'PCG08-PYME', 'ACTIVO', 'XXXXXX', '2811', '4174', 'Amortización acumulada de construcciones', 0, NULL, NULL, 1, NULL, NULL),
(4176, 1, NULL, '2018-05-02 07:15:26', 'PCG08-PYME', 'ACTIVO', 'XXXXXX', '2812', '4174', 'Amortización acumulada de instalaciones técnicas', 0, NULL, NULL, 1, NULL, NULL),
(4177, 1, NULL, '2018-05-02 07:15:26', 'PCG08-PYME', 'ACTIVO', 'XXXXXX', '2813', '4174', 'Amortización acumulada de maquinaria', 0, NULL, NULL, 1, NULL, NULL),
(4178, 1, NULL, '2018-05-02 07:15:26', 'PCG08-PYME', 'ACTIVO', 'XXXXXX', '2814', '4174', 'Amortización acumulada de utillaje', 0, NULL, NULL, 1, NULL, NULL),
(4179, 1, NULL, '2018-05-02 07:15:26', 'PCG08-PYME', 'ACTIVO', 'XXXXXX', '2815', '4174', 'Amortización acumulada de otras instalaciones', 0, NULL, NULL, 1, NULL, NULL),
(4180, 1, NULL, '2018-05-02 07:15:26', 'PCG08-PYME', 'ACTIVO', 'XXXXXX', '2816', '4174', 'Amortización acumulada de mobiliario', 0, NULL, NULL, 1, NULL, NULL),
(4181, 1, NULL, '2018-05-02 07:15:26', 'PCG08-PYME', 'ACTIVO', 'XXXXXX', '2817', '4174', 'Amortización acumulada de equipos para proceso de información', 0, NULL, NULL, 1, NULL, NULL),
(4182, 1, NULL, '2018-05-02 07:15:26', 'PCG08-PYME', 'ACTIVO', 'XXXXXX', '2818', '4174', 'Amortización acumulada de elementos de transporte', 0, NULL, NULL, 1, NULL, NULL),
(4183, 1, NULL, '2018-05-02 07:15:26', 'PCG08-PYME', 'ACTIVO', 'XXXXXX', '2819', '4175', 'Amortización acumulada de otro inmovilizado material', 0, NULL, NULL, 1, NULL, NULL),
(4184, 1, NULL, '2018-05-02 07:15:26', 'PCG08-PYME', 'ACTIVO', 'XXXXXX', '282', '4166', 'Amortización acumulada de las inversiones inmobiliarias', 0, NULL, NULL, 1, NULL, NULL),
(4185, 1, NULL, '2018-05-02 07:15:26', 'PCG08-PYME', 'ACTIVO', 'XXXXXX', '29', '4002', 'Deterioro de valor de activos no corrientes', 0, NULL, NULL, 1, NULL, NULL),
(4186, 1, NULL, '2018-05-02 07:15:26', 'PCG08-PYME', 'ACTIVO', 'XXXXXX', '290', '4185', 'Deterioro de valor del inmovilizado intangible', 0, NULL, NULL, 1, NULL, NULL),
(4187, 1, NULL, '2018-05-02 07:15:26', 'PCG08-PYME', 'ACTIVO', 'XXXXXX', '2900', '4186', 'Deterioro de valor de investigación', 0, NULL, NULL, 1, NULL, NULL),
(4188, 1, NULL, '2018-05-02 07:15:26', 'PCG08-PYME', 'ACTIVO', 'XXXXXX', '2901', '4186', 'Deterioro de valor de desarrollo', 0, NULL, NULL, 1, NULL, NULL),
(4189, 1, NULL, '2018-05-02 07:15:26', 'PCG08-PYME', 'ACTIVO', 'XXXXXX', '2902', '4186', 'Deterioro de valor de concesiones administrativas', 0, NULL, NULL, 1, NULL, NULL),
(4190, 1, NULL, '2018-05-02 07:15:26', 'PCG08-PYME', 'ACTIVO', 'XXXXXX', '2903', '4186', 'Deterioro de valor de propiedad industrial', 0, NULL, NULL, 1, NULL, NULL),
(4191, 1, NULL, '2018-05-02 07:15:26', 'PCG08-PYME', 'ACTIVO', 'XXXXXX', '2905', '4186', 'Deterioro de valor de derechos de transpaso', 0, NULL, NULL, 1, NULL, NULL),
(4192, 1, NULL, '2018-05-02 07:15:26', 'PCG08-PYME', 'ACTIVO', 'XXXXXX', '2906', '4186', 'Deterioro de valor de aplicaciones informáticas', 0, NULL, NULL, 1, NULL, NULL),
(4193, 1, NULL, '2018-05-02 07:15:26', 'PCG08-PYME', 'ACTIVO', 'XXXXXX', '291', '4185', 'Deterioro de valor del inmovilizado material', 0, NULL, NULL, 1, NULL, NULL),
(4194, 1, NULL, '2018-05-02 07:15:26', 'PCG08-PYME', 'ACTIVO', 'XXXXXX', '2910', '4193', 'Deterioro de valor de terrenos y bienes naturales', 0, NULL, NULL, 1, NULL, NULL),
(4195, 1, NULL, '2018-05-02 07:15:26', 'PCG08-PYME', 'ACTIVO', 'XXXXXX', '2911', '4193', 'Deterioro de valor de construcciones', 0, NULL, NULL, 1, NULL, NULL),
(4196, 1, NULL, '2018-05-02 07:15:26', 'PCG08-PYME', 'ACTIVO', 'XXXXXX', '2912', '4193', 'Deterioro de valor de instalaciones técnicas', 0, NULL, NULL, 1, NULL, NULL),
(4197, 1, NULL, '2018-05-02 07:15:26', 'PCG08-PYME', 'ACTIVO', 'XXXXXX', '2913', '4193', 'Deterioro de valor de maquinaria', 0, NULL, NULL, 1, NULL, NULL),
(4198, 1, NULL, '2018-05-02 07:15:26', 'PCG08-PYME', 'ACTIVO', 'XXXXXX', '2914', '4193', 'Deterioro de valor de utillajes', 0, NULL, NULL, 1, NULL, NULL),
(4199, 1, NULL, '2018-05-02 07:15:26', 'PCG08-PYME', 'ACTIVO', 'XXXXXX', '2915', '4194', 'Deterioro de valor de otras instalaciones', 0, NULL, NULL, 1, NULL, NULL),
(4200, 1, NULL, '2018-05-02 07:15:26', 'PCG08-PYME', 'ACTIVO', 'XXXXXX', '2916', '4194', 'Deterioro de valor de mobiliario', 0, NULL, NULL, 1, NULL, NULL),
(4201, 1, NULL, '2018-05-02 07:15:26', 'PCG08-PYME', 'ACTIVO', 'XXXXXX', '2917', '4194', 'Deterioro de valor de equipos para proceso de información', 0, NULL, NULL, 1, NULL, NULL),
(4202, 1, NULL, '2018-05-02 07:15:26', 'PCG08-PYME', 'ACTIVO', 'XXXXXX', '2918', '4194', 'Deterioro de valor de elementos de transporte', 0, NULL, NULL, 1, NULL, NULL),
(4203, 1, NULL, '2018-05-02 07:15:26', 'PCG08-PYME', 'ACTIVO', 'XXXXXX', '2919', '4194', 'Deterioro de valor de otro inmovilizado material', 0, NULL, NULL, 1, NULL, NULL),
(4204, 1, NULL, '2018-05-02 07:15:26', 'PCG08-PYME', 'ACTIVO', 'XXXXXX', '292', '4185', 'Deterioro de valor de las inversiones inmobiliarias', 0, NULL, NULL, 1, NULL, NULL),
(4205, 1, NULL, '2018-05-02 07:15:26', 'PCG08-PYME', 'ACTIVO', 'XXXXXX', '2920', '4204', 'Deterioro de valor de terrenos y bienes naturales', 0, NULL, NULL, 1, NULL, NULL),
(4206, 1, NULL, '2018-05-02 07:15:26', 'PCG08-PYME', 'ACTIVO', 'XXXXXX', '2921', '4204', 'Deterioro de valor de construcciones', 0, NULL, NULL, 1, NULL, NULL),
(4207, 1, NULL, '2018-05-02 07:15:26', 'PCG08-PYME', 'ACTIVO', 'XXXXXX', '293', '4185', 'Deterioro de valor de participaciones a largo plazo en partes vinculadas', 0, NULL, NULL, 1, NULL, NULL),
(4208, 1, NULL, '2018-05-02 07:15:26', 'PCG08-PYME', 'ACTIVO', 'XXXXXX', '2933', '4207', 'Deterioro de valor de participaciones a largo plazo en empresas del grupo', 0, NULL, NULL, 1, NULL, NULL),
(4209, 1, NULL, '2018-05-02 07:15:26', 'PCG08-PYME', 'ACTIVO', 'XXXXXX', '2934', '4207', 'Deterioro de valor de sobre participaciones a largo plazo en empresas asociadas', 0, NULL, NULL, 1, NULL, NULL),
(4210, 1, NULL, '2018-05-02 07:15:26', 'PCG08-PYME', 'ACTIVO', 'XXXXXX', '2935', '4207', 'Deterioro de valor de sobre participaciones a largo plazo en otras partes vinculadas', 0, NULL, NULL, 1, NULL, NULL),
(4211, 1, NULL, '2018-05-02 07:15:26', 'PCG08-PYME', 'ACTIVO', 'XXXXXX', '294', '4185', 'Deterioro de valor de valores representativos de deuda a largo plazo en partes vinculadas', 0, NULL, NULL, 1, NULL, NULL),
(4212, 1, NULL, '2018-05-02 07:15:26', 'PCG08-PYME', 'ACTIVO', 'XXXXXX', '2943', '4211', 'Deterioro de valor de valores representativos de deuda a largo plazo en empresas del grupo', 0, NULL, NULL, 1, NULL, NULL),
(4213, 1, NULL, '2018-05-02 07:15:26', 'PCG08-PYME', 'ACTIVO', 'XXXXXX', '2944', '4211', 'Deterioro de valor de valores representativos de deuda a largo plazo en empresas asociadas', 0, NULL, NULL, 1, NULL, NULL),
(4214, 1, NULL, '2018-05-02 07:15:26', 'PCG08-PYME', 'ACTIVO', 'XXXXXX', '2945', '4211', 'Deterioro de valor de valores representativos de deuda a largo plazo en otras partes vinculadas', 0, NULL, NULL, 1, NULL, NULL),
(4215, 1, NULL, '2018-05-02 07:15:26', 'PCG08-PYME', 'ACTIVO', 'XXXXXX', '295', '4185', 'Deterioro de valor de créditos a largo plazo a partes vinculadas', 0, NULL, NULL, 1, NULL, NULL),
(4216, 1, NULL, '2018-05-02 07:15:26', 'PCG08-PYME', 'ACTIVO', 'XXXXXX', '2953', '4215', 'Deterioro de valor de créditos a largo plazo a empresas del grupo', 0, NULL, NULL, 1, NULL, NULL),
(4217, 1, NULL, '2018-05-02 07:15:26', 'PCG08-PYME', 'ACTIVO', 'XXXXXX', '2954', '4215', 'Deterioro de valor de créditos a largo plazo a empresas asociadas', 0, NULL, NULL, 1, NULL, NULL),
(4218, 1, NULL, '2018-05-02 07:15:26', 'PCG08-PYME', 'ACTIVO', 'XXXXXX', '2955', '4215', 'Deterioro de valor de créditos a largo plazo a otras partes vinculadas', 0, NULL, NULL, 1, NULL, NULL),
(4219, 1, NULL, '2018-05-02 07:15:26', 'PCG08-PYME', 'ACTIVO', 'XXXXXX', '296', '4185', 'Deterioro de valor de participaciones en el patrimonio netoa largo plazo', 0, NULL, NULL, 1, NULL, NULL),
(4220, 1, NULL, '2018-05-02 07:15:26', 'PCG08-PYME', 'ACTIVO', 'XXXXXX', '297', '4185', 'Deterioro de valor de valores representativos de deuda a largo plazo', 0, NULL, NULL, 1, NULL, NULL),
(4221, 1, NULL, '2018-05-02 07:15:26', 'PCG08-PYME', 'ACTIVO', 'XXXXXX', '298', '4185', 'Deterioro de valor de créditos a largo plazo', 0, NULL, NULL, 1, NULL, NULL),
(4222, 1, NULL, '2018-05-02 07:15:26', 'PCG08-PYME', 'EXISTENCIAS', 'XXXXXX', '30', '4003', 'Comerciales', 0, NULL, NULL, 1, NULL, NULL),
(4223, 1, NULL, '2018-05-02 07:15:26', 'PCG08-PYME', 'EXISTENCIAS', 'XXXXXX', '300', '4222', 'Mercaderías A', 0, NULL, NULL, 1, NULL, NULL),
(4224, 1, NULL, '2018-05-02 07:15:26', 'PCG08-PYME', 'EXISTENCIAS', 'XXXXXX', '301', '4222', 'Mercaderías B', 0, NULL, NULL, 1, NULL, NULL),
(4225, 1, NULL, '2018-05-02 07:15:26', 'PCG08-PYME', 'EXISTENCIAS', 'XXXXXX', '31', '4003', 'Materias primas', 0, NULL, NULL, 1, NULL, NULL),
(4226, 1, NULL, '2018-05-02 07:15:26', 'PCG08-PYME', 'EXISTENCIAS', 'XXXXXX', '310', '4225', 'Materias primas A', 0, NULL, NULL, 1, NULL, NULL),
(4227, 1, NULL, '2018-05-02 07:15:26', 'PCG08-PYME', 'EXISTENCIAS', 'XXXXXX', '311', '4225', 'Materias primas B', 0, NULL, NULL, 1, NULL, NULL),
(4228, 1, NULL, '2018-05-02 07:15:26', 'PCG08-PYME', 'EXISTENCIAS', 'XXXXXX', '32', '4003', 'Otros aprovisionamientos', 0, NULL, NULL, 1, NULL, NULL),
(4229, 1, NULL, '2018-05-02 07:15:26', 'PCG08-PYME', 'EXISTENCIAS', 'XXXXXX', '320', '4228', 'Elementos y conjuntos incorporables', 0, NULL, NULL, 1, NULL, NULL),
(4230, 1, NULL, '2018-05-02 07:15:26', 'PCG08-PYME', 'EXISTENCIAS', 'XXXXXX', '321', '4228', 'Combustibles', 0, NULL, NULL, 1, NULL, NULL),
(4231, 1, NULL, '2018-05-02 07:15:26', 'PCG08-PYME', 'EXISTENCIAS', 'XXXXXX', '322', '4228', 'Repuestos', 0, NULL, NULL, 1, NULL, NULL),
(4232, 1, NULL, '2018-05-02 07:15:26', 'PCG08-PYME', 'EXISTENCIAS', 'XXXXXX', '325', '4228', 'Materiales diversos', 0, NULL, NULL, 1, NULL, NULL),
(4233, 1, NULL, '2018-05-02 07:15:26', 'PCG08-PYME', 'EXISTENCIAS', 'XXXXXX', '326', '4228', 'Embalajes', 0, NULL, NULL, 1, NULL, NULL),
(4234, 1, NULL, '2018-05-02 07:15:26', 'PCG08-PYME', 'EXISTENCIAS', 'XXXXXX', '327', '4228', 'Envases', 0, NULL, NULL, 1, NULL, NULL),
(4235, 1, NULL, '2018-05-02 07:15:26', 'PCG08-PYME', 'EXISTENCIAS', 'XXXXXX', '328', '4229', 'Material de oficina', 0, NULL, NULL, 1, NULL, NULL),
(4236, 1, NULL, '2018-05-02 07:15:26', 'PCG08-PYME', 'EXISTENCIAS', 'XXXXXX', '33', '4003', 'Productos en curso', 0, NULL, NULL, 1, NULL, NULL),
(4237, 1, NULL, '2018-05-02 07:15:26', 'PCG08-PYME', 'EXISTENCIAS', 'XXXXXX', '330', '4236', 'Productos en curos A', 0, NULL, NULL, 1, NULL, NULL),
(4238, 1, NULL, '2018-05-02 07:15:26', 'PCG08-PYME', 'EXISTENCIAS', 'XXXXXX', '331', '4236', 'Productos en curso B', 0, NULL, NULL, 1, NULL, NULL),
(4239, 1, NULL, '2018-05-02 07:15:26', 'PCG08-PYME', 'EXISTENCIAS', 'XXXXXX', '34', '4003', 'Productos semiterminados', 0, NULL, NULL, 1, NULL, NULL),
(4240, 1, NULL, '2018-05-02 07:15:26', 'PCG08-PYME', 'EXISTENCIAS', 'XXXXXX', '340', '4239', 'Productos semiterminados A', 0, NULL, NULL, 1, NULL, NULL),
(4241, 1, NULL, '2018-05-02 07:15:26', 'PCG08-PYME', 'EXISTENCIAS', 'XXXXXX', '341', '4239', 'Productos semiterminados B', 0, NULL, NULL, 1, NULL, NULL),
(4242, 1, NULL, '2018-05-02 07:15:26', 'PCG08-PYME', 'EXISTENCIAS', 'XXXXXX', '35', '4003', 'Productos terminados', 0, NULL, NULL, 1, NULL, NULL),
(4243, 1, NULL, '2018-05-02 07:15:26', 'PCG08-PYME', 'EXISTENCIAS', 'XXXXXX', '350', '4242', 'Productos terminados A', 0, NULL, NULL, 1, NULL, NULL),
(4244, 1, NULL, '2018-05-02 07:15:26', 'PCG08-PYME', 'EXISTENCIAS', 'XXXXXX', '351', '4242', 'Productos terminados B', 0, NULL, NULL, 1, NULL, NULL),
(4245, 1, NULL, '2018-05-02 07:15:26', 'PCG08-PYME', 'EXISTENCIAS', 'XXXXXX', '36', '4003', 'Subproductos, residuos y materiales recuperados', 0, NULL, NULL, 1, NULL, NULL),
(4246, 1, NULL, '2018-05-02 07:15:26', 'PCG08-PYME', 'EXISTENCIAS', 'XXXXXX', '360', '4245', 'Subproductos A', 0, NULL, NULL, 1, NULL, NULL),
(4247, 1, NULL, '2018-05-02 07:15:26', 'PCG08-PYME', 'EXISTENCIAS', 'XXXXXX', '361', '4245', 'Subproductos B', 0, NULL, NULL, 1, NULL, NULL),
(4248, 1, NULL, '2018-05-02 07:15:26', 'PCG08-PYME', 'EXISTENCIAS', 'XXXXXX', '365', '4245', 'Residuos A', 0, NULL, NULL, 1, NULL, NULL),
(4249, 1, NULL, '2018-05-02 07:15:26', 'PCG08-PYME', 'EXISTENCIAS', 'XXXXXX', '366', '4245', 'Residuos B', 0, NULL, NULL, 1, NULL, NULL),
(4250, 1, NULL, '2018-05-02 07:15:26', 'PCG08-PYME', 'EXISTENCIAS', 'XXXXXX', '368', '4245', 'Materiales recuperados A', 0, NULL, NULL, 1, NULL, NULL),
(4251, 1, NULL, '2018-05-02 07:15:26', 'PCG08-PYME', 'EXISTENCIAS', 'XXXXXX', '369', '4245', 'Materiales recuperados B', 0, NULL, NULL, 1, NULL, NULL),
(4252, 1, NULL, '2018-05-02 07:15:26', 'PCG08-PYME', 'EXISTENCIAS', 'XXXXXX', '39', '4003', 'Deterioro de valor de las existencias', 0, NULL, NULL, 1, NULL, NULL),
(4253, 1, NULL, '2018-05-02 07:15:26', 'PCG08-PYME', 'EXISTENCIAS', 'XXXXXX', '390', '4252', 'Deterioro de valor de las mercaderías', 0, NULL, NULL, 1, NULL, NULL),
(4254, 1, NULL, '2018-05-02 07:15:26', 'PCG08-PYME', 'EXISTENCIAS', 'XXXXXX', '391', '4252', 'Deterioro de valor de las materias primas', 0, NULL, NULL, 1, NULL, NULL),
(4255, 1, NULL, '2018-05-02 07:15:26', 'PCG08-PYME', 'EXISTENCIAS', 'XXXXXX', '392', '4252', 'Deterioro de valor de otros aprovisionamientos', 0, NULL, NULL, 1, NULL, NULL),
(4256, 1, NULL, '2018-05-02 07:15:26', 'PCG08-PYME', 'EXISTENCIAS', 'XXXXXX', '393', '4252', 'Deterioro de valor de los productos en curso', 0, NULL, NULL, 1, NULL, NULL),
(4257, 1, NULL, '2018-05-02 07:15:26', 'PCG08-PYME', 'EXISTENCIAS', 'XXXXXX', '394', '4252', 'Deterioro de valor de los productos semiterminados', 0, NULL, NULL, 1, NULL, NULL),
(4258, 1, NULL, '2018-05-02 07:15:26', 'PCG08-PYME', 'EXISTENCIAS', 'XXXXXX', '395', '4252', 'Deterioro de valor de los productos terminados', 0, NULL, NULL, 1, NULL, NULL),
(4259, 1, NULL, '2018-05-02 07:15:26', 'PCG08-PYME', 'EXISTENCIAS', 'XXXXXX', '396', '4252', 'Deterioro de valor de los subproductos, residuos y materiales recuperados', 0, NULL, NULL, 1, NULL, NULL),
(4260, 1, NULL, '2018-05-02 07:15:26', 'PCG08-PYME', 'ACREEDORES_DEUDORES', 'PROVEEDORES', '40', '4004', 'Proveedores', 0, NULL, NULL, 1, NULL, NULL),
(4261, 1, NULL, '2018-05-02 07:15:26', 'PCG08-PYME', 'ACREEDORES_DEUDORES', 'PROVEEDORES', '400', '4260', 'Proveedores', 0, NULL, NULL, 1, NULL, NULL),
(4262, 1, NULL, '2018-05-02 07:15:26', 'PCG08-PYME', 'ACREEDORES_DEUDORES', 'XXXXXX', '4000', '4261', 'Proveedores euros', 0, NULL, NULL, 1, NULL, NULL),
(4263, 1, NULL, '2018-05-02 07:15:26', 'PCG08-PYME', 'ACREEDORES_DEUDORES', 'XXXXXX', '4004', '4261', 'Proveedores moneda extranjera', 0, NULL, NULL, 1, NULL, NULL),
(4264, 1, NULL, '2018-05-02 07:15:26', 'PCG08-PYME', 'ACREEDORES_DEUDORES', 'XXXXXX', '4009', '4261', 'Proveedores facturas pendientes de recibir o formalizar', 0, NULL, NULL, 1, NULL, NULL),
(4265, 1, NULL, '2018-05-02 07:15:26', 'PCG08-PYME', 'ACREEDORES_DEUDORES', 'XXXXXX', '401', '4260', 'Proveedores efectos comerciales a pagar', 0, NULL, NULL, 1, NULL, NULL),
(4266, 1, NULL, '2018-05-02 07:15:26', 'PCG08-PYME', 'ACREEDORES_DEUDORES', 'XXXXXX', '403', '4260', 'Proveedores empresas del grupo', 0, NULL, NULL, 1, NULL, NULL),
(4267, 1, NULL, '2018-05-02 07:15:26', 'PCG08-PYME', 'ACREEDORES_DEUDORES', 'XXXXXX', '4030', '4266', 'Proveedores empresas del grupo euros', 0, NULL, NULL, 1, NULL, NULL),
(4268, 1, NULL, '2018-05-02 07:15:26', 'PCG08-PYME', 'ACREEDORES_DEUDORES', 'XXXXXX', '4031', '4266', 'Efectos comerciales a pagar empresas del grupo', 0, NULL, NULL, 1, NULL, NULL),
(4269, 1, NULL, '2018-05-02 07:15:26', 'PCG08-PYME', 'ACREEDORES_DEUDORES', 'XXXXXX', '4034', '4266', 'Proveedores empresas del grupo moneda extranjera', 0, NULL, NULL, 1, NULL, NULL),
(4270, 1, NULL, '2018-05-02 07:15:26', 'PCG08-PYME', 'ACREEDORES_DEUDORES', 'XXXXXX', '4036', '4266', 'Envases y embalajes a devolver a proveedores empresas del grupo', 0, NULL, NULL, 1, NULL, NULL),
(4271, 1, NULL, '2018-05-02 07:15:26', 'PCG08-PYME', 'ACREEDORES_DEUDORES', 'XXXXXX', '4039', '4266', 'Proveedores empresas del grupo facturas pendientes de recibir o de formalizar', 0, NULL, NULL, 1, NULL, NULL),
(4272, 1, NULL, '2018-05-02 07:15:26', 'PCG08-PYME', 'ACREEDORES_DEUDORES', 'XXXXXX', '404', '4260', 'Proveedores empresas asociadas', 0, NULL, NULL, 1, NULL, NULL),
(4273, 1, NULL, '2018-05-02 07:15:26', 'PCG08-PYME', 'ACREEDORES_DEUDORES', 'XXXXXX', '405', '4260', 'Proveedores otras partes vinculadas', 0, NULL, NULL, 1, NULL, NULL),
(4274, 1, NULL, '2018-05-02 07:15:26', 'PCG08-PYME', 'ACREEDORES_DEUDORES', 'XXXXXX', '406', '4260', 'Envases y embalajes a devolver a proveedores', 0, NULL, NULL, 1, NULL, NULL),
(4275, 1, NULL, '2018-05-02 07:15:26', 'PCG08-PYME', 'ACREEDORES_DEUDORES', 'XXXXXX', '407', '4260', 'Anticipos a proveedores', 0, NULL, NULL, 1, NULL, NULL),
(4276, 1, NULL, '2018-05-02 07:15:26', 'PCG08-PYME', 'ACREEDORES_DEUDORES', 'XXXXXX', '41', '4004', 'Acreedores varios', 0, NULL, NULL, 1, NULL, NULL),
(4277, 1, NULL, '2018-05-02 07:15:26', 'PCG08-PYME', 'ACREEDORES_DEUDORES', 'XXXXXX', '410', '4276', 'Acreedores por prestaciones de servicios', 0, NULL, NULL, 1, NULL, NULL),
(4278, 1, NULL, '2018-05-02 07:15:26', 'PCG08-PYME', 'ACREEDORES_DEUDORES', 'XXXXXX', '4100', '4277', 'Acreedores por prestaciones de servicios euros', 0, NULL, NULL, 1, NULL, NULL),
(4279, 1, NULL, '2018-05-02 07:15:26', 'PCG08-PYME', 'ACREEDORES_DEUDORES', 'XXXXXX', '4104', '4277', 'Acreedores por prestaciones de servicios moneda extranjera', 0, NULL, NULL, 1, NULL, NULL),
(4280, 1, NULL, '2018-05-02 07:15:26', 'PCG08-PYME', 'ACREEDORES_DEUDORES', 'XXXXXX', '4109', '4277', 'Acreedores por prestaciones de servicios facturas pendientes de recibir o formalizar', 0, NULL, NULL, 1, NULL, NULL),
(4281, 1, NULL, '2018-05-02 07:15:26', 'PCG08-PYME', 'ACREEDORES_DEUDORES', 'XXXXXX', '411', '4276', 'Acreedores efectos comerciales a pagar', 0, NULL, NULL, 1, NULL, NULL),
(4282, 1, NULL, '2018-05-02 07:15:26', 'PCG08-PYME', 'ACREEDORES_DEUDORES', 'XXXXXX', '419', '4276', 'Acreedores por operaciones en común', 0, NULL, NULL, 1, NULL, NULL),
(4283, 1, NULL, '2018-05-02 07:15:26', 'PCG08-PYME', 'ACREEDORES_DEUDORES', 'CLIENTES', '43', '4004', 'Clientes', 0, NULL, NULL, 1, NULL, NULL),
(4284, 1, NULL, '2018-05-02 07:15:26', 'PCG08-PYME', 'ACREEDORES_DEUDORES', 'CLIENTES', '430', '4283', 'Clientes', 0, NULL, NULL, 1, NULL, NULL),
(4285, 1, NULL, '2018-05-02 07:15:26', 'PCG08-PYME', 'ACREEDORES_DEUDORES', 'XXXXXX', '4300', '4284', 'Clientes euros', 0, NULL, NULL, 1, NULL, NULL),
(4286, 1, NULL, '2018-05-02 07:15:26', 'PCG08-PYME', 'ACREEDORES_DEUDORES', 'XXXXXX', '4304', '4284', 'Clientes moneda extranjera', 0, NULL, NULL, 1, NULL, NULL),
(4287, 1, NULL, '2018-05-02 07:15:26', 'PCG08-PYME', 'ACREEDORES_DEUDORES', 'XXXXXX', '4309', '4284', 'Clientes facturas pendientes de formalizar', 0, NULL, NULL, 1, NULL, NULL),
(4288, 1, NULL, '2018-05-02 07:15:26', 'PCG08-PYME', 'ACREEDORES_DEUDORES', 'XXXXXX', '431', '4283', 'Clientes efectos comerciales a cobrar', 0, NULL, NULL, 1, NULL, NULL),
(4289, 1, NULL, '2018-05-02 07:15:26', 'PCG08-PYME', 'ACREEDORES_DEUDORES', 'XXXXXX', '4310', '4288', 'Efectos comerciales en cartera', 0, NULL, NULL, 1, NULL, NULL),
(4290, 1, NULL, '2018-05-02 07:15:26', 'PCG08-PYME', 'ACREEDORES_DEUDORES', 'XXXXXX', '4311', '4288', 'Efectos comerciales descontados', 0, NULL, NULL, 1, NULL, NULL),
(4291, 1, NULL, '2018-05-02 07:15:26', 'PCG08-PYME', 'ACREEDORES_DEUDORES', 'XXXXXX', '4312', '4288', 'Efectos comerciales en gestión de cobro', 0, NULL, NULL, 1, NULL, NULL),
(4292, 1, NULL, '2018-05-02 07:15:26', 'PCG08-PYME', 'ACREEDORES_DEUDORES', 'XXXXXX', '4315', '4288', 'Efectos comerciales impagados', 0, NULL, NULL, 1, NULL, NULL),
(4293, 1, NULL, '2018-05-02 07:15:26', 'PCG08-PYME', 'ACREEDORES_DEUDORES', 'XXXXXX', '432', '4283', 'Clientes operaciones de factoring', 0, NULL, NULL, 1, NULL, NULL),
(4294, 1, NULL, '2018-05-02 07:15:26', 'PCG08-PYME', 'ACREEDORES_DEUDORES', 'XXXXXX', '433', '4283', 'Clientes empresas del grupo', 0, NULL, NULL, 1, NULL, NULL),
(4295, 1, NULL, '2018-05-02 07:15:26', 'PCG08-PYME', 'ACREEDORES_DEUDORES', 'XXXXXX', '4330', '4294', 'Clientes empresas del grupo euros', 0, NULL, NULL, 1, NULL, NULL),
(4296, 1, NULL, '2018-05-02 07:15:26', 'PCG08-PYME', 'ACREEDORES_DEUDORES', 'XXXXXX', '4331', '4294', 'Efectos comerciales a cobrar empresas del grupo', 0, NULL, NULL, 1, NULL, NULL),
(4297, 1, NULL, '2018-05-02 07:15:26', 'PCG08-PYME', 'ACREEDORES_DEUDORES', 'XXXXXX', '4332', '4294', 'Clientes empresas del grupo operaciones de factoring', 0, NULL, NULL, 1, NULL, NULL),
(4298, 1, NULL, '2018-05-02 07:15:26', 'PCG08-PYME', 'ACREEDORES_DEUDORES', 'XXXXXX', '4334', '4294', 'Clientes empresas del grupo moneda extranjera', 0, NULL, NULL, 1, NULL, NULL),
(4299, 1, NULL, '2018-05-02 07:15:26', 'PCG08-PYME', 'ACREEDORES_DEUDORES', 'XXXXXX', '4336', '4294', 'Clientes empresas del grupo dudoso cobro', 0, NULL, NULL, 1, NULL, NULL),
(4300, 1, NULL, '2018-05-02 07:15:26', 'PCG08-PYME', 'ACREEDORES_DEUDORES', 'XXXXXX', '4337', '4294', 'Envases y embalajes a devolver a clientes empresas del grupo', 0, NULL, NULL, 1, NULL, NULL);
INSERT INTO `b67182907_accounting_account` (`rowid`, `entity`, `datec`, `tms`, `fk_pcg_version`, `pcg_type`, `pcg_subtype`, `account_number`, `account_parent`, `label`, `fk_accounting_category`, `fk_user_author`, `fk_user_modif`, `active`, `import_key`, `extraparams`) VALUES
(4301, 1, NULL, '2018-05-02 07:15:26', 'PCG08-PYME', 'ACREEDORES_DEUDORES', 'XXXXXX', '4339', '4294', 'Clientes empresas del grupo facturas pendientes de formalizar', 0, NULL, NULL, 1, NULL, NULL),
(4302, 1, NULL, '2018-05-02 07:15:26', 'PCG08-PYME', 'ACREEDORES_DEUDORES', 'XXXXXX', '434', '4283', 'Clientes empresas asociadas', 0, NULL, NULL, 1, NULL, NULL),
(4303, 1, NULL, '2018-05-02 07:15:26', 'PCG08-PYME', 'ACREEDORES_DEUDORES', 'XXXXXX', '435', '4283', 'Clientes otras partes vinculadas', 0, NULL, NULL, 1, NULL, NULL),
(4304, 1, NULL, '2018-05-02 07:15:26', 'PCG08-PYME', 'ACREEDORES_DEUDORES', 'XXXXXX', '436', '4283', 'Clientes de dudoso cobro', 0, NULL, NULL, 1, NULL, NULL),
(4305, 1, NULL, '2018-05-02 07:15:26', 'PCG08-PYME', 'ACREEDORES_DEUDORES', 'XXXXXX', '437', '4283', 'Envases y embalajes a devolver por clientes', 0, NULL, NULL, 1, NULL, NULL),
(4306, 1, NULL, '2018-05-02 07:15:26', 'PCG08-PYME', 'ACREEDORES_DEUDORES', 'XXXXXX', '438', '4283', 'Anticipos de clientes', 0, NULL, NULL, 1, NULL, NULL),
(4307, 1, NULL, '2018-05-02 07:15:26', 'PCG08-PYME', 'ACREEDORES_DEUDORES', 'XXXXXX', '44', '4004', 'Deudores varios', 0, NULL, NULL, 1, NULL, NULL),
(4308, 1, NULL, '2018-05-02 07:15:26', 'PCG08-PYME', 'ACREEDORES_DEUDORES', 'XXXXXX', '440', '4307', 'Deudores', 0, NULL, NULL, 1, NULL, NULL),
(4309, 1, NULL, '2018-05-02 07:15:26', 'PCG08-PYME', 'ACREEDORES_DEUDORES', 'XXXXXX', '4400', '4308', 'Deudores euros', 0, NULL, NULL, 1, NULL, NULL),
(4310, 1, NULL, '2018-05-02 07:15:26', 'PCG08-PYME', 'ACREEDORES_DEUDORES', 'XXXXXX', '4404', '4308', 'Deudores moneda extranjera', 0, NULL, NULL, 1, NULL, NULL),
(4311, 1, NULL, '2018-05-02 07:15:26', 'PCG08-PYME', 'ACREEDORES_DEUDORES', 'XXXXXX', '4409', '4308', 'Deudores facturas pendientes de formalizar', 0, NULL, NULL, 1, NULL, NULL),
(4312, 1, NULL, '2018-05-02 07:15:26', 'PCG08-PYME', 'ACREEDORES_DEUDORES', 'XXXXXX', '441', '4307', 'Deudores efectos comerciales a cobrar', 0, NULL, NULL, 1, NULL, NULL),
(4313, 1, NULL, '2018-05-02 07:15:26', 'PCG08-PYME', 'ACREEDORES_DEUDORES', 'XXXXXX', '4410', '4312', 'Deudores efectos comerciales en cartera', 0, NULL, NULL, 1, NULL, NULL),
(4314, 1, NULL, '2018-05-02 07:15:26', 'PCG08-PYME', 'ACREEDORES_DEUDORES', 'XXXXXX', '4411', '4312', 'Deudores efectos comerciales descontados', 0, NULL, NULL, 1, NULL, NULL),
(4315, 1, NULL, '2018-05-02 07:15:26', 'PCG08-PYME', 'ACREEDORES_DEUDORES', 'XXXXXX', '4412', '4312', 'Deudores efectos comerciales en gestión de cobro', 0, NULL, NULL, 1, NULL, NULL),
(4316, 1, NULL, '2018-05-02 07:15:26', 'PCG08-PYME', 'ACREEDORES_DEUDORES', 'XXXXXX', '4415', '4312', 'Deudores efectos comerciales impagados', 0, NULL, NULL, 1, NULL, NULL),
(4317, 1, NULL, '2018-05-02 07:15:26', 'PCG08-PYME', 'ACREEDORES_DEUDORES', 'XXXXXX', '446', '4307', 'Deudores de dusoso cobro', 0, NULL, NULL, 1, NULL, NULL),
(4318, 1, NULL, '2018-05-02 07:15:26', 'PCG08-PYME', 'ACREEDORES_DEUDORES', 'XXXXXX', '449', '4307', 'Deudores por operaciones en común', 0, NULL, NULL, 1, NULL, NULL),
(4319, 1, NULL, '2018-05-02 07:15:26', 'PCG08-PYME', 'ACREEDORES_DEUDORES', 'XXXXXX', '46', '4004', 'Personal', 0, NULL, NULL, 1, NULL, NULL),
(4320, 1, NULL, '2018-05-02 07:15:26', 'PCG08-PYME', 'ACREEDORES_DEUDORES', 'XXXXXX', '460', '4319', 'Anticipos de renumeraciones', 0, NULL, NULL, 1, NULL, NULL),
(4321, 1, NULL, '2018-05-02 07:15:26', 'PCG08-PYME', 'ACREEDORES_DEUDORES', 'XXXXXX', '465', '4319', 'Renumeraciones pendientes de pago', 0, NULL, NULL, 1, NULL, NULL),
(4322, 1, NULL, '2018-05-02 07:15:26', 'PCG08-PYME', 'ACREEDORES_DEUDORES', 'XXXXXX', '47', '4004', 'Administraciones Públicas', 0, NULL, NULL, 1, NULL, NULL),
(4323, 1, NULL, '2018-05-02 07:15:26', 'PCG08-PYME', 'ACREEDORES_DEUDORES', 'XXXXXX', '470', '4322', 'Hacienda Pública deudora por diversos conceptos', 0, NULL, NULL, 1, NULL, NULL),
(4324, 1, NULL, '2018-05-02 07:15:26', 'PCG08-PYME', 'ACREEDORES_DEUDORES', 'XXXXXX', '4700', '4323', 'Hacienda Pública deudora por IVA', 0, NULL, NULL, 1, NULL, NULL),
(4325, 1, NULL, '2018-05-02 07:15:26', 'PCG08-PYME', 'ACREEDORES_DEUDORES', 'XXXXXX', '4708', '4323', 'Hacienda Pública deudora por subvenciones concedidas', 0, NULL, NULL, 1, NULL, NULL),
(4326, 1, NULL, '2018-05-02 07:15:26', 'PCG08-PYME', 'ACREEDORES_DEUDORES', 'XXXXXX', '4709', '4323', 'Hacienda Pública deudora por devolución de impuestos', 0, NULL, NULL, 1, NULL, NULL),
(4327, 1, NULL, '2018-05-02 07:15:26', 'PCG08-PYME', 'ACREEDORES_DEUDORES', 'XXXXXX', '471', '4322', 'Organismos de la Seguridad Social deudores', 0, NULL, NULL, 1, NULL, NULL),
(4328, 1, NULL, '2018-05-02 07:15:26', 'PCG08-PYME', 'ACREEDORES_DEUDORES', 'XXXXXX', '472', '4322', 'Hacienda Pública IVA soportado', 0, NULL, NULL, 1, NULL, NULL),
(4329, 1, NULL, '2018-05-02 07:15:26', 'PCG08-PYME', 'ACREEDORES_DEUDORES', 'XXXXXX', '473', '4322', 'Hacienda Pública retenciones y pagos a cuenta', 0, NULL, NULL, 1, NULL, NULL),
(4330, 1, NULL, '2018-05-02 07:15:26', 'PCG08-PYME', 'ACREEDORES_DEUDORES', 'XXXXXX', '474', '4322', 'Activos por impuesto diferido', 0, NULL, NULL, 1, NULL, NULL),
(4331, 1, NULL, '2018-05-02 07:15:26', 'PCG08-PYME', 'ACREEDORES_DEUDORES', 'XXXXXX', '4740', '4330', 'Activos por diferencias temporarias deducibles', 0, NULL, NULL, 1, NULL, NULL),
(4332, 1, NULL, '2018-05-02 07:15:26', 'PCG08-PYME', 'ACREEDORES_DEUDORES', 'XXXXXX', '4742', '4330', 'Derechos por deducciones y bonificaciones pendientes de aplicar', 0, NULL, NULL, 1, NULL, NULL),
(4333, 1, NULL, '2018-05-02 07:15:26', 'PCG08-PYME', 'ACREEDORES_DEUDORES', 'XXXXXX', '4745', '4330', 'Crédito por pérdidasa compensar del ejercicio', 0, NULL, NULL, 1, NULL, NULL),
(4334, 1, NULL, '2018-05-02 07:15:26', 'PCG08-PYME', 'ACREEDORES_DEUDORES', 'XXXXXX', '475', '4322', 'Hacienda Pública acreedora por conceptos fiscales', 0, NULL, NULL, 1, NULL, NULL),
(4335, 1, NULL, '2018-05-02 07:15:26', 'PCG08-PYME', 'ACREEDORES_DEUDORES', 'XXXXXX', '4750', '4334', 'Hacienda Pública acreedora por IVA', 0, NULL, NULL, 1, NULL, NULL),
(4336, 1, NULL, '2018-05-02 07:15:26', 'PCG08-PYME', 'ACREEDORES_DEUDORES', 'XXXXXX', '4751', '4334', 'Hacienda Pública acreedora por retenciones practicadas', 0, NULL, NULL, 1, NULL, NULL),
(4337, 1, NULL, '2018-05-02 07:15:26', 'PCG08-PYME', 'ACREEDORES_DEUDORES', 'XXXXXX', '4752', '4334', 'Hacienda Pública acreedora por impuesto sobre sociedades', 0, NULL, NULL, 1, NULL, NULL),
(4338, 1, NULL, '2018-05-02 07:15:26', 'PCG08-PYME', 'ACREEDORES_DEUDORES', 'XXXXXX', '4758', '4334', 'Hacienda Pública acreedora por subvenciones a integrar', 0, NULL, NULL, 1, NULL, NULL),
(4339, 1, NULL, '2018-05-02 07:15:26', 'PCG08-PYME', 'ACREEDORES_DEUDORES', 'XXXXXX', '476', '4322', 'Organismos de la Seguridad Social acreedores', 0, NULL, NULL, 1, NULL, NULL),
(4340, 1, NULL, '2018-05-02 07:15:26', 'PCG08-PYME', 'ACREEDORES_DEUDORES', 'XXXXXX', '477', '4322', 'Hacienda Pública IVA repercutido', 0, NULL, NULL, 1, NULL, NULL),
(4341, 1, NULL, '2018-05-02 07:15:26', 'PCG08-PYME', 'ACREEDORES_DEUDORES', 'XXXXXX', '479', '4322', 'Pasivos por diferencias temporarias imponibles', 0, NULL, NULL, 1, NULL, NULL),
(4342, 1, NULL, '2018-05-02 07:15:26', 'PCG08-PYME', 'ACREEDORES_DEUDORES', 'XXXXXX', '48', '4004', 'Ajustes por periodificación', 0, NULL, NULL, 1, NULL, NULL),
(4343, 1, NULL, '2018-05-02 07:15:26', 'PCG08-PYME', 'ACREEDORES_DEUDORES', 'XXXXXX', '480', '4342', 'Gastos anticipados', 0, NULL, NULL, 1, NULL, NULL),
(4344, 1, NULL, '2018-05-02 07:15:26', 'PCG08-PYME', 'ACREEDORES_DEUDORES', 'XXXXXX', '485', '4342', 'Ingresos anticipados', 0, NULL, NULL, 1, NULL, NULL),
(4345, 1, NULL, '2018-05-02 07:15:26', 'PCG08-PYME', 'ACREEDORES_DEUDORES', 'XXXXXX', '49', '4004', 'Deterioro de valor de créditos comerciales y provisiones a corto plazo', 0, NULL, NULL, 1, NULL, NULL),
(4346, 1, NULL, '2018-05-02 07:15:26', 'PCG08-PYME', 'ACREEDORES_DEUDORES', 'XXXXXX', '490', '4345', 'Deterioro de valor de créditos por operaciones comerciales', 0, NULL, NULL, 1, NULL, NULL),
(4347, 1, NULL, '2018-05-02 07:15:26', 'PCG08-PYME', 'ACREEDORES_DEUDORES', 'XXXXXX', '493', '4345', 'Deterioro de valor de créditos por operaciones comerciales con partes vinculadas', 0, NULL, NULL, 1, NULL, NULL),
(4348, 1, NULL, '2018-05-02 07:15:26', 'PCG08-PYME', 'ACREEDORES_DEUDORES', 'XXXXXX', '4933', '4347', 'Deterioro de valor de créditos por operaciones comerciales con empresas del grupo', 0, NULL, NULL, 1, NULL, NULL),
(4349, 1, NULL, '2018-05-02 07:15:26', 'PCG08-PYME', 'ACREEDORES_DEUDORES', 'XXXXXX', '4934', '4347', 'Deterioro de valor de créditos por operaciones comerciales con empresas asociadas', 0, NULL, NULL, 1, NULL, NULL),
(4350, 1, NULL, '2018-05-02 07:15:26', 'PCG08-PYME', 'ACREEDORES_DEUDORES', 'XXXXXX', '4935', '4347', 'Deterioro de valor de créditos por operaciones comerciales con otras partes vinculadas', 0, NULL, NULL, 1, NULL, NULL),
(4351, 1, NULL, '2018-05-02 07:15:26', 'PCG08-PYME', 'ACREEDORES_DEUDORES', 'XXXXXX', '499', '4345', 'Provisiones por operaciones comerciales', 0, NULL, NULL, 1, NULL, NULL),
(4352, 1, NULL, '2018-05-02 07:15:26', 'PCG08-PYME', 'ACREEDORES_DEUDORES', 'XXXXXX', '4994', '4351', 'Provisión para contratos anerosos', 0, NULL, NULL, 1, NULL, NULL),
(4353, 1, NULL, '2018-05-02 07:15:26', 'PCG08-PYME', 'ACREEDORES_DEUDORES', 'XXXXXX', '4999', '4351', 'Provisión para otras operaciones comerciales', 0, NULL, NULL, 1, NULL, NULL),
(4354, 1, NULL, '2018-05-02 07:15:26', 'PCG08-PYME', 'FINAN', 'XXXXXX', '50', '4005', 'Emprésitos deudas con características especiales y otras emisiones análogas a corto plazo', 0, NULL, NULL, 1, NULL, NULL),
(4355, 1, NULL, '2018-05-02 07:15:26', 'PCG08-PYME', 'FINAN', 'XXXXXX', '500', '4354', 'Obligaciones y bonos a corto plazo', 0, NULL, NULL, 1, NULL, NULL),
(4356, 1, NULL, '2018-05-02 07:15:26', 'PCG08-PYME', 'FINAN', 'XXXXXX', '502', '4354', 'Acciones o participaciones a corto plazo consideradas como pasivos financieros', 0, NULL, NULL, 1, NULL, NULL),
(4357, 1, NULL, '2018-05-02 07:15:26', 'PCG08-PYME', 'FINAN', 'XXXXXX', '505', '4354', 'Deudas representadas en otros valores negociables a corto plazo', 0, NULL, NULL, 1, NULL, NULL),
(4358, 1, NULL, '2018-05-02 07:15:26', 'PCG08-PYME', 'FINAN', 'XXXXXX', '506', '4354', 'Intereses a corto plazo de emprésitos y otras emisiones analógicas', 0, NULL, NULL, 1, NULL, NULL),
(4359, 1, NULL, '2018-05-02 07:15:26', 'PCG08-PYME', 'FINAN', 'XXXXXX', '507', '4354', 'Dividendos de acciones o participaciones consideradas como pasivos financieros', 0, NULL, NULL, 1, NULL, NULL),
(4360, 1, NULL, '2018-05-02 07:15:26', 'PCG08-PYME', 'FINAN', 'XXXXXX', '509', '4354', 'Valores negociables amortizados', 0, NULL, NULL, 1, NULL, NULL),
(4361, 1, NULL, '2018-05-02 07:15:26', 'PCG08-PYME', 'FINAN', 'XXXXXX', '5090', '4360', 'Obligaciones y bonos amortizados', 0, NULL, NULL, 1, NULL, NULL),
(4362, 1, NULL, '2018-05-02 07:15:26', 'PCG08-PYME', 'FINAN', 'XXXXXX', '5095', '4360', 'Otros valores negociables amortizados', 0, NULL, NULL, 1, NULL, NULL),
(4363, 1, NULL, '2018-05-02 07:15:26', 'PCG08-PYME', 'FINAN', 'XXXXXX', '51', '4005', 'Deudas a corto plazo con partes vinculadas', 0, NULL, NULL, 1, NULL, NULL),
(4364, 1, NULL, '2018-05-02 07:15:26', 'PCG08-PYME', 'FINAN', 'XXXXXX', '510', '4363', 'Deudas a corto plazo con entidades de crédito vinculadas', 0, NULL, NULL, 1, NULL, NULL),
(4365, 1, NULL, '2018-05-02 07:15:26', 'PCG08-PYME', 'FINAN', 'XXXXXX', '5103', '4364', 'Deudas a corto plazo con entidades de crédito empresas del grupo', 0, NULL, NULL, 1, NULL, NULL),
(4366, 1, NULL, '2018-05-02 07:15:26', 'PCG08-PYME', 'FINAN', 'XXXXXX', '5104', '4364', 'Deudas a corto plazo con entidades de crédito empresas asociadas', 0, NULL, NULL, 1, NULL, NULL),
(4367, 1, NULL, '2018-05-02 07:15:26', 'PCG08-PYME', 'FINAN', 'XXXXXX', '5105', '4364', 'Deudas a corto plazo con otras entidades de crédito vinculadas', 0, NULL, NULL, 1, NULL, NULL),
(4368, 1, NULL, '2018-05-02 07:15:26', 'PCG08-PYME', 'FINAN', 'XXXXXX', '511', '4363', 'Proveedores de inmovilizado a corto plazo partes vinculadas', 0, NULL, NULL, 1, NULL, NULL),
(4369, 1, NULL, '2018-05-02 07:15:26', 'PCG08-PYME', 'FINAN', 'XXXXXX', '5113', '4368', 'Proveedores de inmovilizado a corto plazo empresas del grupo', 0, NULL, NULL, 1, NULL, NULL),
(4370, 1, NULL, '2018-05-02 07:15:26', 'PCG08-PYME', 'FINAN', 'XXXXXX', '5114', '4368', 'Proveedores de inmovilizado a corto plazo empresas asociadas', 0, NULL, NULL, 1, NULL, NULL),
(4371, 1, NULL, '2018-05-02 07:15:26', 'PCG08-PYME', 'FINAN', 'XXXXXX', '5115', '4368', 'Proveedores de inmovilizado a corto plazo otras partes vinculadas', 0, NULL, NULL, 1, NULL, NULL),
(4372, 1, NULL, '2018-05-02 07:15:26', 'PCG08-PYME', 'FINAN', 'XXXXXX', '512', '4363', 'Acreedores por arrendamiento financiero a corto plazo partes vinculadas', 0, NULL, NULL, 1, NULL, NULL),
(4373, 1, NULL, '2018-05-02 07:15:26', 'PCG08-PYME', 'FINAN', 'XXXXXX', '5123', '4372', 'Acreedores por arrendamiento financiero a corto plazo empresas del grupo', 0, NULL, NULL, 1, NULL, NULL),
(4374, 1, NULL, '2018-05-02 07:15:26', 'PCG08-PYME', 'FINAN', 'XXXXXX', '5124', '4372', 'Acreedores por arrendamiento financiero a corto plazo empresas asociadas', 0, NULL, NULL, 1, NULL, NULL),
(4375, 1, NULL, '2018-05-02 07:15:26', 'PCG08-PYME', 'FINAN', 'XXXXXX', '5125', '4372', 'Acreedores por arrendamiento financiero a corto plazo otras partes vinculadas', 0, NULL, NULL, 1, NULL, NULL),
(4376, 1, NULL, '2018-05-02 07:15:26', 'PCG08-PYME', 'FINAN', 'XXXXXX', '513', '4363', 'Otras deudas a corto plazo con partes vinculadas', 0, NULL, NULL, 1, NULL, NULL),
(4377, 1, NULL, '2018-05-02 07:15:26', 'PCG08-PYME', 'FINAN', 'XXXXXX', '5133', '4376', 'Otras deudas a corto plazo con empresas del grupo', 0, NULL, NULL, 1, NULL, NULL),
(4378, 1, NULL, '2018-05-02 07:15:26', 'PCG08-PYME', 'FINAN', 'XXXXXX', '5134', '4376', 'Otras deudas a corto plazo con empresas asociadas', 0, NULL, NULL, 1, NULL, NULL),
(4379, 1, NULL, '2018-05-02 07:15:26', 'PCG08-PYME', 'FINAN', 'XXXXXX', '5135', '4376', 'Otras deudas a corto plazo con partes vinculadas', 0, NULL, NULL, 1, NULL, NULL),
(4380, 1, NULL, '2018-05-02 07:15:26', 'PCG08-PYME', 'FINAN', 'XXXXXX', '514', '4363', 'Intereses a corto plazo con partes vinculadas', 0, NULL, NULL, 1, NULL, NULL),
(4381, 1, NULL, '2018-05-02 07:15:26', 'PCG08-PYME', 'FINAN', 'XXXXXX', '5143', '4380', 'Intereses a corto plazo empresas del grupo', 0, NULL, NULL, 1, NULL, NULL),
(4382, 1, NULL, '2018-05-02 07:15:26', 'PCG08-PYME', 'FINAN', 'XXXXXX', '5144', '4380', 'Intereses a corto plazo empresas asociadas', 0, NULL, NULL, 1, NULL, NULL),
(4383, 1, NULL, '2018-05-02 07:15:26', 'PCG08-PYME', 'FINAN', 'XXXXXX', '5145', '4380', 'Intereses deudas a corto plazo partes vinculadas', 0, NULL, NULL, 1, NULL, NULL),
(4384, 1, NULL, '2018-05-02 07:15:26', 'PCG08-PYME', 'FINAN', 'XXXXXX', '52', '4005', 'Deudas a corto plazo por préstamos recibidos y otros conceptos', 0, NULL, NULL, 1, NULL, NULL),
(4385, 1, NULL, '2018-05-02 07:15:26', 'PCG08-PYME', 'FINAN', 'XXXXXX', '520', '4384', 'Deudas a corto plazo con entidades de crédito', 0, NULL, NULL, 1, NULL, NULL),
(4386, 1, NULL, '2018-05-02 07:15:26', 'PCG08-PYME', 'FINAN', 'XXXXXX', '5200', '4385', 'Préstamos a corto plazo de entidades de crédito', 0, NULL, NULL, 1, NULL, NULL),
(4387, 1, NULL, '2018-05-02 07:15:26', 'PCG08-PYME', 'FINAN', 'XXXXXX', '5201', '4385', 'Deudas a corto plazo por crédito dispuesto', 0, NULL, NULL, 1, NULL, NULL),
(4388, 1, NULL, '2018-05-02 07:15:26', 'PCG08-PYME', 'FINAN', 'XXXXXX', '5208', '4385', 'Deudas por efectos descontados', 0, NULL, NULL, 1, NULL, NULL),
(4389, 1, NULL, '2018-05-02 07:15:26', 'PCG08-PYME', 'FINAN', 'XXXXXX', '5209', '4385', 'Deudas por operaciones de factoring', 0, NULL, NULL, 1, NULL, NULL),
(4390, 1, NULL, '2018-05-02 07:15:26', 'PCG08-PYME', 'FINAN', 'XXXXXX', '521', '4384', 'Deudas a corto plazo', 0, NULL, NULL, 1, NULL, NULL),
(4391, 1, NULL, '2018-05-02 07:15:26', 'PCG08-PYME', 'FINAN', 'XXXXXX', '522', '4384', 'Deudas a corto plazo transformables en subvenciones donaciones y legados', 0, NULL, NULL, 1, NULL, NULL),
(4392, 1, NULL, '2018-05-02 07:15:26', 'PCG08-PYME', 'FINAN', 'XXXXXX', '523', '4384', 'Proveedores de inmovilizado a corto plazo', 0, NULL, NULL, 1, NULL, NULL),
(4393, 1, NULL, '2018-05-02 07:15:26', 'PCG08-PYME', 'FINAN', 'XXXXXX', '526', '4384', 'Dividendo activo a pagar', 0, NULL, NULL, 1, NULL, NULL),
(4394, 1, NULL, '2018-05-02 07:15:26', 'PCG08-PYME', 'FINAN', 'XXXXXX', '527', '4384', 'Intereses a corto plazo de deudas con entidades de crédito', 0, NULL, NULL, 1, NULL, NULL),
(4395, 1, NULL, '2018-05-02 07:15:26', 'PCG08-PYME', 'FINAN', 'XXXXXX', '528', '4384', 'Intereses a corto plazo de deudas', 0, NULL, NULL, 1, NULL, NULL),
(4396, 1, NULL, '2018-05-02 07:15:26', 'PCG08-PYME', 'FINAN', 'XXXXXX', '529', '4384', 'Provisiones a corto plazo', 0, NULL, NULL, 1, NULL, NULL),
(4397, 1, NULL, '2018-05-02 07:15:26', 'PCG08-PYME', 'FINAN', 'XXXXXX', '5291', '4396', 'Provisión a corto plazo para impuestos', 0, NULL, NULL, 1, NULL, NULL),
(4398, 1, NULL, '2018-05-02 07:15:26', 'PCG08-PYME', 'FINAN', 'XXXXXX', '5292', '4396', 'Provisión a corto plazo para otras responsabilidades', 0, NULL, NULL, 1, NULL, NULL),
(4399, 1, NULL, '2018-05-02 07:15:26', 'PCG08-PYME', 'FINAN', 'XXXXXX', '5293', '4396', 'Provisión a corto plazo por desmantelamiento retiro o rehabilitación del inmovilizado', 0, NULL, NULL, 1, NULL, NULL),
(4400, 1, NULL, '2018-05-02 07:15:26', 'PCG08-PYME', 'FINAN', 'XXXXXX', '5295', '4396', 'Provisión a corto plazo para actuaciones medioambientales', 0, NULL, NULL, 1, NULL, NULL),
(4401, 1, NULL, '2018-05-02 07:15:26', 'PCG08-PYME', 'FINAN', 'XXXXXX', '53', '4005', 'Inversiones financieras a corto plazo en partes vinculadas', 0, NULL, NULL, 1, NULL, NULL),
(4402, 1, NULL, '2018-05-02 07:15:26', 'PCG08-PYME', 'FINAN', 'XXXXXX', '530', '4401', 'Participaciones a corto plazo en partes vinculadas', 0, NULL, NULL, 1, NULL, NULL),
(4403, 1, NULL, '2018-05-02 07:15:26', 'PCG08-PYME', 'FINAN', 'XXXXXX', '5303', '4402', 'Participaciones a corto plazo en empresas del grupo', 0, NULL, NULL, 1, NULL, NULL),
(4404, 1, NULL, '2018-05-02 07:15:26', 'PCG08-PYME', 'FINAN', 'XXXXXX', '5304', '4402', 'Participaciones a corto plazo en empresas asociadas', 0, NULL, NULL, 1, NULL, NULL),
(4405, 1, NULL, '2018-05-02 07:15:26', 'PCG08-PYME', 'FINAN', 'XXXXXX', '5305', '4402', 'Participaciones a corto plazo en otras partes vinculadas', 0, NULL, NULL, 1, NULL, NULL),
(4406, 1, NULL, '2018-05-02 07:15:26', 'PCG08-PYME', 'FINAN', 'XXXXXX', '531', '4401', 'Valores representativos de deuda a corto plazo de partes vinculadas', 0, NULL, NULL, 1, NULL, NULL),
(4407, 1, NULL, '2018-05-02 07:15:26', 'PCG08-PYME', 'FINAN', 'XXXXXX', '5313', '4406', 'Valores representativos de deuda a corto plazo de empresas del grupo', 0, NULL, NULL, 1, NULL, NULL),
(4408, 1, NULL, '2018-05-02 07:15:26', 'PCG08-PYME', 'FINAN', 'XXXXXX', '5314', '4406', 'Valores representativos de deuda a corto plazo de empresas asociadas', 0, NULL, NULL, 1, NULL, NULL),
(4409, 1, NULL, '2018-05-02 07:15:26', 'PCG08-PYME', 'FINAN', 'XXXXXX', '5315', '4406', 'Valores representativos de deuda a corto plazo de otras partes vinculadas', 0, NULL, NULL, 1, NULL, NULL),
(4410, 1, NULL, '2018-05-02 07:15:26', 'PCG08-PYME', 'FINAN', 'XXXXXX', '532', '4401', 'Créditos a corto plazo a partes vinculadas', 0, NULL, NULL, 1, NULL, NULL),
(4411, 1, NULL, '2018-05-02 07:15:26', 'PCG08-PYME', 'FINAN', 'XXXXXX', '5323', '4410', 'Créditos a corto plazo a empresas del grupo', 0, NULL, NULL, 1, NULL, NULL),
(4412, 1, NULL, '2018-05-02 07:15:26', 'PCG08-PYME', 'FINAN', 'XXXXXX', '5324', '4410', 'Créditos a corto plazo a empresas asociadas', 0, NULL, NULL, 1, NULL, NULL),
(4413, 1, NULL, '2018-05-02 07:15:26', 'PCG08-PYME', 'FINAN', 'XXXXXX', '5325', '4410', 'Créditos a corto plazo a otras partes vinculadas', 0, NULL, NULL, 1, NULL, NULL),
(4414, 1, NULL, '2018-05-02 07:15:26', 'PCG08-PYME', 'FINAN', 'XXXXXX', '533', '4401', 'Intereses a corto plazo de valores representativos de deuda de partes vinculadas', 0, NULL, NULL, 1, NULL, NULL),
(4415, 1, NULL, '2018-05-02 07:15:26', 'PCG08-PYME', 'FINAN', 'XXXXXX', '5333', '4414', 'Intereses a corto plazo de valores representativos de deuda en empresas del grupo', 0, NULL, NULL, 1, NULL, NULL),
(4416, 1, NULL, '2018-05-02 07:15:26', 'PCG08-PYME', 'FINAN', 'XXXXXX', '5334', '4414', 'Intereses a corto plazo de valores representativos de deuda en empresas asociadas', 0, NULL, NULL, 1, NULL, NULL),
(4417, 1, NULL, '2018-05-02 07:15:26', 'PCG08-PYME', 'FINAN', 'XXXXXX', '5335', '4414', 'Intereses a corto plazo de valores representativos de deuda en otras partes vinculadas', 0, NULL, NULL, 1, NULL, NULL),
(4418, 1, NULL, '2018-05-02 07:15:26', 'PCG08-PYME', 'FINAN', 'XXXXXX', '534', '4401', 'Intereses a corto plazo de créditos a partes vinculadas', 0, NULL, NULL, 1, NULL, NULL),
(4419, 1, NULL, '2018-05-02 07:15:26', 'PCG08-PYME', 'FINAN', 'XXXXXX', '5343', '4418', 'Intereses a corto plazo de créditos a empresas del grupo', 0, NULL, NULL, 1, NULL, NULL),
(4420, 1, NULL, '2018-05-02 07:15:26', 'PCG08-PYME', 'FINAN', 'XXXXXX', '5344', '4418', 'Intereses a corto plazo de créditos a empresas asociadas', 0, NULL, NULL, 1, NULL, NULL),
(4421, 1, NULL, '2018-05-02 07:15:26', 'PCG08-PYME', 'FINAN', 'XXXXXX', '5345', '4418', 'Intereses a corto plazo de créditos a otras partes vinculadas', 0, NULL, NULL, 1, NULL, NULL),
(4422, 1, NULL, '2018-05-02 07:15:26', 'PCG08-PYME', 'FINAN', 'XXXXXX', '535', '4401', 'Dividendo a cobrar de inversiones financieras en partes vinculadas', 0, NULL, NULL, 1, NULL, NULL),
(4423, 1, NULL, '2018-05-02 07:15:26', 'PCG08-PYME', 'FINAN', 'XXXXXX', '5353', '4422', 'Dividendo a cobrar de empresas del grupo', 0, NULL, NULL, 1, NULL, NULL),
(4424, 1, NULL, '2018-05-02 07:15:26', 'PCG08-PYME', 'FINAN', 'XXXXXX', '5354', '4422', 'Dividendo a cobrar de empresas asociadas', 0, NULL, NULL, 1, NULL, NULL),
(4425, 1, NULL, '2018-05-02 07:15:26', 'PCG08-PYME', 'FINAN', 'XXXXXX', '5355', '4422', 'Dividendo a cobrar de otras partes vinculadas', 0, NULL, NULL, 1, NULL, NULL),
(4426, 1, NULL, '2018-05-02 07:15:26', 'PCG08-PYME', 'FINAN', 'XXXXXX', '539', '4401', 'Desembolsos pendientes sobre participaciones a corto plazo en partes vinculadas', 0, NULL, NULL, 1, NULL, NULL),
(4427, 1, NULL, '2018-05-02 07:15:26', 'PCG08-PYME', 'FINAN', 'XXXXXX', '5393', '4426', 'Desembolsos pendientes sobre participaciones a corto plazo en empresas del grupo', 0, NULL, NULL, 1, NULL, NULL),
(4428, 1, NULL, '2018-05-02 07:15:26', 'PCG08-PYME', 'FINAN', 'XXXXXX', '5394', '4426', 'Desembolsos pendientes sobre participaciones a corto plazo en empresas asociadas', 0, NULL, NULL, 1, NULL, NULL),
(4429, 1, NULL, '2018-05-02 07:15:26', 'PCG08-PYME', 'FINAN', 'XXXXXX', '5395', '4426', 'Desembolsos pendientes sobre participaciones a corto plazo en otras partes vinculadas', 0, NULL, NULL, 1, NULL, NULL),
(4430, 1, NULL, '2018-05-02 07:15:26', 'PCG08-PYME', 'FINAN', 'XXXXXX', '54', '4005', 'Otras inversiones financieras a corto plazo', 0, NULL, NULL, 1, NULL, NULL),
(4431, 1, NULL, '2018-05-02 07:15:26', 'PCG08-PYME', 'FINAN', 'XXXXXX', '540', '4430', 'Inversiones financieras a corto plazo en instrumentos de patrimonio', 0, NULL, NULL, 1, NULL, NULL),
(4432, 1, NULL, '2018-05-02 07:15:26', 'PCG08-PYME', 'FINAN', 'XXXXXX', '541', '4430', 'Valores representativos de deuda a corto plazo', 0, NULL, NULL, 1, NULL, NULL),
(4433, 1, NULL, '2018-05-02 07:15:26', 'PCG08-PYME', 'FINAN', 'XXXXXX', '542', '4430', 'Créditos a corto plazo', 0, NULL, NULL, 1, NULL, NULL),
(4434, 1, NULL, '2018-05-02 07:15:26', 'PCG08-PYME', 'FINAN', 'XXXXXX', '543', '4430', 'Créditos a corto plazo por enejenación de inmovilizado', 0, NULL, NULL, 1, NULL, NULL),
(4435, 1, NULL, '2018-05-02 07:15:26', 'PCG08-PYME', 'FINAN', 'XXXXXX', '544', '4430', 'Créditos a corto plazo al personal', 0, NULL, NULL, 1, NULL, NULL),
(4436, 1, NULL, '2018-05-02 07:15:26', 'PCG08-PYME', 'FINAN', 'XXXXXX', '545', '4430', 'Dividendo a cobrar', 0, NULL, NULL, 1, NULL, NULL),
(4437, 1, NULL, '2018-05-02 07:15:26', 'PCG08-PYME', 'FINAN', 'XXXXXX', '546', '4430', 'Intereses a corto plazo de valores reprsentativos de deuda', 0, NULL, NULL, 1, NULL, NULL),
(4438, 1, NULL, '2018-05-02 07:15:26', 'PCG08-PYME', 'FINAN', 'XXXXXX', '547', '4430', 'Intereses a corto plazo de créditos', 0, NULL, NULL, 1, NULL, NULL),
(4439, 1, NULL, '2018-05-02 07:15:26', 'PCG08-PYME', 'FINAN', 'XXXXXX', '548', '4430', 'Imposiciones a corto plazo', 0, NULL, NULL, 1, NULL, NULL),
(4440, 1, NULL, '2018-05-02 07:15:26', 'PCG08-PYME', 'FINAN', 'XXXXXX', '549', '4430', 'Desembolsos pendientes sobre participaciones en el patrimonio neto a corto plazo', 0, NULL, NULL, 1, NULL, NULL),
(4441, 1, NULL, '2018-05-02 07:15:26', 'PCG08-PYME', 'FINAN', 'XXXXXX', '55', '4005', 'Otras cuentas no bancarias', 0, NULL, NULL, 1, NULL, NULL),
(4442, 1, NULL, '2018-05-02 07:15:26', 'PCG08-PYME', 'FINAN', 'XXXXXX', '550', '4441', 'Titular de la explotación', 0, NULL, NULL, 1, NULL, NULL),
(4443, 1, NULL, '2018-05-02 07:15:26', 'PCG08-PYME', 'FINAN', 'XXXXXX', '551', '4441', 'Cuenta corriente con socios y administradores', 0, NULL, NULL, 1, NULL, NULL),
(4444, 1, NULL, '2018-05-02 07:15:26', 'PCG08-PYME', 'FINAN', 'XXXXXX', '552', '4441', 'Cuenta corriente otras personas y entidades vinculadas', 0, NULL, NULL, 1, NULL, NULL),
(4445, 1, NULL, '2018-05-02 07:15:26', 'PCG08-PYME', 'FINAN', 'XXXXXX', '5523', '4444', 'Cuenta corriente con empresas del grupo', 0, NULL, NULL, 1, NULL, NULL),
(4446, 1, NULL, '2018-05-02 07:15:26', 'PCG08-PYME', 'FINAN', 'XXXXXX', '5524', '4444', 'Cuenta corriente con empresas asociadas', 0, NULL, NULL, 1, NULL, NULL),
(4447, 1, NULL, '2018-05-02 07:15:26', 'PCG08-PYME', 'FINAN', 'XXXXXX', '5525', '4444', 'Cuenta corriente con otras partes vinculadas', 0, NULL, NULL, 1, NULL, NULL),
(4448, 1, NULL, '2018-05-02 07:15:26', 'PCG08-PYME', 'FINAN', 'XXXXXX', '554', '4441', 'Cuenta corriente con uniones temporales de empresas y comunidades de bienes', 0, NULL, NULL, 1, NULL, NULL),
(4449, 1, NULL, '2018-05-02 07:15:26', 'PCG08-PYME', 'FINAN', 'XXXXXX', '555', '4441', 'Partidas pendientes de aplicación', 0, NULL, NULL, 1, NULL, NULL),
(4450, 1, NULL, '2018-05-02 07:15:26', 'PCG08-PYME', 'FINAN', 'XXXXXX', '556', '4441', 'Desembolsos exigidos sobre participaciones en el patrimonio neto', 0, NULL, NULL, 1, NULL, NULL),
(4451, 1, NULL, '2018-05-02 07:15:26', 'PCG08-PYME', 'FINAN', 'XXXXXX', '5563', '4450', 'Desembolsos exigidos sobre participaciones empresas del grupo', 0, NULL, NULL, 1, NULL, NULL),
(4452, 1, NULL, '2018-05-02 07:15:26', 'PCG08-PYME', 'FINAN', 'XXXXXX', '5564', '4450', 'Desembolsos exigidos sobre participaciones empresas asociadas', 0, NULL, NULL, 1, NULL, NULL),
(4453, 1, NULL, '2018-05-02 07:15:26', 'PCG08-PYME', 'FINAN', 'XXXXXX', '5565', '4450', 'Desembolsos exigidos sobre participaciones otras partes vinculadas', 0, NULL, NULL, 1, NULL, NULL),
(4454, 1, NULL, '2018-05-02 07:15:26', 'PCG08-PYME', 'FINAN', 'XXXXXX', '5566', '4450', 'Desembolsos exigidos sobre participaciones otras empresas', 0, NULL, NULL, 1, NULL, NULL),
(4455, 1, NULL, '2018-05-02 07:15:26', 'PCG08-PYME', 'FINAN', 'XXXXXX', '557', '4441', 'Dividendo activo a cuenta', 0, NULL, NULL, 1, NULL, NULL),
(4456, 1, NULL, '2018-05-02 07:15:26', 'PCG08-PYME', 'FINAN', 'XXXXXX', '558', '4441', 'Socios por desembolsos exigidos', 0, NULL, NULL, 1, NULL, NULL),
(4457, 1, NULL, '2018-05-02 07:15:26', 'PCG08-PYME', 'FINAN', 'XXXXXX', '5580', '4456', 'Socios por desembolsos exigidos sobre acciones o participaciones ordinarias', 0, NULL, NULL, 1, NULL, NULL),
(4458, 1, NULL, '2018-05-02 07:15:26', 'PCG08-PYME', 'FINAN', 'XXXXXX', '5585', '4456', 'Socios por desembolsos exigidos sobre acciones o participaciones consideradas como pasivos financieros', 0, NULL, NULL, 1, NULL, NULL),
(4459, 1, NULL, '2018-05-02 07:15:26', 'PCG08-PYME', 'FINAN', 'XXXXXX', '559', '4441', 'Derivados financieros a corto plazo', 0, NULL, NULL, 1, NULL, NULL),
(4460, 1, NULL, '2018-05-02 07:15:26', 'PCG08-PYME', 'FINAN', 'XXXXXX', '5590', '4459', 'Activos por derivados financieros a corto plazo', 0, NULL, NULL, 1, NULL, NULL),
(4461, 1, NULL, '2018-05-02 07:15:26', 'PCG08-PYME', 'FINAN', 'XXXXXX', '5595', '4459', 'Pasivos por derivados financieros a corto plazo', 0, NULL, NULL, 1, NULL, NULL),
(4462, 1, NULL, '2018-05-02 07:15:26', 'PCG08-PYME', 'FINAN', 'XXXXXX', '56', '4005', 'Finanzas y depósitos recibidos y constituidos a corto plazo y ajustes por periodificación', 0, NULL, NULL, 1, NULL, NULL),
(4463, 1, NULL, '2018-05-02 07:15:26', 'PCG08-PYME', 'FINAN', 'XXXXXX', '560', '4462', 'Finanzas recibidas a corto plazo', 0, NULL, NULL, 1, NULL, NULL),
(4464, 1, NULL, '2018-05-02 07:15:26', 'PCG08-PYME', 'FINAN', 'XXXXXX', '561', '4462', 'Depósitos recibidos a corto plazo', 0, NULL, NULL, 1, NULL, NULL),
(4465, 1, NULL, '2018-05-02 07:15:26', 'PCG08-PYME', 'FINAN', 'XXXXXX', '565', '4462', 'Finanzas constituidas a corto plazo', 0, NULL, NULL, 1, NULL, NULL),
(4466, 1, NULL, '2018-05-02 07:15:26', 'PCG08-PYME', 'FINAN', 'XXXXXX', '566', '4462', 'Depósitos constituidos a corto plazo', 0, NULL, NULL, 1, NULL, NULL),
(4467, 1, NULL, '2018-05-02 07:15:26', 'PCG08-PYME', 'FINAN', 'XXXXXX', '567', '4462', 'Intereses pagados por anticipado', 0, NULL, NULL, 1, NULL, NULL),
(4468, 1, NULL, '2018-05-02 07:15:26', 'PCG08-PYME', 'FINAN', 'XXXXXX', '568', '4462', 'Intereses cobrados a corto plazo', 0, NULL, NULL, 1, NULL, NULL),
(4469, 1, NULL, '2018-05-02 07:15:26', 'PCG08-PYME', 'FINAN', 'XXXXXX', '57', '4005', 'Tesorería', 0, NULL, NULL, 1, NULL, NULL),
(4470, 1, NULL, '2018-05-02 07:15:26', 'PCG08-PYME', 'FINAN', 'CAJA', '570', '4469', 'Caja euros', 0, NULL, NULL, 1, NULL, NULL),
(4471, 1, NULL, '2018-05-02 07:15:26', 'PCG08-PYME', 'FINAN', 'XXXXXX', '571', '4469', 'Caja moneda extranjera', 0, NULL, NULL, 1, NULL, NULL),
(4472, 1, NULL, '2018-05-02 07:15:26', 'PCG08-PYME', 'FINAN', 'BANCOS', '572', '4469', 'Bancos e instituciones de crédito cc vista euros', 0, NULL, NULL, 1, NULL, NULL),
(4473, 1, NULL, '2018-05-02 07:15:26', 'PCG08-PYME', 'FINAN', 'XXXXXX', '573', '4469', 'Bancos e instituciones de crédito cc vista moneda extranjera', 0, NULL, NULL, 1, NULL, NULL),
(4474, 1, NULL, '2018-05-02 07:15:26', 'PCG08-PYME', 'FINAN', 'XXXXXX', '574', '4469', 'Bancos e instituciones de crédito cuentas de ahorro euros', 0, NULL, NULL, 1, NULL, NULL),
(4475, 1, NULL, '2018-05-02 07:15:26', 'PCG08-PYME', 'FINAN', 'XXXXXX', '575', '4469', 'Bancos e instituciones de crédito cuentas de ahorro moneda extranjera', 0, NULL, NULL, 1, NULL, NULL),
(4476, 1, NULL, '2018-05-02 07:15:26', 'PCG08-PYME', 'FINAN', 'XXXXXX', '576', '4469', 'Inversiones a corto plazo de gran liquidez', 0, NULL, NULL, 1, NULL, NULL),
(4477, 1, NULL, '2018-05-02 07:15:26', 'PCG08-PYME', 'FINAN', 'XXXXXX', '59', '4005', 'Deterioro del valor de las inversiones financieras a corto plazo', 0, NULL, NULL, 1, NULL, NULL),
(4478, 1, NULL, '2018-05-02 07:15:26', 'PCG08-PYME', 'FINAN', 'XXXXXX', '593', '4477', 'Deterioro del valor de participaciones a corto plazo en partes vinculadas', 0, NULL, NULL, 1, NULL, NULL),
(4479, 1, NULL, '2018-05-02 07:15:26', 'PCG08-PYME', 'FINAN', 'XXXXXX', '5933', '4478', 'Deterioro del valor de participaciones a corto plazo en empresas del grupo', 0, NULL, NULL, 1, NULL, NULL),
(4480, 1, NULL, '2018-05-02 07:15:26', 'PCG08-PYME', 'FINAN', 'XXXXXX', '5934', '4478', 'Deterioro del valor de participaciones a corto plazo en empresas asociadas', 0, NULL, NULL, 1, NULL, NULL),
(4481, 1, NULL, '2018-05-02 07:15:26', 'PCG08-PYME', 'FINAN', 'XXXXXX', '5935', '4478', 'Deterioro del valor de participaciones a corto plazo en otras partes vinculadas', 0, NULL, NULL, 1, NULL, NULL),
(4482, 1, NULL, '2018-05-02 07:15:26', 'PCG08-PYME', 'FINAN', 'XXXXXX', '594', '4477', 'Deterioro del valor de valores representativos de deuda a corto plazo en partes vinculadas', 0, NULL, NULL, 1, NULL, NULL),
(4483, 1, NULL, '2018-05-02 07:15:26', 'PCG08-PYME', 'FINAN', 'XXXXXX', '5943', '4482', 'Deterioro del valor de valores representativos de deuda a corto plazo en empresas del grupo', 0, NULL, NULL, 1, NULL, NULL),
(4484, 1, NULL, '2018-05-02 07:15:26', 'PCG08-PYME', 'FINAN', 'XXXXXX', '5944', '4482', 'Deterioro del valor de valores representativos de deuda a corto plazo en empresas asociadas', 0, NULL, NULL, 1, NULL, NULL),
(4485, 1, NULL, '2018-05-02 07:15:26', 'PCG08-PYME', 'FINAN', 'XXXXXX', '5945', '4482', 'Deterioro del valor de valores representativos de deuda a corto plazo en otras partes vinculadas', 0, NULL, NULL, 1, NULL, NULL),
(4486, 1, NULL, '2018-05-02 07:15:26', 'PCG08-PYME', 'FINAN', 'XXXXXX', '595', '4477', 'Deterioro del valor de créditos a corto plazo en partes vinculadas', 0, NULL, NULL, 1, NULL, NULL),
(4487, 1, NULL, '2018-05-02 07:15:26', 'PCG08-PYME', 'FINAN', 'XXXXXX', '5953', '4486', 'Deterioro del valor de créditos a corto plazo en empresas del grupo', 0, NULL, NULL, 1, NULL, NULL),
(4488, 1, NULL, '2018-05-02 07:15:26', 'PCG08-PYME', 'FINAN', 'XXXXXX', '5954', '4486', 'Deterioro del valor de créditos a corto plazo en empresas asociadas', 0, NULL, NULL, 1, NULL, NULL),
(4489, 1, NULL, '2018-05-02 07:15:26', 'PCG08-PYME', 'FINAN', 'XXXXXX', '5955', '4486', 'Deterioro del valor de créditos a corto plazo en otras partes vinculadas', 0, NULL, NULL, 1, NULL, NULL),
(4490, 1, NULL, '2018-05-02 07:15:26', 'PCG08-PYME', 'FINAN', 'XXXXXX', '596', '4477', 'Deterioro del valor de participaciones a corto plazo', 0, NULL, NULL, 1, NULL, NULL),
(4491, 1, NULL, '2018-05-02 07:15:26', 'PCG08-PYME', 'FINAN', 'XXXXXX', '597', '4477', 'Deterioro del valor de valores representativos de deuda a corto plazo', 0, NULL, NULL, 1, NULL, NULL),
(4492, 1, NULL, '2018-05-02 07:15:26', 'PCG08-PYME', 'FINAN', 'XXXXXX', '598', '4477', 'Deterioro de valor de créditos a corto plazo', 0, NULL, NULL, 1, NULL, NULL),
(4493, 1, NULL, '2018-05-02 07:15:26', 'PCG08-PYME', 'EXPENSE', 'XXXXXX', '60', '4006', 'Compras', 0, NULL, NULL, 1, NULL, NULL),
(4494, 1, NULL, '2018-05-02 07:15:26', 'PCG08-PYME', 'EXPENSE', 'PRODUCT', '600', '4493', 'Compras de mercaderías', 0, NULL, NULL, 1, NULL, NULL),
(4495, 1, NULL, '2018-05-02 07:15:26', 'PCG08-PYME', 'EXPENSE', 'PRODUCT', '601', '4493', 'Compras de materias primas', 0, NULL, NULL, 1, NULL, NULL),
(4496, 1, NULL, '2018-05-02 07:15:26', 'PCG08-PYME', 'EXPENSE', 'PRODUCT', '602', '4493', 'Compras de otros aprovisionamientos', 0, NULL, NULL, 1, NULL, NULL),
(4497, 1, NULL, '2018-05-02 07:15:26', 'PCG08-PYME', 'EXPENSE', 'XXXXXX', '606', '4493', 'Descuentos sobre compras por pronto pago', 0, NULL, NULL, 1, NULL, NULL),
(4498, 1, NULL, '2018-05-02 07:15:26', 'PCG08-PYME', 'EXPENSE', 'XXXXXX', '6060', '4497', 'Descuentos sobre compras por pronto pago de mercaderías', 0, NULL, NULL, 1, NULL, NULL),
(4499, 1, NULL, '2018-05-02 07:15:26', 'PCG08-PYME', 'EXPENSE', 'XXXXXX', '6061', '4497', 'Descuentos sobre compras por pronto pago de materias primas', 0, NULL, NULL, 1, NULL, NULL),
(4500, 1, NULL, '2018-05-02 07:15:26', 'PCG08-PYME', 'EXPENSE', 'XXXXXX', '6062', '4497', 'Descuentos sobre compras por pronto pago de otros aprovisionamientos', 0, NULL, NULL, 1, NULL, NULL),
(4501, 1, NULL, '2018-05-02 07:15:26', 'PCG08-PYME', 'EXPENSE', 'COMPRAS', '607', '4493', 'Trabajos realizados por otras empresas', 0, NULL, NULL, 1, NULL, NULL),
(4502, 1, NULL, '2018-05-02 07:15:26', 'PCG08-PYME', 'EXPENSE', 'XXXXXX', '608', '4493', 'Devoluciones de compras y operaciones similares', 0, NULL, NULL, 1, NULL, NULL),
(4503, 1, NULL, '2018-05-02 07:15:26', 'PCG08-PYME', 'EXPENSE', 'XXXXXX', '6080', '4502', 'Devoluciones de compras de mercaderías', 0, NULL, NULL, 1, NULL, NULL),
(4504, 1, NULL, '2018-05-02 07:15:26', 'PCG08-PYME', 'EXPENSE', 'XXXXXX', '6081', '4502', 'Devoluciones de compras de materias primas', 0, NULL, NULL, 1, NULL, NULL),
(4505, 1, NULL, '2018-05-02 07:15:26', 'PCG08-PYME', 'EXPENSE', 'XXXXXX', '6082', '4502', 'Devoluciones de compras de otros aprovisionamientos', 0, NULL, NULL, 1, NULL, NULL),
(4506, 1, NULL, '2018-05-02 07:15:26', 'PCG08-PYME', 'EXPENSE', 'XXXXXX', '609', '4493', 'Rappels por compras', 0, NULL, NULL, 1, NULL, NULL),
(4507, 1, NULL, '2018-05-02 07:15:26', 'PCG08-PYME', 'EXPENSE', 'XXXXXX', '6090', '4506', 'Rappels por compras de mercaderías', 0, NULL, NULL, 1, NULL, NULL),
(4508, 1, NULL, '2018-05-02 07:15:26', 'PCG08-PYME', 'EXPENSE', 'XXXXXX', '6091', '4506', 'Rappels por compras de materias primas', 0, NULL, NULL, 1, NULL, NULL),
(4509, 1, NULL, '2018-05-02 07:15:26', 'PCG08-PYME', 'EXPENSE', 'XXXXXX', '6092', '4506', 'Rappels por compras de otros aprovisionamientos', 0, NULL, NULL, 1, NULL, NULL),
(4510, 1, NULL, '2018-05-02 07:15:26', 'PCG08-PYME', 'EXPENSE', 'XXXXXX', '61', '4006', 'Variación de existencias', 0, NULL, NULL, 1, NULL, NULL),
(4511, 1, NULL, '2018-05-02 07:15:26', 'PCG08-PYME', 'EXPENSE', 'XXXXXX', '610', '4510', 'Variación de existencias de mercaderías', 0, NULL, NULL, 1, NULL, NULL),
(4512, 1, NULL, '2018-05-02 07:15:26', 'PCG08-PYME', 'EXPENSE', 'XXXXXX', '611', '4510', 'Variación de existencias de materias primas', 0, NULL, NULL, 1, NULL, NULL),
(4513, 1, NULL, '2018-05-02 07:15:26', 'PCG08-PYME', 'EXPENSE', 'XXXXXX', '612', '4510', 'Variación de existencias de otros aprovisionamientos', 0, NULL, NULL, 1, NULL, NULL),
(4514, 1, NULL, '2018-05-02 07:15:26', 'PCG08-PYME', 'EXPENSE', 'XXXXXX', '62', '4006', 'Servicios exteriores', 0, NULL, NULL, 1, NULL, NULL),
(4515, 1, NULL, '2018-05-02 07:15:26', 'PCG08-PYME', 'EXPENSE', 'XXXXXX', '620', '4514', 'Gastos en investigación y desarrollo del ejercicio', 0, NULL, NULL, 1, NULL, NULL),
(4516, 1, NULL, '2018-05-02 07:15:26', 'PCG08-PYME', 'EXPENSE', 'XXXXXX', '621', '4514', 'Arrendamientos y cánones', 0, NULL, NULL, 1, NULL, NULL),
(4517, 1, NULL, '2018-05-02 07:15:26', 'PCG08-PYME', 'EXPENSE', 'XXXXXX', '622', '4514', 'Reparaciones y conservación', 0, NULL, NULL, 1, NULL, NULL),
(4518, 1, NULL, '2018-05-02 07:15:26', 'PCG08-PYME', 'EXPENSE', 'XXXXXX', '623', '4514', 'Servicios profesionales independientes', 0, NULL, NULL, 1, NULL, NULL),
(4519, 1, NULL, '2018-05-02 07:15:26', 'PCG08-PYME', 'EXPENSE', 'XXXXXX', '624', '4514', 'Transportes', 0, NULL, NULL, 1, NULL, NULL),
(4520, 1, NULL, '2018-05-02 07:15:26', 'PCG08-PYME', 'EXPENSE', 'XXXXXX', '625', '4514', 'Primas de seguros', 0, NULL, NULL, 1, NULL, NULL),
(4521, 1, NULL, '2018-05-02 07:15:26', 'PCG08-PYME', 'EXPENSE', 'XXXXXX', '626', '4514', 'Servicios bancarios y similares', 0, NULL, NULL, 1, NULL, NULL),
(4522, 1, NULL, '2018-05-02 07:15:26', 'PCG08-PYME', 'EXPENSE', 'XXXXXX', '627', '4514', 'Publicidad, propaganda y relaciones públicas', 0, NULL, NULL, 1, NULL, NULL),
(4523, 1, NULL, '2018-05-02 07:15:26', 'PCG08-PYME', 'EXPENSE', 'XXXXXX', '628', '4514', 'Suministros', 0, NULL, NULL, 1, NULL, NULL),
(4524, 1, NULL, '2018-05-02 07:15:26', 'PCG08-PYME', 'EXPENSE', 'XXXXXX', '629', '4514', 'Otros servicios', 0, NULL, NULL, 1, NULL, NULL),
(4525, 1, NULL, '2018-05-02 07:15:26', 'PCG08-PYME', 'EXPENSE', 'XXXXXX', '63', '4006', 'Tributos', 0, NULL, NULL, 1, NULL, NULL),
(4526, 1, NULL, '2018-05-02 07:15:26', 'PCG08-PYME', 'EXPENSE', 'XXXXXX', '630', '4525', 'Impuesto sobre benecifios', 0, NULL, NULL, 1, NULL, NULL),
(4527, 1, NULL, '2018-05-02 07:15:26', 'PCG08-PYME', 'EXPENSE', 'XXXXXX', '6300', '4526', 'Impuesto corriente', 0, NULL, NULL, 1, NULL, NULL),
(4528, 1, NULL, '2018-05-02 07:15:26', 'PCG08-PYME', 'EXPENSE', 'XXXXXX', '6301', '4526', 'Impuesto diferido', 0, NULL, NULL, 1, NULL, NULL),
(4529, 1, NULL, '2018-05-02 07:15:26', 'PCG08-PYME', 'EXPENSE', 'XXXXXX', '631', '4525', 'Otros tributos', 0, NULL, NULL, 1, NULL, NULL),
(4530, 1, NULL, '2018-05-02 07:15:26', 'PCG08-PYME', 'EXPENSE', 'XXXXXX', '633', '4525', 'Ajustes negativos en la imposición sobre beneficios', 0, NULL, NULL, 1, NULL, NULL),
(4531, 1, NULL, '2018-05-02 07:15:26', 'PCG08-PYME', 'EXPENSE', 'XXXXXX', '634', '4525', 'Ajustes negativos en la imposición indirecta', 0, NULL, NULL, 1, NULL, NULL),
(4532, 1, NULL, '2018-05-02 07:15:26', 'PCG08-PYME', 'EXPENSE', 'XXXXXX', '6341', '4531', 'Ajustes negativos en IVA de activo corriente', 0, NULL, NULL, 1, NULL, NULL),
(4533, 1, NULL, '2018-05-02 07:15:26', 'PCG08-PYME', 'EXPENSE', 'XXXXXX', '6342', '4531', 'Ajustes negativos en IVA de inversiones', 0, NULL, NULL, 1, NULL, NULL),
(4534, 1, NULL, '2018-05-02 07:15:26', 'PCG08-PYME', 'EXPENSE', 'XXXXXX', '636', '4525', 'Devolución de impuestos', 0, NULL, NULL, 1, NULL, NULL),
(4535, 1, NULL, '2018-05-02 07:15:26', 'PCG08-PYME', 'EXPENSE', 'XXXXXX', '638', '4525', 'Ajustes positivos en la imposición sobre beneficios', 0, NULL, NULL, 1, NULL, NULL),
(4536, 1, NULL, '2018-05-02 07:15:26', 'PCG08-PYME', 'EXPENSE', 'XXXXXX', '639', '4525', 'Ajustes positivos en la imposición directa', 0, NULL, NULL, 1, NULL, NULL),
(4537, 1, NULL, '2018-05-02 07:15:26', 'PCG08-PYME', 'EXPENSE', 'XXXXXX', '6391', '4536', 'Ajustes positivos en IVA de activo corriente', 0, NULL, NULL, 1, NULL, NULL),
(4538, 1, NULL, '2018-05-02 07:15:26', 'PCG08-PYME', 'EXPENSE', 'XXXXXX', '6392', '4536', 'Ajustes positivos en IVA de inversiones', 0, NULL, NULL, 1, NULL, NULL),
(4539, 1, NULL, '2018-05-02 07:15:26', 'PCG08-PYME', 'EXPENSE', 'XXXXXX', '64', '4006', 'Gastos de personal', 0, NULL, NULL, 1, NULL, NULL),
(4540, 1, NULL, '2018-05-02 07:15:26', 'PCG08-PYME', 'EXPENSE', 'XXXXXX', '640', '4539', 'Sueldos y salarios', 0, NULL, NULL, 1, NULL, NULL),
(4541, 1, NULL, '2018-05-02 07:15:26', 'PCG08-PYME', 'EXPENSE', 'XXXXXX', '641', '4539', 'Indemnizaciones', 0, NULL, NULL, 1, NULL, NULL),
(4542, 1, NULL, '2018-05-02 07:15:26', 'PCG08-PYME', 'EXPENSE', 'XXXXXX', '642', '4539', 'Seguridad social a cargo de la empresa', 0, NULL, NULL, 1, NULL, NULL),
(4543, 1, NULL, '2018-05-02 07:15:26', 'PCG08-PYME', 'EXPENSE', 'XXXXXX', '649', '4539', 'Otros gastos sociales', 0, NULL, NULL, 1, NULL, NULL),
(4544, 1, NULL, '2018-05-02 07:15:26', 'PCG08-PYME', 'EXPENSE', 'XXXXXX', '65', '4006', 'Otros gastos de gestión', 0, NULL, NULL, 1, NULL, NULL),
(4545, 1, NULL, '2018-05-02 07:15:26', 'PCG08-PYME', 'EXPENSE', 'XXXXXX', '650', '4544', 'Pérdidas de créditos comerciales incobrables', 0, NULL, NULL, 1, NULL, NULL),
(4546, 1, NULL, '2018-05-02 07:15:26', 'PCG08-PYME', 'EXPENSE', 'XXXXXX', '651', '4544', 'Resultados de operaciones en común', 0, NULL, NULL, 1, NULL, NULL),
(4547, 1, NULL, '2018-05-02 07:15:26', 'PCG08-PYME', 'EXPENSE', 'XXXXXX', '6510', '4546', 'Beneficio transferido gestor', 0, NULL, NULL, 1, NULL, NULL),
(4548, 1, NULL, '2018-05-02 07:15:26', 'PCG08-PYME', 'EXPENSE', 'XXXXXX', '6511', '4546', 'Pérdida soportada participe o asociado no gestor', 0, NULL, NULL, 1, NULL, NULL),
(4549, 1, NULL, '2018-05-02 07:15:26', 'PCG08-PYME', 'EXPENSE', 'XXXXXX', '659', '4544', 'Otras pérdidas en gestión corriente', 0, NULL, NULL, 1, NULL, NULL),
(4550, 1, NULL, '2018-05-02 07:15:26', 'PCG08-PYME', 'EXPENSE', 'XXXXXX', '66', '4006', 'Gastos financieros', 0, NULL, NULL, 1, NULL, NULL),
(4551, 1, NULL, '2018-05-02 07:15:26', 'PCG08-PYME', 'EXPENSE', 'XXXXXX', '660', '4550', 'Gastos financieros por actualización de provisiones', 0, NULL, NULL, 1, NULL, NULL),
(4552, 1, NULL, '2018-05-02 07:15:26', 'PCG08-PYME', 'EXPENSE', 'XXXXXX', '661', '4550', 'Intereses de obligaciones y bonos', 0, NULL, NULL, 1, NULL, NULL),
(4553, 1, NULL, '2018-05-02 07:15:26', 'PCG08-PYME', 'EXPENSE', 'XXXXXX', '6610', '4452', 'Intereses de obligaciones y bonos a largo plazo empresas del grupo', 0, NULL, NULL, 1, NULL, NULL),
(4554, 1, NULL, '2018-05-02 07:15:26', 'PCG08-PYME', 'EXPENSE', 'XXXXXX', '6611', '4452', 'Intereses de obligaciones y bonos a largo plazo empresas asociadas', 0, NULL, NULL, 1, NULL, NULL),
(4555, 1, NULL, '2018-05-02 07:15:26', 'PCG08-PYME', 'EXPENSE', 'XXXXXX', '6612', '4452', 'Intereses de obligaciones y bonos a largo plazo otras partes vinculadas', 0, NULL, NULL, 1, NULL, NULL),
(4556, 1, NULL, '2018-05-02 07:15:26', 'PCG08-PYME', 'EXPENSE', 'XXXXXX', '6613', '4452', 'Intereses de obligaciones y bonos a largo plazo otras empresas', 0, NULL, NULL, 1, NULL, NULL),
(4557, 1, NULL, '2018-05-02 07:15:26', 'PCG08-PYME', 'EXPENSE', 'XXXXXX', '6615', '4452', 'Intereses de obligaciones y bonos a corto plazo empresas del grupo', 0, NULL, NULL, 1, NULL, NULL),
(4558, 1, NULL, '2018-05-02 07:15:26', 'PCG08-PYME', 'EXPENSE', 'XXXXXX', '6616', '4452', 'Intereses de obligaciones y bonos a corto plazo empresas asociadas', 0, NULL, NULL, 1, NULL, NULL),
(4559, 1, NULL, '2018-05-02 07:15:26', 'PCG08-PYME', 'EXPENSE', 'XXXXXX', '6617', '4452', 'Intereses de obligaciones y bonos a corto plazo otras partes vinculadas', 0, NULL, NULL, 1, NULL, NULL),
(4560, 1, NULL, '2018-05-02 07:15:26', 'PCG08-PYME', 'EXPENSE', 'XXXXXX', '6618', '4452', 'Intereses de obligaciones y bonos a corto plazo otras empresas', 0, NULL, NULL, 1, NULL, NULL),
(4561, 1, NULL, '2018-05-02 07:15:26', 'PCG08-PYME', 'EXPENSE', 'XXXXXX', '662', '4550', 'Intereses de deudas', 0, NULL, NULL, 1, NULL, NULL),
(4562, 1, NULL, '2018-05-02 07:15:26', 'PCG08-PYME', 'EXPENSE', 'XXXXXX', '6620', '4561', 'Intereses de deudas empresas del grupo', 0, NULL, NULL, 1, NULL, NULL),
(4563, 1, NULL, '2018-05-02 07:15:26', 'PCG08-PYME', 'EXPENSE', 'XXXXXX', '6621', '4561', 'Intereses de deudas empresas asociadas', 0, NULL, NULL, 1, NULL, NULL),
(4564, 1, NULL, '2018-05-02 07:15:26', 'PCG08-PYME', 'EXPENSE', 'XXXXXX', '6622', '4561', 'Intereses de deudas otras partes vinculadas', 0, NULL, NULL, 1, NULL, NULL),
(4565, 1, NULL, '2018-05-02 07:15:26', 'PCG08-PYME', 'EXPENSE', 'XXXXXX', '6623', '4561', 'Intereses de deudas con entidades de crédito', 0, NULL, NULL, 1, NULL, NULL),
(4566, 1, NULL, '2018-05-02 07:15:26', 'PCG08-PYME', 'EXPENSE', 'XXXXXX', '6624', '4561', 'Intereses de deudas otras empresas', 0, NULL, NULL, 1, NULL, NULL),
(4567, 1, NULL, '2018-05-02 07:15:26', 'PCG08-PYME', 'EXPENSE', 'XXXXXX', '663', '4550', 'Pérdidas por valorización de activos y pasivos financieros por su valor razonable', 0, NULL, NULL, 1, NULL, NULL),
(4568, 1, NULL, '2018-05-02 07:15:26', 'PCG08-PYME', 'EXPENSE', 'XXXXXX', '664', '4550', 'Gastos por dividendos de acciones o participaciones consideradas como pasivos financieros', 0, NULL, NULL, 1, NULL, NULL),
(4569, 1, NULL, '2018-05-02 07:15:26', 'PCG08-PYME', 'EXPENSE', 'XXXXXX', '6640', '4568', 'Dividendos de pasivos empresas del grupo', 0, NULL, NULL, 1, NULL, NULL),
(4570, 1, NULL, '2018-05-02 07:15:26', 'PCG08-PYME', 'EXPENSE', 'XXXXXX', '6641', '4568', 'Dividendos de pasivos empresas asociadas', 0, NULL, NULL, 1, NULL, NULL),
(4571, 1, NULL, '2018-05-02 07:15:26', 'PCG08-PYME', 'EXPENSE', 'XXXXXX', '6642', '4568', 'Dividendos de pasivos otras partes vinculadas', 0, NULL, NULL, 1, NULL, NULL),
(4572, 1, NULL, '2018-05-02 07:15:26', 'PCG08-PYME', 'EXPENSE', 'XXXXXX', '6643', '4568', 'Dividendos de pasivos otras empresas', 0, NULL, NULL, 1, NULL, NULL),
(4573, 1, NULL, '2018-05-02 07:15:26', 'PCG08-PYME', 'EXPENSE', 'XXXXXX', '665', '4550', 'Intereses por descuento de efectos y operaciones de factoring', 0, NULL, NULL, 1, NULL, NULL),
(4574, 1, NULL, '2018-05-02 07:15:26', 'PCG08-PYME', 'EXPENSE', 'XXXXXX', '6650', '4573', 'Intereses por descuento de efectos en entidades de crédito del grupo', 0, NULL, NULL, 1, NULL, NULL),
(4575, 1, NULL, '2018-05-02 07:15:26', 'PCG08-PYME', 'EXPENSE', 'XXXXXX', '6651', '4573', 'Intereses por descuento de efectos en entidades de crédito asociadas', 0, NULL, NULL, 1, NULL, NULL),
(4576, 1, NULL, '2018-05-02 07:15:26', 'PCG08-PYME', 'EXPENSE', 'XXXXXX', '6652', '4573', 'Intereses por descuento de efectos en entidades de crédito vinculadas', 0, NULL, NULL, 1, NULL, NULL),
(4577, 1, NULL, '2018-05-02 07:15:26', 'PCG08-PYME', 'EXPENSE', 'XXXXXX', '6653', '4573', 'Intereses por descuento de efectos en otras entidades de crédito', 0, NULL, NULL, 1, NULL, NULL),
(4578, 1, NULL, '2018-05-02 07:15:26', 'PCG08-PYME', 'EXPENSE', 'XXXXXX', '6654', '4573', 'Intereses por operaciones de factoring con entidades de crédito del grupo', 0, NULL, NULL, 1, NULL, NULL),
(4579, 1, NULL, '2018-05-02 07:15:26', 'PCG08-PYME', 'EXPENSE', 'XXXXXX', '6655', '4573', 'Intereses por operaciones de factoring con entidades de crédito asociadas', 0, NULL, NULL, 1, NULL, NULL),
(4580, 1, NULL, '2018-05-02 07:15:26', 'PCG08-PYME', 'EXPENSE', 'XXXXXX', '6656', '4573', 'Intereses por operaciones de factoring con otras entidades de crédito vinculadas', 0, NULL, NULL, 1, NULL, NULL),
(4581, 1, NULL, '2018-05-02 07:15:26', 'PCG08-PYME', 'EXPENSE', 'XXXXXX', '6657', '4573', 'Intereses por operaciones de factoring con otras entidades de crédito', 0, NULL, NULL, 1, NULL, NULL),
(4582, 1, NULL, '2018-05-02 07:15:26', 'PCG08-PYME', 'EXPENSE', 'XXXXXX', '666', '4550', 'Pérdidas en participaciones y valores representativos de deuda', 0, NULL, NULL, 1, NULL, NULL),
(4583, 1, NULL, '2018-05-02 07:15:26', 'PCG08-PYME', 'EXPENSE', 'XXXXXX', '6660', '4582', 'Pérdidas en valores representativos de deuda a largo plazo empresas del grupo', 0, NULL, NULL, 1, NULL, NULL),
(4584, 1, NULL, '2018-05-02 07:15:26', 'PCG08-PYME', 'EXPENSE', 'XXXXXX', '6661', '4582', 'Pérdidas en valores representativos de deuda a largo plazo empresas asociadas', 0, NULL, NULL, 1, NULL, NULL),
(4585, 1, NULL, '2018-05-02 07:15:26', 'PCG08-PYME', 'EXPENSE', 'XXXXXX', '6662', '4582', 'Pérdidas en valores representativos de deuda a largo plazo otras partes vinculadas', 0, NULL, NULL, 1, NULL, NULL),
(4586, 1, NULL, '2018-05-02 07:15:26', 'PCG08-PYME', 'EXPENSE', 'XXXXXX', '6663', '4582', 'Pérdidas en participaciones y valores representativos de deuda a largo plazo otras empresas', 0, NULL, NULL, 1, NULL, NULL),
(4587, 1, NULL, '2018-05-02 07:15:26', 'PCG08-PYME', 'EXPENSE', 'XXXXXX', '6665', '4582', 'Pérdidas en participaciones y valores representativos de deuda a corto plazo empresas del grupo', 0, NULL, NULL, 1, NULL, NULL),
(4588, 1, NULL, '2018-05-02 07:15:26', 'PCG08-PYME', 'EXPENSE', 'XXXXXX', '6666', '4582', 'Pérdidas en participaciones y valores representativos de deuda a corto plazo empresas asociadas', 0, NULL, NULL, 1, NULL, NULL);
INSERT INTO `b67182907_accounting_account` (`rowid`, `entity`, `datec`, `tms`, `fk_pcg_version`, `pcg_type`, `pcg_subtype`, `account_number`, `account_parent`, `label`, `fk_accounting_category`, `fk_user_author`, `fk_user_modif`, `active`, `import_key`, `extraparams`) VALUES
(4589, 1, NULL, '2018-05-02 07:15:26', 'PCG08-PYME', 'EXPENSE', 'XXXXXX', '6667', '4582', 'Pérdidas en valores representativos de deuda a corto plazo otras partes vinculadas', 0, NULL, NULL, 1, NULL, NULL),
(4590, 1, NULL, '2018-05-02 07:15:26', 'PCG08-PYME', 'EXPENSE', 'XXXXXX', '6668', '4582', 'Pérdidas en valores representativos de deuda a corto plazo otras empresas', 0, NULL, NULL, 1, NULL, NULL),
(4591, 1, NULL, '2018-05-02 07:15:26', 'PCG08-PYME', 'EXPENSE', 'XXXXXX', '667', '4550', 'Pérdidas de créditos no comerciales', 0, NULL, NULL, 1, NULL, NULL),
(4592, 1, NULL, '2018-05-02 07:15:26', 'PCG08-PYME', 'EXPENSE', 'XXXXXX', '6670', '4591', 'Pérdidas de créditos a largo plazo empresas del grupo', 0, NULL, NULL, 1, NULL, NULL),
(4593, 1, NULL, '2018-05-02 07:15:26', 'PCG08-PYME', 'EXPENSE', 'XXXXXX', '6671', '4591', 'Pérdidas de créditos a largo plazo empresas asociadas', 0, NULL, NULL, 1, NULL, NULL),
(4594, 1, NULL, '2018-05-02 07:15:26', 'PCG08-PYME', 'EXPENSE', 'XXXXXX', '6672', '4591', 'Pérdidas de créditos a largo plazo otras partes vinculadas', 0, NULL, NULL, 1, NULL, NULL),
(4595, 1, NULL, '2018-05-02 07:15:26', 'PCG08-PYME', 'EXPENSE', 'XXXXXX', '6673', '4591', 'Pérdidas de créditos a largo plazo otras empresas', 0, NULL, NULL, 1, NULL, NULL),
(4596, 1, NULL, '2018-05-02 07:15:26', 'PCG08-PYME', 'EXPENSE', 'XXXXXX', '6675', '4591', 'Pérdidas de créditos a corto plazo empresas del grupo', 0, NULL, NULL, 1, NULL, NULL),
(4597, 1, NULL, '2018-05-02 07:15:26', 'PCG08-PYME', 'EXPENSE', 'XXXXXX', '6676', '4591', 'Pérdidas de créditos a corto plazo empresas asociadas', 0, NULL, NULL, 1, NULL, NULL),
(4598, 1, NULL, '2018-05-02 07:15:26', 'PCG08-PYME', 'EXPENSE', 'XXXXXX', '6677', '4591', 'Pérdidas de créditos a corto plazo otras partes vinculadas', 0, NULL, NULL, 1, NULL, NULL),
(4599, 1, NULL, '2018-05-02 07:15:26', 'PCG08-PYME', 'EXPENSE', 'XXXXXX', '6678', '4591', 'Pérdidas de créditos a corto plazo otras empresas', 0, NULL, NULL, 1, NULL, NULL),
(4600, 1, NULL, '2018-05-02 07:15:26', 'PCG08-PYME', 'EXPENSE', 'XXXXXX', '668', '4550', 'Diferencias negativas de cambio', 0, NULL, NULL, 1, NULL, NULL),
(4601, 1, NULL, '2018-05-02 07:15:26', 'PCG08-PYME', 'EXPENSE', 'XXXXXX', '669', '4550', 'Otros gastos financieros', 0, NULL, NULL, 1, NULL, NULL),
(4602, 1, NULL, '2018-05-02 07:15:26', 'PCG08-PYME', 'EXPENSE', 'XXXXXX', '67', '4006', 'Pérdidas procedentes de activos no corrientes y gastos excepcionales', 0, NULL, NULL, 1, NULL, NULL),
(4603, 1, NULL, '2018-05-02 07:15:26', 'PCG08-PYME', 'EXPENSE', 'XXXXXX', '670', '4602', 'Pérdidas procedentes del inmovilizado intangible', 0, NULL, NULL, 1, NULL, NULL),
(4604, 1, NULL, '2018-05-02 07:15:26', 'PCG08-PYME', 'EXPENSE', 'XXXXXX', '671', '4602', 'Pérdidas procedentes del inmovilizado material', 0, NULL, NULL, 1, NULL, NULL),
(4605, 1, NULL, '2018-05-02 07:15:26', 'PCG08-PYME', 'EXPENSE', 'XXXXXX', '672', '4602', 'Pérdidas procedentes de las inversiones inmobiliarias', 0, NULL, NULL, 1, NULL, NULL),
(4607, 1, NULL, '2018-05-02 07:15:26', 'PCG08-PYME', 'EXPENSE', 'XXXXXX', '673', '4602', 'Pérdidas procedentes de participaciones a largo plazo en partes vinculadas', 0, NULL, NULL, 1, NULL, NULL),
(4608, 1, NULL, '2018-05-02 07:15:26', 'PCG08-PYME', 'EXPENSE', 'XXXXXX', '6733', '4607', 'Pérdidas procedentes de participaciones a largo plazo empresas del grupo', 0, NULL, NULL, 1, NULL, NULL),
(4609, 1, NULL, '2018-05-02 07:15:26', 'PCG08-PYME', 'EXPENSE', 'XXXXXX', '6734', '4607', 'Pérdidas procedentes de participaciones a largo plazo empresas asociadas', 0, NULL, NULL, 1, NULL, NULL),
(4610, 1, NULL, '2018-05-02 07:15:26', 'PCG08-PYME', 'EXPENSE', 'XXXXXX', '6735', '4607', 'Pérdidas procedentes de participaciones a largo plazo otras partes vinculadas', 0, NULL, NULL, 1, NULL, NULL),
(4611, 1, NULL, '2018-05-02 07:15:26', 'PCG08-PYME', 'EXPENSE', 'XXXXXX', '675', '4602', 'Pérdidas por operaciones con obligaciones propias', 0, NULL, NULL, 1, NULL, NULL),
(4612, 1, NULL, '2018-05-02 07:15:26', 'PCG08-PYME', 'EXPENSE', 'XXXXXX', '678', '4602', 'Gastos excepcionales', 0, NULL, NULL, 1, NULL, NULL),
(4613, 1, NULL, '2018-05-02 07:15:26', 'PCG08-PYME', 'EXPENSE', 'XXXXXX', '68', '4006', 'Dotaciones para amortizaciones', 0, NULL, NULL, 1, NULL, NULL),
(4614, 1, NULL, '2018-05-02 07:15:26', 'PCG08-PYME', 'EXPENSE', 'XXXXXX', '680', '4613', 'Amortización del inmovilizado intangible', 0, NULL, NULL, 1, NULL, NULL),
(4615, 1, NULL, '2018-05-02 07:15:26', 'PCG08-PYME', 'EXPENSE', 'XXXXXX', '681', '4613', 'Amortización del inmovilizado material', 0, NULL, NULL, 1, NULL, NULL),
(4616, 1, NULL, '2018-05-02 07:15:26', 'PCG08-PYME', 'EXPENSE', 'XXXXXX', '682', '4613', 'Amortización de las inversiones inmobiliarias', 0, NULL, NULL, 1, NULL, NULL),
(4617, 1, NULL, '2018-05-02 07:15:26', 'PCG08-PYME', 'EXPENSE', 'XXXXXX', '69', '4006', 'Pérdidas por deterioro y otras dotaciones', 0, NULL, NULL, 1, NULL, NULL),
(4618, 1, NULL, '2018-05-02 07:15:26', 'PCG08-PYME', 'EXPENSE', 'XXXXXX', '690', '4617', 'Pérdidas por deterioro del inmovilizado intangible', 0, NULL, NULL, 1, NULL, NULL),
(4619, 1, NULL, '2018-05-02 07:15:26', 'PCG08-PYME', 'EXPENSE', 'XXXXXX', '691', '4617', 'Pérdidas por deterioro del inmovilizado material', 0, NULL, NULL, 1, NULL, NULL),
(4620, 1, NULL, '2018-05-02 07:15:26', 'PCG08-PYME', 'EXPENSE', 'XXXXXX', '692', '4617', 'Pérdidas por deterioro de las inversiones inmobiliarias', 0, NULL, NULL, 1, NULL, NULL),
(4621, 1, NULL, '2018-05-02 07:15:26', 'PCG08-PYME', 'EXPENSE', 'XXXXXX', '693', '4617', 'Pérdidas por deterioro de existencias', 0, NULL, NULL, 1, NULL, NULL),
(4622, 1, NULL, '2018-05-02 07:15:26', 'PCG08-PYME', 'EXPENSE', 'XXXXXX', '6930', '4621', 'Pérdidas por deterioro de productos terminados y en curso de fabricación', 0, NULL, NULL, 1, NULL, NULL),
(4623, 1, NULL, '2018-05-02 07:15:26', 'PCG08-PYME', 'EXPENSE', 'XXXXXX', '6931', '4621', 'Pérdidas por deterioro de mercaderías', 0, NULL, NULL, 1, NULL, NULL),
(4624, 1, NULL, '2018-05-02 07:15:26', 'PCG08-PYME', 'EXPENSE', 'XXXXXX', '6932', '4621', 'Pérdidas por deterioro de materias primas', 0, NULL, NULL, 1, NULL, NULL),
(4625, 1, NULL, '2018-05-02 07:15:26', 'PCG08-PYME', 'EXPENSE', 'XXXXXX', '6933', '4621', 'Pérdidas por deterioro de otros aprovisionamientos', 0, NULL, NULL, 1, NULL, NULL),
(4626, 1, NULL, '2018-05-02 07:15:26', 'PCG08-PYME', 'EXPENSE', 'XXXXXX', '694', '4617', 'Pérdidas por deterioro de créditos por operaciones comerciales', 0, NULL, NULL, 1, NULL, NULL),
(4627, 1, NULL, '2018-05-02 07:15:26', 'PCG08-PYME', 'EXPENSE', 'XXXXXX', '695', '4617', 'Dotación a la provisión por operaciones comerciales', 0, NULL, NULL, 1, NULL, NULL),
(4628, 1, NULL, '2018-05-02 07:15:26', 'PCG08-PYME', 'EXPENSE', 'XXXXXX', '6954', '4627', 'Dotación a la provisión por contratos onerosos', 0, NULL, NULL, 1, NULL, NULL),
(4629, 1, NULL, '2018-05-02 07:15:26', 'PCG08-PYME', 'EXPENSE', 'XXXXXX', '6959', '4628', 'Dotación a la provisión para otras operaciones comerciales', 0, NULL, NULL, 1, NULL, NULL),
(4630, 1, NULL, '2018-05-02 07:15:26', 'PCG08-PYME', 'EXPENSE', 'XXXXXX', '696', '4617', 'Pérdidas por deterioro de participaciones y valores representativos de deuda a largo plazo', 0, NULL, NULL, 1, NULL, NULL),
(4631, 1, NULL, '2018-05-02 07:15:26', 'PCG08-PYME', 'EXPENSE', 'XXXXXX', '6960', '4630', 'Pérdidas por deterioro de participaciones en instrumentos de patrimonio neto a largo plazo empresas del grupo', 0, NULL, NULL, 1, NULL, NULL),
(4632, 1, NULL, '2018-05-02 07:15:26', 'PCG08-PYME', 'EXPENSE', 'XXXXXX', '6961', '4630', 'Pérdidas por deterioro de participaciones en instrumentos de patrimonio neto a largo plazo empresas asociadas', 0, NULL, NULL, 1, NULL, NULL),
(4633, 1, NULL, '2018-05-02 07:15:26', 'PCG08-PYME', 'EXPENSE', 'XXXXXX', '6962', '4630', 'Pérdidas por deterioro de participaciones en instrumentos de patrimonio neto a largo plazo otras partes vinculadas', 0, NULL, NULL, 1, NULL, NULL),
(4634, 1, NULL, '2018-05-02 07:15:26', 'PCG08-PYME', 'EXPENSE', 'XXXXXX', '6963', '4630', 'Pérdidas por deterioro de participaciones en instrumentos de patrimonio neto a largo plazo otras empresas', 0, NULL, NULL, 1, NULL, NULL),
(4635, 1, NULL, '2018-05-02 07:15:26', 'PCG08-PYME', 'EXPENSE', 'XXXXXX', '6965', '4630', 'Pérdidas por deterioro en valores representativos de deuda a largo plazo empresas del grupo', 0, NULL, NULL, 1, NULL, NULL),
(4636, 1, NULL, '2018-05-02 07:15:26', 'PCG08-PYME', 'EXPENSE', 'XXXXXX', '6966', '4630', 'Pérdidas por deterioro en valores representativos de deuda a largo plazo empresas asociadas', 0, NULL, NULL, 1, NULL, NULL),
(4637, 1, NULL, '2018-05-02 07:15:26', 'PCG08-PYME', 'EXPENSE', 'XXXXXX', '6967', '4630', 'Pérdidas por deterioro en valores representativos de deuda a largo plazo otras partes vinculadas', 0, NULL, NULL, 1, NULL, NULL),
(4638, 1, NULL, '2018-05-02 07:15:26', 'PCG08-PYME', 'EXPENSE', 'XXXXXX', '6968', '4630', 'Pérdidas por deterioro en valores representativos de deuda a largo plazo otras empresas', 0, NULL, NULL, 1, NULL, NULL),
(4639, 1, NULL, '2018-05-02 07:15:26', 'PCG08-PYME', 'EXPENSE', 'XXXXXX', '697', '4617', 'Pérdidas por deterioro de créditos a largo plazo', 0, NULL, NULL, 1, NULL, NULL),
(4640, 1, NULL, '2018-05-02 07:15:26', 'PCG08-PYME', 'EXPENSE', 'XXXXXX', '6970', '4639', 'Pérdidas por deterioro de créditos a largo plazo empresas del grupo', 0, NULL, NULL, 1, NULL, NULL),
(4641, 1, NULL, '2018-05-02 07:15:26', 'PCG08-PYME', 'EXPENSE', 'XXXXXX', '6971', '4639', 'Pérdidas por deterioro de créditos a largo plazo empresas asociadas', 0, NULL, NULL, 1, NULL, NULL),
(4642, 1, NULL, '2018-05-02 07:15:26', 'PCG08-PYME', 'EXPENSE', 'XXXXXX', '6972', '4639', 'Pérdidas por deterioro de créditos a largo plazo otras partes vinculadas', 0, NULL, NULL, 1, NULL, NULL),
(4643, 1, NULL, '2018-05-02 07:15:26', 'PCG08-PYME', 'EXPENSE', 'XXXXXX', '6973', '4639', 'Pérdidas por deterioro de créditos a largo plazo otras empresas', 0, NULL, NULL, 1, NULL, NULL),
(4644, 1, NULL, '2018-05-02 07:15:26', 'PCG08-PYME', 'EXPENSE', 'XXXXXX', '698', '4617', 'Pérdidas por deterioro de participaciones y valores representativos de deuda a corto plazo', 0, NULL, NULL, 1, NULL, NULL),
(4645, 1, NULL, '2018-05-02 07:15:26', 'PCG08-PYME', 'EXPENSE', 'XXXXXX', '6980', '4644', 'Pérdidas por deterioro de participaciones en instrumentos de patrimonio neto a corto plazo empresas del grupo', 0, NULL, NULL, 1, NULL, NULL),
(4646, 1, NULL, '2018-05-02 07:15:26', 'PCG08-PYME', 'EXPENSE', 'XXXXXX', '6981', '4644', 'Pérdidas por deterioro de participaciones en instrumentos de patrimonio neto a corto plazo empresas asociadas', 0, NULL, NULL, 1, NULL, NULL),
(4647, 1, NULL, '2018-05-02 07:15:26', 'PCG08-PYME', 'EXPENSE', 'XXXXXX', '6985', '4644', 'Pérdidas por deterioro en valores representativos de deuda a corto plazo empresas del grupo', 0, NULL, NULL, 1, NULL, NULL),
(4648, 1, NULL, '2018-05-02 07:15:26', 'PCG08-PYME', 'EXPENSE', 'XXXXXX', '6986', '4644', 'Pérdidas por deterioro en valores representativos de deuda a corto plazo empresas asociadas', 0, NULL, NULL, 1, NULL, NULL),
(4649, 1, NULL, '2018-05-02 07:15:26', 'PCG08-PYME', 'EXPENSE', 'XXXXXX', '6988', '4644', 'Pérdidas por deterioro en valores representativos de deuda a corto plazo de otras empresas', 0, NULL, NULL, 1, NULL, NULL),
(4650, 1, NULL, '2018-05-02 07:15:26', 'PCG08-PYME', 'EXPENSE', 'XXXXXX', '699', '4617', 'Pérdidas por deterioro de crédito a corto plazo', 0, NULL, NULL, 1, NULL, NULL),
(4651, 1, NULL, '2018-05-02 07:15:26', 'PCG08-PYME', 'EXPENSE', 'XXXXXX', '6990', '4650', 'Pérdidas por deterioro de crédito a corto plazo empresas del grupo', 0, NULL, NULL, 1, NULL, NULL),
(4652, 1, NULL, '2018-05-02 07:15:26', 'PCG08-PYME', 'EXPENSE', 'XXXXXX', '6991', '4650', 'Pérdidas por deterioro de crédito a corto plazo empresas asociadas', 0, NULL, NULL, 1, NULL, NULL),
(4653, 1, NULL, '2018-05-02 07:15:26', 'PCG08-PYME', 'EXPENSE', 'XXXXXX', '6992', '4650', 'Pérdidas por deterioro de crédito a corto plazo otras partes vinculadas', 0, NULL, NULL, 1, NULL, NULL),
(4654, 1, NULL, '2018-05-02 07:15:26', 'PCG08-PYME', 'EXPENSE', 'XXXXXX', '6993', '4650', 'Pérdidas por deterioro de crédito a corto plazo otras empresas', 0, NULL, NULL, 1, NULL, NULL),
(4655, 1, NULL, '2018-05-02 07:15:26', 'PCG08-PYME', 'INCOME', 'XXXXXX', '70', '4007', 'Ventas', 0, NULL, NULL, 1, NULL, NULL),
(4656, 1, NULL, '2018-05-02 07:15:26', 'PCG08-PYME', 'INCOME', 'PRODUCT', '700', '4655', 'Ventas de mercaderías', 0, NULL, NULL, 1, NULL, NULL),
(4657, 1, NULL, '2018-05-02 07:15:26', 'PCG08-PYME', 'INCOME', 'PRODUCT', '701', '4655', 'Ventas de productos terminados', 0, NULL, NULL, 1, NULL, NULL),
(4658, 1, NULL, '2018-05-02 07:15:26', 'PCG08-PYME', 'INCOME', 'PRODUCT', '702', '4655', 'Ventas de productos semiterminados', 0, NULL, NULL, 1, NULL, NULL),
(4659, 1, NULL, '2018-05-02 07:15:26', 'PCG08-PYME', 'INCOME', 'PRODUCT', '703', '4655', 'Ventas de subproductos y residuos', 0, NULL, NULL, 1, NULL, NULL),
(4660, 1, NULL, '2018-05-02 07:15:26', 'PCG08-PYME', 'INCOME', 'PRODUCT', '704', '4655', 'Ventas de envases y embalajes', 0, NULL, NULL, 1, NULL, NULL),
(4661, 1, NULL, '2018-05-02 07:15:26', 'PCG08-PYME', 'INCOME', 'SERVICE', '705', '4655', 'Prestaciones de servicios', 0, NULL, NULL, 1, NULL, NULL),
(4662, 1, NULL, '2018-05-02 07:15:26', 'PCG08-PYME', 'INCOME', 'XXXXXX', '706', '4655', 'Descuentos sobre ventas por pronto pago', 0, NULL, NULL, 1, NULL, NULL),
(4663, 1, NULL, '2018-05-02 07:15:26', 'PCG08-PYME', 'INCOME', 'XXXXXX', '7060', '4662', 'Descuentos sobre ventas por pronto pago de mercaderías', 0, NULL, NULL, 1, NULL, NULL),
(4664, 1, NULL, '2018-05-02 07:15:26', 'PCG08-PYME', 'INCOME', 'XXXXXX', '7061', '4662', 'Descuentos sobre ventas por pronto pago de productos terminados', 0, NULL, NULL, 1, NULL, NULL),
(4665, 1, NULL, '2018-05-02 07:15:26', 'PCG08-PYME', 'INCOME', 'XXXXXX', '7062', '4662', 'Descuentos sobre ventas por pronto pago de productos semiterminados', 0, NULL, NULL, 1, NULL, NULL),
(4666, 1, NULL, '2018-05-02 07:15:26', 'PCG08-PYME', 'INCOME', 'XXXXXX', '7063', '4662', 'Descuentos sobre ventas por pronto pago de subproductos y residuos', 0, NULL, NULL, 1, NULL, NULL),
(4667, 1, NULL, '2018-05-02 07:15:26', 'PCG08-PYME', 'INCOME', 'XXXXXX', '708', '4655', 'Devoluciones de ventas y operacioes similares', 0, NULL, NULL, 1, NULL, NULL),
(4668, 1, NULL, '2018-05-02 07:15:26', 'PCG08-PYME', 'INCOME', 'XXXXXX', '7080', '4667', 'Devoluciones de ventas de mercaderías', 0, NULL, NULL, 1, NULL, NULL),
(4669, 1, NULL, '2018-05-02 07:15:26', 'PCG08-PYME', 'INCOME', 'XXXXXX', '7081', '4667', 'Devoluciones de ventas de productos terminados', 0, NULL, NULL, 1, NULL, NULL),
(4670, 1, NULL, '2018-05-02 07:15:26', 'PCG08-PYME', 'INCOME', 'XXXXXX', '7082', '4667', 'Devoluciones de ventas de productos semiterminados', 0, NULL, NULL, 1, NULL, NULL),
(4671, 1, NULL, '2018-05-02 07:15:26', 'PCG08-PYME', 'INCOME', 'XXXXXX', '7083', '4667', 'Devoluciones de ventas de subproductos y residuos', 0, NULL, NULL, 1, NULL, NULL),
(4672, 1, NULL, '2018-05-02 07:15:26', 'PCG08-PYME', 'INCOME', 'XXXXXX', '7084', '4667', 'Devoluciones de ventas de envases y embalajes', 0, NULL, NULL, 1, NULL, NULL),
(4673, 1, NULL, '2018-05-02 07:15:26', 'PCG08-PYME', 'INCOME', 'XXXXXX', '71', '4007', 'Variación de existencias', 0, NULL, NULL, 1, NULL, NULL),
(4674, 1, NULL, '2018-05-02 07:15:26', 'PCG08-PYME', 'INCOME', 'XXXXXX', '710', '4673', 'Variación de existencias de productos en curso', 0, NULL, NULL, 1, NULL, NULL),
(4675, 1, NULL, '2018-05-02 07:15:26', 'PCG08-PYME', 'INCOME', 'XXXXXX', '711', '4673', 'Variación de existencias de productos semiterminados', 0, NULL, NULL, 1, NULL, NULL),
(4676, 1, NULL, '2018-05-02 07:15:26', 'PCG08-PYME', 'INCOME', 'XXXXXX', '712', '4673', 'Variación de existencias de productos terminados', 0, NULL, NULL, 1, NULL, NULL),
(4677, 1, NULL, '2018-05-02 07:15:26', 'PCG08-PYME', 'INCOME', 'XXXXXX', '713', '4673', 'Variación de existencias de subproductos, residuos y materiales recuperados', 0, NULL, NULL, 1, NULL, NULL),
(4678, 1, NULL, '2018-05-02 07:15:26', 'PCG08-PYME', 'INCOME', 'XXXXXX', '73', '4007', 'Trabajos realizados para la empresa', 0, NULL, NULL, 1, NULL, NULL),
(4679, 1, NULL, '2018-05-02 07:15:26', 'PCG08-PYME', 'INCOME', 'XXXXXX', '730', '4678', 'Trabajos realizados para el inmovilizado intangible', 0, NULL, NULL, 1, NULL, NULL),
(4680, 1, NULL, '2018-05-02 07:15:26', 'PCG08-PYME', 'INCOME', 'XXXXXX', '731', '4678', 'Trabajos realizados para el inmovilizado tangible', 0, NULL, NULL, 1, NULL, NULL),
(4681, 1, NULL, '2018-05-02 07:15:26', 'PCG08-PYME', 'INCOME', 'XXXXXX', '732', '4678', 'Trabajos realizados en inversiones inmobiliarias', 0, NULL, NULL, 1, NULL, NULL),
(4682, 1, NULL, '2018-05-02 07:15:26', 'PCG08-PYME', 'INCOME', 'XXXXXX', '733', '4678', 'Trabajos realizados para el inmovilizado material en curso', 0, NULL, NULL, 1, NULL, NULL),
(4683, 1, NULL, '2018-05-02 07:15:26', 'PCG08-PYME', 'INCOME', 'XXXXXX', '74', '4007', 'Subvenciones, donaciones y legados', 0, NULL, NULL, 1, NULL, NULL),
(4684, 1, NULL, '2018-05-02 07:15:26', 'PCG08-PYME', 'INCOME', 'XXXXXX', '740', '4683', 'Subvenciones, donaciones y legados a la explotación', 0, NULL, NULL, 1, NULL, NULL),
(4685, 1, NULL, '2018-05-02 07:15:26', 'PCG08-PYME', 'INCOME', 'XXXXXX', '746', '4683', 'Subvenciones, donaciones y legados de capital transferidos al resultado del ejercicio', 0, NULL, NULL, 1, NULL, NULL),
(4686, 1, NULL, '2018-05-02 07:15:26', 'PCG08-PYME', 'INCOME', 'XXXXXX', '747', '4683', 'Otras subvenciones, donaciones y legados transferidos al resultado del ejercicio', 0, NULL, NULL, 1, NULL, NULL),
(4687, 1, NULL, '2018-05-02 07:15:26', 'PCG08-PYME', 'INCOME', 'XXXXXX', '75', '4007', 'Otros ingresos de gestión', 0, NULL, NULL, 1, NULL, NULL),
(4688, 1, NULL, '2018-05-02 07:15:26', 'PCG08-PYME', 'INCOME', 'XXXXXX', '751', '4687', 'Resultados de operaciones en común', 0, NULL, NULL, 1, NULL, NULL),
(4689, 1, NULL, '2018-05-02 07:15:26', 'PCG08-PYME', 'INCOME', 'XXXXXX', '7510', '4688', 'Pérdida transferida gestor', 0, NULL, NULL, 1, NULL, NULL),
(4690, 1, NULL, '2018-05-02 07:15:26', 'PCG08-PYME', 'INCOME', 'XXXXXX', '7511', '4688', 'Beneficio atribuido participe o asociado no gestor', 0, NULL, NULL, 1, NULL, NULL),
(4691, 1, NULL, '2018-05-02 07:15:26', 'PCG08-PYME', 'INCOME', 'XXXXXX', '752', '4687', 'Ingreso por arrendamiento', 0, NULL, NULL, 1, NULL, NULL),
(4692, 1, NULL, '2018-05-02 07:15:26', 'PCG08-PYME', 'INCOME', 'XXXXXX', '753', '4687', 'Ingresos de propiedad industrial cedida en explotación', 0, NULL, NULL, 1, NULL, NULL),
(4693, 1, NULL, '2018-05-02 07:15:26', 'PCG08-PYME', 'INCOME', 'XXXXXX', '754', '4687', 'Ingresos por comisiones', 0, NULL, NULL, 1, NULL, NULL),
(4694, 1, NULL, '2018-05-02 07:15:26', 'PCG08-PYME', 'INCOME', 'XXXXXX', '755', '4687', 'Ingresos por servicios al personal', 0, NULL, NULL, 1, NULL, NULL),
(4695, 1, NULL, '2018-05-02 07:15:26', 'PCG08-PYME', 'INCOME', 'XXXXXX', '759', '4687', 'Ingresos por servicios diversos', 0, NULL, NULL, 1, NULL, NULL),
(4696, 1, NULL, '2018-05-02 07:15:26', 'PCG08-PYME', 'INCOME', 'XXXXXX', '76', '4007', 'Ingresos financieros', 0, NULL, NULL, 1, NULL, NULL),
(4697, 1, NULL, '2018-05-02 07:15:26', 'PCG08-PYME', 'INCOME', 'XXXXXX', '760', '4696', 'Ingresos de participaciones en instrumentos de patrimonio', 0, NULL, NULL, 1, NULL, NULL),
(4698, 1, NULL, '2018-05-02 07:15:26', 'PCG08-PYME', 'INCOME', 'XXXXXX', '7600', '4697', 'Ingresos de participaciones en instrumentos de patrimonio empresas del grupo', 0, NULL, NULL, 1, NULL, NULL),
(4699, 1, NULL, '2018-05-02 07:15:26', 'PCG08-PYME', 'INCOME', 'XXXXXX', '7601', '4697', 'Ingresos de participaciones en instrumentos de patrimonio empresas asociadas', 0, NULL, NULL, 1, NULL, NULL),
(4700, 1, NULL, '2018-05-02 07:15:26', 'PCG08-PYME', 'INCOME', 'XXXXXX', '7602', '4697', 'Ingresos de participaciones en instrumentos de patrimonio otras partes asociadas', 0, NULL, NULL, 1, NULL, NULL),
(4701, 1, NULL, '2018-05-02 07:15:26', 'PCG08-PYME', 'INCOME', 'XXXXXX', '7603', '4697', 'Ingresos de participaciones en instrumentos de patrimonio otras empresas', 0, NULL, NULL, 1, NULL, NULL),
(4702, 1, NULL, '2018-05-02 07:15:26', 'PCG08-PYME', 'INCOME', 'XXXXXX', '761', '4696', 'Ingresos de valores representativos de deuda', 0, NULL, NULL, 1, NULL, NULL),
(4703, 1, NULL, '2018-05-02 07:15:26', 'PCG08-PYME', 'INCOME', 'XXXXXX', '7610', '4702', 'Ingresos de valores representativos de deuda empresas del grupo', 0, NULL, NULL, 1, NULL, NULL),
(4704, 1, NULL, '2018-05-02 07:15:26', 'PCG08-PYME', 'INCOME', 'XXXXXX', '7611', '4702', 'Ingresos de valores representativos de deuda empresas asociadas', 0, NULL, NULL, 1, NULL, NULL),
(4705, 1, NULL, '2018-05-02 07:15:26', 'PCG08-PYME', 'INCOME', 'XXXXXX', '7612', '4702', 'Ingresos de valores representativos de deuda otras partes asociadas', 0, NULL, NULL, 1, NULL, NULL),
(4706, 1, NULL, '2018-05-02 07:15:26', 'PCG08-PYME', 'INCOME', 'XXXXXX', '7613', '4702', 'Ingresos de valores representativos de deuda otras empresas', 0, NULL, NULL, 1, NULL, NULL),
(4707, 1, NULL, '2018-05-02 07:15:26', 'PCG08-PYME', 'INCOME', 'XXXXXX', '762', '4696', 'Ingresos de créditos', 0, NULL, NULL, 1, NULL, NULL),
(4708, 1, NULL, '2018-05-02 07:15:26', 'PCG08-PYME', 'INCOME', 'XXXXXX', '7620', '4707', 'Ingresos de créditos a largo plazo', 0, NULL, NULL, 1, NULL, NULL),
(4709, 1, NULL, '2018-05-02 07:15:26', 'PCG08-PYME', 'INCOME', 'XXXXXX', '76200', '4708', 'Ingresos de crédito a largo plazo empresas del grupo', 0, NULL, NULL, 1, NULL, NULL),
(4710, 1, NULL, '2018-05-02 07:15:26', 'PCG08-PYME', 'INCOME', 'XXXXXX', '76201', '4708', 'Ingresos de crédito a largo plazo empresas asociadas', 0, NULL, NULL, 1, NULL, NULL),
(4711, 1, NULL, '2018-05-02 07:15:26', 'PCG08-PYME', 'INCOME', 'XXXXXX', '76202', '4708', 'Ingresos de crédito a largo plazo otras partes asociadas', 0, NULL, NULL, 1, NULL, NULL),
(4712, 1, NULL, '2018-05-02 07:15:26', 'PCG08-PYME', 'INCOME', 'XXXXXX', '76203', '4708', 'Ingresos de crédito a largo plazo otras empresas', 0, NULL, NULL, 1, NULL, NULL),
(4713, 1, NULL, '2018-05-02 07:15:26', 'PCG08-PYME', 'INCOME', 'XXXXXX', '7621', '4707', 'Ingresos de créditos a corto plazo', 0, NULL, NULL, 1, NULL, NULL),
(4714, 1, NULL, '2018-05-02 07:15:26', 'PCG08-PYME', 'INCOME', 'XXXXXX', '76210', '4713', 'Ingresos de crédito a corto plazo empresas del grupo', 0, NULL, NULL, 1, NULL, NULL),
(4715, 1, NULL, '2018-05-02 07:15:26', 'PCG08-PYME', 'INCOME', 'XXXXXX', '76211', '4713', 'Ingresos de crédito a corto plazo empresas asociadas', 0, NULL, NULL, 1, NULL, NULL),
(4716, 1, NULL, '2018-05-02 07:15:26', 'PCG08-PYME', 'INCOME', 'XXXXXX', '76212', '4713', 'Ingresos de crédito a corto plazo otras partes asociadas', 0, NULL, NULL, 1, NULL, NULL),
(4717, 1, NULL, '2018-05-02 07:15:26', 'PCG08-PYME', 'INCOME', 'XXXXXX', '76213', '4713', 'Ingresos de crédito a corto plazo otras empresas', 0, NULL, NULL, 1, NULL, NULL),
(4718, 1, NULL, '2018-05-02 07:15:26', 'PCG08-PYME', 'INCOME', 'XXXXXX', '763', '4696', 'Beneficios por valorización de activos y pasivos financieros por su valor razonable', 0, NULL, NULL, 1, NULL, NULL),
(4719, 1, NULL, '2018-05-02 07:15:26', 'PCG08-PYME', 'INCOME', 'XXXXXX', '766', '4696', 'Beneficios en participaciones y valores representativos de deuda', 0, NULL, NULL, 1, NULL, NULL),
(4720, 1, NULL, '2018-05-02 07:15:26', 'PCG08-PYME', 'INCOME', 'XXXXXX', '7660', '4719', 'Beneficios en participaciones y valores representativos de deuda a largo plazo empresas del grupo', 0, NULL, NULL, 1, NULL, NULL),
(4721, 1, NULL, '2018-05-02 07:15:26', 'PCG08-PYME', 'INCOME', 'XXXXXX', '7661', '4719', 'Beneficios en participaciones y valores representativos de deuda a largo plazo empresas asociadas', 0, NULL, NULL, 1, NULL, NULL),
(4722, 1, NULL, '2018-05-02 07:15:26', 'PCG08-PYME', 'INCOME', 'XXXXXX', '7662', '4719', 'Beneficios en participaciones y valores representativos de deuda a largo plazo otras partes asociadas', 0, NULL, NULL, 1, NULL, NULL),
(4723, 1, NULL, '2018-05-02 07:15:26', 'PCG08-PYME', 'INCOME', 'XXXXXX', '7663', '4719', 'Beneficios en participaciones y valores representativos de deuda a largo plazo otras empresas', 0, NULL, NULL, 1, NULL, NULL),
(4724, 1, NULL, '2018-05-02 07:15:26', 'PCG08-PYME', 'INCOME', 'XXXXXX', '7665', '4719', 'Beneficios en participaciones y valores representativos de deuda a corto plazo empresas del grupo', 0, NULL, NULL, 1, NULL, NULL),
(4725, 1, NULL, '2018-05-02 07:15:26', 'PCG08-PYME', 'INCOME', 'XXXXXX', '7666', '4719', 'Beneficios en participaciones y valores representativos de deuda a corto plazo empresas asociadas', 0, NULL, NULL, 1, NULL, NULL),
(4726, 1, NULL, '2018-05-02 07:15:26', 'PCG08-PYME', 'INCOME', 'XXXXXX', '7667', '4719', 'Beneficios en participaciones y valores representativos de deuda a corto plazo otras partes asociadas', 0, NULL, NULL, 1, NULL, NULL),
(4727, 1, NULL, '2018-05-02 07:15:26', 'PCG08-PYME', 'INCOME', 'XXXXXX', '7668', '4719', 'Beneficios en participaciones y valores representativos de deuda a corto plazo otras empresas', 0, NULL, NULL, 1, NULL, NULL),
(4728, 1, NULL, '2018-05-02 07:15:26', 'PCG08-PYME', 'INCOME', 'XXXXXX', '768', '4696', 'Diferencias positivas de cambio', 0, NULL, NULL, 1, NULL, NULL),
(4729, 1, NULL, '2018-05-02 07:15:26', 'PCG08-PYME', 'INCOME', 'XXXXXX', '769', '4696', 'Otros ingresos financieros', 0, NULL, NULL, 1, NULL, NULL),
(4730, 1, NULL, '2018-05-02 07:15:26', 'PCG08-PYME', 'INCOME', 'XXXXXX', '77', '4007', 'Beneficios procedentes de activos no corrientes e ingresos excepcionales', 0, NULL, NULL, 1, NULL, NULL),
(4731, 1, NULL, '2018-05-02 07:15:26', 'PCG08-PYME', 'INCOME', 'XXXXXX', '770', '4730', 'Beneficios procedentes del inmovilizado intangible', 0, NULL, NULL, 1, NULL, NULL),
(4732, 1, NULL, '2018-05-02 07:15:26', 'PCG08-PYME', 'INCOME', 'XXXXXX', '771', '4730', 'Beneficios procedentes del inmovilizado material', 0, NULL, NULL, 1, NULL, NULL),
(4733, 1, NULL, '2018-05-02 07:15:26', 'PCG08-PYME', 'INCOME', 'XXXXXX', '772', '4730', 'Beneficios procedentes de las inversiones inmobiliarias', 0, NULL, NULL, 1, NULL, NULL),
(4734, 1, NULL, '2018-05-02 07:15:26', 'PCG08-PYME', 'INCOME', 'XXXXXX', '773', '4730', 'Beneficios procedentes de participaciones a largo plazo en partes vinculadas', 0, NULL, NULL, 1, NULL, NULL),
(4735, 1, NULL, '2018-05-02 07:15:26', 'PCG08-PYME', 'INCOME', 'XXXXXX', '7733', '4734', 'Beneficios procedentes de participaciones a largo plazo empresas del grupo', 0, NULL, NULL, 1, NULL, NULL),
(4736, 1, NULL, '2018-05-02 07:15:26', 'PCG08-PYME', 'INCOME', 'XXXXXX', '7734', '4734', 'Beneficios procedentes de participaciones a largo plazo empresas asociadas', 0, NULL, NULL, 1, NULL, NULL),
(4737, 1, NULL, '2018-05-02 07:15:26', 'PCG08-PYME', 'INCOME', 'XXXXXX', '7735', '4734', 'Beneficios procedentes de participaciones a largo plazo otras partes vinculadas', 0, NULL, NULL, 1, NULL, NULL),
(4738, 1, NULL, '2018-05-02 07:15:26', 'PCG08-PYME', 'INCOME', 'XXXXXX', '775', '4730', 'Beneficios por operaciones con obligaciones propias', 0, NULL, NULL, 1, NULL, NULL),
(4739, 1, NULL, '2018-05-02 07:15:26', 'PCG08-PYME', 'INCOME', 'XXXXXX', '778', '4730', 'Ingresos excepcionales', 0, NULL, NULL, 1, NULL, NULL),
(4741, 1, NULL, '2018-05-02 07:15:26', 'PCG08-PYME', 'INCOME', 'XXXXXX', '79', '4007', 'Excesos y aplicaciones de provisiones y pérdidas por deterioro', 0, NULL, NULL, 1, NULL, NULL),
(4742, 1, NULL, '2018-05-02 07:15:26', 'PCG08-PYME', 'INCOME', 'XXXXXX', '790', '4741', 'Revisión del deterioro del inmovilizado intangible', 0, NULL, NULL, 1, NULL, NULL),
(4743, 1, NULL, '2018-05-02 07:15:26', 'PCG08-PYME', 'INCOME', 'XXXXXX', '791', '4741', 'Revisión del deterioro del inmovilizado material', 0, NULL, NULL, 1, NULL, NULL),
(4744, 1, NULL, '2018-05-02 07:15:26', 'PCG08-PYME', 'INCOME', 'XXXXXX', '792', '4741', 'Revisión del deterioro de las inversiones inmobiliarias', 0, NULL, NULL, 1, NULL, NULL),
(4745, 1, NULL, '2018-05-02 07:15:26', 'PCG08-PYME', 'INCOME', 'XXXXXX', '793', '4741', 'Revisión del deterioro de las existencias', 0, NULL, NULL, 1, NULL, NULL),
(4746, 1, NULL, '2018-05-02 07:15:26', 'PCG08-PYME', 'INCOME', 'XXXXXX', '7930', '4745', 'Revisión del deterioro de productos terminados y en curso de fabricación', 0, NULL, NULL, 1, NULL, NULL),
(4747, 1, NULL, '2018-05-02 07:15:26', 'PCG08-PYME', 'INCOME', 'XXXXXX', '7931', '4745', 'Revisión del deterioro de mercaderías', 0, NULL, NULL, 1, NULL, NULL),
(4748, 1, NULL, '2018-05-02 07:15:26', 'PCG08-PYME', 'INCOME', 'XXXXXX', '7932', '4745', 'Revisión del deterioro de materias primas', 0, NULL, NULL, 1, NULL, NULL),
(4749, 1, NULL, '2018-05-02 07:15:26', 'PCG08-PYME', 'INCOME', 'XXXXXX', '7933', '4745', 'Revisión del deterioro de otros aprovisionamientos', 0, NULL, NULL, 1, NULL, NULL),
(4750, 1, NULL, '2018-05-02 07:15:26', 'PCG08-PYME', 'INCOME', 'XXXXXX', '794', '4741', 'Revisión del deterioro de créditos por operaciones comerciales', 0, NULL, NULL, 1, NULL, NULL),
(4751, 1, NULL, '2018-05-02 07:15:26', 'PCG08-PYME', 'INCOME', 'XXXXXX', '795', '4741', 'Exceso de provisiones', 0, NULL, NULL, 1, NULL, NULL),
(4752, 1, NULL, '2018-05-02 07:15:26', 'PCG08-PYME', 'INCOME', 'XXXXXX', '7951', '4751', 'Exceso de provisión para impuestos', 0, NULL, NULL, 1, NULL, NULL),
(4753, 1, NULL, '2018-05-02 07:15:26', 'PCG08-PYME', 'INCOME', 'XXXXXX', '7952', '4751', 'Exceso de provisión para otras responsabilidades', 0, NULL, NULL, 1, NULL, NULL),
(4755, 1, NULL, '2018-05-02 07:15:26', 'PCG08-PYME', 'INCOME', 'XXXXXX', '7954', '4751', 'Exceso de provisión para operaciones comerciales', 0, NULL, NULL, 1, NULL, NULL),
(4756, 1, NULL, '2018-05-02 07:15:26', 'PCG08-PYME', 'INCOME', 'XXXXXX', '79544', '4755', 'Exceso de provisión por contratos onerosos', 0, NULL, NULL, 1, NULL, NULL),
(4757, 1, NULL, '2018-05-02 07:15:26', 'PCG08-PYME', 'INCOME', 'XXXXXX', '79549', '4755', 'Exceso de provisión para otras operaciones comerciales', 0, NULL, NULL, 1, NULL, NULL),
(4758, 1, NULL, '2018-05-02 07:15:26', 'PCG08-PYME', 'INCOME', 'XXXXXX', '7955', '4751', 'Exceso de provisión para actuaciones medioambienteales', 0, NULL, NULL, 1, NULL, NULL),
(4759, 1, NULL, '2018-05-02 07:15:26', 'PCG08-PYME', 'INCOME', 'XXXXXX', '796', '4741', 'Revisión del deterioro de participaciones y valores representativos de deuda a largo plazo', 0, NULL, NULL, 1, NULL, NULL),
(4760, 1, NULL, '2018-05-02 07:15:26', 'PCG08-PYME', 'INCOME', 'XXXXXX', '7960', '4759', 'Revisión del deterioro de participaciones en instrumentos de patrimonio neto a largo plazo empresas del grupo', 0, NULL, NULL, 1, NULL, NULL),
(4761, 1, NULL, '2018-05-02 07:15:26', 'PCG08-PYME', 'INCOME', 'XXXXXX', '7961', '4759', 'Revisión del deterioro de participaciones en instrumentos de patrimonio neto a largo plazo empresas asociadas', 0, NULL, NULL, 1, NULL, NULL),
(4762, 1, NULL, '2018-05-02 07:15:26', 'PCG08-PYME', 'INCOME', 'XXXXXX', '7962', '4759', 'Revisión del deterioro de participaciones en instrumentos de patrimonio neto a largo plazo otras partes vinculadas', 0, NULL, NULL, 1, NULL, NULL),
(4763, 1, NULL, '2018-05-02 07:15:26', 'PCG08-PYME', 'INCOME', 'XXXXXX', '7963', '4759', 'Revisión del deterioro de participaciones en instrumentos de patrimonio neto a largo plazo otras empresas', 0, NULL, NULL, 1, NULL, NULL),
(4764, 1, NULL, '2018-05-02 07:15:26', 'PCG08-PYME', 'INCOME', 'XXXXXX', '7965', '4759', 'Revisión del deterioro de valores representativos a largo plazo empresas del grupo', 0, NULL, NULL, 1, NULL, NULL),
(4765, 1, NULL, '2018-05-02 07:15:26', 'PCG08-PYME', 'INCOME', 'XXXXXX', '7966', '4759', 'Revisión del deterioro de valores representativos a largo plazo empresas asociadas', 0, NULL, NULL, 1, NULL, NULL),
(4766, 1, NULL, '2018-05-02 07:15:26', 'PCG08-PYME', 'INCOME', 'XXXXXX', '7967', '4759', 'Revisión del deterioro de valores representativos a largo otras partes vinculadas', 0, NULL, NULL, 1, NULL, NULL),
(4767, 1, NULL, '2018-05-02 07:15:26', 'PCG08-PYME', 'INCOME', 'XXXXXX', '7968', '4759', 'Revisión del deterioro de valores representativos a largo plazo otras empresas', 0, NULL, NULL, 1, NULL, NULL),
(4768, 1, NULL, '2018-05-02 07:15:26', 'PCG08-PYME', 'INCOME', 'XXXXXX', '797', '4741', 'Revisión del deterioro de créditos a largo plazo', 0, NULL, NULL, 1, NULL, NULL),
(4769, 1, NULL, '2018-05-02 07:15:26', 'PCG08-PYME', 'INCOME', 'XXXXXX', '7970', '4768', 'Revisión del deterioro de créditos a largo plazo empresas del grupo', 0, NULL, NULL, 1, NULL, NULL),
(4770, 1, NULL, '2018-05-02 07:15:26', 'PCG08-PYME', 'INCOME', 'XXXXXX', '7971', '4768', 'Revisión del deterioro de créditos a largo plazo empresas asociadas', 0, NULL, NULL, 1, NULL, NULL),
(4771, 1, NULL, '2018-05-02 07:15:26', 'PCG08-PYME', 'INCOME', 'XXXXXX', '7972', '4768', 'Revisión del deterioro de créditos a largo plazo otras partes vinculadas', 0, NULL, NULL, 1, NULL, NULL),
(4772, 1, NULL, '2018-05-02 07:15:26', 'PCG08-PYME', 'INCOME', 'XXXXXX', '7973', '4768', 'Revisión del deterioro de créditos a largo plazo otras empresas', 0, NULL, NULL, 1, NULL, NULL),
(4773, 1, NULL, '2018-05-02 07:15:26', 'PCG08-PYME', 'INCOME', 'XXXXXX', '798', '4741', 'Revisión del deterioro de participaciones y valores representativos de deuda a corto plazo', 0, NULL, NULL, 1, NULL, NULL),
(4774, 1, NULL, '2018-05-02 07:15:26', 'PCG08-PYME', 'INCOME', 'XXXXXX', '7980', '4773', 'Revisión del deterioro de participaciones en instrumentos de patrimonio neto a corto plazo empresas del grupo', 0, NULL, NULL, 1, NULL, NULL),
(4775, 1, NULL, '2018-05-02 07:15:26', 'PCG08-PYME', 'INCOME', 'XXXXXX', '7981', '4773', 'Revisión del deterioro de participaciones en instrumentos de patrimonio neto a corto plazo empresas asociadas', 0, NULL, NULL, 1, NULL, NULL),
(4776, 1, NULL, '2018-05-02 07:15:26', 'PCG08-PYME', 'INCOME', 'XXXXXX', '7985', '4773', 'Revisión del deterioro de valores representativos de deuda a corto plazo empresas del grupo', 0, NULL, NULL, 1, NULL, NULL),
(4777, 1, NULL, '2018-05-02 07:15:26', 'PCG08-PYME', 'INCOME', 'XXXXXX', '7986', '4773', 'Revisión del deterioro de valores representativos de deuda a corto plazo empresas asociadas', 0, NULL, NULL, 1, NULL, NULL),
(4778, 1, NULL, '2018-05-02 07:15:26', 'PCG08-PYME', 'INCOME', 'XXXXXX', '7987', '4773', 'Revisión del deterioro de valores representativos de deuda a corto plazo otras partes vinculadas', 0, NULL, NULL, 1, NULL, NULL),
(4779, 1, NULL, '2018-05-02 07:15:26', 'PCG08-PYME', 'INCOME', 'XXXXXX', '7988', '4773', 'Revisión del deterioro de valores representativos de deuda a corto plazo otras empresas', 0, NULL, NULL, 1, NULL, NULL),
(4780, 1, NULL, '2018-05-02 07:15:26', 'PCG08-PYME', 'INCOME', 'XXXXXX', '799', '4741', 'Revisión del deterioro de créditos a corto plazo', 0, NULL, NULL, 1, NULL, NULL),
(4781, 1, NULL, '2018-05-02 07:15:26', 'PCG08-PYME', 'INCOME', 'XXXXXX', '7990', '4780', 'Revisión del deterioro de créditos a corto plazo empresas del grupo', 0, NULL, NULL, 1, NULL, NULL),
(4782, 1, NULL, '2018-05-02 07:15:26', 'PCG08-PYME', 'INCOME', 'XXXXXX', '7991', '4780', 'Revisión del deterioro de créditos a corto plazo empresas asociadas', 0, NULL, NULL, 1, NULL, NULL),
(4783, 1, NULL, '2018-05-02 07:15:26', 'PCG08-PYME', 'INCOME', 'XXXXXX', '7992', '4780', 'Revisión del deterioro de créditos a corto plazo otras partes vinculadas', 0, NULL, NULL, 1, NULL, NULL),
(4784, 1, NULL, '2018-05-02 07:15:26', 'PCG08-PYME', 'INCOME', 'XXXXXX', '7993', '4780', 'Revisión del deterioro de créditos a corto plazo otras empresas', 0, NULL, NULL, 1, NULL, NULL);

-- --------------------------------------------------------

--
-- Estructura de tabla para la tabla `b67182907_accounting_bookkeeping`
--

