CREATE TABLE `b67182907_notify_def` (
  `rowid` int NOT NULL,
  `tms` timestamp NOT NULL DEFAULT CURRENT_TIMESTAMP ON UPDATE CURRENT_TIMESTAMP,
  `datec` date DEFAULT NULL,
  `fk_action` int NOT NULL,
  `fk_soc` int DEFAULT NULL,
  `fk_contact` int DEFAULT NULL,
  `fk_user` int DEFAULT NULL,
  `type` varchar(16) DEFAULT 'email'
) ENGINE=InnoDB DEFAULT CHARSET=utf8mb3;

-- --------------------------------------------------------

--
-- Estructura de tabla para la tabla `b67182907_notify_def_object`
--

CREATE TABLE `b67182907_notify_def_object` (
  `id` int NOT NULL,
  `entity` int NOT NULL DEFAULT '1',
  `objet_type` varchar(16) DEFAULT NULL,
  `objet_id` int NOT NULL,
  `type_notif` varchar(16) DEFAULT 'browser',
  `date_notif` datetime DEFAULT NULL,
  `user_id` int DEFAULT NULL,
  `moreparam` varchar(255) DEFAULT NULL
) ENGINE=InnoDB DEFAULT CHARSET=utf8mb3;

-- --------------------------------------------------------

--
-- Estructura de tabla para la tabla `b67182907_oauth_state`
--

CREATE TABLE `b67182907_oauth_state` (
  `rowid` int NOT NULL,
  `service` varchar(36) DEFAULT NULL,
  `state` varchar(128) DEFAULT NULL,
  `fk_user` int DEFAULT NULL,
  `fk_adherent` int DEFAULT NULL,
  `entity` int DEFAULT '1'
) ENGINE=InnoDB DEFAULT CHARSET=utf8mb3;

-- --------------------------------------------------------

--
-- Estructura de tabla para la tabla `b67182907_oauth_token`
--

CREATE TABLE `b67182907_oauth_token` (
  `rowid` int NOT NULL,
  `service` varchar(36) DEFAULT NULL,
  `token` text,
  `fk_user` int DEFAULT NULL,
  `fk_adherent` int DEFAULT NULL,
  `entity` int DEFAULT '1'
) ENGINE=InnoDB DEFAULT CHARSET=utf8mb3;

-- --------------------------------------------------------

--
-- Estructura de tabla para la tabla `b67182907_onlinesignature`
--

CREATE TABLE `b67182907_onlinesignature` (
  `rowid` int NOT NULL,
  `entity` int NOT NULL DEFAULT '1',
  `object_type` varchar(32) NOT NULL,
  `object_id` int NOT NULL,
  `datec` datetime NOT NULL,
  `tms` timestamp NOT NULL DEFAULT CURRENT_TIMESTAMP ON UPDATE CURRENT_TIMESTAMP,
  `name` varchar(255) NOT NULL,
  `ip` varchar(128) DEFAULT NULL,
  `pathoffile` varchar(255) DEFAULT NULL
) ENGINE=InnoDB DEFAULT CHARSET=utf8mb3;

-- --------------------------------------------------------

--
-- Estructura de tabla para la tabla `b67182907_opensurvey_comments`
--

CREATE TABLE `b67182907_opensurvey_comments` (
  `id_comment` int UNSIGNED NOT NULL,
  `id_sondage` char(16) NOT NULL,
  `comment` text NOT NULL,
  `tms` timestamp NOT NULL DEFAULT CURRENT_TIMESTAMP ON UPDATE CURRENT_TIMESTAMP,
  `usercomment` text
) ENGINE=InnoDB DEFAULT CHARSET=utf8mb3;

-- --------------------------------------------------------

--
-- Estructura de tabla para la tabla `b67182907_opensurvey_formquestions`
--

CREATE TABLE `b67182907_opensurvey_formquestions` (
  `rowid` int NOT NULL,
  `id_sondage` varchar(16) DEFAULT NULL,
  `question` text,
  `available_answers` text
) ENGINE=InnoDB DEFAULT CHARSET=utf8mb3;

-- --------------------------------------------------------

--
-- Estructura de tabla para la tabla `b67182907_opensurvey_sondage`
--

CREATE TABLE `b67182907_opensurvey_sondage` (
  `id_sondage` varchar(16) NOT NULL,
  `entity` int NOT NULL DEFAULT '1',
  `commentaires` text,
  `mail_admin` varchar(128) DEFAULT NULL,
  `nom_admin` varchar(64) DEFAULT NULL,
  `fk_user_creat` int NOT NULL,
  `titre` text NOT NULL,
  `date_fin` datetime DEFAULT NULL,
  `status` int DEFAULT '1',
  `format` varchar(2) NOT NULL,
  `mailsonde` tinyint NOT NULL DEFAULT '0',
  `allow_comments` tinyint NOT NULL DEFAULT '1',
  `allow_spy` tinyint NOT NULL DEFAULT '1',
  `tms` timestamp NOT NULL DEFAULT CURRENT_TIMESTAMP ON UPDATE CURRENT_TIMESTAMP,
  `sujet` text
) ENGINE=InnoDB DEFAULT CHARSET=utf8mb3;

-- --------------------------------------------------------

--
-- Estructura de tabla para la tabla `b67182907_opensurvey_user_formanswers`
--

CREATE TABLE `b67182907_opensurvey_user_formanswers` (
  `fk_user_survey` int NOT NULL,
  `fk_question` int NOT NULL,
  `reponses` text
) ENGINE=InnoDB DEFAULT CHARSET=utf8mb3;

-- --------------------------------------------------------

--
-- Estructura de tabla para la tabla `b67182907_opensurvey_user_studs`
--

CREATE TABLE `b67182907_opensurvey_user_studs` (
  `id_users` int NOT NULL,
  `nom` varchar(64) NOT NULL,
  `id_sondage` varchar(16) NOT NULL,
  `reponses` varchar(100) NOT NULL,
  `tms` timestamp NOT NULL DEFAULT CURRENT_TIMESTAMP ON UPDATE CURRENT_TIMESTAMP
) ENGINE=InnoDB DEFAULT CHARSET=utf8mb3;

-- --------------------------------------------------------

--
-- Estructura de tabla para la tabla `b67182907_overwrite_trans`
--

CREATE TABLE `b67182907_overwrite_trans` (
  `rowid` int NOT NULL,
  `entity` int NOT NULL DEFAULT '1',
  `lang` varchar(5) DEFAULT NULL,
  `transkey` varchar(128) DEFAULT NULL,
  `transvalue` text
) ENGINE=InnoDB DEFAULT CHARSET=utf8mb3;

-- --------------------------------------------------------

--
-- Estructura de tabla para la tabla `b67182907_paiement`
--

CREATE TABLE `b67182907_paiement` (
  `rowid` int NOT NULL,
  `ref` varchar(30) NOT NULL,
  `entity` int NOT NULL DEFAULT '1',
  `datec` datetime DEFAULT NULL,
  `tms` timestamp NOT NULL DEFAULT CURRENT_TIMESTAMP ON UPDATE CURRENT_TIMESTAMP,
  `datep` datetime DEFAULT NULL,
  `amount` double(24,8) DEFAULT '0.00000000',
  `multicurrency_amount` double(24,8) DEFAULT '0.00000000',
  `fk_paiement` int NOT NULL,
  `num_paiement` varchar(50) DEFAULT NULL,
  `note` text,
  `fk_bank` int NOT NULL DEFAULT '0',
  `fk_user_creat` int DEFAULT NULL,
  `fk_user_modif` int DEFAULT NULL,
  `statut` smallint NOT NULL DEFAULT '0',
  `fk_export_compta` int NOT NULL DEFAULT '0'
) ENGINE=InnoDB DEFAULT CHARSET=utf8mb3;

--
-- Volcado de datos para la tabla `b67182907_paiement`
--

INSERT INTO `b67182907_paiement` (`rowid`, `ref`, `entity`, `datec`, `tms`, `datep`, `amount`, `multicurrency_amount`, `fk_paiement`, `num_paiement`, `note`, `fk_bank`, `fk_user_creat`, `fk_user_modif`, `statut`, `fk_export_compta`) VALUES
(1, 'PAY1807-0001', 1, '2018-07-16 13:28:39', '2018-07-16 10:56:23', '2018-07-16 12:00:00', 211.75000000, 211.75000000, 2, '', '', 38, 1, NULL, 0, 0),
(5, 'PAY1807-0004', 1, '2018-07-27 13:20:11', '2018-07-27 10:47:30', '2018-07-27 12:00:00', 215.99000000, 215.99000000, 3, 'T180701', '', 48, 1, NULL, 0, 0),
(6, 'PAY1808-0005', 1, '2018-08-02 14:37:25', '2018-08-02 12:04:30', '2018-08-02 12:00:00', 211.75000000, 211.75000000, 2, '', '', 52, 1, NULL, 0, 0),
(7, 'PAY1809-0006', 1, '2018-09-20 11:44:35', '2018-09-20 09:09:47', '2018-09-20 12:00:00', 211.75000000, 211.75000000, 2, '', '', 67, 1, NULL, 0, 0),
(13, 'PAY1807-0008', 1, '2018-10-05 17:40:42', '2018-10-05 15:05:18', '2018-07-05 12:00:00', -12100.00000000, -12100.00000000, 2, '', '', 97, 1, NULL, 0, 0),
(14, 'PAY1807-0009', 1, '2018-10-05 17:56:19', '2018-10-05 15:20:55', '2018-07-05 12:00:00', 12100.00000000, 12100.00000000, 2, '', '', 98, 1, NULL, 0, 0),
(15, 'PAY1810-0010', 1, '2018-10-18 18:17:40', '2018-10-18 15:50:02', '2018-10-17 12:00:00', 211.75000000, 211.75000000, 2, '', '', 101, 1, NULL, 0, 0),
(16, 'PAY1811-0011', 1, '2018-11-07 15:16:11', '2018-11-07 13:47:48', '2018-11-07 12:00:00', 2000.00000000, 2000.00000000, 2, '', '', 114, 1, NULL, 0, 0),
(17, 'PAY1811-0012', 1, '2018-11-14 11:10:28', '2018-11-14 09:41:50', '2018-11-14 12:00:00', 211.75000000, 211.75000000, 2, '', '', 116, 1, NULL, 0, 0),
(18, 'PAY1811-0013', 1, '2018-11-28 19:36:12', '2018-11-28 18:07:02', '2018-11-28 12:00:00', 8000.00000000, 8000.00000000, 2, '', '', 125, 1, NULL, 0, 0),
(19, 'PAY1811-0014', 1, '2018-11-28 20:21:09', '2018-11-28 18:51:59', '2018-11-28 12:00:00', 3000.00000000, 3000.00000000, 2, '', '', 127, 1, NULL, 0, 0),
(20, 'PAY1812-0015', 1, '2018-12-10 14:31:48', '2018-12-10 13:02:11', '2018-12-05 12:00:00', 1000.00000000, 1000.00000000, 2, '', '', 129, 1, NULL, 0, 0),
(21, 'PAY1812-0016', 1, '2018-12-10 14:32:01', '2018-12-10 13:02:25', '2018-12-10 12:00:00', 500.00000000, 500.00000000, 2, '', '', 130, 1, NULL, 0, 0),
(22, 'PAY1812-0017', 1, '2018-12-12 11:32:46', '2018-12-12 10:03:06', '2018-12-12 12:00:00', 3650.00000000, 3650.00000000, 2, '', '', 133, 1, NULL, 0, 0),
(23, 'PAY1812-0018', 1, '2018-12-12 11:42:23', '2018-12-12 10:12:42', '2018-12-12 12:00:00', 12000.00000000, 12000.00000000, 2, '', '', 134, 1, NULL, 0, 0),
(24, 'PAY1812-0019', 1, '2018-12-20 12:20:23', '2018-12-20 10:50:24', '2018-12-18 12:00:00', 211.75000000, 211.75000000, 2, '', '', 136, 1, NULL, 0, 0),
(25, 'PAY1812-0020', 1, '2018-12-20 12:27:09', '2018-12-20 10:57:10', '2018-12-01 12:00:00', -21.57000000, -21.57000000, 2, '', '', 137, 1, NULL, 0, 0),
(26, 'PAY1812-0021', 1, '2018-12-20 12:27:43', '2018-12-20 10:57:44', '2018-12-01 12:00:00', 21.57000000, 21.57000000, 2, '', '', 138, 1, NULL, 0, 0),
(27, 'PAY1812-0022', 1, '2018-12-20 12:29:21', '2018-12-20 10:59:22', '2018-12-19 12:00:00', 3796.22000000, 3796.22000000, 2, '', '', 139, 1, NULL, 0, 0),
(28, 'PAY1812-0023', 1, '2018-12-20 18:56:18', '2018-12-20 17:26:19', '2018-12-01 12:00:00', -36.20000000, -36.20000000, 2, '', '', 141, 1, NULL, 0, 0),
(29, 'PAY1812-0024', 1, '2018-12-20 18:56:50', '2018-12-20 17:26:50', '2018-12-01 12:00:00', 36.20000000, 36.20000000, 2, '', '', 142, 1, NULL, 0, 0),
(30, 'PAY1812-0025', 1, '2018-12-27 12:39:32', '2018-12-27 11:39:26', '2018-12-27 12:00:00', 6739.80000000, 6739.80000000, 2, '', '', 160, 1, NULL, 0, 0),
(31, 'PAY1812-0026', 1, '2018-12-27 13:02:50', '2018-12-27 12:02:44', '2018-12-27 12:00:00', 4150.00000000, 4150.00000000, 2, '', '', 161, 1, NULL, 0, 0),
(32, 'PAY1901-0027', 1, '2019-01-04 17:42:39', '2019-01-04 16:42:14', '2019-01-04 12:00:00', 500.00000000, 500.00000000, 2, '', '', 164, 1, NULL, 0, 0),
(33, 'PAY1805-0028', 1, '2019-01-15 14:27:16', '2019-01-15 13:26:58', '2018-05-24 12:00:00', 2000.00000000, 2000.00000000, 2, '', '', 200, 1, NULL, 0, 0),
(34, 'PAY1807-0029', 1, '2019-01-15 14:28:09', '2019-01-15 13:27:51', '2018-07-04 12:00:00', 3000.00000000, 3000.00000000, 2, '', '', 201, 1, NULL, 0, 0),
(35, 'PAY1807-0030', 1, '2019-01-15 14:28:30', '2019-01-15 13:28:12', '2018-07-27 12:00:00', 2000.00000000, 2000.00000000, 2, '', '', 202, 1, NULL, 0, 0),
(36, 'PAY1808-0031', 1, '2019-01-15 14:28:51', '2019-01-15 13:28:33', '2018-08-30 12:00:00', 2000.00000000, 2000.00000000, 2, '', '', 203, 1, NULL, 0, 0),
(37, 'PAY1901-0032', 1, '2019-01-16 17:49:57', '2019-01-16 16:49:37', '2019-01-16 12:00:00', 998.25000000, 998.25000000, 2, '', '', 208, 1, NULL, 0, 0),
(38, 'PAY1901-0033', 1, '2019-01-18 11:58:29', '2019-01-18 10:58:05', '2019-01-18 12:00:00', 211.75000000, 211.75000000, 2, '', '', 209, 1, NULL, 0, 0),
(39, 'PAY1901-0034', 1, '2019-01-18 13:29:36', '2019-01-18 12:29:11', '2019-01-01 12:00:00', -21.72000000, -21.72000000, 2, '', '', 210, 1, NULL, 0, 0),
(40, 'PAY1901-0035', 1, '2019-01-18 13:30:35', '2019-01-18 12:30:10', '2019-01-01 12:00:00', 21.72000000, 21.72000000, 2, '', '', 211, 1, NULL, 0, 0),
(41, 'PAY1901-0036', 1, '2019-01-23 14:20:35', '2019-01-23 13:19:59', '2019-01-23 12:00:00', 4043.88000000, 4043.88000000, 2, '', '', 212, 1, NULL, 0, 0),
(42, 'PAY1901-0037', 1, '2019-01-25 13:08:45', '2019-01-25 12:08:05', '2019-01-25 12:00:00', 5333.24000000, 5333.24000000, 2, '', '', 213, 1, NULL, 0, 0),
(43, 'PAY1901-0038', 1, '2019-01-29 12:43:20', '2019-01-29 11:43:12', '2019-01-29 12:00:00', 208.12000000, 208.12000000, 2, '', '', 214, 1, NULL, 0, 0),
(44, 'PAY1901-0039', 1, '2019-01-31 12:58:28', '2019-01-31 11:58:23', '2019-01-28 12:00:00', 208.73000000, 208.73000000, 7, '', '', 215, 1, NULL, 0, 0),
(45, 'PAY1902-0040', 1, '2019-02-04 22:30:40', '2019-02-04 21:30:41', '2019-02-04 12:00:00', 657.80000000, 657.80000000, 2, '', '', 216, 1, NULL, 0, 0),
(46, 'PAY1902-0041', 1, '2019-02-07 20:43:08', '2019-02-07 19:43:08', '2019-02-07 12:00:00', 2261.43000000, 2261.43000000, 3, 'T190201', '', 217, 1, NULL, 0, 0),
(47, 'PAY1902-0042', 1, '2019-02-07 20:55:56', '2019-02-07 19:55:56', '2019-02-01 12:00:00', -44.42000000, -44.42000000, 2, '', '', 218, 1, NULL, 0, 0),
(48, 'PAY1902-0043', 1, '2019-02-07 20:56:54', '2019-02-07 19:56:54', '2019-02-01 12:00:00', 44.42000000, 44.42000000, 2, '', '', 219, 1, NULL, 0, 0),
(49, 'PAY1902-0044', 1, '2019-02-18 14:11:56', '2019-02-18 13:11:54', '2019-02-13 12:00:00', 7409.18000000, 7409.18000000, 2, '', '', 223, 1, NULL, 0, 0),
(50, 'PAY1902-0045', 1, '2019-02-25 12:02:54', '2019-02-25 11:02:53', '2019-02-21 12:00:00', 211.75000000, 211.75000000, 2, '', '', 225, 1, NULL, 0, 0),
(51, 'PAY1902-0046', 1, '2019-02-28 17:51:46', '2019-02-28 16:51:45', '2019-02-28 12:00:00', 9992.20000000, 9992.20000000, 2, '', '', 226, 1, NULL, 0, 0),
(52, 'PAY1902-0047', 1, '2019-02-28 20:13:08', '2019-02-28 19:13:07', '2019-02-28 12:00:00', 6050.00000000, 6050.00000000, 2, '', '', 228, 1, NULL, 0, 0),
(54, 'PAY1903-0049', 1, '2019-03-11 14:44:10', '2019-03-11 13:44:11', '2019-03-06 12:00:00', 2261.43000000, 2261.43000000, 3, 'T190301', '', 231, 1, NULL, 0, 0),
(55, 'PAY1903-0050', 1, '2019-03-11 14:52:55', '2019-03-11 13:52:56', '2019-03-01 12:00:00', -40.38000000, -40.38000000, 2, '', '', 232, 1, NULL, 0, 0),
(56, 'PAY1903-0051', 1, '2019-03-11 14:53:23', '2019-03-11 13:53:24', '2019-03-01 12:00:00', 40.38000000, 40.38000000, 2, '', '', 233, 1, NULL, 0, 0),
(57, 'PAY1903-0052', 1, '2019-03-13 15:08:27', '2019-03-13 14:08:26', '2019-03-12 12:00:00', 6735.62000000, 6735.62000000, 2, '', '', 234, 1, NULL, 0, 0),
(58, 'PAY1903-0053', 1, '2019-03-27 12:18:10', '2019-03-27 11:18:08', '2019-03-27 12:00:00', 211.75000000, 211.75000000, 2, '', '', 235, 1, NULL, 0, 0),
(59, 'PAY1903-0054', 1, '2019-03-28 21:42:19', '2019-03-28 20:42:15', '2019-03-28 12:00:00', 1500.00000000, 1500.00000000, 2, '', '', 236, 1, NULL, 0, 0),
(60, 'PAY1903-0055', 1, '2019-04-01 21:02:24', '2019-04-01 19:02:18', '2019-03-31 12:00:00', -15371.61000000, -15371.61000000, 2, '', '', 237, 1, NULL, 0, 0),
(61, 'PAY1903-0056', 1, '2019-04-01 21:03:07', '2019-04-01 19:03:01', '2019-03-31 12:00:00', 15371.61000000, 15371.61000000, 2, '', '', 238, 1, NULL, 0, 0),
(62, 'PAY1904-0057', 1, '2019-04-03 18:36:43', '2019-04-03 16:36:36', '2019-04-03 12:00:00', 10600.00000000, 10600.00000000, 2, '', '', 243, 2, NULL, 0, 0),
(64, 'PAY1904-0059', 1, '2019-04-06 14:18:47', '2019-04-06 12:18:38', '2019-04-01 12:00:00', -43.71000000, -43.71000000, 2, '', '', 248, 1, NULL, 0, 0),
(65, 'PAY1904-0060', 1, '2019-04-06 14:19:52', '2019-04-06 12:19:43', '2019-04-01 12:00:00', 43.71000000, 43.71000000, 2, '', '', 249, 1, NULL, 0, 0),
(67, 'PAY1904-0062', 1, '2019-04-06 14:26:45', '2019-04-06 12:26:36', '2019-04-05 12:00:00', 11390.46000000, 11390.46000000, 2, '', '', 251, 1, NULL, 0, 0),
(68, 'PAY1904-0063', 1, '2019-04-06 14:33:08', '2019-04-06 12:32:59', '2019-04-05 12:00:00', 41.60000000, 41.60000000, 2, '', '', 252, 1, NULL, 0, 0),
(69, 'PAY1902-0064', 1, '2019-04-06 14:44:17', '2019-04-06 12:44:08', '2019-02-27 12:00:00', 7527.01000000, 7527.01000000, 7, '', '', 253, 1, NULL, 0, 0),
(70, 'PAY1902-0065', 1, '2019-04-06 14:44:56', '2019-04-06 12:44:47', '2019-02-27 12:00:00', 216.99000000, 216.99000000, 7, '', '', 254, 1, NULL, 0, 0),
(71, 'PAY1904-0066', 1, '2019-04-09 16:05:41', '2019-04-09 14:05:30', '2019-04-09 12:00:00', 7071.09000000, 7071.09000000, 2, '', '', 270, 1, NULL, 0, 0),
(72, 'PAY1904-0067', 1, '2019-04-10 12:32:18', '2019-04-10 10:32:06', '2019-04-03 12:00:00', 4235.00000000, 4235.00000000, 2, '', '', 271, 1, NULL, 0, 0),
(73, 'PAY1904-0068', 1, '2019-04-17 16:40:26', '2019-04-17 14:40:10', '2019-04-03 12:00:00', 2261.43000000, 2261.43000000, 3, 'T190401', '', 273, 1, NULL, 0, 0),
(74, 'PAY1904-0069', 1, '2019-04-18 15:55:54', '2019-04-18 13:55:37', '2019-04-18 12:00:00', 998.25000000, 998.25000000, 2, '', '', 274, 1, NULL, 0, 0),
(75, 'PAY1904-0070', 1, '2019-04-18 15:57:34', '2019-04-18 13:57:17', '2019-04-18 12:00:00', 800.42000000, 800.42000000, 3, 'T190402', '', 275, 1, NULL, 0, 0),
(76, 'PAY1904-0071', 1, '2019-04-26 15:35:00', '2019-04-26 13:34:38', '2019-04-26 12:00:00', 5586.49000000, 5586.49000000, 2, '', '', 276, 1, NULL, 0, 0),
(77, 'PAY1905-0072', 1, '2019-05-06 15:22:55', '2019-05-06 13:22:27', '2019-05-03 12:00:00', 3061.85000000, 3061.85000000, 3, 'T190501', '', 281, 1, NULL, 0, 0),
(78, 'PAY1905-0073', 1, '2019-05-07 11:22:02', '2019-05-07 09:21:33', '2019-05-07 12:00:00', 208.73000000, 208.73000000, 7, '', '', 290, 1, NULL, 0, 0),
(79, 'PAY1905-0074', 1, '2019-05-09 12:39:14', '2019-05-09 10:38:44', '2019-05-09 12:00:00', 211.75000000, 211.75000000, 2, '', '', 293, 1, NULL, 0, 0),
(80, 'PAY1905-0075', 1, '2019-05-23 11:39:06', '2019-05-23 09:38:27', '2019-05-16 12:00:00', 14762.00000000, 14762.00000000, 7, '', '', 294, 1, NULL, 0, 0),
(81, 'PAY1905-0076', 1, '2019-05-24 11:43:05', '2019-05-24 09:42:25', '2019-05-24 12:00:00', 571.73000000, 571.73000000, 2, '', '', 296, 1, NULL, 0, 0),
(82, 'PAY1905-0077', 1, '2019-05-27 10:01:17', '2019-05-27 08:00:35', '2019-05-24 12:00:00', 1778.70000000, 1778.70000000, 2, '', '', 297, 1, NULL, 0, 0),
(83, 'PAY1905-0078', 1, '2019-05-28 11:21:53', '2019-05-28 09:21:10', '2019-05-01 12:00:00', 33.69000000, 33.69000000, 2, '', '', 298, 1, NULL, 0, 0),
(84, 'PAY1905-0079', 1, '2019-05-28 11:24:22', '2019-05-28 09:23:39', '2019-05-28 12:00:00', 6742.31000000, 6742.31000000, 2, '', '', 299, 1, NULL, 0, 0),
(85, 'PAY1905-0080', 1, '2019-05-28 19:40:45', '2019-05-28 17:40:02', '2019-05-28 12:00:00', 2117.50000000, 2117.50000000, 2, '', '', 300, 1, NULL, 0, 0),
(86, 'PAY1906-0081', 1, '2019-06-03 17:46:16', '2019-06-03 15:45:29', '2019-06-03 12:00:00', 3061.85000000, 3061.85000000, 3, 'T190601', '', 302, 1, NULL, 0, 0),
(87, 'PAY1906-0082', 1, '2019-06-07 11:59:25', '2019-06-07 09:58:36', '2019-06-07 12:00:00', 12100.00000000, 12100.00000000, 2, '', '', 306, 1, NULL, 0, 0),
(88, 'PAY1906-0083', 1, '2019-06-07 13:14:43', '2019-06-07 11:13:53', '2019-06-01 12:00:00', 44.87000000, 44.87000000, 2, '', '', 308, 1, NULL, 0, 0),
(89, 'PAY1905-0084', 1, '2019-06-07 13:16:02', '2019-06-07 11:15:12', '2019-05-01 12:00:00', -33.69000000, -33.69000000, 2, '', '', 309, 1, NULL, 0, 0),
(90, 'PAY1906-0085', 1, '2019-06-07 13:26:33', '2019-06-07 11:25:44', '2019-06-07 12:00:00', 2000.00000000, 2000.00000000, 2, '', '', 310, 1, NULL, 0, 0),
(91, 'PAY1906-0086', 1, '2019-06-11 11:40:02', '2019-06-11 09:39:11', '2019-06-11 12:00:00', 7408.73000000, 7408.73000000, 2, '', '', 311, 1, NULL, 0, 0),
(92, 'PAY1906-0087', 1, '2019-06-12 16:28:48', '2019-06-12 14:27:55', '2019-06-12 12:00:00', 629.20000000, 629.20000000, 2, '', '', 312, 1, NULL, 0, 0),
(93, 'PAY1906-0088', 1, '2019-06-27 13:50:04', '2019-06-27 11:47:42', '2019-06-01 12:00:00', -44.87000000, -44.87000000, 3, '', '', 320, 1, NULL, 0, 0),
(94, 'PAY1907-0089', 1, '2019-07-03 13:28:16', '2019-07-03 11:25:26', '2019-07-02 12:00:00', 3061.85000000, 3061.85000000, 3, 'T190701', '', 323, 1, NULL, 0, 0),
(95, 'PAY1907-0090', 1, '2019-07-09 11:11:05', '2019-07-09 09:07:46', '2019-07-05 12:00:00', 19613.50000000, 19613.50000000, 7, '', '', 324, 1, NULL, 0, 0),
(96, 'PAY1907-0091', 1, '2019-07-10 10:53:06', '2019-07-10 08:49:42', '2019-07-10 12:00:00', 8587.50000000, 8587.50000000, 2, '', '', 325, 1, NULL, 0, 0),
(97, 'PAY1907-0092', 1, '2019-07-10 10:59:13', '2019-07-10 08:55:49', '2019-07-10 12:00:00', 12226.87000000, 12226.87000000, 2, '', '', 326, 1, NULL, 0, 0),
(98, 'PAY1907-0093', 1, '2019-07-12 17:06:42', '2019-07-12 15:03:06', '2019-07-01 12:00:00', 34.84000000, 34.84000000, 2, '', '', 328, 1, NULL, 0, 0),
(99, 'PAY1907-0094', 1, '2019-07-15 16:57:39', '2019-07-15 14:53:49', '2019-07-15 12:00:00', 6063.56000000, 6063.56000000, 2, '', '', 349, 1, NULL, 0, 0),
(100, 'PAY1907-0095', 1, '2019-07-23 11:28:29', '2019-07-23 09:24:01', '2019-07-23 12:00:00', 211.75000000, 211.75000000, 2, '', '', 351, 1, NULL, 0, 0),
(101, 'PAY1907-0096', 1, '2019-07-23 11:31:25', '2019-07-23 09:26:57', '2019-07-22 12:00:00', 208.73000000, 208.73000000, 7, '', '', 352, 1, NULL, 0, 0),
(102, 'PAY1907-0097', 1, '2019-08-01 14:22:49', '2019-08-01 12:17:36', '2019-07-01 12:00:00', -34.84000000, -34.84000000, 2, '', '', 373, 1, NULL, 0, 0),
(103, 'PAY1908-0098', 1, '2019-08-02 11:29:44', '2019-08-02 09:24:26', '2019-08-02 12:00:00', 2261.43000000, 2261.43000000, 3, 'T190801', '', 374, 1, NULL, 0, 0),
(104, 'PAY1908-0099', 1, '2019-08-06 16:36:34', '2019-08-06 14:30:57', '2019-08-06 12:00:00', 9102.55000000, 9102.55000000, 7, '', '', 375, 1, NULL, 0, 0),
(105, 'PAY1908-0100', 1, '2019-08-20 14:27:32', '2019-08-20 12:20:46', '2019-08-01 12:00:00', 45.95000000, 45.95000000, 2, '', '', 376, 1, NULL, 0, 0),
(106, 'PAY1908-0101', 1, '2019-08-20 14:31:02', '2019-08-20 12:24:17', '2019-08-12 12:00:00', 7746.45000000, 7746.45000000, 2, '', '', 377, 1, NULL, 0, 0),
(107, 'PAY1908-0102', 1, '2019-08-26 14:59:10', '2019-08-26 12:51:55', '2019-08-26 12:00:00', 211.75000000, 211.75000000, 2, '', '', 378, 1, NULL, 0, 0),
(108, 'PAY1908-0103', 1, '2019-09-02 12:15:01', '2019-09-02 10:07:12', '2019-08-01 12:00:00', -45.95000000, -45.95000000, 2, '', '', 379, 1, NULL, 0, 0),
(109, 'PAY1909-0104', 1, '2019-09-03 11:15:17', '2019-09-03 09:07:23', '2019-09-03 12:00:00', 2261.43000000, 2261.43000000, 3, 'T190901', '', 380, 1, NULL, 0, 0),
(110, 'PAY1909-0105', 1, '2019-09-03 11:15:36', '2019-09-03 09:07:43', '2019-09-02 12:00:00', 739.60000000, 739.60000000, 3, 'T190903', '', 381, 1, NULL, 0, 0),
(111, 'PAY1909-0106', 1, '2019-09-06 12:35:19', '2019-09-06 10:27:11', '2019-09-06 12:00:00', 470.46000000, 470.46000000, 3, 'T190902', '', 386, 1, NULL, 0, 0),
(112, 'PAY1909-0107', 1, '2019-09-09 12:54:12', '2019-09-09 10:45:49', '2019-09-01 12:00:00', 24.73000000, 24.73000000, 2, '', '', 387, 1, NULL, 0, 0),
(113, 'PAY1909-0108', 1, '2019-09-09 12:55:18', '2019-09-09 10:46:55', '2019-09-09 12:00:00', 4040.87000000, 4040.87000000, 2, '', '', 388, 1, NULL, 0, 0),
(114, 'PAY1909-0109', 1, '2019-09-16 10:47:09', '2019-09-16 08:38:12', '2019-09-13 12:00:00', 211.75000000, 211.75000000, 2, '', '', 389, 1, NULL, 0, 0),
(115, 'PAY1909-0110', 1, '2019-09-16 16:26:03', '2019-09-16 14:17:05', '2019-09-16 12:00:00', 4337.85000000, 4337.85000000, 2, '', '', 390, 1, NULL, 0, 0),
(116, 'PAY1909-0111', 1, '2019-09-30 14:38:50', '2019-09-30 12:28:44', '2019-09-01 12:00:00', -24.73000000, -24.73000000, 2, '', '', 393, 1, NULL, 0, 0),
(117, 'PAY1910-0112', 1, '2019-10-02 10:47:40', '2019-10-02 08:37:25', '2019-10-01 12:00:00', 2729.72000000, 2729.72000000, 3, 'T190904', '', 394, 1, NULL, 0, 0),
(118, 'PAY1910-0113', 1, '2019-10-02 10:48:46', '2019-10-02 08:38:32', '2019-10-01 12:00:00', 5566.00000000, 5566.00000000, 7, '', '', 395, 1, NULL, 0, 0),
(119, 'PAY1910-0114', 1, '2019-10-03 17:34:35', '2019-10-03 15:24:13', '2019-10-03 12:00:00', 1936.00000000, 1936.00000000, 7, '', '', 397, 1, NULL, 0, 0),
(120, 'PAY1910-0115', 1, '2019-10-08 14:28:47', '2019-10-08 12:18:02', '2019-10-08 12:00:00', 211.75000000, 211.75000000, 2, '', '', 398, 1, NULL, 0, 0),
(121, 'PAY1910-0116', 1, '2019-10-08 14:29:48', '2019-10-08 12:19:03', '2019-10-01 12:00:00', 29.43000000, 29.43000000, 2, '', '', 399, 1, NULL, 0, 0),
(122, 'PAY1910-0117', 1, '2019-10-08 14:30:21', '2019-10-08 12:19:36', '2019-10-08 12:00:00', 4713.77000000, 4713.77000000, 2, '', '', 400, 1, NULL, 0, 0),
(123, 'PAY1910-0118', 1, '2019-10-30 12:35:06', '2019-10-30 11:22:34', '2019-10-28 12:00:00', 208.73000000, 208.73000000, 2, '', '', 418, 1, NULL, 0, 0),
(124, 'PAY1910-0119', 1, '2019-10-30 14:11:06', '2019-10-30 12:58:34', '2019-10-30 12:00:00', 7018.00000000, 7018.00000000, 7, '', '', 419, 1, NULL, 0, 0),
(125, 'PAY1910-0120', 1, '2019-10-31 14:04:33', '2019-10-31 12:51:55', '2019-10-01 12:00:00', -29.43000000, -29.43000000, 2, '', '', 428, 1, NULL, 0, 0),
(126, 'PAY1911-0121', 1, '2019-11-05 10:35:43', '2019-11-05 09:22:42', '2019-11-05 12:00:00', 2261.43000000, 2261.43000000, 3, 'T191101', '', 431, 1, NULL, 0, 0),
(127, 'PAY1911-0122', 1, '2019-11-23 23:42:47', '2019-11-23 22:28:15', '2019-11-22 12:00:00', 211.75000000, 211.75000000, 2, '', '', 433, 1, NULL, 0, 0),
(128, 'PAY1911-0123', 1, '2019-11-23 23:43:14', '2019-11-23 22:28:42', '2019-11-22 12:00:00', 211.75000000, 211.75000000, 2, '', '', 434, 1, NULL, 0, 0),
(129, 'PAY1912-0124', 1, '2019-12-03 14:49:21', '2019-12-03 13:34:03', '2019-12-02 12:00:00', 2261.43000000, 2261.43000000, 3, 'T191201', '', 437, 1, NULL, 0, 0),
(130, 'PAY1912-0125', 1, '2019-12-05 15:20:20', '2019-12-05 14:04:51', '2019-12-05 12:00:00', 1368.40000000, 1368.40000000, 3, 'T191202', '', 443, 1, NULL, 0, 0),
(131, 'PAY1912-0126', 1, '2019-12-12 11:54:58', '2019-12-12 10:38:56', '2019-12-11 12:00:00', 11132.00000000, 11132.00000000, 7, '', '', 444, 1, NULL, 0, 0),
(133, 'PAY1911-0128', 1, '2019-12-17 12:47:01', '2019-12-17 11:30:35', '2019-11-01 12:00:00', 26.26000000, 26.26000000, 2, '', '', 446, 1, NULL, 0, 0),
(134, 'PAY1911-0129', 1, '2019-12-20 11:16:59', '2019-12-20 10:00:18', '2019-11-01 12:00:00', -26.26000000, -26.26000000, 2, '', '', 447, 1, NULL, 0, 0),
(135, 'PAY1912-0130', 1, '2019-12-20 11:25:05', '2019-12-20 10:08:24', '2019-12-01 12:00:00', -35.37000000, -35.37000000, 2, '', '', 448, 1, NULL, 0, 0),
(136, 'PAY1912-0131', 1, '2019-12-20 11:25:49', '2019-12-20 10:09:09', '2019-12-01 12:00:00', 35.37000000, 35.37000000, 2, '', '', 449, 1, NULL, 0, 0),
(137, 'PAY1912-0132', 1, '2019-12-24 12:44:05', '2019-12-24 11:27:05', '2019-12-24 12:00:00', 6740.63000000, 6740.63000000, 2, '', '', 450, 1, NULL, 0, 0),
(138, 'PAY1912-0133', 1, '2019-12-24 12:44:32', '2019-12-24 11:27:31', '2019-12-24 12:00:00', 7766.14000000, 7766.14000000, 2, '', '', 451, 1, NULL, 0, 0),
(139, 'PAY2001-0134', 1, '2020-01-08 11:02:47', '2020-01-08 10:02:02', '2020-01-03 12:00:00', 2261.43000000, 2261.43000000, 3, 'T200101', '', 456, 1, NULL, 0, 0),
(140, 'PAY2001-0135', 1, '2020-01-16 09:56:36', '2020-01-16 08:56:03', '2020-01-15 12:00:00', 211.75000000, 211.75000000, 2, '', '', 521, 1, NULL, 0, 0),
(141, 'PAY2001-0136', 1, '2020-01-23 17:09:45', '2020-01-23 16:09:11', '2020-01-23 12:00:00', 9680.00000000, 9680.00000000, 7, '', '', 524, 1, NULL, 0, 0),
(142, 'PAY2001-0137', 1, '2020-01-27 12:52:52', '2020-01-27 11:52:19', '2020-01-27 12:00:00', 208.73000000, 208.73000000, 2, '', '', 525, 1, NULL, 0, 0),
(143, 'PAY2002-0138', 1, '2020-02-03 09:51:27', '2020-02-03 08:50:54', '2020-02-03 12:00:00', 2261.43000000, 2261.43000000, 3, 'T200102', '', 528, 1, NULL, 0, 0),
(144, 'PAY2002-0139', 1, '2020-02-04 10:29:03', '2020-02-04 09:28:30', '2020-02-04 12:00:00', 211.75000000, 211.75000000, 2, '', '', 529, 1, NULL, 0, 0),
(145, 'PAY2002-0140', 1, '2020-02-10 11:40:19', '2020-02-17 11:25:52', '2020-02-12 12:00:00', 8470.00000000, 8470.00000000, 7, '', '', 530, 1, NULL, 0, 0),
(146, 'PAY2002-0141', 1, '2020-02-24 13:03:55', '2020-02-24 12:03:22', '2020-02-01 12:00:00', 36.69000000, 36.69000000, 2, '', '', 532, 1, NULL, 0, 0),
(147, 'PAY2002-0142', 1, '2020-02-24 15:15:53', '2020-02-24 14:15:20', '2020-02-24 12:00:00', 7078.11000000, 7078.11000000, 2, '', '', 539, 1, NULL, 0, 0),
(148, 'PAY2002-0143', 1, '2020-02-29 20:53:51', '2020-02-29 19:53:18', '2020-02-28 12:00:00', 7840.80000000, 7840.80000000, 7, '', '', 545, 1, NULL, 0, 0),
(149, 'PAY2003-0144', 1, '2020-03-02 09:32:12', '2020-03-02 08:31:39', '2020-03-02 12:00:00', 2261.43000000, 2261.43000000, 3, 'T200201', '', 547, 1, NULL, 0, 0),
(152, 'PAY2003-0147', 1, '2020-03-11 09:09:07', '2020-03-11 08:08:34', '2020-03-11 12:00:00', 2710.40000000, 2710.40000000, 2, '', '', 567, 2, NULL, 0, 0),
(154, 'PAY2003-0148', 1, '2020-03-21 21:13:28', '2020-03-21 20:12:55', '2020-03-18 12:00:00', 211.75000000, 211.75000000, 2, '', '', 569, 1, NULL, 0, 0),
(155, 'PAY2003-0149', 1, '2020-03-25 11:07:14', '2020-03-25 10:06:40', '2020-03-01 12:00:00', 41.21000000, 41.21000000, 2, '', '', 570, 1, NULL, 0, 0),
(156, 'PAY2003-0150', 1, '2020-03-25 11:07:44', '2020-03-25 10:07:11', '2020-03-10 12:00:00', 6734.79000000, 6734.79000000, 2, '', '', 571, 1, NULL, 0, 0),
(157, 'PAY2003-0151', 1, '2020-03-26 11:55:39', '2020-03-26 10:55:06', '2020-03-26 12:00:00', 211.75000000, 211.75000000, 2, '', '', 572, 2, NULL, 0, 0),
(159, 'PAY2004-0153', 1, '2020-04-01 14:55:51', '2020-04-01 12:55:18', '2020-04-01 12:00:00', 2261.43000000, 2261.43000000, 3, 'T200301', '', 577, 1, NULL, 0, 0),
(160, 'PAY2004-0154', 1, '2020-04-01 14:56:26', '2020-04-01 12:55:53', '2020-04-01 12:00:00', -141.33000000, -141.33000000, 3, '', '', 578, 1, NULL, 0, 0),
(161, 'PAY2002-0155', 1, '2020-04-08 15:42:27', '2020-04-08 13:41:54', '2020-02-01 12:00:00', -36.69000000, -36.69000000, 2, '', '', 579, 1, NULL, 0, 0),
(162, 'PAY2003-0156', 1, '2020-04-08 15:43:09', '2020-04-08 13:42:36', '2020-03-01 12:00:00', -41.21000000, -41.21000000, 2, '', '', 580, 1, NULL, 0, 0),
(163, 'PAY2002-0157', 1, '2020-04-08 16:06:09', '2020-04-08 14:05:35', '2020-02-28 12:00:00', 1000.00000000, 1000.00000000, 2, '', '', 581, 1, NULL, 0, 0),
(164, 'PAY2003-0158', 1, '2020-04-08 16:07:31', '2020-04-08 14:06:58', '2020-03-02 12:00:00', 1000.00000000, 1000.00000000, 2, '', '', 582, 1, NULL, 0, 0),
(165, 'PAY2003-0159', 1, '2020-04-08 16:07:54', '2020-04-08 14:07:20', '2020-03-31 12:00:00', 2000.00000000, 2000.00000000, 2, '', '', 583, 1, NULL, 0, 0),
(166, 'PAY2004-0160', 1, '2020-04-08 21:57:57', '2020-04-08 19:57:24', '2020-04-01 12:00:00', 43.50000000, 43.50000000, 2, '', '', 584, 1, NULL, 0, 0),
(167, 'PAY2004-0161', 1, '2020-04-15 10:37:59', '2020-04-15 08:37:26', '2020-04-15 12:00:00', 7410.10000000, 7410.10000000, 2, '', '', 585, 1, NULL, 0, 0),
(168, 'PAY2004-0162', 1, '2020-04-30 13:07:42', '2020-04-30 11:07:46', '2020-04-01 12:00:00', -43.50000000, -43.50000000, 2, '', '', 586, 1, NULL, 0, 0),
(170, 'PAY2005-0164', 1, '2020-05-04 11:15:49', '2020-05-04 09:15:53', '2020-05-04 12:00:00', 2261.43000000, 2261.43000000, 3, 'T200401', '', 588, 1, NULL, 0, 0),
(171, 'PAY2005-0165', 1, '2020-05-04 12:00:18', '2020-05-04 10:00:22', '2020-05-01 12:00:00', -565.36000000, -565.36000000, 3, '', '', 589, 1, NULL, 0, 0),
(172, 'PAY2005-0166', 1, '2020-05-06 10:29:06', '2020-05-06 08:29:11', '2020-05-06 12:00:00', 208.73000000, 208.73000000, 2, '', '', 590, 1, NULL, 0, 0),
(173, 'PAY2005-0167', 1, '2020-05-07 20:31:07', '2020-05-07 18:31:12', '2020-05-01 12:00:00', 40.38000000, 40.38000000, 2, '', '', 591, 1, NULL, 0, 0),
(174, 'PAY2005-0168', 1, '2020-05-08 09:44:52', '2020-05-08 07:44:57', '2020-05-08 12:00:00', 4000.00000000, 4000.00000000, 2, '', '', 592, 1, NULL, 0, 0),
(175, 'PAY2005-0169', 1, '2020-05-11 19:41:45', '2020-05-11 17:41:51', '2020-05-11 12:00:00', 6735.62000000, 6735.62000000, 2, '', '', 593, 1, NULL, 0, 0),
(176, 'PAY2005-0170', 1, '2020-05-14 13:40:34', '2020-05-14 11:40:41', '2020-05-14 12:00:00', 16727.04000000, 16727.04000000, 7, '', '', 594, 1, NULL, 0, 0),
(177, 'PAY2005-0171', 1, '2020-05-15 15:19:05', '2020-05-15 13:19:11', '2020-05-15 12:00:00', 211.75000000, 211.75000000, 2, '', '', 595, 1, NULL, 0, 0),
(178, 'PAY2005-0172', 1, '2020-05-15 15:19:22', '2020-05-15 13:19:28', '2020-05-15 12:00:00', 211.75000000, 211.75000000, 2, '', '', 596, 1, NULL, 0, 0),
(179, 'PAY2006-0173', 1, '2020-06-01 10:33:12', '2020-06-01 08:33:22', '2020-06-01 12:00:00', 3500.00000000, 3500.00000000, 2, '', '', 597, 2, NULL, 0, 0),
(180, 'PAY2005-0174', 1, '2020-06-01 11:35:57', '2020-06-01 09:36:07', '2020-05-01 12:00:00', -40.38000000, -40.38000000, 2, '', '', 598, 1, NULL, 0, 0),
(181, 'PAY2006-0175', 1, '2020-06-01 12:21:03', '2020-06-01 10:21:13', '2020-06-01 12:00:00', -424.02000000, -424.02000000, 3, '', '', 599, 1, NULL, 0, 0),
(182, 'PAY2006-0176', 1, '2020-06-02 09:52:14', '2020-06-02 07:52:24', '2020-06-02 12:00:00', 2261.43000000, 2261.43000000, 3, 'T200601', '', 600, 1, NULL, 0, 0),
(183, 'PAY2006-0177', 1, '2020-06-08 12:47:25', '2020-06-08 10:47:37', '2020-06-01 12:00:00', 41.63000000, 41.63000000, 2, '', '', 601, 1, NULL, 0, 0),
(184, 'PAY2006-0178', 1, '2020-06-08 12:48:03', '2020-06-08 10:48:15', '2020-06-08 12:00:00', 6734.37000000, 6734.37000000, 2, '', '', 602, 1, NULL, 0, 0),
(185, 'PAY2007-0179', 1, '2020-07-02 13:59:09', '2020-07-02 11:59:25', '2020-07-01 12:00:00', 2339.48000000, 2339.48000000, 3, 'T200701', '', 603, 1, NULL, 0, 0),
(186, 'PAY2006-0180', 1, '2020-07-03 12:46:24', '2020-07-03 10:46:41', '2020-06-01 12:00:00', -41.63000000, -41.63000000, 2, '', '', 604, 1, NULL, 0, 0),
(187, 'PAY2007-0181', 1, '2020-07-14 10:31:39', '2020-07-14 08:31:57', '2020-07-13 12:00:00', 6736.04000000, 6736.04000000, 2, '', '', 605, 1, NULL, 0, 0),
(188, 'PAY2007-0182', 1, '2020-07-14 10:37:00', '2020-07-14 08:37:18', '2020-07-01 12:00:00', 39.96000000, 39.96000000, 2, '', '', 606, 1, NULL, 0, 0),
(189, 'PAY2007-0183', 1, '2020-07-14 11:37:50', '2020-07-14 09:38:09', '2020-07-14 12:00:00', 211.75000000, 211.75000000, 2, '', '', 607, 1, NULL, 0, 0),
(190, 'PAY2007-0184', 1, '2020-07-20 10:10:43', '2020-07-20 08:11:03', '2020-07-20 12:00:00', 4428.60000000, 4428.60000000, 2, '', '', 608, 2, NULL, 0, 0),
(191, 'PAY2007-0185', 1, '2020-07-29 09:18:55', '2020-07-29 07:19:17', '2020-07-29 12:00:00', 208.73000000, 208.73000000, 7, '', '', 610, 1, NULL, 0, 0),
(192, 'PAY2007-0186', 1, '2020-07-31 14:44:19', '2020-07-31 12:44:41', '2020-07-01 12:00:00', -39.96000000, -39.96000000, 3, '', '', 611, 1, NULL, 0, 0),
(193, 'PAY2008-0187', 1, '2020-08-06 12:25:48', '2020-08-06 10:26:12', '2020-08-03 12:00:00', 2391.51000000, 2391.51000000, 3, 'T200702', '', 612, 1, NULL, 0, 0),
(194, 'PAY2008-0188', 1, '2020-08-06 12:29:58', '2020-08-06 10:30:22', '2020-08-06 12:00:00', 2500.00000000, 2500.00000000, 2, '', '', 613, 1, NULL, 0, 0),
(195, 'PAY2008-0189', 1, '2020-08-06 17:10:28', '2020-08-06 15:10:51', '2020-08-01 12:00:00', 47.73000000, 47.73000000, 2, '', '', 614, 1, NULL, 0, 0),
(196, 'PAY2008-0190', 1, '2020-08-10 13:44:31', '2020-08-10 11:44:56', '2020-08-10 12:00:00', 7744.67000000, 7744.67000000, 2, '', '', 615, 1, NULL, 0, 0),
(197, 'PAY2008-0191', 1, '2020-09-02 11:47:11', '2020-09-02 09:47:41', '2020-08-28 12:00:00', 17249.76000000, 17249.76000000, 7, '', '', 616, 1, NULL, 0, 0),
(198, 'PAY2008-0192', 1, '2020-09-02 11:48:39', '2020-09-02 09:49:08', '2020-08-18 12:00:00', 211.75000000, 211.75000000, 2, '', '', 617, 1, NULL, 0, 0),
(199, 'PAY2008-0193', 1, '2020-09-02 12:07:47', '2020-09-02 10:08:16', '2020-08-01 12:00:00', -47.73000000, -47.73000000, 2, '', '', 618, 1, NULL, 0, 0),
(200, 'PAY2009-0194', 1, '2020-09-16 16:08:22', '2020-09-16 14:08:54', '2020-09-14 12:00:00', 3704.91000000, 3704.91000000, 2, '', '', 619, 1, NULL, 0, 0),
(201, 'PAY2009-0195', 1, '2020-09-16 16:09:08', '2020-09-16 14:09:40', '2020-09-01 12:00:00', 21.89000000, 21.89000000, 2, '', '', 620, 1, NULL, 0, 0),
(202, 'PAY2009-0196', 1, '2020-09-16 16:11:28', '2020-09-16 14:12:00', '2020-09-02 12:00:00', 2261.43000000, 2261.43000000, 3, 'T200901', '', 621, 1, NULL, 0, 0),
(203, 'PAY2009-0197', 1, '2020-10-01 12:21:35', '2020-10-01 10:22:10', '2020-09-24 12:00:00', 211.75000000, 211.75000000, 2, '', '', 622, 1, NULL, 0, 0),
(205, 'PAY2009-0199', 1, '2020-10-01 12:31:05', '2020-10-01 10:31:41', '2020-09-01 12:00:00', -21.89000000, -21.89000000, 2, '', '', 624, 1, NULL, 0, 0),
(206, 'PAY2010-0200', 1, '2020-10-05 12:59:17', '2020-10-05 10:59:53', '2020-10-05 12:00:00', 4936.80000000, 4936.80000000, 2, '', '', 625, 1, NULL, 0, 0),
(207, 'PAY2010-0201', 1, '2020-10-05 12:59:49', '2020-10-05 11:00:25', '2020-10-05 12:00:00', 2599.63000000, 2599.63000000, 3, 'T201001', '', 626, 1, NULL, 0, 0),
(208, 'PAY2010-0202', 1, '2020-10-05 13:10:48', '2020-10-05 11:11:24', '2020-10-05 12:00:00', 2000.00000000, 2000.00000000, 2, '', '', 627, 1, NULL, 0, 0),
(209, 'PAY2010-0203', 1, '2020-10-09 12:09:46', '2020-10-09 10:10:23', '2020-10-01 12:00:00', 40.66000000, 40.66000000, 2, '', '', 628, 1, NULL, 0, 0),
(210, 'PAY2010-0204', 1, '2020-10-13 12:55:02', '2020-10-13 10:55:40', '2020-10-13 12:00:00', 6735.34000000, 6735.34000000, 2, '', '', 629, 1, NULL, 0, 0),
(211, 'PAY2010-0205', 1, '2020-10-27 11:38:01', '2020-10-27 10:38:42', '2020-10-27 12:00:00', 130.08000000, 130.08000000, 2, '', '', 630, 1, NULL, 0, 0),
(212, 'PAY2010-0206', 1, '2020-10-27 11:39:31', '2020-10-27 10:40:12', '2020-10-21 12:00:00', 208.73000000, 208.73000000, 2, '', '', 631, 1, NULL, 0, 0),
(213, 'PAY2010-0207', 1, '2020-11-02 07:27:03', '2020-11-02 06:27:45', '2020-10-01 12:00:00', -40.66000000, -40.66000000, 2, '', '', 632, 1, NULL, 0, 0),
(214, 'PAY2011-0208', 1, '2020-11-03 12:38:49', '2020-11-03 11:39:31', '2020-11-02 12:00:00', 2261.43000000, 2261.43000000, 3, 'T201101', '', 633, 1, NULL, 0, 0),
(215, 'PAY2011-0209', 1, '2020-11-06 10:15:37', '2020-11-06 09:16:20', '2020-11-01 12:00:00', 6.23000000, 6.23000000, 2, '', '', 634, 1, NULL, 0, 0),
(216, 'PAY2011-0210', 1, '2020-11-11 10:10:26', '2020-11-11 09:11:10', '2020-11-10 12:00:00', 211.75000000, 211.75000000, 2, '', '', 635, 1, NULL, 0, 0),
(217, 'PAY2011-0211', 1, '2020-11-11 10:10:59', '2020-11-11 09:11:43', '2020-11-10 12:00:00', 1010.17000000, 1010.17000000, 2, '', '', 636, 1, NULL, 0, 0),
(218, 'PAY2011-0212', 1, '2020-11-13 19:21:33', '2020-11-13 18:22:17', '2020-11-11 12:00:00', 9670.32000000, 9670.32000000, 7, '', '', 637, 1, NULL, 0, 0),
(219, 'PAY2009-0213', 1, '2020-11-25 11:48:18', '2020-11-25 10:49:04', '2020-09-24 12:00:00', 211.75000000, 211.75000000, 2, '', '', 638, 1, NULL, 0, 0),
(220, 'PAY2011-0214', 1, '2020-11-27 14:32:44', '2020-11-27 13:33:32', '2020-11-27 12:00:00', 2106.44000000, 2106.44000000, 2, '', '', 639, 1, NULL, 0, 0),
(221, 'PAY2004-0215', 1, '2020-11-27 14:41:39', '2020-11-27 13:42:26', '2020-04-07 12:00:00', 3500.00000000, 3500.00000000, 2, '', '', 640, 1, NULL, 0, 0),
(222, 'PAY2004-0216', 1, '2020-11-27 14:42:30', '2020-11-27 13:43:17', '2020-04-07 12:00:00', 7000.00000000, 7000.00000000, 2, '', '', 641, 1, NULL, 0, 0),
(223, 'PAY2004-0217', 1, '2020-11-27 14:43:05', '2020-11-27 13:43:52', '2020-04-07 12:00:00', 7000.00000000, 7000.00000000, 2, '', '', 642, 1, NULL, 0, 0),
(224, 'PAY2011-0218', 1, '2020-12-03 09:51:46', '2020-12-03 08:52:34', '2020-11-01 12:00:00', -6.23000000, -6.23000000, 2, '', '', 643, 1, NULL, 0, 0),
(225, 'PAY2012-0219', 1, '2020-12-04 12:52:39', '2020-12-04 11:53:28', '2020-12-03 12:00:00', 2521.58000000, 2521.58000000, 3, 'T201201', '', 644, 1, NULL, 0, 0),
(226, 'PAY2012-0220', 1, '2020-12-11 10:31:32', '2020-12-11 09:31:33', '2020-12-11 12:00:00', 422.05000000, 422.05000000, 2, '', '', 645, 1, NULL, 0, 0),
(227, 'PAY2012-0221', 1, '2020-12-23 13:41:37', '2020-12-23 12:41:38', '2020-12-22 12:00:00', 211.75000000, 211.75000000, 2, '', '', 646, 1, NULL, 0, 0),
(229, 'PAY2012-0222', 1, '2021-01-02 11:58:39', '2021-01-02 10:58:39', '2020-12-30 12:00:00', 4000.00000000, 4000.00000000, 2, '', '', 648, 2, NULL, 0, 0),
(230, 'PAY2012-0223', 1, '2021-01-08 09:23:28', '2021-01-08 08:23:29', '2020-12-31 12:00:00', 5488.56000000, 5488.56000000, 7, '', '', 649, 1, NULL, 0, 0),
(231, 'PAY2101-0224', 1, '2021-01-11 17:18:36', '2021-01-11 16:18:37', '2021-01-11 12:00:00', 2393.68000000, 2393.68000000, 3, 'T210101', '', 650, 1, NULL, 0, 0),
(232, 'PAY2101-0225', 1, '2021-01-26 12:19:03', '2021-01-26 11:19:03', '2021-01-22 12:00:00', 211.75000000, 211.75000000, 2, '', '', 651, 1, NULL, 0, 0),
(233, 'PAY2004-0226', 1, '2021-01-26 15:16:28', '2021-01-26 14:16:28', '2020-04-28 12:00:00', 6700.00000000, 6700.00000000, 2, '', '', 652, 2, NULL, 0, 0),
(234, 'PAY2104-0227', 1, '2021-01-26 15:52:12', '2021-01-26 14:52:12', '2021-04-28 12:00:00', 300.00000000, 300.00000000, 2, '', '', 653, 2, NULL, 0, 0),
(235, 'PAY2105-0228', 1, '2021-01-26 15:54:32', '2021-01-26 14:54:33', '2021-05-26 12:00:00', 7000.00000000, 7000.00000000, 2, '', '', 654, 2, NULL, 0, 0),
(236, 'PAY2106-0229', 1, '2021-01-26 15:55:30', '2021-01-26 14:55:30', '2021-06-30 12:00:00', 2135.00000000, 2135.00000000, 2, '', '', 655, 2, NULL, 0, 0),
(237, 'PAY2010-0230', 1, '2021-01-27 22:02:57', '2021-01-27 21:02:58', '2020-10-02 12:00:00', 4936.80000000, 4936.80000000, 2, '', '', 656, 2, NULL, 0, 0),
(238, 'PAY2102-0231', 1, '2021-02-04 11:44:18', '2021-02-04 10:44:18', '2021-02-04 12:00:00', 840.00000000, 840.00000000, 2, '', '', 657, 1, NULL, 0, 0),
(239, 'PAY2102-0232', 1, '2021-02-08 13:41:40', '2021-02-08 12:41:41', '2021-02-08 12:00:00', 11519.20000000, 11519.20000000, 2, '', '', 658, 2, NULL, 0, 0),
(240, 'PAY2102-0233', 1, '2021-02-08 13:44:10', '2021-02-08 12:44:10', '2021-02-08 12:00:00', 10977.12000000, 10977.12000000, 7, '', '', 659, 2, NULL, 0, 0),
(241, 'PAY2101-0234', 1, '2021-02-08 13:46:15', '2021-02-08 12:46:15', '2021-01-29 12:00:00', 8140.48000000, 8140.48000000, 2, '', '', 660, 2, NULL, 0, 0),
(242, 'PAY2102-0235', 1, '2021-02-09 13:01:10', '2021-02-09 12:01:10', '2021-02-05 12:00:00', 2261.43000000, 2261.43000000, 3, 'T210201', '', 661, 1, NULL, 0, 0),
(243, 'PAY2102-0236', 1, '2021-02-09 13:02:41', '2021-02-09 12:02:41', '2021-02-09 12:00:00', 208.73000000, 208.73000000, 2, '', '', 662, 1, NULL, 0, 0),
(244, 'PAY2103-0237', 1, '2021-03-05 10:48:34', '2021-03-05 09:48:35', '2021-03-01 12:00:00', 2261.43000000, 2261.43000000, 3, 'T210301', '', 663, 1, NULL, 0, 0),
(245, 'PAY2102-0238', 1, '2021-03-05 10:50:55', '2021-03-05 09:50:55', '2021-02-26 12:00:00', 211.75000000, 211.75000000, 2, '', '', 664, 1, NULL, 0, 0),
(246, 'PAY2104-0239', 1, '2021-04-06 10:41:48', '2021-04-06 08:41:48', '2021-04-06 12:00:00', 2261.43000000, 2261.43000000, 3, 'T210401', '', 665, 1, NULL, 0, 0),
(247, 'PAY2104-0240', 1, '2021-04-08 10:49:23', '2021-04-08 08:49:23', '2021-04-08 12:00:00', 211.75000000, 211.75000000, 2, '', '', 666, 1, NULL, 0, 0),
(248, 'PAY2104-0241', 1, '2021-04-14 13:46:31', '2021-04-14 11:46:31', '2021-04-13 12:00:00', 653.40000000, 653.40000000, 2, '', '', 667, 1, NULL, 0, 0),
(249, 'PAY2105-0242', 1, '2021-05-05 09:38:38', '2021-05-05 07:38:38', '2021-05-03 12:00:00', 2261.43000000, 2261.43000000, 3, 'T210501', '', 668, 1, NULL, 0, 0),
(250, 'PAY2105-0243', 1, '2021-05-06 17:10:12', '2021-05-06 15:10:12', '2021-05-06 12:00:00', 4053.50000000, 4053.50000000, 2, '', '', 669, 1, NULL, 0, 0),
(251, 'PAY2104-0244', 1, '2021-05-06 17:10:41', '2021-05-06 15:10:41', '2021-04-19 12:00:00', 2700.00000000, 2700.00000000, 2, '', '', 670, 1, NULL, 0, 0),
(252, 'PAY2105-0245', 1, '2021-05-11 20:01:31', '2021-05-11 18:01:32', '2021-05-07 12:00:00', 10193.04000000, 10193.04000000, 2, '', '', 671, 1, NULL, 0, 0),
(253, 'PAY2105-0246', 1, '2021-05-24 10:14:25', '2021-05-24 08:14:26', '2021-05-21 12:00:00', 211.75000000, 211.75000000, 2, '', '', 672, 1, NULL, 0, 0),
(254, 'PAY2105-0247', 1, '2021-05-24 10:14:50', '2021-05-24 08:14:51', '2021-05-21 12:00:00', 211.75000000, 211.75000000, 2, '', '', 673, 1, NULL, 0, 0),
(255, 'PAY2106-0248', 1, '2021-06-02 12:04:15', '2021-06-02 10:04:15', '2021-06-01 12:00:00', 2261.43000000, 2261.43000000, 3, 'T210601', '', 674, 1, NULL, 0, 0),
(256, 'PAY2106-0249', 1, '2021-06-25 10:50:08', '2021-06-25 08:50:08', '2021-06-25 12:00:00', 6011.28000000, 6011.28000000, 2, '', '', 675, 1, NULL, 0, 0),
(257, 'PAY2106-0250', 1, '2021-06-30 12:36:12', '2021-06-30 10:36:11', '2021-06-30 12:00:00', 2140.00000000, 2140.00000000, 2, '', '', 676, 2, NULL, 0, 0),
(258, 'PAY2107-0251', 1, '2021-07-06 12:54:40', '2021-07-06 10:54:39', '2021-07-05 12:00:00', 2154.27000000, 2154.27000000, 3, 'T210701', '', 677, 1, NULL, 0, 0),
(259, 'PAY2107-0252', 1, '2021-07-26 10:56:38', '2021-07-26 08:56:36', '2021-07-26 12:00:00', 5749.92000000, 5749.92000000, 7, '', '', 678, 1, NULL, 0, 0),
(261, 'PAY2108-0253', 1, '2021-08-03 09:18:23', '2021-08-03 07:18:21', '2021-08-03 12:00:00', 2000.00000000, 2000.00000000, 2, '', '', 680, 2, NULL, 0, 0),
(262, 'PAY2108-0254', 1, '2021-08-04 11:09:48', '2021-08-04 09:09:46', '2021-08-03 12:00:00', 423.50000000, 423.50000000, 2, '', '', 681, 1, NULL, 0, 0),
(263, 'PAY2108-0255', 1, '2021-08-04 11:10:46', '2021-08-04 09:10:44', '2021-08-02 12:00:00', 1686.00000000, 1686.00000000, 3, 'T210801', '', 682, 1, NULL, 0, 0),
(264, 'PAY2108-0256', 1, '2021-08-04 11:14:36', '2021-08-04 09:14:34', '2021-08-04 12:00:00', 6379.99000000, 6379.99000000, 2, '', '', 683, 1, NULL, 0, 0),
(265, 'PAY2108-0257', 1, '2021-08-20 10:58:33', '2021-08-20 08:58:31', '2021-08-16 12:00:00', 5488.56000000, 5488.56000000, 2, '', '', 684, 1, NULL, 0, 0),
(266, 'PAY2109-0258', 1, '2021-09-07 11:56:29', '2021-09-07 09:56:26', '2021-09-02 12:00:00', 1529.91000000, 1529.91000000, 3, 'T210901', '', 685, 1, NULL, 0, 0),
(267, 'PAY2109-0259', 1, '2021-09-27 12:05:23', '2021-09-27 10:05:24', '2021-09-27 12:00:00', 423.50000000, 423.50000000, 2, '', '', 686, 1, NULL, 0, 0),
(268, 'PAY2109-0260', 1, '2021-09-27 12:06:25', '2021-09-27 10:06:25', '2021-09-27 12:00:00', 5227.20000000, 5227.20000000, 7, '', '', 687, 1, NULL, 0, 0),
(269, 'PAY2110-0261', 1, '2021-10-04 10:45:30', '2021-10-04 08:45:31', '2021-10-04 12:00:00', 2102.24000000, 2102.24000000, 3, 'T211001', '', 688, 1, NULL, 0, 0),
(270, 'PAY2111-0262', 1, '2021-11-02 09:34:44', '2021-11-02 08:34:45', '2021-11-01 12:00:00', 5749.92000000, 5749.92000000, 2, '', '', 689, 1, NULL, 0, 0),
(271, 'PAY2111-0263', 1, '2021-11-03 15:49:00', '2021-11-03 14:49:01', '2021-11-02 12:00:00', 1529.91000000, 1529.91000000, 3, 'T211101', '', 690, 1, NULL, 0, 0),
(272, 'PAY2111-0264', 1, '2021-11-30 12:35:04', '2021-11-30 11:35:04', '2021-11-29 12:00:00', 5749.92000000, 5749.92000000, 2, '', '', 691, 1, NULL, 0, 0),
(273, 'PAY2112-0265', 1, '2021-12-02 13:39:26', '2021-12-02 12:39:26', '2021-12-02 12:00:00', 1529.91000000, 1529.91000000, 3, 'T211201', '', 692, 1, NULL, 0, 0),
(274, 'PAY2112-0266', 1, '2021-12-03 22:19:20', '2021-12-03 21:19:21', '2021-12-02 12:00:00', 211.75000000, 211.75000000, 2, '', '', 693, 1, NULL, 0, 0),
(275, 'PAY2112-0267', 1, '2021-12-09 09:38:57', '2021-12-09 08:39:00', '2021-12-07 12:00:00', 1051.63000000, 1051.63000000, 2, '', '', 694, 1, NULL, 0, 0),
(276, 'PAY2112-0268', 1, '2021-12-23 17:02:59', '2021-12-23 16:02:59', '2021-12-21 12:00:00', 10454.40000000, 10454.40000000, 2, '', '', 695, 1, NULL, 0, 0),
(277, 'PAY2201-0269', 1, '2022-01-06 16:03:42', '2022-01-06 15:03:42', '2022-01-04 12:00:00', 1529.91000000, 1529.91000000, 3, 'T220101', '', 696, 1, NULL, 0, 0),
(278, 'PAY2201-0270', 1, '2022-01-11 11:14:51', '2022-01-11 10:14:52', '2022-01-11 12:00:00', 211.75000000, 211.75000000, 2, '', '', 697, 1, NULL, 0, 0),
(279, 'PAY2201-0271', 1, '2022-01-11 11:15:18', '2022-01-11 10:15:18', '2022-01-11 12:00:00', 211.75000000, 211.75000000, 2, '', '', 698, 1, NULL, 0, 0),
(280, 'PAY2112-0272', 1, '2022-01-11 12:05:36', '2022-01-11 11:05:36', '2021-12-29 12:00:00', 2395.80000000, 2395.80000000, 2, '', '', 699, 2, NULL, 0, 0),
(281, 'PAY2202-0273', 1, '2022-02-03 11:32:50', '2022-02-03 10:32:50', '2022-02-01 12:00:00', 1529.91000000, 1529.91000000, 3, 'T220201', '', 700, 1, NULL, 0, 0),
(282, 'PAY2202-0274', 1, '2022-02-03 11:50:42', '2022-02-03 10:50:42', '2022-02-02 12:00:00', 5749.92000000, 5749.92000000, 2, '', '', 701, 1, NULL, 0, 0),
(283, 'PAY2203-0275', 1, '2022-03-01 12:19:08', '2022-03-01 11:19:10', '2022-03-01 12:00:00', 10142.22000000, 10142.22000000, 2, '', '', 702, 1, NULL, 0, 0),
(284, 'PAY2203-0276', 1, '2022-03-02 08:59:27', '2022-03-02 07:59:28', '2022-03-02 12:00:00', 1529.91000000, 1529.91000000, 3, 'T220301', '', 703, 1, NULL, 0, 0),
(285, 'PAY2203-0277', 1, '2022-03-28 10:05:53', '2022-03-28 08:05:57', '2022-03-24 12:00:00', 7506.84000000, 7506.84000000, 2, '', '', 704, 1, NULL, 0, 0),
(286, 'PAY2204-0278', 1, '2022-04-01 12:08:12', '2022-04-01 10:08:16', '2022-04-01 12:00:00', 211.75000000, 211.75000000, 2, '', '', 705, 1, NULL, 0, 0),
(287, 'PAY2204-0279', 1, '2022-04-01 12:08:38', '2022-04-01 10:08:41', '2022-04-01 12:00:00', 211.75000000, 211.75000000, 2, '', '', 706, 1, NULL, 0, 0),
(288, 'PAY2204-0280', 1, '2022-04-04 10:34:02', '2022-04-04 08:34:06', '2022-04-01 12:00:00', 1529.91000000, 1529.91000000, 3, 'T220401', '', 707, 1, NULL, 0, 0),
(289, 'PAY2204-0281', 1, '2022-04-05 18:52:03', '2022-04-05 16:52:07', '2022-04-05 12:00:00', 288.35000000, 288.35000000, 3, 'T220402', '', 708, 1, NULL, 0, 0),
(290, 'PAY2205-0282', 1, '2022-05-03 21:36:48', '2022-05-03 19:37:05', '2022-05-03 12:00:00', 1714.19000000, 1714.19000000, 3, 'T220501', '', 709, 1, NULL, 0, 0),
(291, 'PAY2205-0283', 1, '2022-05-09 10:51:55', '2022-05-09 08:52:47', '2022-05-09 12:00:00', 8345.37000000, 8345.37000000, 2, '', '', 710, 1, NULL, 0, 0),
(292, 'PAY2206-0284', 1, '2022-06-02 17:49:34', '2022-06-02 15:49:34', '2022-06-02 12:00:00', 1686.00000000, 1686.00000000, 3, 'T220601', '', 711, 1, NULL, 0, 0),
(293, 'PAY2206-0285', 1, '2022-06-03 18:42:19', '2022-06-03 16:42:20', '2022-06-03 12:00:00', 423.50000000, 423.50000000, 2, '', '', 712, 1, NULL, 0, 0),
(294, 'PAY2206-0286', 1, '2022-06-09 10:49:03', '2022-06-09 08:49:41', '2022-06-09 12:00:00', 9463.41000000, 9463.41000000, 2, '', '', 713, 1, NULL, 0, 0),
(295, 'PAY2206-0287', 1, '2022-06-30 21:34:44', '2022-06-30 19:35:22', '2022-06-29 12:00:00', 7566.74000000, 7566.74000000, 2, '', '', 714, 1, NULL, 0, 0),
(296, 'PAY2207-0288', 1, '2022-07-05 07:13:45', '2022-07-05 05:14:22', '2022-07-04 12:00:00', 1529.91000000, 1529.91000000, 3, 'T220701', '', 715, 1, NULL, 0, 0),
(297, 'PAY2207-0289', 1, '2022-07-27 09:53:16', '2022-07-27 07:53:54', '2022-07-18 12:00:00', 435.60000000, 435.60000000, 2, '', '', 716, 2, NULL, 0, 0),
(298, 'PAY2207-0290', 1, '2022-08-01 09:34:20', '2022-08-01 07:34:58', '2022-07-14 12:00:00', 12378.30000000, 12378.30000000, 2, '', '', 717, 2, NULL, 0, 0),
(299, 'PAY2208-0291', 1, '2022-08-04 13:15:52', '2022-08-04 11:16:30', '2022-08-02 12:00:00', 1714.19000000, 1714.19000000, 3, 'T220801', '', 718, 1, NULL, 0, 0),
(300, 'PAY2208-0292', 1, '2022-08-04 13:16:53', '2022-08-04 11:17:30', '2022-08-03 12:00:00', 423.50000000, 423.50000000, 2, '', '', 719, 1, NULL, 0, 0),
(301, 'PAY2208-0293', 1, '2022-08-04 13:17:51', '2022-08-04 11:18:28', '2022-08-04 12:00:00', 3005.64000000, 3005.64000000, 2, '', '', 720, 1, NULL, 0, 0),
(302, 'PAY2209-0294', 1, '2022-09-01 16:22:26', '2022-09-01 14:22:27', '2022-09-01 12:00:00', 15732.42000000, 15732.42000000, 2, '', '', 721, 1, NULL, 0, 0),
(303, 'PAY2209-0295', 1, '2022-09-08 17:10:45', '2022-09-08 15:10:47', '2022-09-08 12:00:00', 58.08000000, 58.08000000, 2, '', '', 722, 2, NULL, 0, 0),
(305, 'PAY2209-0297', 1, '2022-09-23 00:22:05', '2022-09-22 22:22:31', '2022-09-22 12:00:00', 13855.71000000, 13855.71000000, 2, '', '', 724, 1, NULL, 0, 0),
(306, 'PAY2209-0298', 1, '2022-10-10 07:18:40', '2022-10-10 05:18:40', '2022-09-05 12:00:00', 1529.91000000, 1529.91000000, 3, 'T220901', '', 725, 1, NULL, 0, 0),
(307, 'PAY2210-0299', 1, '2022-10-11 08:15:43', '2022-10-11 06:15:44', '2022-10-10 12:00:00', 58.08000000, 58.08000000, 2, '', '', 726, 1, NULL, 0, 0),
(308, 'PAY2210-0300', 1, '2022-10-11 08:16:27', '2022-10-11 06:16:27', '2022-10-10 12:00:00', 1529.91000000, 1529.91000000, 3, 'T221001', '', 727, 1, NULL, 0, 0),
(309, 'PAY2210-0301', 1, '2022-10-18 13:24:14', '2022-10-18 11:24:14', '2022-10-18 12:00:00', 635.25000000, 635.25000000, 2, '', '', 728, 2, NULL, 0, 0),
(310, 'PAY2210-0302', 1, '2022-10-20 13:07:16', '2022-10-20 11:07:17', '2022-10-20 12:00:00', 11579.70000000, 11579.70000000, 2, '', '', 729, 1, NULL, 0, 0),
(311, 'PAY2210-0303', 1, '2022-10-21 10:47:41', '2022-10-21 08:47:42', '2022-10-07 12:00:00', 14261.54000000, 14261.54000000, 2, '', '', 730, 2, NULL, 0, 0),
(312, 'PAY2104-0304', 1, '2022-10-21 10:52:13', '2022-10-21 08:52:13', '2021-04-30 12:00:00', 8140.48000000, 8140.48000000, 2, '', '', 731, 2, NULL, 0, 0),
(313, 'PAY2211-0305', 1, '2022-11-03 15:11:34', '2022-11-03 14:11:34', '2022-11-03 12:00:00', 7130.77000000, 7130.77000000, 2, '', '', 732, 2, NULL, 0, 0),
(314, 'PAY2211-0306', 1, '2022-11-04 10:30:30', '2022-11-04 09:30:30', '2022-11-04 12:00:00', 58.08000000, 58.08000000, 2, '', '', 733, 2, NULL, 0, 0),
(315, 'PAY2211-0307', 1, '2022-11-09 18:34:29', '2022-11-09 17:34:29', '2022-11-08 12:00:00', 1529.91000000, 1529.91000000, 3, 'T221101', '', 734, 1, NULL, 0, 0),
(316, 'PAY2211-0308', 1, '2022-11-10 11:32:37', '2022-11-10 10:32:37', '2022-11-10 12:00:00', 423.50000000, 423.50000000, 2, '', '', 735, 1, NULL, 0, 0),
(317, 'PAY2212-0309', 1, '2022-12-02 11:07:16', '2022-12-02 10:07:17', '2022-12-02 12:00:00', 13496.34000000, 13496.34000000, 2, '', '', 736, 1, NULL, 0, 0),
(318, 'PAY2212-0310', 1, '2022-12-12 16:19:44', '2022-12-12 15:19:43', '2022-12-06 12:00:00', 58.08000000, 58.08000000, 2, '', '', 737, 1, NULL, 0, 0),
(319, 'PAY2212-0311', 1, '2022-12-13 09:38:08', '2022-12-13 08:38:07', '2022-12-13 12:00:00', 1529.91000000, 1529.91000000, 3, 'T221201', '', 738, 1, NULL, 0, 0),
(320, 'PAY2212-0312', 1, '2022-12-19 08:03:27', '2022-12-19 07:03:26', '2022-12-19 12:00:00', 1038.18000000, 1038.18000000, 2, '', '', 739, 1, NULL, 0, 0),
(321, 'PAY2301-0313', 1, '2023-01-07 14:38:38', '2023-01-07 13:38:36', '2023-01-06 12:00:00', 211.75000000, 211.75000000, 2, '', '', 740, 1, NULL, 0, 0),
(322, 'PAY2301-0314', 1, '2023-01-07 14:39:06', '2023-01-07 13:39:04', '2023-01-06 12:00:00', 211.75000000, 211.75000000, 2, '', '', 741, 1, NULL, 0, 0),
(323, 'PAY2301-0315', 1, '2023-01-07 14:40:04', '2023-01-07 13:40:02', '2023-01-04 12:00:00', 58.08000000, 58.08000000, 2, '', '', 742, 1, NULL, 0, 0),
(324, 'PAY2301-0316', 1, '2023-01-07 14:41:03', '2023-01-07 13:41:01', '2023-01-09 12:00:00', 1529.91000000, 1529.91000000, 3, 'T230101', '', 743, 1, NULL, 0, 0),
(325, 'PAY2301-0317', 1, '2023-01-30 09:20:50', '2023-01-30 08:20:48', '2023-01-30 12:00:00', 638.88000000, 638.88000000, 2, '', '', 744, 1, NULL, 0, 0),
(326, 'PAY2212-0318', 1, '2023-02-02 12:55:25', '2023-02-02 11:55:24', '2022-12-30 12:00:00', 15509.18000000, 15509.18000000, 2, '', '', 745, 1, NULL, 0, 0),
(327, 'PAY2302-0319', 1, '2023-02-02 13:04:41', '2023-02-02 12:04:40', '2023-02-02 12:00:00', 11088.44000000, 11088.44000000, 2, '', '', 746, 1, NULL, 0, 0),
(329, 'PAY2302-0321', 1, '2023-02-24 18:38:18', '2023-02-24 17:38:15', '2023-02-16 12:00:00', 2355.87000000, 2355.87000000, 2, '', '', 748, 1, NULL, 0, 0),
(330, 'PAY2302-0322', 1, '2023-02-24 18:39:49', '2023-02-24 17:39:45', '2023-02-22 12:00:00', 58.08000000, 58.08000000, 2, '', '', 749, 1, NULL, 0, 0),
(331, 'PAY2302-0323', 1, '2023-02-24 18:40:59', '2023-02-24 17:40:56', '2023-02-13 12:00:00', 60.50000000, 60.50000000, 2, '', '', 750, 1, NULL, 0, 0),
(332, 'PAY2302-0324', 1, '2023-03-01 19:15:30', '2023-03-01 18:15:26', '2023-02-07 12:00:00', 1529.91000000, 1529.91000000, 3, 'T230201', '', 751, 1, NULL, 0, 0),
(333, 'PAY2303-0325', 1, '2023-03-02 08:21:29', '2023-03-02 07:21:26', '2023-03-02 12:00:00', 9517.86000000, 9517.86000000, 2, '', '', 752, 1, NULL, 0, 0),
(334, 'PAY2303-0326', 1, '2023-03-30 14:27:37', '2023-03-30 12:27:44', '2023-03-30 12:00:00', 211.75000000, 211.75000000, 2, '', '', 753, 1, NULL, 0, 0),
(335, 'PAY2303-0327', 1, '2023-03-30 14:27:56', '2023-03-30 12:28:03', '2023-03-30 12:00:00', 211.75000000, 211.75000000, 2, '', '', 754, 1, NULL, 0, 0),
(336, 'PAY2303-0328', 1, '2023-04-05 19:08:09', '2023-04-05 17:08:19', '2023-03-03 12:00:00', 1529.91000000, 1529.91000000, 3, 'T230301', '', 755, 1, NULL, 0, 0),
(337, 'PAY2304-0329', 1, '2023-04-13 15:08:43', '2023-04-13 13:08:43', '2023-04-13 12:00:00', 17939.46000000, 17939.46000000, 2, '', '', 756, 1, NULL, 0, 0),
(338, 'PAY2304-0330', 1, '2023-04-13 15:10:45', '2023-04-13 13:10:45', '2023-04-11 12:00:00', 1529.91000000, 1529.91000000, 3, 'T230401', '', 757, 1, NULL, 0, 0),
(339, 'PAY2304-0331', 1, '2023-04-28 08:18:43', '2023-04-28 06:18:42', '2023-04-27 12:00:00', 239.58000000, 239.58000000, 2, '', '', 758, 1, NULL, 0, 0),
(340, 'PAY2304-0332', 1, '2023-04-28 08:24:26', '2023-04-28 06:24:25', '2023-04-18 12:00:00', 116.16000000, 116.16000000, 2, '', '', 759, 1, NULL, 0, 0),
(341, 'PAY2305-0333', 1, '2023-05-05 13:44:17', '2023-05-05 11:44:17', '2023-05-02 12:00:00', 13178.11000000, 13178.11000000, 2, '', '', 760, 1, NULL, 0, 0),
(342, 'PAY2306-0334', 1, '2023-06-06 07:19:51', '2023-06-06 05:19:55', '2023-06-01 12:00:00', 11728.53000000, 11728.53000000, 2, '', '', 761, 1, NULL, 0, 0),
(343, 'PAY2305-0335', 1, '2023-06-06 07:22:08', '2023-06-06 05:22:10', '2023-05-08 12:00:00', 1529.91000000, 1529.91000000, 3, 'T230501', '', 762, 1, NULL, 0, 0),
(344, 'PAY2305-0336', 1, '2023-06-06 07:23:49', '2023-06-06 05:23:50', '2023-05-29 12:00:00', 211.75000000, 211.75000000, 2, '', '', 763, 1, NULL, 0, 0);
INSERT INTO `b67182907_paiement` (`rowid`, `ref`, `entity`, `datec`, `tms`, `datep`, `amount`, `multicurrency_amount`, `fk_paiement`, `num_paiement`, `note`, `fk_bank`, `fk_user_creat`, `fk_user_modif`, `statut`, `fk_export_compta`) VALUES
(345, 'PAY2306-0337', 1, '2023-06-15 08:55:15', '2023-06-15 06:55:14', '2023-06-07 12:00:00', 58.08000000, 58.08000000, 2, '', '', 764, 1, NULL, 0, 0),
(346, 'PAY2306-0338', 1, '2023-06-15 08:55:32', '2023-06-15 06:55:32', '2023-06-14 12:00:00', 58.08000000, 58.08000000, 2, '', '', 765, 1, NULL, 0, 0),
(347, 'PAY2306-0339', 1, '2023-06-15 08:57:39', '2023-06-15 06:57:38', '2023-06-07 12:00:00', 1529.91000000, 1529.91000000, 3, 'T230601', '', 766, 1, NULL, 0, 0),
(348, 'PAY2306-0340', 1, '2023-06-30 01:57:18', '2023-06-29 23:57:24', '2023-06-29 12:00:00', 11691.02000000, 11691.02000000, 2, '', '', 767, 1, NULL, 0, 0),
(349, 'PAY2307-0341', 1, '2023-07-18 14:40:06', '2023-07-18 12:40:30', '2023-07-13 12:00:00', 211.75000000, 211.75000000, 2, '', '', 768, 1, NULL, 0, 0),
(350, 'PAY2307-0342', 1, '2023-07-18 14:40:26', '2023-07-18 12:40:50', '2023-07-13 12:00:00', 211.75000000, 211.75000000, 2, '', '', 769, 1, NULL, 0, 0),
(351, 'PAY2307-0343', 1, '2023-07-18 14:42:11', '2023-07-18 12:42:35', '2023-07-06 12:00:00', 58.08000000, 58.08000000, 2, '', '', 770, 1, NULL, 0, 0),
(352, 'PAY2307-0344', 1, '2023-07-18 14:43:19', '2023-07-18 12:43:43', '2023-07-07 12:00:00', 1529.91000000, 1529.91000000, 3, 'T230701', '', 771, 1, NULL, 0, 0),
(353, 'PAY2307-0345', 1, '2023-07-28 13:12:47', '2023-07-28 11:13:21', '2023-07-28 12:00:00', 5203.00000000, 5203.00000000, 2, '', '', 772, 2, NULL, 0, 0),
(354, 'PAY2308-0346', 1, '2023-08-07 10:13:43', '2023-08-07 08:14:28', '2023-08-03 12:00:00', 15542.45000000, 15542.45000000, 2, '', '', 773, 1, NULL, 0, 0),
(355, 'PAY2308-0347', 1, '2023-08-08 13:17:36', '2023-08-08 11:18:21', '2023-08-08 12:00:00', 1529.91000000, 1529.91000000, 3, 'T230801', '', 774, 1, NULL, 0, 0),
(356, 'PAY2308-0348', 1, '2023-08-29 13:43:33', '2023-08-29 11:44:40', '2023-08-10 12:00:00', 58.08000000, 58.08000000, 2, '', '', 775, 1, NULL, 0, 0),
(357, 'PAY2309-0349', 1, '2023-09-06 12:48:55', '2023-09-06 10:50:10', '2023-09-06 12:00:00', 1529.91000000, 1529.91000000, 3, 'T230901', '', 776, 1, NULL, 0, 0),
(358, 'PAY2309-0350', 1, '2023-09-07 21:27:51', '2023-09-07 19:29:09', '2023-09-07 12:00:00', 12711.05000000, 12711.05000000, 2, '', '', 777, 1, NULL, 0, 0),
(359, 'PAY2310-0351', 1, '2023-10-03 13:00:17', '2023-10-03 11:00:37', '2023-10-03 12:00:00', 2341.35000000, 2341.35000000, 2, '', '', 778, 2, NULL, 0, 0),
(360, 'PAY2309-0352', 1, '2023-10-03 17:41:25', '2023-10-03 15:41:45', '2023-09-14 12:00:00', 211.75000000, 211.75000000, 2, '', '', 779, 1, NULL, 0, 0),
(361, 'PAY2310-0353', 1, '2023-10-06 12:58:54', '2023-10-06 10:59:18', '2023-10-05 12:00:00', 8999.98000000, 8999.98000000, 2, '', '', 780, 1, NULL, 0, 0),
(362, 'PAY2310-0354', 1, '2023-10-06 13:02:10', '2023-10-06 11:02:33', '2023-10-04 12:00:00', 211.75000000, 211.75000000, 2, '', '', 781, 1, NULL, 0, 0),
(363, 'PAY2310-0355', 1, '2023-10-06 13:02:38', '2023-10-06 11:03:01', '2023-10-04 12:00:00', 211.75000000, 211.75000000, 2, '', '', 782, 1, NULL, 0, 0),
(364, 'PAY2309-0356', 1, '2023-10-06 13:07:14', '2023-10-06 11:07:37', '2023-09-20 12:00:00', 58.08000000, 58.08000000, 2, '', '', 783, 1, NULL, 0, 0),
(365, 'PAY2310-0357', 1, '2023-10-06 13:07:54', '2023-10-06 11:08:17', '2023-10-04 12:00:00', 58.08000000, 58.08000000, 2, '', '', 784, 1, NULL, 0, 0),
(366, 'PAY2310-0358', 1, '2023-10-06 13:09:38', '2023-10-06 11:10:01', '2023-10-05 12:00:00', 1529.91000000, 1529.91000000, 3, 'T231001', '', 785, 1, NULL, 0, 0),
(367, 'PAY2311-0359', 1, '2023-11-14 17:31:59', '2023-11-14 16:31:59', '2023-11-09 12:00:00', 1529.91000000, 1529.91000000, 3, 'T231101', '', 786, 1, NULL, 0, 0),
(368, 'PAY2312-0360', 1, '2023-12-11 15:29:08', '2023-12-11 14:29:14', '2023-12-01 12:00:00', 11912.45000000, 11912.45000000, 2, '', '', 787, 1, NULL, 0, 0),
(369, 'PAY2312-0361', 1, '2023-12-11 15:30:16', '2023-12-11 14:30:22', '2023-12-06 12:00:00', 9941.36000000, 9941.36000000, 2, '', '', 788, 1, NULL, 0, 0),
(370, 'PAY2311-0362', 1, '2023-12-11 15:31:34', '2023-12-11 14:31:39', '2023-11-09 12:00:00', 15275.04000000, 15275.04000000, 2, '', '', 789, 1, NULL, 0, 0),
(371, 'PAY2312-0363', 1, '2023-12-11 15:32:22', '2023-12-11 14:32:27', '2023-12-05 12:00:00', 1529.91000000, 1529.91000000, 3, 'T231201', '', 790, 1, NULL, 0, 0),
(372, 'PAY2312-0364', 1, '2024-01-08 01:32:34', '2024-01-08 00:32:44', '2023-12-12 12:00:00', 423.50000000, 423.50000000, 2, '', '', 791, 1, NULL, 0, 0),
(373, 'PAY2401-0365', 1, '2024-01-25 09:22:02', '2024-01-25 08:22:15', '2024-01-11 12:00:00', 4317.89000000, 4317.89000000, 2, '', '', 792, 1, NULL, 0, 0),
(374, 'PAY2401-0366', 1, '2024-01-25 09:26:19', '2024-01-25 08:26:32', '2024-01-11 12:00:00', 755.04000000, 755.04000000, 2, '', '', 793, 1, NULL, 0, 0),
(375, 'PAY2401-0367', 1, '2024-01-25 10:00:58', '2024-01-25 09:01:10', '2024-01-09 12:00:00', 1529.91000000, 1529.91000000, 3, 'T240101', '', 794, 1, NULL, 0, 0),
(376, 'PAY2310-0368', 1, '2024-01-26 11:39:32', '2024-01-26 10:39:44', '2023-10-23 12:00:00', 5082.00000000, 5082.00000000, 2, '', '', 795, 1, NULL, 0, 0),
(377, 'PAY2402-0369', 1, '2024-02-07 00:21:38', '2024-02-06 23:22:03', '2024-02-01 12:00:00', 5428.06000000, 5428.06000000, 2, '', '', 796, 1, NULL, 0, 0),
(378, 'PAY2402-0370', 1, '2024-02-22 22:50:01', '2024-02-22 21:50:33', '2024-02-08 12:00:00', 1582.98500000, 1582.98500000, 3, 'T240201', '', 797, 1, NULL, 0, 0),
(379, 'PAY2402-0371', 1, '2024-02-22 22:53:26', '2024-02-22 21:53:59', '2024-02-14 12:00:00', 211.75000000, 211.75000000, 2, '', '', 798, 1, NULL, 0, 0),
(380, 'PAY2402-0372', 1, '2024-02-22 22:54:44', '2024-02-22 21:55:17', '2024-02-14 12:00:00', 211.75000000, 211.75000000, 2, '', '', 799, 1, NULL, 0, 0),
(381, 'PAY2402-0373', 1, '2024-02-22 22:56:45', '2024-02-22 21:57:18', '2024-02-08 12:00:00', 12581.64000000, 12581.64000000, 2, '', '', 800, 1, NULL, 0, 0),
(382, 'PAY2402-0374', 1, '2024-02-22 22:58:44', '2024-02-22 21:59:17', '2024-02-14 12:00:00', 21591.51000000, 21591.51000000, 2, '', '', 801, 1, NULL, 0, 0),
(383, 'PAY2403-0375', 1, '2024-03-03 13:49:58', '2024-03-03 12:50:33', '2024-03-01 12:00:00', 219.16500000, 219.16500000, 2, '', '', 802, 1, NULL, 0, 0),
(384, 'PAY2403-0376', 1, '2024-03-14 12:09:53', '2024-03-14 11:10:29', '2024-03-14 12:00:00', 20000.00000000, 20000.00000000, 2, '', '', 803, 2, NULL, 0, 0),
(385, 'PAY2402-0377', 1, '2024-03-14 13:48:16', '2024-03-14 12:48:52', '2024-02-13 12:00:00', 2300.00000000, 2300.00000000, 2, '', '', 804, 1, NULL, 0, 0);

-- --------------------------------------------------------

--
-- Estructura de tabla para la tabla `b67182907_paiementcharge`
--

CREATE TABLE `b67182907_paiementcharge` (
  `rowid` int NOT NULL,
  `fk_charge` int DEFAULT NULL,
  `datec` datetime DEFAULT NULL,
  `tms` timestamp NOT NULL DEFAULT CURRENT_TIMESTAMP ON UPDATE CURRENT_TIMESTAMP,
  `datep` datetime DEFAULT NULL,
  `amount` double(24,8) DEFAULT '0.00000000',
  `fk_typepaiement` int NOT NULL,
  `num_paiement` varchar(50) DEFAULT NULL,
  `note` text,
  `fk_bank` int NOT NULL,
  `fk_user_creat` int DEFAULT NULL,
  `fk_user_modif` int DEFAULT NULL
) ENGINE=InnoDB DEFAULT CHARSET=utf8mb3;

--
-- Volcado de datos para la tabla `b67182907_paiementcharge`
--

INSERT INTO `b67182907_paiementcharge` (`rowid`, `fk_charge`, `datec`, `tms`, `datep`, `amount`, `fk_typepaiement`, `num_paiement`, `note`, `fk_bank`, `fk_user_creat`, `fk_user_modif`) VALUES
(1, 1, '2018-04-25 12:32:49', '2018-04-25 10:03:42', '2018-04-20 12:00:00', 61.20000000, 3, '', '', 10, 1, NULL),
(2, 2, '2018-04-25 12:33:20', '2018-04-25 10:04:13', '2018-04-20 12:00:00', 31.34000000, 3, '', '', 11, 1, NULL),
(3, 3, '2018-07-19 20:18:02', '2018-07-19 17:45:38', '2018-04-17 12:00:00', 3.76000000, 3, '', '', 44, 1, NULL),
(4, 7, '2018-10-04 18:19:02', '2018-10-04 15:43:41', '2018-09-30 12:00:00', 613.54000000, 3, '', '', 88, 1, NULL),
(5, 8, '2018-10-04 18:19:30', '2018-10-04 15:44:09', '2018-09-30 12:00:00', 361.84000000, 3, '', '', 89, 1, NULL),
(6, 9, '2018-10-04 18:19:52', '2018-10-04 15:44:31', '2018-08-31 12:00:00', 613.54000000, 3, '', '', 90, 1, NULL),
(7, 10, '2018-10-04 18:28:27', '2018-10-04 15:53:06', '2018-07-31 12:00:00', 605.02000000, 3, '', '', 91, 1, NULL),
(8, 11, '2018-10-04 18:28:49', '2018-10-04 15:53:27', '2018-07-31 12:00:00', 342.85000000, 3, '', '', 92, 1, NULL),
(9, 4, '2018-10-22 12:23:37', '2018-10-22 09:55:50', '2018-07-01 12:00:00', 7.21000000, 3, '', '', 103, 1, NULL),
(10, 5, '2018-10-22 12:24:01', '2018-10-22 09:56:13', '2018-08-31 12:00:00', 18.62000000, 3, '', '', 104, 1, NULL),
(11, 6, '2018-10-22 12:24:24', '2018-10-22 09:56:37', '2018-09-30 12:00:00', 22.93000000, 3, '', '', 105, 1, NULL),
(12, 12, '2019-01-10 15:20:59', '2019-01-10 14:20:53', '2018-10-31 12:00:00', 445.32000000, 3, '', '', 188, 1, NULL),
(13, 13, '2019-01-10 15:21:22', '2019-01-10 14:21:16', '2018-10-31 12:00:00', 613.54000000, 3, '', '', 189, 1, NULL),
(14, 17, '2019-01-10 15:21:41', '2019-01-10 14:21:35', '2018-11-30 12:00:00', 613.54000000, 3, '', '', 190, 1, NULL),
(15, 16, '2019-01-10 15:21:55', '2019-01-10 14:21:49', '2018-11-30 12:00:00', 278.88000000, 3, '', '', 191, 1, NULL),
(16, 15, '2019-01-10 15:22:12', '2019-01-10 14:22:05', '2018-11-30 12:00:00', 312.46000000, 3, '', '', 192, 1, NULL),
(17, 14, '2019-01-10 15:22:28', '2019-01-10 14:22:22', '2018-11-30 12:00:00', 1772.62000000, 3, '', '', 193, 1, NULL),
(18, 18, '2019-01-10 15:22:43', '2019-01-10 14:22:37', '2018-12-31 12:00:00', 2283.97000000, 3, '', '', 194, 1, NULL),
(19, 19, '2019-01-10 15:22:56', '2019-01-10 14:22:50', '2018-12-31 12:00:00', 613.54000000, 3, '', '', 195, 1, NULL),
(20, 21, '2019-01-10 15:23:09', '2019-01-10 14:23:03', '2018-12-31 12:00:00', 278.88000000, 3, '', '', 196, 1, NULL),
(21, 20, '2019-01-10 15:23:23', '2019-01-10 14:23:16', '2018-12-31 12:00:00', 312.46000000, 3, '', '', 197, 1, NULL);

-- --------------------------------------------------------

--
-- Estructura de tabla para la tabla `b67182907_paiementfourn`
--

CREATE TABLE `b67182907_paiementfourn` (
  `rowid` int NOT NULL,
  `ref` varchar(30) DEFAULT NULL,
  `entity` int DEFAULT '1',
  `tms` timestamp NOT NULL DEFAULT CURRENT_TIMESTAMP ON UPDATE CURRENT_TIMESTAMP,
  `datec` datetime DEFAULT NULL,
  `datep` datetime DEFAULT NULL,
  `amount` double(24,8) DEFAULT '0.00000000',
  `multicurrency_amount` double(24,8) DEFAULT '0.00000000',
  `fk_user_author` int DEFAULT NULL,
  `fk_paiement` int NOT NULL,
  `num_paiement` varchar(50) DEFAULT NULL,
  `note` text,
  `fk_bank` int NOT NULL,
  `statut` smallint NOT NULL DEFAULT '0',
  `model_pdf` varchar(255) DEFAULT NULL
) ENGINE=InnoDB DEFAULT CHARSET=utf8mb3;

--
-- Volcado de datos para la tabla `b67182907_paiementfourn`
--

INSERT INTO `b67182907_paiementfourn` (`rowid`, `ref`, `entity`, `tms`, `datec`, `datep`, `amount`, `multicurrency_amount`, `fk_user_author`, `fk_paiement`, `num_paiement`, `note`, `fk_bank`, `statut`, `model_pdf`) VALUES
(1, 'SPAY1804-0001', 1, '2018-04-10 08:11:35', '2018-04-10 10:40:06', '2018-04-10 12:00:00', 221.47000000, 221.47000000, 1, 4, '', '', 4, 0, NULL),
(2, 'SPAY1804-0002', 1, '2018-04-10 08:12:09', '2018-04-10 10:40:41', '2018-04-10 12:00:00', 432.59000000, 432.59000000, 1, 4, '', '', 5, 0, NULL),
(3, 'SPAY1804-0003', 1, '2018-04-10 08:18:30', '2018-04-10 10:47:02', '2018-04-10 12:00:00', 9.98000000, 9.98000000, 1, 4, '', '', 6, 0, NULL),
(4, 'SPAY1804-0004', 1, '2018-04-17 12:27:40', '2018-04-17 14:56:28', '2018-04-17 12:00:00', 266.20000000, 266.20000000, 1, 3, '', '', 9, 0, NULL),
(5, 'SPAY1805-0005', 1, '2018-05-15 14:26:42', '2018-05-15 16:56:36', '2018-05-15 12:00:00', 116.13000000, 116.13000000, 1, 3, '', '', 14, 0, NULL),
(8, 'SPAY1806-0008', 1, '2018-06-04 13:29:52', '2018-06-04 16:00:32', '2018-06-04 12:00:00', 990.00000000, 990.00000000, 1, 2, '', '', 19, 0, NULL),
(9, 'SPAY1806-0009', 1, '2018-06-18 11:13:26', '2018-06-18 13:44:39', '2018-06-18 12:00:00', 299.48000000, 299.48000000, 1, 3, '', '', 20, 0, NULL),
(11, 'SPAY1806-0010', 1, '2018-07-03 10:16:04', '2018-07-03 12:47:51', '2018-06-22 12:00:00', 30.25000000, 30.25000000, 1, 2, '', '', 29, 0, NULL),
(12, 'SPAY1807-0011', 1, '2018-07-04 10:06:10', '2018-07-04 12:37:59', '2018-07-04 12:00:00', 7.29000000, 7.29000000, 1, 3, '', '', 31, 0, NULL),
(13, 'SPAY1807-0012', 1, '2018-07-04 15:04:15', '2018-07-04 17:36:04', '2018-07-04 12:00:00', 208.68000000, 208.68000000, 1, 2, '', '', 35, 0, NULL),
(14, 'SPAY1807-0013', 1, '2018-07-05 10:46:51', '2018-07-05 13:18:43', '2018-07-05 12:00:00', 598.95000000, 598.95000000, 1, 3, '', '', 36, 0, NULL),
(15, 'SPAY1806-0014', 1, '2018-07-18 08:18:47', '2018-07-18 10:51:09', '2018-06-25 12:00:00', 70.00000000, 70.00000000, 1, 2, '', '', 41, 0, NULL),
(16, 'SPAY1807-0015', 1, '2018-07-18 08:24:29', '2018-07-18 10:56:50', '2018-07-17 12:00:00', -17.83000000, -17.83000000, 1, 4, '', '', 42, 0, NULL),
(17, 'SPAY1807-0016', 1, '2018-07-25 13:33:00', '2018-07-25 16:05:37', '2018-07-25 12:00:00', 32.00000000, 32.00000000, 1, 6, '', '', 45, 0, NULL),
(18, 'SPAY1808-0017', 1, '2018-10-04 14:17:17', '2018-10-04 16:52:38', '2018-08-10 12:00:00', 181.40000000, 181.40000000, 1, 3, '', '', 77, 0, NULL),
(19, 'SPAY1809-0018', 1, '2018-10-04 14:18:05', '2018-10-04 16:53:27', '2018-09-14 12:00:00', 181.40000000, 181.40000000, 1, 3, '', '', 78, 0, NULL),
(20, 'SPAY1810-0019', 1, '2018-10-04 14:19:27', '2018-10-04 16:54:48', '2018-10-04 12:00:00', 32.30000000, 32.30000000, 1, 3, '', '', 79, 0, NULL),
(21, 'SPAY1808-0020', 1, '2018-10-04 14:20:20', '2018-10-04 16:55:42', '2018-08-06 12:00:00', 32.30000000, 32.30000000, 1, 3, '', '', 80, 0, NULL),
(22, 'SPAY1809-0021', 1, '2018-10-04 14:20:52', '2018-10-04 16:56:13', '2018-09-04 12:00:00', 32.30000000, 32.30000000, 1, 3, '', '', 81, 0, NULL),
(23, 'SPAY1809-0022', 1, '2018-10-04 14:21:38', '2018-10-04 16:57:00', '2018-09-05 12:00:00', 598.95000000, 598.95000000, 1, 3, '', '', 82, 0, NULL),
(24, 'SPAY1808-0023', 1, '2018-10-04 14:22:13', '2018-10-04 16:57:34', '2018-08-06 12:00:00', 598.95000000, 598.95000000, 1, 3, '', '', 83, 0, NULL),
(25, 'SPAY1808-0024', 1, '2018-10-04 14:23:04', '2018-10-04 16:58:25', '2018-08-30 12:00:00', 164.96000000, 164.96000000, 1, 3, '', '', 84, 0, NULL),
(26, 'SPAY1810-0025', 1, '2018-10-10 11:59:27', '2018-10-10 14:35:02', '2018-10-08 12:00:00', 598.95000000, 598.95000000, 1, 3, '', '', 99, 0, NULL),
(27, 'SPAY1810-0026', 1, '2018-10-31 12:29:18', '2018-10-31 13:57:26', '2018-10-26 12:00:00', 3000.00000000, 3000.00000000, 1, 2, '', '', 109, 0, NULL),
(28, 'SPAY1810-0027', 1, '2018-10-31 13:56:37', '2018-10-31 15:24:45', '2018-10-31 12:00:00', 3579.38000000, 3579.38000000, 1, 2, '', '', 110, 0, NULL),
(29, 'SPAY1810-0028', 1, '2018-10-31 13:59:29', '2018-10-31 15:27:36', '2018-10-31 12:00:00', 2984.96000000, 2984.96000000, 1, 2, '', '', 111, 0, NULL),
(30, 'SPAY1809-0029', 1, '2018-11-06 15:24:05', '2018-11-06 16:52:26', '2018-09-30 12:00:00', 0.18000000, 0.18000000, 1, 4, '', '', 112, 0, NULL),
(31, 'SPAY1811-0030', 1, '2018-11-13 15:27:33', '2018-11-13 16:56:10', '2018-11-12 12:00:00', 270.68000000, 270.68000000, 1, 3, '', '', 115, 0, NULL),
(32, 'SPAY1811-0031', 1, '2018-11-28 18:14:17', '2018-11-28 19:43:27', '2018-11-28 12:00:00', 3000.00000000, 3000.00000000, 1, 2, '', '', 126, 0, NULL),
(33, 'SPAY1812-0032', 1, '2018-12-03 11:15:40', '2018-12-03 12:45:01', '2018-12-03 12:00:00', 2306.56000000, 2306.56000000, 1, 2, '', '', 128, 0, NULL),
(34, 'SPAY1812-0033', 1, '2018-12-12 10:16:28', '2018-12-12 11:46:09', '2018-12-12 12:00:00', 3025.80000000, 3025.80000000, 1, 2, '', '', 135, 0, NULL),
(35, 'SPAY1812-0034', 1, '2018-12-20 11:10:58', '2018-12-20 12:40:57', '2018-12-20 12:00:00', 1156.97000000, 1156.97000000, 1, 2, '', '', 140, 0, NULL),
(36, 'SPAY1810-0035', 1, '2018-12-24 15:50:36', '2018-12-24 17:20:44', '2018-10-26 12:00:00', 13.05000000, 13.05000000, 1, 4, '', '', 147, 0, NULL),
(37, 'SPAY1810-0036', 1, '2018-12-24 15:55:20', '2018-12-24 17:25:28', '2018-10-31 12:00:00', 21.45000000, 21.45000000, 1, 4, '', '', 148, 0, NULL),
(38, 'SPAY1811-0037', 1, '2018-12-24 15:57:18', '2018-12-24 17:27:26', '2018-11-11 12:00:00', 34.65000000, 34.65000000, 1, 4, '', '', 149, 0, NULL),
(39, 'SPAY1811-0038', 1, '2018-12-24 16:00:37', '2018-12-24 17:30:45', '2018-11-16 12:00:00', 7.30000000, 7.30000000, 1, 4, '', '', 150, 0, NULL),
(40, 'SPAY1810-0039', 1, '2018-12-24 17:03:08', '2018-12-24 18:33:16', '2018-10-30 12:00:00', 105.14000000, 105.14000000, 1, 3, '', '', 151, 0, NULL),
(41, 'SPAY1811-0040', 1, '2018-12-24 17:04:06', '2018-12-24 18:34:14', '2018-11-06 12:00:00', 702.99000000, 702.99000000, 1, 3, '', '', 152, 0, NULL),
(42, 'SPAY1811-0041', 1, '2018-12-24 17:04:47', '2018-12-24 18:34:55', '2018-11-05 12:00:00', 598.95000000, 598.95000000, 1, 3, '', '', 153, 0, NULL),
(43, 'SPAY1811-0042', 1, '2018-12-24 17:05:34', '2018-12-24 18:35:42', '2018-11-05 12:00:00', 34.67000000, 34.67000000, 1, 3, '', '', 154, 0, NULL),
(44, 'SPAY1812-0043', 1, '2018-12-24 17:06:37', '2018-12-24 18:36:45', '2018-12-10 12:00:00', 270.68000000, 270.68000000, 1, 3, '', '', 155, 0, NULL),
(45, 'SPAY1812-0044', 1, '2018-12-24 17:07:25', '2018-12-24 18:37:33', '2018-12-05 12:00:00', 492.52000000, 492.52000000, 1, 3, '', '', 156, 0, NULL),
(46, 'SPAY1812-0045', 1, '2018-12-24 17:08:03', '2018-12-24 18:38:11', '2018-12-06 12:00:00', 598.95000000, 598.95000000, 1, 3, '', '', 157, 0, NULL),
(47, 'SPAY1812-0046', 1, '2018-12-24 17:08:43', '2018-12-24 18:38:51', '2018-12-04 12:00:00', 32.30000000, 32.30000000, 1, 3, '', '', 158, 0, NULL),
(48, 'SPAY1812-0047', 1, '2018-12-28 10:18:40', '2018-12-28 11:18:48', '2018-12-28 12:00:00', 101.14000000, 101.14000000, 1, 3, '', '', 162, 0, NULL),
(49, 'SPAY1812-0048', 1, '2018-12-28 13:31:23', '2018-12-28 14:31:32', '2018-12-28 12:00:00', 5082.00000000, 5082.00000000, 1, 2, '', '', 163, 0, NULL),
(50, 'SPAY1901-0049', 1, '2019-01-07 11:11:15', '2019-01-07 12:11:47', '2019-01-07 12:00:00', 598.95000000, 598.95000000, 1, 3, '', '', 165, 0, NULL),
(51, 'SPAY1901-0050', 1, '2019-01-10 12:24:38', '2019-01-10 13:24:44', '2019-01-10 12:00:00', 71.92000000, 71.92000000, 1, 3, '', '', 166, 0, NULL),
(52, 'SPAY1901-0051', 1, '2019-01-10 12:24:52', '2019-01-10 13:24:58', '2019-01-10 12:00:00', 285.08000000, 285.08000000, 1, 3, '', '', 167, 0, NULL),
(53, 'SPAY1902-0052', 1, '2019-02-18 11:36:30', '2019-02-18 12:36:31', '2019-02-18 12:00:00', 3171.00000000, 3171.00000000, 1, 2, '', '', 221, 0, NULL),
(54, 'SPAY1902-0053', 1, '2019-02-18 13:06:54', '2019-02-18 14:06:56', '2019-02-13 12:00:00', 523.98000000, 523.98000000, 1, 4, '', '', 222, 0, NULL),
(55, 'SPAY1902-0054', 1, '2019-02-19 14:56:06', '2019-02-19 15:56:09', '2019-02-18 12:00:00', 185.98000000, 185.98000000, 1, 4, '', '', 224, 0, NULL),
(56, 'SPAY1902-0055', 1, '2019-02-28 18:02:56', '2019-02-28 19:02:58', '2019-02-28 12:00:00', 3738.90000000, 3738.90000000, 1, 2, '', '', 227, 0, NULL),
(57, 'SPAY1902-0056', 1, '2019-03-01 14:58:45', '2019-03-01 15:58:47', '2019-02-27 12:00:00', 140.61000000, 140.61000000, 1, 2, '', '', 229, 0, NULL),
(59, 'SPAY1902-0058', 1, '2019-04-02 07:42:07', '2019-04-02 09:42:14', '2019-02-05 12:00:00', 500.89000000, 500.89000000, 2, 3, '', '', 240, 0, NULL),
(60, 'SPAY1903-0059', 1, '2019-04-02 07:45:50', '2019-04-02 09:45:57', '2019-03-05 12:00:00', 500.89000000, 500.89000000, 2, 3, '', '', 241, 0, NULL),
(61, 'SPAY1904-0060', 1, '2019-04-03 16:16:36', '2019-04-03 18:16:44', '2019-04-03 12:00:00', 6749.72000000, 6749.72000000, 2, 2, '', '', 242, 0, NULL),
(62, 'SPAY1903-0061', 1, '2019-04-03 17:08:45', '2019-04-03 19:08:53', '2019-03-29 12:00:00', 2000.00000000, 2000.00000000, 1, 2, '', '', 246, 0, NULL),
(63, 'SPAY1904-0062', 1, '2019-04-03 17:20:32', '2019-04-03 19:20:39', '2019-04-03 12:00:00', 4025.80000000, 4025.80000000, 1, 2, '', '', 247, 0, NULL),
(64, 'SPAY1901-0063', 1, '2019-04-06 16:04:50', '2019-04-06 18:04:59', '2019-01-08 12:00:00', 500.89000000, 500.89000000, 1, 3, '', '', 255, 0, NULL),
(65, 'SPAY1902-0064', 1, '2019-04-06 16:23:00', '2019-04-06 18:23:10', '2019-02-06 12:00:00', 598.95000000, 598.95000000, 1, 3, '', '', 256, 0, NULL),
(66, 'SPAY1903-0065', 1, '2019-04-06 16:23:51', '2019-04-06 18:24:01', '2019-03-05 12:00:00', 598.95000000, 598.95000000, 1, 3, '', '', 257, 0, NULL),
(67, 'SPAY1904-0066', 1, '2019-04-06 16:24:32', '2019-04-06 18:24:41', '2019-04-05 12:00:00', 598.95000000, 598.95000000, 1, 3, '', '', 258, 0, NULL),
(68, 'SPAY1901-0067', 1, '2019-04-06 16:41:26', '2019-04-06 18:41:35', '2019-01-04 12:00:00', 32.30000000, 32.30000000, 1, 3, '', '', 259, 0, NULL),
(69, 'SPAY1902-0068', 1, '2019-04-06 16:42:15', '2019-04-06 18:42:24', '2019-02-04 12:00:00', 32.55000000, 32.55000000, 1, 3, '', '', 260, 0, NULL),
(70, 'SPAY1903-0069', 1, '2019-04-06 16:42:58', '2019-04-06 18:43:07', '2019-03-04 12:00:00', 33.12000000, 33.12000000, 1, 3, '', '', 261, 0, NULL),
(71, 'SPAY1904-0070', 1, '2019-04-06 16:43:37', '2019-04-06 18:43:46', '2019-04-04 12:00:00', 34.46000000, 34.46000000, 1, 3, '', '', 262, 0, NULL),
(72, 'SPAY1902-0071', 1, '2019-04-06 16:53:20', '2019-04-06 18:53:29', '2019-02-26 12:00:00', 134.53000000, 134.53000000, 1, 3, '', '', 263, 0, NULL),
(73, 'SPAY1902-0072', 1, '2019-04-06 17:19:21', '2019-04-06 19:19:30', '2019-02-11 12:00:00', 299.48000000, 299.48000000, 1, 3, '', '', 264, 0, NULL),
(74, 'SPAY1903-0073', 1, '2019-04-06 17:20:13', '2019-04-06 19:20:23', '2019-03-11 12:00:00', 285.08000000, 285.08000000, 1, 3, '', '', 265, 0, NULL),
(75, 'SPAY1904-0074', 1, '2019-04-06 17:30:18', '2019-04-06 19:30:27', '2019-04-06 12:00:00', 3000.00000000, 3000.00000000, 1, 2, '', '', 266, 0, NULL),
(76, 'SPAY1903-0075', 1, '2019-04-08 10:35:30', '2019-04-08 12:35:41', '2019-03-04 12:00:00', 134.00000000, 134.00000000, 1, 2, '', '', 267, 0, NULL),
(77, 'SPAY1903-0076', 1, '2019-04-08 10:41:47', '2019-04-08 12:41:58', '2019-03-13 12:00:00', 72.00000000, 72.00000000, 1, 2, '', '', 268, 0, NULL),
(79, 'SPAY1905-0078', 1, '2019-05-06 12:51:37', '2019-05-06 14:52:06', '2019-05-06 12:00:00', 598.95000000, 598.95000000, 1, 3, '', '', 280, 0, NULL),
(80, 'SPAY1905-0079', 1, '2019-05-07 09:45:03', '2019-05-07 11:45:32', '2019-05-06 12:00:00', 3000.00000000, 3000.00000000, 1, 2, '', '', 291, 0, NULL),
(81, 'SPAY1905-0080', 1, '2019-05-07 09:49:15', '2019-05-07 11:49:44', '2019-05-07 12:00:00', 1519.35000000, 1519.35000000, 1, 2, '', '', 292, 0, NULL),
(82, 'SPAY1905-0081', 1, '2019-05-31 14:12:55', '2019-05-31 16:13:41', '2019-05-31 12:00:00', 932.80000000, 932.80000000, 1, 2, '', '', 301, 0, NULL),
(83, 'SPAY1906-0082', 1, '2019-06-04 08:57:06', '2019-06-04 10:57:53', '2019-06-04 12:00:00', 2000.00000000, 2000.00000000, 1, 2, '', '', 303, 0, NULL),
(84, 'SPAY1906-0083', 1, '2019-06-07 10:28:33', '2019-06-07 12:29:23', '2019-06-07 12:00:00', 4443.25000000, 4443.25000000, 1, 2, '', '', 307, 0, NULL),
(85, 'SPAY1907-0084', 1, '2019-07-01 11:03:17', '2019-07-01 13:05:58', '2019-07-01 12:00:00', 2136.96000000, 2136.96000000, 1, 2, '', '', 321, 0, NULL),
(86, 'SPAY1906-0085', 1, '2019-07-01 12:58:57', '2019-07-01 15:01:39', '2019-06-20 12:00:00', 598.99000000, 598.99000000, 1, 6, '', '', 322, 0, NULL),
(87, 'SPAY1903-0086', 1, '2019-07-11 11:30:47', '2019-07-11 13:34:17', '2019-03-25 12:00:00', 20.00000000, 20.00000000, 1, 4, '', '', 327, 0, NULL),
(89, 'SPAY1906-0088', 1, '2019-07-15 09:24:02', '2019-07-15 11:27:51', '2019-06-20 12:00:00', 192.82000000, 192.82000000, 1, 2, '', '', 330, 0, NULL),
(90, 'SPAY1906-0089', 1, '2019-07-15 09:29:57', '2019-07-15 11:33:46', '2019-06-20 12:00:00', 321.23000000, 321.23000000, 1, 2, '', '', 331, 0, NULL),
(91, 'SPAY1907-0090', 1, '2019-07-15 09:36:15', '2019-07-15 11:40:04', '2019-07-15 12:00:00', 291.74000000, 291.74000000, 1, 6, '', '', 332, 0, NULL),
(92, 'SPAY1907-0091', 1, '2019-07-15 09:39:47', '2019-07-15 11:43:36', '2019-07-15 12:00:00', 173.58000000, 173.58000000, 1, 2, '', '', 333, 0, NULL),
(93, 'SPAY1904-0092', 1, '2019-07-15 11:04:10', '2019-07-15 13:07:59', '2019-04-29 12:00:00', 18.37000000, 18.37000000, 1, 4, '', '', 334, 0, NULL),
(94, 'SPAY1905-0093', 1, '2019-07-15 11:17:42', '2019-07-15 13:21:32', '2019-05-07 12:00:00', 139.76000000, 139.76000000, 1, 2, '', '', 335, 0, NULL),
(95, 'SPAY1906-0094', 1, '2019-07-15 11:29:47', '2019-07-15 13:33:37', '2019-06-11 12:00:00', 400.00000000, 400.00000000, 1, 2, '', '', 336, 0, NULL),
(97, 'SPAY1907-0095', 1, '2019-07-15 11:30:34', '2019-07-15 13:34:24', '2019-07-15 12:00:00', 264.98000000, 264.98000000, 1, 4, '', '', 337, 0, NULL),
(98, 'SPAY1906-0096', 1, '2019-07-15 11:43:53', '2019-07-15 13:47:43', '2019-06-11 12:00:00', 96.38000000, 96.38000000, 1, 2, '', '', 338, 0, NULL),
(99, 'SPAY1907-0097', 1, '2019-07-15 11:44:08', '2019-07-15 13:47:57', '2019-07-15 12:00:00', 62.39000000, 62.39000000, 1, 4, '', '', 339, 0, NULL),
(100, 'SPAY1906-0098', 1, '2019-07-15 11:53:12', '2019-07-15 13:57:02', '2019-06-19 12:00:00', 27.55000000, 27.55000000, 1, 2, '', '', 340, 0, NULL),
(101, 'SPAY1907-0099', 1, '2019-07-15 12:02:00', '2019-07-15 14:05:49', '2019-07-15 12:00:00', 43.05000000, 43.05000000, 1, 4, '', '', 341, 0, NULL),
(102, 'SPAY1907-0100', 1, '2019-07-15 12:05:16', '2019-07-15 14:09:06', '2019-07-15 12:00:00', 33.50000000, 33.50000000, 1, 4, '', '', 342, 0, NULL),
(103, 'SPAY1907-0101', 1, '2019-07-15 12:07:00', '2019-07-15 14:10:49', '2019-07-15 12:00:00', 12.80000000, 12.80000000, 1, 4, '', '', 343, 0, NULL),
(104, 'SPAY1904-0102', 1, '2019-07-15 12:45:13', '2019-07-15 14:49:03', '2019-04-09 12:00:00', 12.49000000, 12.49000000, 1, 6, '', '', 344, 0, NULL),
(105, 'SPAY1904-0103', 1, '2019-07-15 12:46:53', '2019-07-15 14:50:43', '2019-04-24 12:00:00', 16.70000000, 16.70000000, 1, 6, '', '', 345, 0, NULL),
(106, 'SPAY1904-0104', 1, '2019-07-15 12:47:46', '2019-07-15 14:51:36', '2019-04-24 12:00:00', 2.50000000, 2.50000000, 1, 6, '', '', 346, 0, NULL),
(107, 'SPAY1904-0105', 1, '2019-07-15 12:50:47', '2019-07-15 14:54:37', '2019-04-16 12:00:00', 34.51000000, 34.51000000, 1, 6, '', '', 347, 0, NULL),
(108, 'SPAY1907-0106', 1, '2019-07-15 13:16:51', '2019-07-15 15:20:41', '2019-07-12 12:00:00', 3630.00000000, 3630.00000000, 1, 2, '', '', 348, 0, NULL),
(109, 'SPAY1907-0107', 1, '2019-07-17 11:29:02', '2019-07-17 13:33:02', '2019-07-08 12:00:00', 363.00000000, 363.00000000, 1, 3, '', '', 350, 0, NULL),
(110, 'SPAY1901-0108', 1, '2019-07-23 10:08:07', '2019-07-23 12:12:36', '2019-01-13 12:00:00', 32.95000000, 32.95000000, 1, 6, '', '', 355, 0, NULL),
(111, 'SPAY1904-0109', 1, '2019-07-23 10:41:49', '2019-07-23 12:46:17', '2019-04-10 12:00:00', 299.48000000, 299.48000000, 1, 3, '', '', 356, 0, NULL),
(112, 'SPAY1904-0110', 1, '2019-07-23 10:43:00', '2019-07-23 12:47:28', '2019-04-05 12:00:00', 500.89000000, 500.89000000, 1, 3, '', '', 357, 0, NULL),
(113, 'SPAY1904-0111', 1, '2019-07-23 10:44:00', '2019-07-23 12:48:29', '2019-04-24 12:00:00', 114.84000000, 114.84000000, 1, 3, '', '', 358, 0, NULL),
(114, 'SPAY1905-0112', 1, '2019-07-23 10:47:25', '2019-07-23 12:51:53', '2019-05-10 12:00:00', 299.48000000, 299.48000000, 1, 3, '', '', 359, 0, NULL),
(115, 'SPAY1905-0113', 1, '2019-07-23 10:48:31', '2019-07-23 12:53:00', '2019-05-07 12:00:00', 500.89000000, 500.89000000, 1, 3, '', '', 360, 0, NULL),
(116, 'SPAY1905-0114', 1, '2019-07-23 10:49:18', '2019-07-23 12:53:47', '2019-05-06 12:00:00', 35.72000000, 35.72000000, 1, 3, '', '', 361, 0, NULL),
(117, 'SPAY1906-0115', 1, '2019-07-23 10:50:47', '2019-07-23 12:55:15', '2019-06-10 12:00:00', 430.25000000, 430.25000000, 1, 3, '', '', 362, 0, NULL),
(118, 'SPAY1906-0116', 1, '2019-07-23 10:51:56', '2019-07-23 12:56:25', '2019-06-05 12:00:00', 500.89000000, 500.89000000, 1, 3, '', '', 363, 0, NULL),
(119, 'SPAY1906-0117', 1, '2019-07-23 10:52:53', '2019-07-23 12:57:22', '2019-06-05 12:00:00', 598.95000000, 598.95000000, 1, 3, '', '', 364, 0, NULL),
(120, 'SPAY1906-0118', 1, '2019-07-23 10:53:49', '2019-07-23 12:58:17', '2019-06-04 12:00:00', 32.90000000, 32.90000000, 1, 3, '', '', 365, 0, NULL),
(121, 'SPAY1906-0119', 1, '2019-07-23 10:55:25', '2019-07-23 12:59:53', '2019-06-26 12:00:00', 102.74000000, 102.74000000, 1, 3, '', '', 366, 0, NULL),
(122, 'SPAY1907-0120', 1, '2019-07-23 10:56:33', '2019-07-23 13:01:02', '2019-07-10 12:00:00', 270.68000000, 270.68000000, 1, 3, '', '', 367, 0, NULL),
(123, 'SPAY1907-0121', 1, '2019-07-23 10:58:49', '2019-07-23 13:03:18', '2019-07-05 12:00:00', 500.89000000, 500.89000000, 1, 3, '', '', 368, 0, NULL),
(124, 'SPAY1907-0122', 1, '2019-07-23 10:59:37', '2019-07-23 13:04:06', '2019-07-05 12:00:00', 598.95000000, 598.95000000, 1, 3, '', '', 369, 0, NULL),
(125, 'SPAY1907-0123', 1, '2019-07-23 11:00:21', '2019-07-23 13:04:50', '2019-07-04 12:00:00', 41.03000000, 41.03000000, 1, 3, '', '', 370, 0, NULL),
(126, 'SPAY1902-0124', 1, '2019-07-23 15:37:12', '2019-07-23 17:41:42', '2019-02-22 12:00:00', 13.31000000, 13.31000000, 1, 2, '', '', 371, 0, NULL),
(127, 'SPAY1907-0125', 1, '2019-07-31 12:24:58', '2019-07-31 14:30:06', '2019-07-29 12:00:00', 262.27000000, 262.27000000, 1, 6, '', '', 372, 0, NULL),
(128, 'SPAY1908-0126', 1, '2019-09-05 14:33:35', '2019-09-05 16:41:40', '2019-08-06 12:00:00', 744.15000000, 744.15000000, 1, 2, '', '', 385, 0, NULL),
(129, 'SPAY1909-0127', 1, '2019-09-16 14:18:20', '2019-09-16 16:27:19', '2019-09-16 12:00:00', 1818.02000000, 1818.02000000, 1, 2, '', '', 391, 0, NULL),
(130, 'SPAY1909-0128', 1, '2019-09-19 09:33:12', '2019-09-19 11:42:24', '2019-09-16 12:00:00', 288.54000000, 288.54000000, 1, 6, '', '', 392, 0, NULL),
(131, 'SPAY1909-0129', 1, '2019-10-02 09:32:45', '2019-10-02 11:43:00', '2019-09-30 12:00:00', 323.34000000, 323.34000000, 1, 6, '', '', 396, 0, NULL),
(132, 'SPAY1908-0130', 1, '2019-10-10 12:48:45', '2019-10-10 14:59:40', '2019-08-01 12:00:00', 2.40000000, 2.40000000, 1, 3, '', '', 402, 0, NULL),
(133, 'SPAY1908-0131', 1, '2019-10-10 12:49:02', '2019-10-10 14:59:57', '2019-08-01 12:00:00', 0.75000000, 0.75000000, 1, 3, '', '', 403, 0, NULL),
(134, 'SPAY1908-0132', 1, '2019-10-10 12:49:30', '2019-10-10 15:00:25', '2019-08-04 12:00:00', 2.15000000, 2.15000000, 1, 3, '', '', 404, 0, NULL),
(135, 'SPAY1908-0133', 1, '2019-10-10 12:49:49', '2019-10-10 15:00:44', '2019-08-04 12:00:00', 68.64000000, 68.64000000, 1, 3, '', '', 405, 0, NULL),
(136, 'SPAY1909-0134', 1, '2019-10-10 12:50:17', '2019-10-10 15:01:12', '2019-09-01 12:00:00', 22.50000000, 22.50000000, 1, 3, '', '', 406, 0, NULL),
(137, 'SPAY1909-0135', 1, '2019-10-10 12:50:41', '2019-10-10 15:01:36', '2019-09-04 12:00:00', 101.40000000, 101.40000000, 1, 3, '', '', 407, 0, NULL),
(138, 'SPAY1909-0136', 1, '2019-10-10 12:50:59', '2019-10-10 15:01:54', '2019-09-04 12:00:00', 56.30000000, 56.30000000, 1, 3, '', '', 408, 0, NULL),
(139, 'SPAY1910-0137', 1, '2019-10-10 12:51:17', '2019-10-10 15:02:12', '2019-10-01 12:00:00', 22.50000000, 22.50000000, 1, 3, '', '', 409, 0, NULL),
(140, 'SPAY1910-0138', 1, '2019-10-10 12:51:31', '2019-10-10 15:02:26', '2019-10-04 12:00:00', 62.37000000, 62.37000000, 1, 3, '', '', 410, 0, NULL),
(141, 'SPAY1910-0139', 1, '2019-10-10 12:51:46', '2019-10-10 15:02:41', '2019-10-04 12:00:00', 101.40000000, 101.40000000, 1, 3, '', '', 411, 0, NULL),
(142, 'SPAY1910-0140', 1, '2019-10-14 10:10:58', '2019-10-14 12:22:12', '2019-10-01 12:00:00', 32.60000000, 32.60000000, 1, 6, '', '', 412, 0, NULL),
(143, 'SPAY1910-0141', 1, '2019-10-14 10:13:12', '2019-10-14 12:24:26', '2019-10-01 12:00:00', 25.90000000, 25.90000000, 1, 6, '', '', 413, 0, NULL),
(144, 'SPAY1910-0142', 1, '2019-10-14 10:21:53', '2019-10-14 12:33:07', '2019-10-01 12:00:00', 334.65000000, 334.65000000, 1, 6, '', '', 414, 0, NULL),
(145, 'SPAY1910-0143', 1, '2019-10-14 11:15:36', '2019-10-14 13:26:50', '2019-10-10 12:00:00', 5.85000000, 5.85000000, 1, 6, '', '', 415, 0, NULL),
(146, 'SPAY1910-0144', 1, '2019-10-14 11:16:32', '2019-10-14 13:27:47', '2019-10-07 12:00:00', 20.30000000, 20.30000000, 1, 6, '', '', 416, 0, NULL),
(147, 'SPAY1910-0145', 1, '2019-10-14 11:17:00', '2019-10-14 13:28:14', '2019-10-04 12:00:00', 9.20000000, 9.20000000, 1, 6, '', '', 417, 0, NULL),
(148, 'SPAY1911-0146', 1, '2019-11-14 12:55:01', '2019-11-14 14:08:47', '2019-11-14 12:00:00', 16.94000000, 16.94000000, 1, 6, '', '', 432, 0, NULL),
(149, 'SPAY2001-0147', 1, '2020-01-14 13:06:45', '2020-01-14 14:07:18', '2020-01-13 12:00:00', 13.99000000, 13.99000000, 1, 6, '', '', 457, 0, NULL),
(150, 'SPAY2001-0148', 1, '2020-01-14 13:09:23', '2020-01-14 14:09:56', '2020-01-07 12:00:00', 505.90000000, 505.90000000, 1, 3, '', '', 458, 0, NULL),
(151, 'SPAY1908-0149', 1, '2020-01-14 13:28:49', '2020-01-14 14:29:22', '2019-08-12 12:00:00', 270.68000000, 270.68000000, 1, 3, '', '', 459, 0, NULL),
(152, 'SPAY1909-0150', 1, '2020-01-14 13:29:21', '2020-01-14 14:29:55', '2019-09-10 12:00:00', 316.72000000, 316.72000000, 1, 3, '', '', 460, 0, NULL),
(153, 'SPAY1910-0151', 1, '2020-01-14 13:30:03', '2020-01-14 14:30:37', '2019-10-10 12:00:00', 270.68000000, 270.68000000, 1, 3, '', '', 461, 0, NULL),
(154, 'SPAY1911-0152', 1, '2020-01-14 13:30:33', '2020-01-14 14:31:06', '2019-11-11 12:00:00', 270.68000000, 270.68000000, 1, 3, '', '', 462, 0, NULL),
(155, 'SPAY1912-0153', 1, '2020-01-14 13:31:10', '2020-01-14 14:31:43', '2019-12-10 12:00:00', 270.68000000, 270.68000000, 1, 3, '', '', 463, 0, NULL),
(156, 'SPAY1901-0154', 1, '2020-01-14 13:32:09', '2020-01-14 14:32:14', '2020-01-10 12:00:00', 270.68000000, 270.68000000, 1, 3, '', '', 464, 0, NULL),
(157, 'SPAY1908-0155', 1, '2020-01-14 13:58:59', '2020-01-14 14:59:33', '2019-08-05 12:00:00', 500.89000000, 500.89000000, 1, 3, '', '', 465, 0, NULL),
(158, 'SPAY1909-0156', 1, '2020-01-14 13:59:26', '2020-01-14 15:00:00', '2019-09-05 12:00:00', 500.89000000, 500.89000000, 1, 3, '', '', 466, 0, NULL),
(159, 'SPAY1910-0157', 1, '2020-01-14 13:59:56', '2020-01-14 15:00:30', '2019-10-07 12:00:00', 500.89000000, 500.89000000, 1, 3, '', '', 467, 0, NULL),
(160, 'SPAY1911-0158', 1, '2020-01-14 14:00:21', '2020-01-14 15:00:54', '2019-11-06 12:00:00', 500.89000000, 500.89000000, 1, 3, '', '', 468, 0, NULL),
(161, 'SPAY1912-0159', 1, '2020-01-14 14:00:44', '2020-01-14 15:01:17', '2019-12-05 12:00:00', 500.89000000, 500.89000000, 1, 3, '', '', 469, 0, NULL),
(162, 'SPAY1908-0160', 1, '2020-01-14 14:06:47', '2020-01-14 15:07:20', '2019-08-08 12:00:00', 598.95000000, 598.95000000, 1, 3, '', '', 470, 0, NULL),
(163, 'SPAY1909-0161', 1, '2020-01-14 14:08:11', '2020-01-14 15:08:45', '2019-09-06 12:00:00', 610.08000000, 610.08000000, 1, 3, '', '', 471, 0, NULL),
(164, 'SPAY1910-0162', 1, '2020-01-14 14:09:43', '2020-01-14 15:10:17', '2019-10-08 12:00:00', 598.95000000, 598.95000000, 1, 3, '', '', 472, 0, NULL),
(165, 'SPAY1911-0163', 1, '2020-01-14 14:10:12', '2020-01-14 15:10:45', '2019-11-08 12:00:00', 598.95000000, 598.95000000, 1, 3, '', '', 473, 0, NULL),
(166, 'SPAY1912-0164', 1, '2020-01-14 14:10:41', '2020-01-14 15:11:14', '2019-12-06 12:00:00', 598.95000000, 598.95000000, 1, 3, '', '', 474, 0, NULL),
(167, 'SPAY2001-0165', 1, '2020-01-14 14:11:13', '2020-01-14 15:11:46', '2020-01-10 12:00:00', 598.95000000, 598.95000000, 1, 3, '', '', 475, 0, NULL),
(168, 'SPAY1912-0166', 1, '2020-01-14 14:13:08', '2020-01-14 15:13:41', '2019-12-05 12:00:00', 576.31000000, 576.31000000, 1, 3, '', '', 476, 0, NULL),
(169, 'SPAY2001-0167', 1, '2020-01-14 14:25:24', '2020-01-14 15:25:58', '2020-01-08 12:00:00', 1029.85000000, 1029.85000000, 1, 3, '', '', 477, 0, NULL),
(170, 'SPAY1911-0168', 1, '2020-01-14 14:28:01', '2020-01-14 15:28:35', '2019-11-01 12:00:00', 23.00000000, 23.00000000, 1, 3, '', '', 478, 0, NULL),
(171, 'SPAY1911-0169', 1, '2020-01-14 14:28:36', '2020-01-14 15:29:09', '2019-11-04 12:00:00', 63.48000000, 63.48000000, 1, 3, '', '', 479, 0, NULL),
(172, 'SPAY1912-0170', 1, '2020-01-14 14:29:04', '2020-01-14 15:29:38', '2019-12-02 12:00:00', 22.50000000, 22.50000000, 1, 3, '', '', 480, 0, NULL),
(173, 'SPAY1912-0171', 1, '2020-01-14 14:29:22', '2020-01-14 15:29:56', '2019-12-04 12:00:00', 65.04000000, 65.04000000, 1, 3, '', '', 481, 0, NULL),
(174, 'SPAY2001-0172', 1, '2020-01-14 14:29:51', '2020-01-14 15:30:25', '2020-01-02 12:00:00', 22.50000000, 22.50000000, 1, 3, '', '', 482, 0, NULL),
(175, 'SPAY2001-0173', 1, '2020-01-14 14:30:24', '2020-01-14 15:30:58', '2020-01-06 12:00:00', 68.22000000, 68.22000000, 1, 3, '', '', 483, 0, NULL),
(176, 'SPAY1912-0174', 1, '2020-01-14 14:32:01', '2020-01-14 15:32:35', '2019-12-12 12:00:00', 1029.47000000, 1029.47000000, 1, 2, '', '', 484, 0, NULL),
(177, 'SPAY1910-0175', 1, '2020-01-14 14:33:43', '2020-01-14 15:34:17', '2019-10-21 12:00:00', 138.00000000, 138.00000000, 1, 6, '', '', 485, 0, NULL),
(178, 'SPAY1908-0176', 1, '2020-01-14 14:43:56', '2020-01-14 15:44:30', '2019-08-27 12:00:00', 104.73000000, 104.73000000, 1, 3, '', '', 486, 0, NULL),
(179, 'SPAY1910-0177', 1, '2020-01-14 14:44:19', '2020-01-14 15:44:52', '2019-10-24 12:00:00', 97.05000000, 97.05000000, 1, 3, '', '', 487, 0, NULL),
(180, 'SPAY1912-0178', 1, '2020-01-14 14:44:45', '2020-01-14 15:45:19', '2019-12-27 12:00:00', 115.10000000, 115.10000000, 1, 3, '', '', 488, 0, NULL),
(181, 'SPAY2001-0179', 1, '2020-01-14 14:45:40', '2020-01-14 15:46:13', '2020-01-08 12:00:00', 5.00000000, 5.00000000, 1, 4, '', '', 489, 0, NULL),
(182, 'SPAY1911-0180', 1, '2020-01-14 14:46:50', '2020-01-14 15:47:24', '2019-11-12 12:00:00', 5.20000000, 5.20000000, 1, 6, '', '', 490, 0, NULL),
(183, 'SPAY1912-0181', 1, '2020-01-14 14:47:33', '2020-01-14 15:48:07', '2019-12-11 12:00:00', 5.25000000, 5.25000000, 1, 4, '', '', 491, 0, NULL),
(184, 'SPAY1910-0182', 1, '2020-01-14 14:48:44', '2020-01-14 15:49:18', '2019-10-22 12:00:00', 10.20000000, 10.20000000, 1, 4, '', '', 492, 0, NULL),
(185, 'SPAY1910-0183', 1, '2020-01-14 14:51:08', '2020-01-14 15:51:42', '2019-10-14 12:00:00', 7.80000000, 7.80000000, 1, 6, '', '', 493, 0, NULL),
(186, 'SPAY1910-0184', 1, '2020-01-14 14:51:29', '2020-01-14 15:52:02', '2019-10-14 12:00:00', 7.50000000, 7.50000000, 1, 6, '', '', 494, 0, NULL),
(187, 'SPAY1910-0185', 1, '2020-01-14 14:51:42', '2020-01-14 15:52:15', '2019-10-16 12:00:00', 2.50000000, 2.50000000, 1, 6, '', '', 495, 0, NULL),
(188, 'SPAY1910-0186', 1, '2020-01-14 14:59:13', '2020-01-14 15:59:46', '2019-10-15 12:00:00', 4.10000000, 4.10000000, 1, 6, '', '', 496, 0, NULL),
(189, 'SPAY1910-0187', 1, '2020-01-14 15:00:15', '2020-01-14 16:00:49', '2019-10-16 12:00:00', 6.90000000, 6.90000000, 1, 6, '', '', 497, 0, NULL),
(190, 'SPAY1910-0188', 1, '2020-01-14 15:02:11', '2020-01-14 16:02:44', '2019-10-17 12:00:00', 100.50000000, 100.50000000, 1, 6, '', '', 498, 0, NULL),
(191, 'SPAY1910-0189', 1, '2020-01-14 15:03:25', '2020-01-14 16:03:58', '2019-10-17 12:00:00', 9.60000000, 9.60000000, 1, 6, '', '', 499, 0, NULL),
(192, 'SPAY1910-0190', 1, '2020-01-14 15:03:59', '2020-01-14 16:04:32', '2019-10-17 12:00:00', 31.60000000, 31.60000000, 1, 6, '', '', 500, 0, NULL),
(193, 'SPAY1910-0191', 1, '2020-01-14 15:04:42', '2020-01-14 16:05:15', '2019-10-18 12:00:00', 42.00000000, 42.00000000, 1, 6, '', '', 501, 0, NULL),
(194, 'SPAY1910-0192', 1, '2020-01-14 15:08:37', '2020-01-14 16:09:11', '2019-10-20 12:00:00', 20.20000000, 20.20000000, 1, 6, '', '', 502, 0, NULL),
(195, 'SPAY1910-0193', 1, '2020-01-14 15:10:17', '2020-01-14 16:10:51', '2019-10-21 12:00:00', 21.90000000, 21.90000000, 1, 6, '', '', 503, 0, NULL),
(196, 'SPAY1910-0194', 1, '2020-01-14 15:11:40', '2020-01-14 16:12:14', '2019-10-21 12:00:00', 6.48000000, 6.48000000, 1, 6, '', '', 504, 0, NULL),
(197, 'SPAY1910-0195', 1, '2020-01-14 15:12:25', '2020-01-14 16:12:58', '2019-10-25 12:00:00', 6.60000000, 6.60000000, 1, 6, '', '', 505, 0, NULL),
(198, 'SPAY1910-0196', 1, '2020-01-14 15:17:40', '2020-01-14 16:18:14', '2019-10-20 12:00:00', 2.25000000, 2.25000000, 1, 4, '', '', 506, 0, NULL),
(199, 'SPAY1910-0197', 1, '2020-01-14 15:18:04', '2020-01-14 16:18:37', '2019-10-20 12:00:00', 10.65000000, 10.65000000, 1, 4, '', '', 507, 0, NULL),
(200, 'SPAY1910-0198', 1, '2020-01-14 15:18:25', '2020-01-14 16:18:59', '2019-10-20 12:00:00', 7.80000000, 7.80000000, 1, 4, '', '', 508, 0, NULL),
(201, 'SPAY1911-0199', 1, '2020-01-14 15:20:45', '2020-01-14 16:21:19', '2019-11-27 12:00:00', 6.25000000, 6.25000000, 1, 6, '', '', 509, 0, NULL),
(202, 'SPAY1911-0200', 1, '2020-01-14 15:21:09', '2020-01-14 16:21:42', '2019-11-28 12:00:00', 5.50000000, 5.50000000, 1, 6, '', '', 510, 0, NULL),
(203, 'SPAY1911-0201', 1, '2020-01-14 15:21:39', '2020-01-14 16:22:12', '2019-11-29 12:00:00', 6.40000000, 6.40000000, 1, 6, '', '', 511, 0, NULL),
(204, 'SPAY1912-0202', 1, '2020-01-14 15:23:53', '2020-01-14 16:24:27', '2019-12-02 12:00:00', 5.50000000, 5.50000000, 1, 6, '', '', 512, 0, NULL),
(205, 'SPAY1912-0203', 1, '2020-01-14 15:24:42', '2020-01-14 16:25:15', '2019-12-08 12:00:00', 44.00000000, 44.00000000, 1, 4, '', '', 513, 0, NULL),
(206, 'SPAY1912-0204', 1, '2020-01-14 15:25:11', '2020-01-14 16:25:45', '2019-12-29 12:00:00', 13.70000000, 13.70000000, 1, 4, '', '', 514, 0, NULL),
(207, 'SPAY1912-0205', 1, '2020-01-14 15:25:56', '2020-01-14 16:26:30', '2019-12-16 12:00:00', 51.35000000, 51.35000000, 1, 6, '', '', 515, 0, NULL),
(208, 'SPAY1911-0206', 1, '2020-01-14 15:28:29', '2020-01-14 16:29:03', '2019-11-22 12:00:00', 84.73000000, 84.73000000, 1, 4, '', '', 516, 0, NULL),
(209, 'SPAY1910-0207', 1, '2020-01-14 15:33:55', '2020-01-14 16:34:28', '2019-10-03 12:00:00', 36.20000000, 36.20000000, 1, 4, '', '', 517, 0, NULL),
(210, 'SPAY1907-0208', 1, '2020-01-14 15:35:00', '2020-01-14 16:35:33', '2019-07-23 12:00:00', 11.45000000, 11.45000000, 1, 4, '', '', 518, 0, NULL),
(211, 'SPAY1909-0209', 1, '2020-01-14 15:42:14', '2020-01-14 16:42:47', '2019-09-21 12:00:00', 55.42000000, 55.42000000, 1, 4, '', '', 519, 0, NULL),
(212, 'SPAY1909-0210', 1, '2020-01-14 15:44:22', '2020-01-14 16:44:56', '2019-09-02 12:00:00', 8.93000000, 8.93000000, 1, 6, '', '', 520, 0, NULL),
(213, 'SPAY1906-0211', 1, '2020-01-16 15:51:15', '2020-01-16 16:51:49', '2019-06-21 12:00:00', 208.68000000, 208.68000000, 1, 3, '', '', 522, 0, NULL),
(214, 'SPAY1912-0212', 1, '2020-01-16 15:51:35', '2020-01-16 16:52:09', '2019-12-17 12:00:00', 170.63000000, 170.63000000, 1, 3, '', '', 523, 0, NULL),
(215, 'SPAY2001-0213', 1, '2020-02-18 09:20:48', '2020-02-18 10:21:21', '2020-01-28 12:00:00', 868.94000000, 868.94000000, 1, 6, '', '', 531, 0, NULL),
(216, 'SPAY2002-0214', 1, '2020-02-24 12:14:39', '2020-02-24 13:15:13', '2020-02-05 12:00:00', 505.90000000, 505.90000000, 1, 3, '', '', 533, 0, NULL),
(217, 'SPAY2002-0215', 1, '2020-02-24 12:24:47', '2020-02-24 13:25:21', '2020-02-03 12:00:00', 22.50000000, 22.50000000, 1, 3, '', '', 534, 0, NULL),
(218, 'SPAY2002-0216', 1, '2020-02-24 12:25:31', '2020-02-24 13:26:04', '2020-02-04 12:00:00', 60.54000000, 60.54000000, 1, 3, '', '', 535, 0, NULL),
(219, 'SPAY2002-0217', 1, '2020-02-24 12:31:29', '2020-02-24 13:32:02', '2020-02-07 12:00:00', 598.95000000, 598.95000000, 1, 3, '', '', 536, 0, NULL),
(220, 'SPAY2002-0218', 1, '2020-02-24 12:41:28', '2020-02-24 13:42:02', '2020-02-10 12:00:00', 311.23000000, 311.23000000, 1, 3, '', '', 537, 0, NULL),
(221, 'SPAY2002-0219', 1, '2020-02-24 13:25:25', '2020-02-24 14:25:58', '2020-02-17 12:00:00', 917.90000000, 917.90000000, 1, 3, '', '', 538, 0, NULL),
(222, 'SPAY2001-0220', 1, '2020-02-25 17:29:27', '2020-02-25 18:30:00', '2020-01-17 12:00:00', 8.40000000, 8.40000000, 1, 6, '', '', 540, 0, NULL),
(223, 'SPAY2001-0221', 1, '2020-02-25 17:33:36', '2020-02-25 18:34:10', '2020-01-23 12:00:00', 48.65000000, 48.65000000, 1, 6, '', '', 541, 0, NULL),
(225, 'SPAY2001-0223', 1, '2020-02-25 17:47:03', '2020-02-25 18:47:36', '2020-01-13 12:00:00', 13.99000000, 13.99000000, 1, 6, '', '', 543, 0, NULL),
(226, 'SPAY2001-0224', 1, '2020-02-25 17:50:16', '2020-02-25 18:50:50', '2020-01-27 12:00:00', 9.99000000, 9.99000000, 1, 6, '', '', 544, 0, NULL),
(227, 'SPAY2002-0225', 1, '2020-03-03 10:08:24', '2020-03-03 11:08:57', '2020-02-27 12:00:00', 18.90000000, 18.90000000, 1, 6, '', '', 556, 0, NULL),
(229, 'SPAY2002-0227', 1, '2020-03-03 10:25:50', '2020-03-03 11:26:23', '2020-02-26 12:00:00', 122.57000000, 122.57000000, 1, 3, '', '', 558, 0, NULL),
(230, 'SPAY2003-0228', 1, '2020-03-03 10:45:47', '2020-03-03 11:46:21', '2020-03-03 12:00:00', 100.25000000, 100.25000000, 1, 2, '', '', 559, 0, NULL),
(234, 'SPAY1902-0232', 1, '2020-03-09 09:15:56', '2020-03-09 10:16:29', '2019-02-25 12:00:00', 194.00000000, 194.00000000, 1, 6, '', '', 563, 0, NULL),
(235, 'SPAY1903-0233', 1, '2020-03-09 09:16:26', '2020-03-09 10:16:59', '2019-03-21 12:00:00', 6.93000000, 6.93000000, 1, 4, '', '', 564, 0, NULL),
(236, 'SPAY1906-0234', 1, '2020-03-09 09:16:52', '2020-03-09 10:17:26', '2019-06-06 12:00:00', 263.96000000, 263.96000000, 1, 6, '', '', 565, 0, NULL),
(237, 'SPAY2007-0235', 1, '2020-07-20 08:11:52', '2020-07-20 10:11:32', '2020-07-20 12:00:00', 3288.63000000, 3288.63000000, 2, 2, '', '', 609, 0, NULL);

-- --------------------------------------------------------

--
-- Estructura de tabla para la tabla `b67182907_paiementfourn_facturefourn`
--

CREATE TABLE `b67182907_paiementfourn_facturefourn` (
  `rowid` int NOT NULL,
  `fk_paiementfourn` int DEFAULT NULL,
  `fk_facturefourn` int DEFAULT NULL,
  `amount` double(24,8) DEFAULT '0.00000000',
  `multicurrency_code` varchar(255) DEFAULT NULL,
  `multicurrency_tx` double(24,8) DEFAULT '1.00000000',
  `multicurrency_amount` double(24,8) DEFAULT '0.00000000'
) ENGINE=InnoDB DEFAULT CHARSET=utf8mb3;

--
-- Volcado de datos para la tabla `b67182907_paiementfourn_facturefourn`
--

INSERT INTO `b67182907_paiementfourn_facturefourn` (`rowid`, `fk_paiementfourn`, `fk_facturefourn`, `amount`, `multicurrency_code`, `multicurrency_tx`, `multicurrency_amount`) VALUES
(1, 1, 5, 221.47000000, NULL, 1.00000000, 221.47000000),
(2, 2, 3, 432.59000000, NULL, 1.00000000, 432.59000000),
(3, 3, 6, 9.98000000, NULL, 1.00000000, 9.98000000),
(4, 4, 7, 266.20000000, NULL, 1.00000000, 266.20000000),
(5, 5, 9, 116.13000000, NULL, 1.00000000, 116.13000000),
(8, 8, 14, 990.00000000, NULL, 1.00000000, 990.00000000),
(9, 9, 13, 299.48000000, NULL, 1.00000000, 299.48000000),
(11, 11, 15, 30.25000000, NULL, 1.00000000, 30.25000000),
(12, 12, 17, 7.29000000, NULL, 1.00000000, 7.29000000),
(13, 13, 18, 208.68000000, NULL, 1.00000000, 208.68000000),
(14, 14, 16, 598.95000000, NULL, 1.00000000, 598.95000000),
(15, 15, 19, 70.00000000, NULL, 1.00000000, 70.00000000),
(16, 16, 19, -17.83000000, NULL, 1.00000000, -17.83000000),
(17, 17, 20, 32.00000000, NULL, 1.00000000, 32.00000000),
(18, 18, 28, 181.40000000, NULL, 1.00000000, 181.40000000),
(19, 19, 29, 181.40000000, NULL, 1.00000000, 181.40000000),
(20, 20, 27, 32.30000000, NULL, 1.00000000, 32.30000000),
(21, 21, 25, 32.30000000, NULL, 1.00000000, 32.30000000),
(22, 22, 26, 32.30000000, NULL, 1.00000000, 32.30000000),
(23, 23, 22, 598.95000000, NULL, 1.00000000, 598.95000000),
(24, 24, 21, 598.95000000, NULL, 1.00000000, 598.95000000),
(25, 25, 24, 164.96000000, NULL, 1.00000000, 164.96000000),
(26, 26, 23, 598.95000000, NULL, 1.00000000, 598.95000000),
(27, 27, 33, 3000.00000000, NULL, 1.00000000, 3000.00000000),
(28, 28, 33, 3579.38000000, NULL, 1.00000000, 3579.38000000),
(29, 29, 34, 2984.96000000, NULL, 1.00000000, 2984.96000000),
(30, 30, 30, 120.94000000, NULL, 1.00000000, 120.94000000),
(31, 30, 31, -120.76000000, NULL, 1.00000000, -120.76000000),
(32, 31, 32, 270.68000000, NULL, 1.00000000, 270.68000000),
(33, 32, 36, 3000.00000000, NULL, 1.00000000, 3000.00000000),
(34, 33, 37, 2306.56000000, NULL, 1.00000000, 2306.56000000),
(35, 34, 36, 3025.80000000, NULL, 1.00000000, 3025.80000000),
(36, 35, 35, 1156.97000000, NULL, 1.00000000, 1156.97000000),
(37, 36, 48, 13.05000000, NULL, 1.00000000, 13.05000000),
(38, 37, 49, 21.45000000, NULL, 1.00000000, 21.45000000),
(39, 38, 50, 34.65000000, NULL, 1.00000000, 34.65000000),
(40, 39, 51, 7.30000000, NULL, 1.00000000, 7.30000000),
(41, 40, 44, 105.14000000, NULL, 1.00000000, 105.14000000),
(42, 41, 46, 702.99000000, NULL, 1.00000000, 702.99000000),
(43, 42, 38, 598.95000000, NULL, 1.00000000, 598.95000000),
(44, 43, 40, 34.67000000, NULL, 1.00000000, 34.67000000),
(45, 44, 42, 270.68000000, NULL, 1.00000000, 270.68000000),
(46, 45, 47, 492.52000000, NULL, 1.00000000, 492.52000000),
(47, 46, 39, 598.95000000, NULL, 1.00000000, 598.95000000),
(48, 47, 41, 32.30000000, NULL, 1.00000000, 32.30000000),
(49, 48, 45, 101.14000000, NULL, 1.00000000, 101.14000000),
(50, 49, 53, 5082.00000000, NULL, 1.00000000, 5082.00000000),
(51, 50, 56, 598.95000000, NULL, 1.00000000, 598.95000000),
(52, 51, 55, 71.92000000, NULL, 1.00000000, 71.92000000),
(53, 52, 43, 285.08000000, NULL, 1.00000000, 285.08000000),
(54, 53, 57, 3171.00000000, NULL, 1.00000000, 3171.00000000),
(55, 54, 58, 523.98000000, NULL, 1.00000000, 523.98000000),
(56, 55, 59, 185.98000000, NULL, 1.00000000, 185.98000000),
(57, 56, 60, 3738.90000000, NULL, 1.00000000, 3738.90000000),
(58, 57, 61, 140.61000000, NULL, 1.00000000, 140.61000000),
(60, 59, 67, 500.89000000, NULL, 1.00000000, 500.89000000),
(61, 60, 68, 500.89000000, NULL, 1.00000000, 500.89000000),
(62, 61, 64, 6749.72000000, NULL, 1.00000000, 6749.72000000),
(63, 62, 70, 2000.00000000, NULL, 1.00000000, 2000.00000000),
(64, 63, 70, 4025.80000000, NULL, 1.00000000, 4025.80000000),
(65, 64, 65, 500.89000000, NULL, 1.00000000, 500.89000000),
(66, 65, 72, 598.95000000, NULL, 1.00000000, 598.95000000),
(67, 66, 73, 598.95000000, NULL, 1.00000000, 598.95000000),
(68, 67, 74, 598.95000000, NULL, 1.00000000, 598.95000000),
(69, 68, 75, 32.30000000, NULL, 1.00000000, 32.30000000),
(70, 69, 76, 32.55000000, NULL, 1.00000000, 32.55000000),
(71, 70, 77, 33.12000000, NULL, 1.00000000, 33.12000000),
(72, 71, 78, 34.46000000, NULL, 1.00000000, 34.46000000),
(73, 72, 79, 134.53000000, NULL, 1.00000000, 134.53000000),
(74, 73, 80, 299.48000000, NULL, 1.00000000, 299.48000000),
(75, 74, 81, 285.08000000, NULL, 1.00000000, 285.08000000),
(76, 75, 57, 3000.00000000, NULL, 1.00000000, 3000.00000000),
(77, 76, 84, 134.00000000, NULL, 1.00000000, 134.00000000),
(78, 77, 85, 72.00000000, NULL, 1.00000000, 72.00000000),
(80, 79, 91, 598.95000000, NULL, 1.00000000, 598.95000000),
(81, 80, 90, 3000.00000000, NULL, 1.00000000, 3000.00000000),
(82, 81, 90, 1519.35000000, NULL, 1.00000000, 1519.35000000),
(83, 82, 93, 932.80000000, NULL, 1.00000000, 932.80000000),
(84, 83, 94, 2000.00000000, NULL, 1.00000000, 2000.00000000),
(85, 84, 94, 4443.25000000, NULL, 1.00000000, 4443.25000000),
(86, 85, 97, 2136.96000000, NULL, 1.00000000, 2136.96000000),
(87, 86, 98, 598.99000000, NULL, 1.00000000, 598.99000000),
(88, 87, 86, 20.00000000, NULL, 1.00000000, 20.00000000),
(90, 89, 112, 192.82000000, NULL, 1.00000000, 192.82000000),
(91, 90, 113, 321.23000000, NULL, 1.00000000, 321.23000000),
(92, 91, 114, 291.74000000, NULL, 1.00000000, 291.74000000),
(93, 92, 115, 173.58000000, NULL, 1.00000000, 173.58000000),
(94, 93, 116, 18.37000000, NULL, 1.00000000, 18.37000000),
(95, 94, 117, 139.76000000, NULL, 1.00000000, 139.76000000),
(96, 95, 118, 400.00000000, NULL, 1.00000000, 400.00000000),
(98, 97, 118, 264.98000000, NULL, 1.00000000, 264.98000000),
(99, 98, 119, 96.38000000, NULL, 1.00000000, 96.38000000),
(100, 99, 119, 62.39000000, NULL, 1.00000000, 62.39000000),
(101, 100, 120, 27.55000000, NULL, 1.00000000, 27.55000000),
(102, 101, 121, 43.05000000, NULL, 1.00000000, 43.05000000),
(103, 102, 122, 33.50000000, NULL, 1.00000000, 33.50000000),
(104, 103, 123, 12.80000000, NULL, 1.00000000, 12.80000000),
(105, 104, 124, 12.49000000, NULL, 1.00000000, 12.49000000),
(106, 105, 125, 16.70000000, NULL, 1.00000000, 16.70000000),
(107, 106, 126, 2.50000000, NULL, 1.00000000, 2.50000000),
(108, 107, 127, 34.51000000, NULL, 1.00000000, 34.51000000),
(109, 108, 62, 450.00000000, NULL, 1.00000000, 450.00000000),
(110, 108, 63, 3180.00000000, NULL, 1.00000000, 3180.00000000),
(111, 109, 128, 363.00000000, NULL, 1.00000000, 363.00000000),
(112, 110, 99, 32.95000000, NULL, 1.00000000, 32.95000000),
(113, 111, 82, 241.88000000, NULL, 1.00000000, 241.88000000),
(114, 111, 83, 57.60000000, NULL, 1.00000000, 57.60000000),
(115, 112, 69, 500.89000000, NULL, 1.00000000, 500.89000000),
(116, 113, 95, 114.84000000, NULL, 1.00000000, 114.84000000),
(117, 114, 108, 299.48000000, NULL, 1.00000000, 299.48000000),
(118, 115, 103, 500.89000000, NULL, 1.00000000, 500.89000000),
(119, 116, 92, 35.72000000, NULL, 1.00000000, 35.72000000),
(120, 117, 109, 430.25000000, NULL, 1.00000000, 430.25000000),
(121, 118, 104, 500.89000000, NULL, 1.00000000, 500.89000000),
(122, 119, 102, 598.95000000, NULL, 1.00000000, 598.95000000),
(123, 120, 106, 32.90000000, NULL, 1.00000000, 32.90000000),
(124, 121, 111, 102.74000000, NULL, 1.00000000, 102.74000000),
(125, 122, 110, 270.68000000, NULL, 1.00000000, 270.68000000),
(126, 123, 105, 500.89000000, NULL, 1.00000000, 500.89000000),
(127, 124, 100, 598.95000000, NULL, 1.00000000, 598.95000000),
(128, 125, 107, 41.03000000, NULL, 1.00000000, 41.03000000),
(129, 126, 87, 13.31000000, NULL, 1.00000000, 13.31000000),
(130, 127, 130, 262.27000000, NULL, 1.00000000, 262.27000000),
(131, 128, 131, 744.15000000, NULL, 1.00000000, 744.15000000),
(132, 129, 62, 1818.02000000, NULL, 1.00000000, 1818.02000000),
(133, 130, 132, 288.54000000, NULL, 1.00000000, 288.54000000),
(134, 131, 133, 323.34000000, NULL, 1.00000000, 323.34000000),
(135, 132, 140, 2.40000000, NULL, 1.00000000, 2.40000000),
(136, 133, 141, 0.75000000, NULL, 1.00000000, 0.75000000),
(137, 134, 143, 2.15000000, NULL, 1.00000000, 2.15000000),
(138, 135, 142, 68.64000000, NULL, 1.00000000, 68.64000000),
(139, 136, 144, 22.50000000, NULL, 1.00000000, 22.50000000),
(140, 137, 146, 101.40000000, NULL, 1.00000000, 101.40000000),
(141, 138, 145, 56.30000000, NULL, 1.00000000, 56.30000000),
(142, 139, 147, 22.50000000, NULL, 1.00000000, 22.50000000),
(143, 140, 148, 62.37000000, NULL, 1.00000000, 62.37000000),
(144, 141, 149, 101.40000000, NULL, 1.00000000, 101.40000000),
(145, 142, 156, 32.60000000, NULL, 1.00000000, 32.60000000),
(146, 143, 157, 25.90000000, NULL, 1.00000000, 25.90000000),
(147, 144, 158, 334.65000000, NULL, 1.00000000, 334.65000000),
(148, 145, 160, 5.85000000, NULL, 1.00000000, 5.85000000),
(149, 146, 159, 20.30000000, NULL, 1.00000000, 20.30000000),
(150, 147, 161, 9.20000000, NULL, 1.00000000, 9.20000000),
(151, 148, 165, 16.94000000, NULL, 1.00000000, 16.94000000),
(152, 149, 197, 13.99000000, NULL, 1.00000000, 13.99000000),
(153, 150, 178, 505.90000000, NULL, 1.00000000, 505.90000000),
(154, 151, 151, 270.68000000, NULL, 1.00000000, 270.68000000),
(155, 152, 152, 316.72000000, NULL, 1.00000000, 316.72000000),
(156, 153, 153, 270.68000000, NULL, 1.00000000, 270.68000000),
(157, 154, 193, 270.68000000, NULL, 1.00000000, 270.68000000),
(158, 155, 194, 270.68000000, NULL, 1.00000000, 270.68000000),
(159, 156, 195, 270.68000000, NULL, 1.00000000, 270.68000000),
(160, 157, 134, 500.89000000, NULL, 1.00000000, 500.89000000),
(161, 158, 135, 500.89000000, NULL, 1.00000000, 500.89000000),
(162, 159, 136, 500.89000000, NULL, 1.00000000, 500.89000000),
(163, 160, 176, 500.89000000, NULL, 1.00000000, 500.89000000),
(164, 161, 177, 500.89000000, NULL, 1.00000000, 500.89000000),
(165, 162, 137, 598.95000000, NULL, 1.00000000, 598.95000000),
(166, 163, 138, 610.08000000, NULL, 1.00000000, 610.08000000),
(167, 164, 139, 598.95000000, NULL, 1.00000000, 598.95000000),
(168, 165, 173, 598.95000000, NULL, 1.00000000, 598.95000000),
(169, 166, 174, 598.95000000, NULL, 1.00000000, 598.95000000),
(170, 167, 175, 598.95000000, NULL, 1.00000000, 598.95000000),
(171, 168, 179, 576.31000000, NULL, 1.00000000, 576.31000000),
(172, 169, 180, 1029.85000000, NULL, 1.00000000, 1029.85000000),
(173, 170, 167, 23.00000000, NULL, 1.00000000, 23.00000000),
(174, 171, 168, 63.48000000, NULL, 1.00000000, 63.48000000),
(175, 172, 169, 22.50000000, NULL, 1.00000000, 22.50000000),
(176, 173, 170, 65.04000000, NULL, 1.00000000, 65.04000000),
(177, 174, 171, 22.50000000, NULL, 1.00000000, 22.50000000),
(178, 175, 172, 68.22000000, NULL, 1.00000000, 68.22000000),
(179, 176, 181, 1029.47000000, NULL, 1.00000000, 1029.47000000),
(180, 177, 182, 138.00000000, NULL, 1.00000000, 138.00000000),
(181, 178, 150, 104.73000000, NULL, 1.00000000, 104.73000000),
(182, 179, 198, 97.05000000, NULL, 1.00000000, 97.05000000),
(183, 180, 199, 115.10000000, NULL, 1.00000000, 115.10000000),
(184, 181, 189, 5.00000000, NULL, 1.00000000, 5.00000000),
(185, 182, 190, 5.20000000, NULL, 1.00000000, 5.20000000),
(186, 183, 192, 5.25000000, NULL, 1.00000000, 5.25000000),
(187, 184, 191, 10.20000000, NULL, 1.00000000, 10.20000000),
(188, 185, 188, 7.80000000, NULL, 1.00000000, 7.80000000),
(189, 186, 188, 7.50000000, NULL, 1.00000000, 7.50000000),
(190, 187, 188, 2.50000000, NULL, 1.00000000, 2.50000000),
(191, 188, 185, 4.10000000, NULL, 1.00000000, 4.10000000),
(192, 189, 185, 6.90000000, NULL, 1.00000000, 6.90000000),
(193, 190, 185, 100.50000000, NULL, 1.00000000, 100.50000000),
(194, 191, 185, 9.60000000, NULL, 1.00000000, 9.60000000),
(195, 192, 185, 31.60000000, NULL, 1.00000000, 31.60000000),
(196, 193, 185, 42.00000000, NULL, 1.00000000, 42.00000000),
(197, 194, 185, 20.20000000, NULL, 1.00000000, 20.20000000),
(198, 195, 185, 21.90000000, NULL, 1.00000000, 21.90000000),
(199, 196, 185, 6.48000000, NULL, 1.00000000, 6.48000000),
(200, 197, 185, 6.60000000, NULL, 1.00000000, 6.60000000),
(201, 198, 185, 2.25000000, NULL, 1.00000000, 2.25000000),
(202, 199, 185, 10.65000000, NULL, 1.00000000, 10.65000000),
(203, 200, 185, 7.80000000, NULL, 1.00000000, 7.80000000),
(204, 201, 187, 6.25000000, NULL, 1.00000000, 6.25000000),
(205, 202, 187, 5.50000000, NULL, 1.00000000, 5.50000000),
(206, 203, 187, 6.40000000, NULL, 1.00000000, 6.40000000),
(207, 204, 186, 5.50000000, NULL, 1.00000000, 5.50000000),
(208, 205, 186, 44.00000000, NULL, 1.00000000, 44.00000000),
(209, 206, 186, 13.70000000, NULL, 1.00000000, 13.70000000),
(210, 207, 186, 51.35000000, NULL, 1.00000000, 51.35000000),
(211, 208, 183, 84.73000000, NULL, 1.00000000, 84.73000000),
(212, 209, 162, 36.20000000, NULL, 1.00000000, 36.20000000),
(213, 210, 155, 11.45000000, NULL, 1.00000000, 11.45000000),
(214, 211, 163, 55.42000000, NULL, 1.00000000, 55.42000000),
(215, 212, 154, 8.93000000, NULL, 1.00000000, 8.93000000),
(216, 213, 200, 208.68000000, NULL, 1.00000000, 208.68000000),
(217, 214, 166, 170.63000000, NULL, 1.00000000, 170.63000000),
(218, 215, 201, 868.94000000, NULL, 1.00000000, 868.94000000),
(219, 216, 202, 505.90000000, NULL, 1.00000000, 505.90000000),
(220, 217, 203, 22.50000000, NULL, 1.00000000, 22.50000000),
(221, 218, 204, 60.54000000, NULL, 1.00000000, 60.54000000),
(222, 219, 205, 598.95000000, NULL, 1.00000000, 598.95000000),
(223, 220, 206, 311.23000000, NULL, 1.00000000, 311.23000000),
(224, 221, 207, 917.90000000, NULL, 1.00000000, 917.90000000),
(225, 222, 209, 8.40000000, NULL, 1.00000000, 8.40000000),
(226, 223, 210, 48.65000000, NULL, 1.00000000, 48.65000000),
(228, 225, 212, 13.99000000, NULL, 1.00000000, 13.99000000),
(229, 226, 213, 9.99000000, NULL, 1.00000000, 9.99000000),
(230, 227, 217, 18.90000000, NULL, 1.00000000, 18.90000000),
(232, 229, 208, 122.57000000, NULL, 1.00000000, 122.57000000),
(233, 230, 211, 25.10000000, NULL, 1.00000000, 25.10000000),
(234, 230, 220, 8.00000000, NULL, 1.00000000, 8.00000000),
(235, 230, 221, 67.15000000, NULL, 1.00000000, 67.15000000),
(239, 234, 88, 104.00000000, NULL, 1.00000000, 104.00000000),
(240, 234, 89, 90.00000000, NULL, 1.00000000, 90.00000000),
(241, 235, 86, 6.93000000, NULL, 1.00000000, 6.93000000),
(242, 236, 96, 263.96000000, NULL, 1.00000000, 263.96000000),
(243, 237, 129, 3288.63000000, NULL, 1.00000000, 3288.63000000);

-- --------------------------------------------------------

--
-- Estructura de tabla para la tabla `b67182907_paiement_facture`
--

CREATE TABLE `b67182907_paiement_facture` (
  `rowid` int NOT NULL,
  `fk_paiement` int DEFAULT NULL,
  `fk_facture` int DEFAULT NULL,
  `amount` double(24,8) DEFAULT '0.00000000',
  `multicurrency_code` varchar(255) DEFAULT NULL,
  `multicurrency_tx` double(24,8) DEFAULT '1.00000000',
  `multicurrency_amount` double(24,8) DEFAULT '0.00000000'
) ENGINE=InnoDB DEFAULT CHARSET=utf8mb3;

--
-- Volcado de datos para la tabla `b67182907_paiement_facture`
--

INSERT INTO `b67182907_paiement_facture` (`rowid`, `fk_paiement`, `fk_facture`, `amount`, `multicurrency_code`, `multicurrency_tx`, `multicurrency_amount`) VALUES
(1, 1, 5, 211.75000000, NULL, 1.00000000, 211.75000000),
(5, 5, 8, 215.99000000, NULL, 1.00000000, 215.99000000),
(6, 6, 10, 211.75000000, NULL, 1.00000000, 211.75000000),
(7, 7, 11, 211.75000000, NULL, 1.00000000, 211.75000000),
(13, 13, 7, -12100.00000000, NULL, 1.00000000, -12100.00000000),
(14, 14, 6, 12100.00000000, NULL, 1.00000000, 12100.00000000),
(15, 15, 14, 211.75000000, NULL, 1.00000000, 211.75000000),
(16, 16, 6, 2000.00000000, NULL, 1.00000000, 2000.00000000),
(17, 17, 16, 211.75000000, NULL, 1.00000000, 211.75000000),
(18, 18, 6, 8000.00000000, NULL, 1.00000000, 8000.00000000),
(19, 19, 6, 3000.00000000, NULL, 1.00000000, 3000.00000000),
(20, 20, 6, 1000.00000000, NULL, 1.00000000, 1000.00000000),
(21, 21, 6, 500.00000000, NULL, 1.00000000, 500.00000000),
(22, 22, 6, 3650.00000000, NULL, 1.00000000, 3650.00000000),
(23, 23, 13, 12000.00000000, NULL, 1.00000000, 12000.00000000),
(24, 24, 24, 211.75000000, NULL, 1.00000000, 211.75000000),
(25, 25, 26, -21.57000000, NULL, 1.00000000, -21.57000000),
(26, 26, 22, 21.57000000, NULL, 1.00000000, 21.57000000),
(27, 27, 22, 3796.22000000, NULL, 1.00000000, 3796.22000000),
(28, 28, 27, -36.20000000, NULL, 1.00000000, -36.20000000),
(29, 29, 23, 36.20000000, NULL, 1.00000000, 36.20000000),
(30, 30, 23, 6739.80000000, NULL, 1.00000000, 6739.80000000),
(31, 31, 13, 4150.00000000, NULL, 1.00000000, 4150.00000000),
(32, 32, 13, 500.00000000, NULL, 1.00000000, 500.00000000),
(33, 33, 13, 1500.00000000, NULL, 1.00000000, 1500.00000000),
(34, 33, 15, 500.00000000, NULL, 1.00000000, 500.00000000),
(35, 34, 15, 3000.00000000, NULL, 1.00000000, 3000.00000000),
(36, 35, 15, 2000.00000000, NULL, 1.00000000, 2000.00000000),
(37, 36, 15, 2000.00000000, NULL, 1.00000000, 2000.00000000),
(38, 37, 17, 998.25000000, NULL, 1.00000000, 998.25000000),
(39, 38, 29, 211.75000000, NULL, 1.00000000, 211.75000000),
(40, 39, 33, -21.72000000, NULL, 1.00000000, -21.72000000),
(41, 40, 28, 21.72000000, NULL, 1.00000000, 21.72000000),
(42, 41, 28, 4043.88000000, NULL, 1.00000000, 4043.88000000),
(43, 42, 31, 5333.24000000, NULL, 1.00000000, 5333.24000000),
(44, 43, 38, 208.12000000, NULL, 1.00000000, 208.12000000),
(45, 44, 18, 208.73000000, NULL, 1.00000000, 208.73000000),
(46, 45, 15, 657.80000000, NULL, 1.00000000, 657.80000000),
(47, 46, 42, 2261.43000000, NULL, 1.00000000, 2261.43000000),
(48, 47, 44, -44.42000000, NULL, 1.00000000, -44.42000000),
(49, 48, 32, 44.42000000, NULL, 1.00000000, 44.42000000),
(50, 49, 32, 7409.18000000, NULL, 1.00000000, 7409.18000000),
(51, 50, 41, 211.75000000, NULL, 1.00000000, 211.75000000),
(52, 51, 15, 9992.20000000, NULL, 1.00000000, 9992.20000000),
(53, 52, 47, 6050.00000000, NULL, 1.00000000, 6050.00000000),
(56, 54, 48, 2261.43000000, NULL, 1.00000000, 2261.43000000),
(57, 55, 50, -40.38000000, NULL, 1.00000000, -40.38000000),
(58, 56, 46, 40.38000000, NULL, 1.00000000, 40.38000000),
(59, 57, 46, 6735.62000000, NULL, 1.00000000, 6735.62000000),
(60, 58, 49, 211.75000000, NULL, 1.00000000, 211.75000000),
(61, 59, 47, 1500.00000000, NULL, 1.00000000, 1500.00000000),
(62, 60, 58, -14727.89000000, NULL, 1.00000000, -14727.89000000),
(63, 60, 59, -643.72000000, NULL, 1.00000000, -643.72000000),
(64, 61, 37, 14727.89000000, NULL, 1.00000000, 14727.89000000),
(65, 61, 40, 643.72000000, NULL, 1.00000000, 643.72000000),
(66, 62, 47, 10600.00000000, NULL, 1.00000000, 10600.00000000),
(68, 64, 66, -43.71000000, NULL, 1.00000000, -43.71000000),
(69, 65, 51, 43.71000000, NULL, 1.00000000, 43.71000000),
(71, 67, 39, 11390.46000000, NULL, 1.00000000, 11390.46000000),
(72, 68, 39, 41.60000000, NULL, 1.00000000, 41.60000000),
(73, 69, 25, 3057.85000000, NULL, 1.00000000, 3057.85000000),
(74, 69, 34, 4469.16000000, NULL, 1.00000000, 4469.16000000),
(75, 70, 25, 88.15000000, NULL, 1.00000000, 88.15000000),
(76, 70, 34, 128.84000000, NULL, 1.00000000, 128.84000000),
(77, 71, 51, 7071.09000000, NULL, 1.00000000, 7071.09000000),
(78, 72, 65, 4235.00000000, NULL, 1.00000000, 4235.00000000),
(79, 73, 61, 2261.43000000, NULL, 1.00000000, 2261.43000000),
(80, 74, 17, 998.25000000, NULL, 1.00000000, 998.25000000),
(81, 75, 62, 800.42000000, NULL, 1.00000000, 800.42000000),
(82, 76, 54, 2924.49000000, NULL, 1.00000000, 2924.49000000),
(83, 76, 55, 2662.00000000, NULL, 1.00000000, 2662.00000000),
(84, 77, 70, 3061.85000000, NULL, 1.00000000, 3061.85000000),
(85, 78, 19, 208.73000000, NULL, 1.00000000, 208.73000000),
(86, 79, 60, 211.75000000, NULL, 1.00000000, 211.75000000),
(87, 80, 45, 4840.00000000, NULL, 1.00000000, 4840.00000000),
(88, 80, 52, 4840.00000000, NULL, 1.00000000, 4840.00000000),
(89, 80, 53, 5082.00000000, NULL, 1.00000000, 5082.00000000),
(90, 81, 69, 571.73000000, NULL, 1.00000000, 571.73000000),
(91, 82, 74, 1778.70000000, NULL, 1.00000000, 1778.70000000),
(92, 83, 68, 33.69000000, NULL, 1.00000000, 33.69000000),
(93, 84, 68, 6742.31000000, NULL, 1.00000000, 6742.31000000),
(94, 85, 76, 2117.50000000, NULL, 1.00000000, 2117.50000000),
(95, 86, 83, 3061.85000000, NULL, 1.00000000, 3061.85000000),
(96, 87, 65, 12100.00000000, NULL, 1.00000000, 12100.00000000),
(97, 88, 81, 44.87000000, NULL, 1.00000000, 44.87000000),
(98, 89, 79, -33.69000000, NULL, 1.00000000, -33.69000000),
(99, 90, 67, 2000.00000000, NULL, 1.00000000, 2000.00000000),
(100, 91, 81, 7408.73000000, NULL, 1.00000000, 7408.73000000),
(101, 92, 85, 629.20000000, NULL, 1.00000000, 629.20000000),
(102, 93, 84, -44.87000000, NULL, 1.00000000, -44.87000000),
(103, 94, 90, 3061.85000000, NULL, 1.00000000, 3061.85000000),
(104, 95, 63, 4356.00000000, NULL, 1.00000000, 4356.00000000),
(105, 95, 64, 6048.79000000, NULL, 1.00000000, 6048.79000000),
(106, 95, 78, 7333.21000000, NULL, 1.00000000, 7333.21000000),
(107, 95, 80, 1875.50000000, NULL, 1.00000000, 1875.50000000),
(108, 96, 67, 8587.50000000, NULL, 1.00000000, 8587.50000000),
(109, 97, 71, 12226.87000000, NULL, 1.00000000, 12226.87000000),
(110, 98, 88, 34.84000000, NULL, 1.00000000, 34.84000000),
(111, 99, 88, 6063.56000000, NULL, 1.00000000, 6063.56000000),
(112, 100, 82, 211.75000000, NULL, 1.00000000, 211.75000000),
(113, 101, 20, 208.73000000, NULL, 1.00000000, 208.73000000),
(114, 102, 92, -34.84000000, NULL, 1.00000000, -34.84000000),
(115, 103, 96, 2261.43000000, NULL, 1.00000000, 2261.43000000),
(116, 104, 86, 4746.55000000, NULL, 1.00000000, 4746.55000000),
(117, 104, 87, 4356.00000000, NULL, 1.00000000, 4356.00000000),
(118, 105, 93, 45.95000000, NULL, 1.00000000, 45.95000000),
(119, 106, 93, 7746.45000000, NULL, 1.00000000, 7746.45000000),
(120, 107, 89, 211.75000000, NULL, 1.00000000, 211.75000000),
(121, 108, 101, -45.95000000, NULL, 1.00000000, -45.95000000),
(122, 109, 103, 2261.43000000, NULL, 1.00000000, 2261.43000000),
(123, 110, 97, 739.60000000, NULL, 1.00000000, 739.60000000),
(124, 111, 98, 470.46000000, NULL, 1.00000000, 470.46000000),
(125, 112, 102, 24.73000000, NULL, 1.00000000, 24.73000000),
(126, 113, 102, 4040.87000000, NULL, 1.00000000, 4040.87000000),
(127, 114, 99, 211.75000000, NULL, 1.00000000, 211.75000000),
(128, 115, 95, 4337.85000000, NULL, 1.00000000, 4337.85000000),
(129, 116, 106, -24.73000000, NULL, 1.00000000, -24.73000000),
(130, 117, 107, 468.29000000, NULL, 1.00000000, 468.29000000),
(131, 117, 109, 2261.43000000, NULL, 1.00000000, 2261.43000000),
(132, 118, 94, 5566.00000000, NULL, 1.00000000, 5566.00000000),
(133, 119, 100, 1936.00000000, NULL, 1.00000000, 1936.00000000),
(134, 120, 104, 211.75000000, NULL, 1.00000000, 211.75000000),
(135, 121, 108, 29.43000000, NULL, 1.00000000, 29.43000000),
(136, 122, 108, 4713.77000000, NULL, 1.00000000, 4713.77000000),
(137, 123, 21, 208.73000000, NULL, 1.00000000, 208.73000000),
(138, 124, 105, 5082.00000000, NULL, 1.00000000, 5082.00000000),
(139, 124, 111, 1936.00000000, NULL, 1.00000000, 1936.00000000),
(140, 125, 112, -29.43000000, NULL, 1.00000000, -29.43000000),
(141, 126, 117, 2261.43000000, NULL, 1.00000000, 2261.43000000),
(142, 127, 110, 211.75000000, NULL, 1.00000000, 211.75000000),
(143, 128, 118, 211.75000000, NULL, 1.00000000, 211.75000000),
(144, 129, 127, 2261.43000000, NULL, 1.00000000, 2261.43000000),
(145, 130, 122, 1368.40000000, NULL, 1.00000000, 1368.40000000),
(146, 131, 114, 5566.00000000, NULL, 1.00000000, 5566.00000000),
(147, 131, 115, 5566.00000000, NULL, 1.00000000, 5566.00000000),
(149, 133, 116, 26.26000000, NULL, 1.00000000, 26.26000000),
(150, 134, 121, -26.26000000, NULL, 1.00000000, -26.26000000),
(151, 135, 121, -35.37000000, NULL, 1.00000000, -35.37000000),
(152, 136, 128, 35.37000000, NULL, 1.00000000, 35.37000000),
(153, 137, 128, 6740.63000000, NULL, 1.00000000, 6740.63000000),
(154, 138, 116, 7766.14000000, NULL, 1.00000000, 7766.14000000),
(155, 139, 134, 2261.43000000, NULL, 1.00000000, 2261.43000000),
(156, 140, 129, 211.75000000, NULL, 1.00000000, 211.75000000),
(157, 141, 119, 4840.00000000, NULL, 1.00000000, 4840.00000000),
(158, 141, 120, 4840.00000000, NULL, 1.00000000, 4840.00000000),
(159, 142, 123, 208.73000000, NULL, 1.00000000, 208.73000000),
(160, 143, 141, 2261.43000000, NULL, 1.00000000, 2261.43000000),
(161, 144, 135, 211.75000000, NULL, 1.00000000, 211.75000000),
(162, 145, 131, 3630.00000000, NULL, 1.00000000, 3630.00000000),
(163, 145, 132, 4840.00000000, NULL, 1.00000000, 4840.00000000),
(164, 146, 138, 36.69000000, NULL, 1.00000000, 36.69000000),
(165, 147, 138, 7078.11000000, NULL, 1.00000000, 7078.11000000),
(166, 148, 137, 2874.96000000, NULL, 1.00000000, 2874.96000000),
(167, 148, 136, 4965.84000000, NULL, 1.00000000, 4965.84000000),
(168, 149, 148, 2261.43000000, NULL, 1.00000000, 2261.43000000),
(171, 152, 133, 2710.40000000, NULL, 1.00000000, 2710.40000000),
(173, 154, 142, 211.75000000, NULL, 1.00000000, 211.75000000),
(174, 155, 147, 41.21000000, NULL, 1.00000000, 41.21000000),
(175, 156, 147, 6734.79000000, NULL, 1.00000000, 6734.79000000),
(176, 157, 149, 211.75000000, NULL, 1.00000000, 211.75000000),
(178, 159, 152, 2261.43000000, NULL, 1.00000000, 2261.43000000),
(179, 160, 153, -141.33000000, NULL, 1.00000000, -141.33000000),
(180, 161, 151, -36.69000000, NULL, 1.00000000, -36.69000000),
(181, 162, 151, -41.21000000, NULL, 1.00000000, -41.21000000),
(182, 163, 146, 1000.00000000, NULL, 1.00000000, 1000.00000000),
(183, 164, 146, 1000.00000000, NULL, 1.00000000, 1000.00000000),
(184, 165, 146, 2000.00000000, NULL, 1.00000000, 2000.00000000),
(185, 166, 154, 43.50000000, NULL, 1.00000000, 43.50000000),
(186, 167, 154, 7410.10000000, NULL, 1.00000000, 7410.10000000),
(187, 168, 158, -43.50000000, NULL, 1.00000000, -43.50000000),
(189, 170, 159, 2261.43000000, NULL, 1.00000000, 2261.43000000),
(190, 171, 161, -565.36000000, NULL, 1.00000000, -565.36000000),
(191, 172, 124, 208.73000000, NULL, 1.00000000, 208.73000000),
(192, 173, 162, 40.38000000, NULL, 1.00000000, 40.38000000),
(193, 174, 146, 4000.00000000, NULL, 1.00000000, 4000.00000000),
(194, 175, 162, 6735.62000000, NULL, 1.00000000, 6735.62000000),
(195, 176, 143, 5227.20000000, NULL, 1.00000000, 5227.20000000),
(196, 176, 150, 5749.92000000, NULL, 1.00000000, 5749.92000000),
(197, 176, 156, 5749.92000000, NULL, 1.00000000, 5749.92000000),
(198, 177, 155, 211.75000000, NULL, 1.00000000, 211.75000000),
(199, 178, 163, 211.75000000, NULL, 1.00000000, 211.75000000),
(200, 179, 146, 3500.00000000, NULL, 1.00000000, 3500.00000000),
(201, 180, 165, -40.38000000, NULL, 1.00000000, -40.38000000),
(202, 181, 168, -424.02000000, NULL, 1.00000000, -424.02000000),
(203, 182, 166, 2261.43000000, NULL, 1.00000000, 2261.43000000),
(204, 183, 169, 41.63000000, NULL, 1.00000000, 41.63000000),
(205, 184, 169, 6734.37000000, NULL, 1.00000000, 6734.37000000),
(206, 185, 173, 2339.48000000, NULL, 1.00000000, 2339.48000000),
(207, 186, 171, -41.63000000, NULL, 1.00000000, -41.63000000),
(208, 187, 174, 6736.04000000, NULL, 1.00000000, 6736.04000000),
(209, 188, 174, 39.96000000, NULL, 1.00000000, 39.96000000),
(210, 189, 170, 211.75000000, NULL, 1.00000000, 211.75000000),
(211, 190, 177, 4428.60000000, NULL, 1.00000000, 4428.60000000),
(212, 191, 125, 208.73000000, NULL, 1.00000000, 208.73000000),
(213, 192, 176, -39.96000000, NULL, 1.00000000, -39.96000000),
(214, 193, 179, 2391.51000000, NULL, 1.00000000, 2391.51000000),
(215, 194, 146, 2500.00000000, NULL, 1.00000000, 2500.00000000),
(216, 195, 180, 47.73000000, NULL, 1.00000000, 47.73000000),
(217, 196, 180, 7744.67000000, NULL, 1.00000000, 7744.67000000),
(218, 197, 164, 5488.56000000, NULL, 1.00000000, 5488.56000000),
(219, 197, 172, 5749.92000000, NULL, 1.00000000, 5749.92000000),
(220, 197, 178, 6011.28000000, NULL, 1.00000000, 6011.28000000),
(221, 198, 175, 211.75000000, NULL, 1.00000000, 211.75000000),
(222, 199, 184, -47.73000000, NULL, 1.00000000, -47.73000000),
(223, 200, 185, 3704.91000000, NULL, 1.00000000, 3704.91000000),
(224, 201, 185, 21.89000000, NULL, 1.00000000, 21.89000000),
(225, 202, 183, 2261.43000000, NULL, 1.00000000, 2261.43000000),
(226, 203, 181, 211.75000000, NULL, 1.00000000, 211.75000000),
(228, 205, 190, -21.89000000, NULL, 1.00000000, -21.89000000),
(229, 206, 187, 4936.80000000, NULL, 1.00000000, 4936.80000000),
(230, 207, 191, 2599.63000000, NULL, 1.00000000, 2599.63000000),
(231, 208, 146, 2000.00000000, NULL, 1.00000000, 2000.00000000),
(232, 209, 192, 40.66000000, NULL, 1.00000000, 40.66000000),
(233, 210, 192, 6735.34000000, NULL, 1.00000000, 6735.34000000),
(234, 211, 197, 130.08000000, NULL, 1.00000000, 130.08000000),
(235, 212, 126, 208.73000000, NULL, 1.00000000, 208.73000000),
(236, 213, 194, -40.66000000, NULL, 1.00000000, -40.66000000),
(237, 214, 200, 2261.43000000, NULL, 1.00000000, 2261.43000000),
(238, 215, 199, 6.23000000, NULL, 1.00000000, 6.23000000),
(239, 216, 193, 211.75000000, NULL, 1.00000000, 211.75000000),
(240, 217, 199, 1010.17000000, NULL, 1.00000000, 1010.17000000),
(241, 218, 182, 4181.76000000, NULL, 1.00000000, 4181.76000000),
(242, 218, 188, 5488.56000000, NULL, 1.00000000, 5488.56000000),
(243, 219, 202, 211.75000000, NULL, 1.00000000, 211.75000000),
(244, 220, 146, 2106.44000000, NULL, 1.00000000, 2106.44000000),
(245, 221, 186, 3500.00000000, NULL, 1.00000000, 3500.00000000),
(246, 222, 186, 7000.00000000, NULL, 1.00000000, 7000.00000000),
(247, 223, 186, 7000.00000000, NULL, 1.00000000, 7000.00000000),
(248, 224, 206, -6.23000000, NULL, 1.00000000, -6.23000000),
(249, 225, 208, 2521.58000000, NULL, 1.00000000, 2521.58000000),
(250, 226, 198, 422.05000000, NULL, 1.00000000, 422.05000000),
(251, 227, 207, 211.75000000, NULL, 1.00000000, 211.75000000),
(253, 229, 212, 4000.00000000, NULL, 1.00000000, 4000.00000000),
(254, 230, 196, 5488.56000000, NULL, 1.00000000, 5488.56000000),
(255, 231, 214, 2393.68000000, NULL, 1.00000000, 2393.68000000),
(256, 232, 213, 211.75000000, NULL, 1.00000000, 211.75000000),
(257, 233, 186, 6700.00000000, NULL, 1.00000000, 6700.00000000),
(258, 234, 205, 300.00000000, NULL, 1.00000000, 300.00000000),
(259, 235, 205, 7000.00000000, NULL, 1.00000000, 7000.00000000),
(260, 236, 205, 2135.00000000, NULL, 1.00000000, 2135.00000000),
(261, 237, 217, 4936.80000000, NULL, 1.00000000, 4936.80000000),
(262, 238, 212, 840.00000000, NULL, 1.00000000, 840.00000000),
(263, 239, 217, 11519.20000000, NULL, 1.00000000, 11519.20000000),
(264, 240, 201, 5488.56000000, NULL, 1.00000000, 5488.56000000),
(265, 240, 211, 5488.56000000, NULL, 1.00000000, 5488.56000000),
(266, 241, 220, 8140.48000000, NULL, 1.00000000, 8140.48000000),
(267, 242, 222, 2261.43000000, NULL, 1.00000000, 2261.43000000),
(268, 243, 215, 208.73000000, NULL, 1.00000000, 208.73000000),
(269, 244, 225, 2261.43000000, NULL, 1.00000000, 2261.43000000),
(270, 245, 221, 211.75000000, NULL, 1.00000000, 211.75000000),
(271, 246, 228, 2261.43000000, NULL, 1.00000000, 2261.43000000),
(272, 247, 224, 211.75000000, NULL, 1.00000000, 211.75000000),
(273, 248, 219, 653.40000000, NULL, 1.00000000, 653.40000000),
(274, 249, 233, 2261.43000000, NULL, 1.00000000, 2261.43000000),
(275, 250, 235, 4053.50000000, NULL, 1.00000000, 4053.50000000),
(276, 251, 231, 2700.00000000, NULL, 1.00000000, 2700.00000000),
(277, 252, 218, 4965.84000000, NULL, 1.00000000, 4965.84000000),
(278, 252, 223, 5227.20000000, NULL, 1.00000000, 5227.20000000),
(279, 253, 229, 211.75000000, NULL, 1.00000000, 211.75000000),
(280, 254, 234, 211.75000000, NULL, 1.00000000, 211.75000000),
(281, 255, 237, 2261.43000000, NULL, 1.00000000, 2261.43000000),
(282, 256, 226, 6011.28000000, NULL, 1.00000000, 6011.28000000),
(283, 257, 231, 2140.00000000, NULL, 1.00000000, 2140.00000000),
(284, 258, 241, 2154.27000000, NULL, 1.00000000, 2154.27000000),
(285, 259, 232, 5749.92000000, NULL, 1.00000000, 5749.92000000),
(287, 261, 247, 2000.00000000, NULL, 1.00000000, 2000.00000000),
(288, 262, 239, 211.75000000, NULL, 1.00000000, 211.75000000),
(289, 262, 242, 211.75000000, NULL, 1.00000000, 211.75000000),
(290, 263, 244, 1686.00000000, NULL, 1.00000000, 1686.00000000),
(291, 264, 246, 6379.99000000, NULL, 1.00000000, 6379.99000000),
(292, 265, 236, 5488.56000000, NULL, 1.00000000, 5488.56000000),
(293, 266, 249, 1529.91000000, NULL, 1.00000000, 1529.91000000),
(294, 267, 245, 211.75000000, NULL, 1.00000000, 211.75000000),
(295, 267, 251, 211.75000000, NULL, 1.00000000, 211.75000000),
(296, 268, 240, 5227.20000000, NULL, 1.00000000, 5227.20000000),
(297, 269, 252, 2102.24000000, NULL, 1.00000000, 2102.24000000),
(298, 270, 243, 5749.92000000, NULL, 1.00000000, 5749.92000000),
(299, 271, 260, 1529.91000000, NULL, 1.00000000, 1529.91000000),
(300, 272, 253, 5749.92000000, NULL, 1.00000000, 5749.92000000),
(301, 273, 264, 1529.91000000, NULL, 1.00000000, 1529.91000000),
(302, 274, 261, 211.75000000, NULL, 1.00000000, 211.75000000),
(303, 275, 263, 1051.63000000, NULL, 1.00000000, 1051.63000000),
(304, 276, 248, 5227.20000000, NULL, 1.00000000, 5227.20000000),
(305, 276, 259, 5227.20000000, NULL, 1.00000000, 5227.20000000),
(306, 277, 268, 1529.91000000, NULL, 1.00000000, 1529.91000000),
(307, 278, 257, 211.75000000, NULL, 1.00000000, 211.75000000),
(308, 279, 265, 211.75000000, NULL, 1.00000000, 211.75000000),
(309, 280, 270, 2395.80000000, NULL, 1.00000000, 2395.80000000),
(310, 281, 273, 1529.91000000, NULL, 1.00000000, 1529.91000000),
(311, 282, 262, 5749.92000000, NULL, 1.00000000, 5749.92000000),
(312, 283, 266, 10022.43000000, NULL, 1.00000000, 10022.43000000),
(313, 283, 267, 119.79000000, NULL, 1.00000000, 119.79000000),
(314, 284, 278, 1529.91000000, NULL, 1.00000000, 1529.91000000),
(315, 285, 271, 7426.98000000, NULL, 1.00000000, 7426.98000000),
(316, 285, 272, 79.86000000, NULL, 1.00000000, 79.86000000),
(317, 286, 269, 211.75000000, NULL, 1.00000000, 211.75000000),
(318, 287, 274, 211.75000000, NULL, 1.00000000, 211.75000000),
(319, 288, 283, 1529.91000000, NULL, 1.00000000, 1529.91000000),
(320, 289, 286, 288.35000000, NULL, 1.00000000, 288.35000000),
(321, 290, 287, 1714.19000000, NULL, 1.00000000, 1714.19000000),
(322, 291, 275, 4392.30000000, NULL, 1.00000000, 4392.30000000),
(323, 291, 276, 3234.33000000, NULL, 1.00000000, 3234.33000000),
(324, 291, 277, 718.74000000, NULL, 1.00000000, 718.74000000),
(325, 292, 297, 1686.00000000, NULL, 1.00000000, 1686.00000000),
(326, 293, 279, 211.75000000, NULL, 1.00000000, 211.75000000),
(327, 293, 284, 211.75000000, NULL, 1.00000000, 211.75000000),
(328, 294, 280, 4671.81000000, NULL, 1.00000000, 4671.81000000),
(329, 294, 281, 3993.00000000, NULL, 1.00000000, 3993.00000000),
(330, 294, 282, 798.60000000, NULL, 1.00000000, 798.60000000),
(331, 295, 289, 4951.32000000, NULL, 1.00000000, 4951.32000000),
(332, 295, 290, 1577.24000000, NULL, 1.00000000, 1577.24000000),
(333, 295, 291, 1038.18000000, NULL, 1.00000000, 1038.18000000),
(334, 296, 303, 1529.91000000, NULL, 1.00000000, 1529.91000000),
(335, 297, 292, 435.60000000, NULL, 1.00000000, 435.60000000),
(336, 298, 293, 4392.30000000, NULL, 1.00000000, 4392.30000000),
(337, 298, 295, 3433.98000000, NULL, 1.00000000, 3433.98000000),
(338, 298, 296, 4552.02000000, NULL, 1.00000000, 4552.02000000),
(339, 299, 309, 1714.19000000, NULL, 1.00000000, 1714.19000000),
(340, 300, 288, 211.75000000, NULL, 1.00000000, 211.75000000),
(341, 300, 298, 211.75000000, NULL, 1.00000000, 211.75000000),
(342, 301, 294, 3005.64000000, NULL, 1.00000000, 3005.64000000),
(343, 302, 299, 4671.81000000, NULL, 1.00000000, 4671.81000000),
(344, 302, 300, 4831.53000000, NULL, 1.00000000, 4831.53000000),
(345, 302, 301, 2196.15000000, NULL, 1.00000000, 2196.15000000),
(346, 302, 302, 4032.93000000, NULL, 1.00000000, 4032.93000000),
(347, 303, 319, 58.08000000, NULL, 1.00000000, 58.08000000),
(349, 305, 305, 4711.74000000, NULL, 1.00000000, 4711.74000000),
(350, 305, 306, 3913.14000000, NULL, 1.00000000, 3913.14000000),
(351, 305, 307, 2595.45000000, NULL, 1.00000000, 2595.45000000),
(352, 305, 308, 2635.38000000, NULL, 1.00000000, 2635.38000000),
(353, 306, 316, 1529.91000000, NULL, 1.00000000, 1529.91000000),
(354, 307, 333, 58.08000000, NULL, 1.00000000, 58.08000000),
(355, 308, 331, 1529.91000000, NULL, 1.00000000, 1529.91000000),
(356, 309, 304, 211.75000000, NULL, 1.00000000, 211.75000000),
(357, 309, 310, 211.75000000, NULL, 1.00000000, 211.75000000),
(358, 309, 317, 211.75000000, NULL, 1.00000000, 211.75000000),
(359, 310, 311, 3753.42000000, NULL, 1.00000000, 3753.42000000),
(360, 310, 313, 2795.10000000, NULL, 1.00000000, 2795.10000000),
(361, 310, 315, 399.30000000, NULL, 1.00000000, 399.30000000),
(362, 310, 320, 4631.88000000, NULL, 1.00000000, 4631.88000000),
(363, 311, 329, 7130.77000000, NULL, 1.00000000, 7130.77000000),
(364, 311, 330, 7130.77000000, NULL, 1.00000000, 7130.77000000),
(365, 312, 230, 8140.48000000, NULL, 1.00000000, 8140.48000000),
(366, 313, 334, 7130.77000000, NULL, 1.00000000, 7130.77000000),
(367, 314, 335, 58.08000000, NULL, 1.00000000, 58.08000000),
(368, 315, 336, 1529.91000000, NULL, 1.00000000, 1529.91000000),
(369, 316, 332, 211.75000000, NULL, 1.00000000, 211.75000000),
(370, 316, 346, 211.75000000, NULL, 1.00000000, 211.75000000),
(371, 317, 321, 4791.60000000, NULL, 1.00000000, 4791.60000000),
(372, 317, 322, 3793.35000000, NULL, 1.00000000, 3793.35000000),
(373, 317, 323, 1357.62000000, NULL, 1.00000000, 1357.62000000),
(374, 317, 324, 2395.80000000, NULL, 1.00000000, 2395.80000000),
(375, 317, 325, 239.58000000, NULL, 1.00000000, 239.58000000),
(376, 317, 326, 79.86000000, NULL, 1.00000000, 79.86000000),
(377, 317, 327, 319.44000000, NULL, 1.00000000, 319.44000000),
(378, 317, 328, 519.09000000, NULL, 1.00000000, 519.09000000),
(379, 318, 355, 58.08000000, NULL, 1.00000000, 58.08000000),
(380, 319, 356, 1529.91000000, NULL, 1.00000000, 1529.91000000),
(381, 320, 343, 1038.18000000, NULL, 1.00000000, 1038.18000000),
(382, 321, 357, 211.75000000, NULL, 1.00000000, 211.75000000),
(383, 322, 369, 211.75000000, NULL, 1.00000000, 211.75000000),
(384, 323, 365, 58.08000000, NULL, 1.00000000, 58.08000000),
(385, 324, 368, 1529.91000000, NULL, 1.00000000, 1529.91000000),
(386, 325, 351, 638.88000000, NULL, 1.00000000, 638.88000000),
(387, 326, 337, 4791.60000000, NULL, 1.00000000, 4791.60000000),
(388, 326, 338, 2914.89000000, NULL, 1.00000000, 2914.89000000),
(389, 326, 339, 1517.34000000, NULL, 1.00000000, 1517.34000000),
(390, 326, 340, 598.95000000, NULL, 1.00000000, 598.95000000),
(391, 326, 341, 2395.80000000, NULL, 1.00000000, 2395.80000000),
(392, 326, 342, 1157.97000000, NULL, 1.00000000, 1157.97000000),
(393, 326, 345, 2132.63000000, NULL, 1.00000000, 2132.63000000),
(394, 327, 347, 4791.60000000, NULL, 1.00000000, 4791.60000000),
(395, 327, 348, 3553.77000000, NULL, 1.00000000, 3553.77000000),
(396, 327, 349, 786.50000000, NULL, 1.00000000, 786.50000000),
(397, 327, 350, 1118.04000000, NULL, 1.00000000, 1118.04000000),
(398, 327, 352, 399.30000000, NULL, 1.00000000, 399.30000000),
(399, 327, 353, 439.23000000, NULL, 1.00000000, 439.23000000),
(401, 329, 354, 2355.87000000, NULL, 1.00000000, 2355.87000000),
(402, 330, 370, 58.08000000, NULL, 1.00000000, 58.08000000),
(403, 331, 364, 60.50000000, NULL, 1.00000000, 60.50000000),
(404, 332, 371, 1529.91000000, NULL, 1.00000000, 1529.91000000),
(405, 333, 358, 4791.60000000, NULL, 1.00000000, 4791.60000000),
(406, 333, 359, 2595.45000000, NULL, 1.00000000, 2595.45000000),
(407, 333, 360, 484.00000000, NULL, 1.00000000, 484.00000000),
(408, 333, 361, 968.00000000, NULL, 1.00000000, 968.00000000),
(409, 333, 362, 399.30000000, NULL, 1.00000000, 399.30000000),
(410, 333, 363, 279.51000000, NULL, 1.00000000, 279.51000000),
(411, 334, 381, 211.75000000, NULL, 1.00000000, 211.75000000),
(412, 335, 383, 211.75000000, NULL, 1.00000000, 211.75000000),
(413, 336, 382, 1529.91000000, NULL, 1.00000000, 1529.91000000),
(414, 337, 372, 5808.00000000, NULL, 1.00000000, 5808.00000000),
(415, 337, 373, 5808.00000000, NULL, 1.00000000, 5808.00000000),
(416, 337, 374, 3447.29000000, NULL, 1.00000000, 3447.29000000),
(417, 337, 375, 1149.50000000, NULL, 1.00000000, 1149.50000000),
(418, 337, 376, 968.00000000, NULL, 1.00000000, 968.00000000),
(419, 337, 377, 758.67000000, NULL, 1.00000000, 758.67000000),
(420, 338, 393, 1529.91000000, NULL, 1.00000000, 1529.91000000),
(421, 339, 391, 239.58000000, NULL, 1.00000000, 239.58000000),
(422, 340, 400, 58.08000000, NULL, 1.00000000, 58.08000000),
(423, 340, 401, 58.08000000, NULL, 1.00000000, 58.08000000),
(424, 341, 384, 4840.00000000, NULL, 1.00000000, 4840.00000000),
(425, 341, 386, 1403.60000000, NULL, 1.00000000, 1403.60000000),
(426, 341, 388, 1064.80000000, NULL, 1.00000000, 1064.80000000),
(427, 341, 389, 39.93000000, NULL, 1.00000000, 39.93000000),
(428, 341, 390, 878.46000000, NULL, 1.00000000, 878.46000000),
(429, 341, 387, 3354.12000000, NULL, 1.00000000, 3354.12000000),
(430, 341, 392, 1597.20000000, NULL, 1.00000000, 1597.20000000),
(431, 342, 395, 4598.00000000, NULL, 1.00000000, 4598.00000000),
(432, 342, 396, 1357.62000000, NULL, 1.00000000, 1357.62000000),
(433, 342, 397, 1452.00000000, NULL, 1.00000000, 1452.00000000),
(434, 342, 398, 2675.31000000, NULL, 1.00000000, 2675.31000000),
(435, 342, 399, 1645.60000000, NULL, 1.00000000, 1645.60000000),
(436, 343, 402, 1529.91000000, NULL, 1.00000000, 1529.91000000),
(437, 344, 394, 211.75000000, NULL, 1.00000000, 211.75000000),
(438, 345, 404, 58.08000000, NULL, 1.00000000, 58.08000000),
(439, 346, 418, 58.08000000, NULL, 1.00000000, 58.08000000),
(440, 347, 410, 1529.91000000, NULL, 1.00000000, 1529.91000000),
(441, 348, 405, 5469.20000000, NULL, 1.00000000, 5469.20000000),
(442, 348, 406, 726.00000000, NULL, 1.00000000, 726.00000000),
(443, 348, 407, 3114.54000000, NULL, 1.00000000, 3114.54000000),
(444, 348, 408, 1742.40000000, NULL, 1.00000000, 1742.40000000),
(445, 348, 409, 638.88000000, NULL, 1.00000000, 638.88000000),
(446, 349, 403, 211.75000000, NULL, 1.00000000, 211.75000000),
(447, 350, 411, 211.75000000, NULL, 1.00000000, 211.75000000),
(448, 351, 419, 58.08000000, NULL, 1.00000000, 58.08000000),
(449, 352, 420, 1529.91000000, NULL, 1.00000000, 1529.91000000),
(450, 353, 429, 5203.00000000, NULL, 1.00000000, 5203.00000000),
(451, 354, 412, 4791.60000000, NULL, 1.00000000, 4791.60000000),
(452, 354, 413, 1403.60000000, NULL, 1.00000000, 1403.60000000),
(453, 354, 414, 3194.40000000, NULL, 1.00000000, 3194.40000000),
(454, 354, 415, 5953.20000000, NULL, 1.00000000, 5953.20000000),
(455, 354, 416, 199.65000000, NULL, 1.00000000, 199.65000000),
(456, 355, 432, 1529.91000000, NULL, 1.00000000, 1529.91000000),
(457, 356, 439, 58.08000000, NULL, 1.00000000, 58.08000000),
(458, 357, 440, 1529.91000000, NULL, 1.00000000, 1529.91000000),
(459, 358, 421, 4840.00000000, NULL, 1.00000000, 4840.00000000),
(460, 358, 422, 3049.20000000, NULL, 1.00000000, 3049.20000000),
(461, 358, 423, 1016.40000000, NULL, 1.00000000, 1016.40000000),
(462, 358, 424, 838.53000000, NULL, 1.00000000, 838.53000000),
(463, 358, 425, 2807.20000000, NULL, 1.00000000, 2807.20000000),
(464, 358, 426, 79.86000000, NULL, 1.00000000, 79.86000000),
(465, 358, 427, 79.86000000, NULL, 1.00000000, 79.86000000),
(466, 359, 449, 2341.35000000, NULL, 1.00000000, 2341.35000000),
(467, 360, 441, 211.75000000, NULL, 1.00000000, 211.75000000),
(468, 361, 434, 5227.20000000, NULL, 1.00000000, 5227.20000000),
(469, 361, 435, 242.00000000, NULL, 1.00000000, 242.00000000),
(470, 361, 436, 79.86000000, NULL, 1.00000000, 79.86000000),
(471, 361, 437, 3291.20000000, NULL, 1.00000000, 3291.20000000),
(472, 361, 438, 159.72000000, NULL, 1.00000000, 159.72000000),
(473, 362, 431, 211.75000000, NULL, 1.00000000, 211.75000000),
(474, 363, 433, 211.75000000, NULL, 1.00000000, 211.75000000),
(475, 364, 447, 58.08000000, NULL, 1.00000000, 58.08000000),
(476, 365, 448, 58.08000000, NULL, 1.00000000, 58.08000000),
(477, 366, 451, 1529.91000000, NULL, 1.00000000, 1529.91000000),
(478, 367, 460, 1529.91000000, NULL, 1.00000000, 1529.91000000),
(479, 368, 452, 4840.00000000, NULL, 1.00000000, 4840.00000000),
(480, 368, 453, 1839.20000000, NULL, 1.00000000, 1839.20000000),
(481, 368, 454, 629.20000000, NULL, 1.00000000, 629.20000000),
(482, 368, 455, 1064.80000000, NULL, 1.00000000, 1064.80000000),
(483, 368, 456, 3339.60000000, NULL, 1.00000000, 3339.60000000),
(484, 368, 457, 39.93000000, NULL, 1.00000000, 39.93000000),
(485, 368, 458, 159.72000000, NULL, 1.00000000, 159.72000000),
(486, 369, 462, 4876.30000000, NULL, 1.00000000, 4876.30000000),
(487, 369, 463, 774.40000000, NULL, 1.00000000, 774.40000000),
(488, 369, 464, 4210.80000000, NULL, 1.00000000, 4210.80000000),
(489, 369, 465, 79.86000000, NULL, 1.00000000, 79.86000000),
(490, 370, 442, 4840.00000000, NULL, 1.00000000, 4840.00000000),
(491, 370, 443, 4210.80000000, NULL, 1.00000000, 4210.80000000),
(492, 370, 444, 96.80000000, NULL, 1.00000000, 96.80000000),
(493, 370, 445, 5808.00000000, NULL, 1.00000000, 5808.00000000),
(494, 370, 446, 319.44000000, NULL, 1.00000000, 319.44000000),
(495, 371, 467, 1529.91000000, NULL, 1.00000000, 1529.91000000),
(496, 372, 450, 211.75000000, NULL, 1.00000000, 211.75000000),
(497, 372, 461, 211.75000000, NULL, 1.00000000, 211.75000000),
(498, 373, 469, 1185.80000000, NULL, 1.00000000, 1185.80000000),
(499, 373, 470, 48.40000000, NULL, 1.00000000, 48.40000000),
(500, 373, 472, 2904.00000000, NULL, 1.00000000, 2904.00000000),
(501, 373, 473, 179.69000000, NULL, 1.00000000, 179.69000000),
(502, 374, 480, 58.08000000, NULL, 1.00000000, 58.08000000),
(503, 374, 481, 696.96000000, NULL, 1.00000000, 696.96000000),
(504, 375, 478, 1529.91000000, NULL, 1.00000000, 1529.91000000),
(505, 376, 459, 5082.00000000, NULL, 1.00000000, 5082.00000000),
(506, 377, 474, 1355.20000000, NULL, 1.00000000, 1355.20000000),
(507, 377, 475, 193.60000000, NULL, 1.00000000, 193.60000000),
(508, 377, 476, 3799.40000000, NULL, 1.00000000, 3799.40000000),
(509, 377, 477, 79.86000000, NULL, 1.00000000, 79.86000000),
(510, 378, 484, 1582.98500000, NULL, 1.00000000, 1582.98500000),
(511, 379, 468, 211.75000000, NULL, 1.00000000, 211.75000000),
(512, 380, 479, 211.75000000, NULL, 1.00000000, 211.75000000),
(513, 381, 482, 12581.64000000, NULL, 1.00000000, 12581.64000000),
(514, 382, 483, 21591.51000000, NULL, 1.00000000, 21591.51000000),
(515, 383, 485, 219.16500000, NULL, 1.00000000, 219.16500000),
(516, 384, 483, 20000.00000000, NULL, 1.00000000, 20000.00000000),
(517, 385, 491, 2300.00000000, NULL, 1.00000000, 2300.00000000);

-- --------------------------------------------------------

--
-- Estructura de tabla para la tabla `b67182907_payment_donation`
--

CREATE TABLE `b67182907_payment_donation` (
  `rowid` int NOT NULL,
  `fk_donation` int DEFAULT NULL,
  `datec` datetime DEFAULT NULL,
  `tms` timestamp NOT NULL DEFAULT CURRENT_TIMESTAMP ON UPDATE CURRENT_TIMESTAMP,
  `datep` datetime DEFAULT NULL,
  `amount` double(24,8) DEFAULT '0.00000000',
  `fk_typepayment` int NOT NULL,
  `num_payment` varchar(50) DEFAULT NULL,
  `note` text,
  `fk_bank` int NOT NULL,
  `fk_user_creat` int DEFAULT NULL,
  `fk_user_modif` int DEFAULT NULL
) ENGINE=InnoDB DEFAULT CHARSET=utf8mb3;

-- --------------------------------------------------------

--
-- Estructura de tabla para la tabla `b67182907_payment_expensereport`
--

CREATE TABLE `b67182907_payment_expensereport` (
  `rowid` int NOT NULL,
  `fk_expensereport` int DEFAULT NULL,
  `datec` datetime DEFAULT NULL,
  `tms` timestamp NOT NULL DEFAULT CURRENT_TIMESTAMP ON UPDATE CURRENT_TIMESTAMP,
  `datep` datetime DEFAULT NULL,
  `amount` double(24,8) DEFAULT '0.00000000',
  `fk_typepayment` int NOT NULL,
  `num_payment` varchar(50) DEFAULT NULL,
  `note` text,
  `fk_bank` int NOT NULL,
  `fk_user_creat` int DEFAULT NULL,
  `fk_user_modif` int DEFAULT NULL
) ENGINE=InnoDB DEFAULT CHARSET=utf8mb3;

--
-- Volcado de datos para la tabla `b67182907_payment_expensereport`
--

INSERT INTO `b67182907_payment_expensereport` (`rowid`, `fk_expensereport`, `datec`, `tms`, `datep`, `amount`, `fk_typepayment`, `num_payment`, `note`, `fk_bank`, `fk_user_creat`, `fk_user_modif`) VALUES
(1, 3, '2019-04-11 09:52:50', '2019-04-11 07:52:37', '2019-04-09 12:00:00', 12.49000000, 6, '', '', 272, 2, NULL);

-- --------------------------------------------------------

--
-- Estructura de tabla para la tabla `b67182907_payment_loan`
--

CREATE TABLE `b67182907_payment_loan` (
  `rowid` int NOT NULL,
  `fk_loan` int DEFAULT NULL,
  `datec` datetime DEFAULT NULL,
  `tms` timestamp NOT NULL DEFAULT CURRENT_TIMESTAMP ON UPDATE CURRENT_TIMESTAMP,
  `datep` datetime DEFAULT NULL,
  `amount_capital` double(24,8) DEFAULT '0.00000000',
  `amount_insurance` double(24,8) DEFAULT '0.00000000',
  `amount_interest` double(24,8) DEFAULT '0.00000000',
  `fk_typepayment` int NOT NULL,
  `num_payment` varchar(50) DEFAULT NULL,
  `note_private` text,
  `note_public` text,
  `fk_bank` int NOT NULL,
  `fk_user_creat` int DEFAULT NULL,
  `fk_user_modif` int DEFAULT NULL
) ENGINE=InnoDB DEFAULT CHARSET=utf8mb3;

-- --------------------------------------------------------

--
-- Estructura de tabla para la tabla `b67182907_payment_salary`
--

CREATE TABLE `b67182907_payment_salary` (
  `rowid` int NOT NULL,
  `tms` timestamp NOT NULL DEFAULT CURRENT_TIMESTAMP ON UPDATE CURRENT_TIMESTAMP,
  `datec` datetime DEFAULT NULL,
  `fk_user` int NOT NULL,
  `datep` date DEFAULT NULL,
  `datev` date DEFAULT NULL,
  `salary` double(24,8) DEFAULT NULL,
  `amount` double(24,8) NOT NULL DEFAULT '0.00000000',
  `fk_typepayment` int NOT NULL,
  `num_payment` varchar(50) DEFAULT NULL,
  `label` varchar(255) DEFAULT NULL,
  `datesp` date DEFAULT NULL,
  `dateep` date DEFAULT NULL,
  `entity` int NOT NULL DEFAULT '1',
  `note` text,
  `fk_bank` int DEFAULT NULL,
  `fk_user_author` int DEFAULT NULL,
  `fk_user_modif` int DEFAULT NULL
) ENGINE=InnoDB DEFAULT CHARSET=utf8mb3;

--
-- Volcado de datos para la tabla `b67182907_payment_salary`
--

INSERT INTO `b67182907_payment_salary` (`rowid`, `tms`, `datec`, `fk_user`, `datep`, `datev`, `salary`, `amount`, `fk_typepayment`, `num_payment`, `label`, `datesp`, `dateep`, `entity`, `note`, `fk_bank`, `fk_user_author`, `fk_user_modif`) VALUES
(2, '2019-01-10 15:42:37', '2018-10-04 17:57:31', 4, '2018-09-30', '2018-09-30', NULL, 1050.00000000, 2, '', 'Nómina SEP 2018', '2018-09-01', '2018-09-30', 1, NULL, 85, 1, NULL),
(3, '2019-01-10 15:42:37', '2018-10-04 18:02:24', 4, '2018-08-31', '2018-08-31', NULL, 853.12000000, 2, '', 'Nómina AGO 2018', '2018-08-01', '2018-08-31', 1, NULL, 86, 1, NULL),
(4, '2019-01-10 15:42:37', '2019-01-10 14:37:31', 1, '2018-10-30', '2018-10-30', NULL, 1000.00000000, 2, '', 'Nómina OCT 2018', '2018-10-01', '2018-10-31', 1, NULL, 168, 1, NULL),
(5, '2019-01-10 15:42:37', '2019-01-10 14:38:13', 2, '2018-10-30', '2018-10-30', NULL, 2000.00000000, 2, '', 'Nómina OCT 2018', '2018-10-01', '2018-10-31', 1, NULL, 169, 1, NULL),
(7, '2019-01-10 15:42:37', '2019-01-10 14:39:58', 4, '2018-10-31', '2018-10-31', NULL, 1050.00000000, 2, '', 'Nómina OCT 2018', '2018-10-01', '2018-10-31', 1, NULL, 171, 1, NULL),
(8, '2019-01-10 15:42:37', '2019-01-10 14:43:34', 5, '2018-10-31', '2018-10-31', NULL, 1135.91000000, 2, '', 'Nómina OCT 2018', '2018-10-01', '2018-10-31', 1, NULL, 172, 1, NULL),
(9, '2019-01-10 15:42:37', '2019-01-10 14:45:08', 6, '2018-10-31', '2018-10-31', NULL, 1432.14000000, 2, '', 'Nómina OCT 2018', '2018-10-01', '2018-10-31', 1, NULL, 173, 1, NULL),
(11, '2019-01-10 15:42:37', '2019-01-10 14:48:04', 6, '2018-11-30', '2018-11-30', NULL, 2148.23000000, 2, '', 'Nómina NOV 2018', '2018-11-01', '2018-11-30', 1, NULL, 175, 1, NULL),
(12, '2019-01-10 15:42:37', '2019-01-10 14:49:01', 5, '2018-11-30', '2018-11-30', NULL, 1393.30000000, 2, '', 'Nómina NOV 2018', '2018-11-01', '2018-11-30', 1, NULL, 176, 1, NULL),
(14, '2019-01-10 15:42:37', '2019-01-10 14:53:20', 4, '2018-11-30', '2018-11-30', NULL, 1050.00000000, 2, '', 'Nómina NOV 2018', '2018-11-01', '2018-11-30', 1, NULL, 178, 1, NULL),
(15, '2019-01-10 15:42:37', '2019-01-10 14:53:59', 1, '2018-11-30', '2018-11-30', NULL, 2000.00000000, 2, '', 'Nómina NOV 2018', '2018-11-01', '2018-11-30', 1, NULL, 179, 1, NULL),
(16, '2019-01-10 15:42:37', '2019-01-10 14:54:37', 2, '2018-11-30', '2018-11-30', NULL, 2000.00000000, 2, '', 'Nómina NOV 2018', '2018-11-01', '2018-11-30', 1, NULL, 180, 1, NULL),
(17, '2019-01-10 15:42:37', '2019-01-10 14:55:29', 1, '2018-10-29', '2018-10-29', NULL, 1000.00000000, 2, '', 'Nómina OCT 2018', '2018-10-01', '2018-10-31', 1, NULL, 181, 1, NULL),
(18, '2019-01-10 13:56:53', '2019-01-10 14:56:59', 5, '2018-12-15', '2018-12-15', NULL, 1475.17000000, 2, '', 'Extra DIC 2018', '2018-12-01', '2018-12-31', 1, NULL, 182, 1, NULL),
(19, '2019-01-10 15:42:37', '2019-01-10 14:58:29', 4, '2018-12-31', '2018-12-31', NULL, 1050.00000000, 2, '', 'Nómina DIC 2018', '2018-12-01', '2018-12-31', 1, NULL, 183, 1, NULL),
(20, '2019-01-10 15:42:37', '2019-01-10 14:58:59', 5, '2018-12-31', '2018-12-31', NULL, 1393.30000000, 2, '', 'Nómina DIC 2018', '2018-12-01', '2018-12-31', 1, NULL, 184, 1, NULL),
(21, '2019-01-10 15:42:37', '2019-01-10 14:59:39', 6, '2018-12-31', '2018-12-31', NULL, 2148.23000000, 2, '', 'Nómina DIC 2018', '2018-12-01', '2018-12-31', 1, NULL, 185, 1, NULL),
(22, '2019-01-10 15:42:37', '2019-01-10 15:00:54', 7, '2018-12-31', '2018-12-31', NULL, 1201.84000000, 2, '', 'Nómina DIC 2018', '2018-12-01', '2018-12-31', 1, NULL, 186, 1, NULL),
(23, '2019-01-10 15:42:37', '2019-01-10 15:01:49', 2, '2018-12-31', '2018-12-31', NULL, 1000.00000000, 2, '', 'Nómina DIC 2018', '2018-12-01', '2018-12-31', 1, NULL, 187, 1, NULL),
(24, '2019-01-10 15:58:09', '2019-01-10 16:58:15', 3, '2018-10-31', '2018-10-31', NULL, 2000.00000000, 2, '', 'Nómina OCT 2018', '2018-10-01', '2018-10-31', 1, NULL, 198, 1, NULL),
(25, '2019-01-10 15:59:14', '2019-01-10 16:59:20', 3, '2018-11-30', '2018-11-30', NULL, 2000.00000000, 2, '', 'Nómina NOV 2018', '2018-11-01', '2018-11-30', 1, NULL, 199, 1, NULL),
(26, '2019-01-15 14:51:49', '2019-01-15 15:52:07', 2, '2018-12-31', '2018-12-31', NULL, 1000.00000000, 2, '', 'Nómna DIC 2018', '2018-12-01', '2018-12-31', 1, NULL, 204, 1, NULL),
(27, '2019-01-15 14:52:23', '2019-01-15 15:52:41', 1, '2018-12-31', '2018-12-31', NULL, 2000.00000000, 2, '', 'Nómna DIC 2018', '2018-12-01', '2018-12-31', 1, NULL, 205, 1, NULL),
(28, '2019-01-15 14:53:09', '2019-01-15 15:53:27', 3, '2018-12-31', '2018-12-31', NULL, 2000.00000000, 2, '', 'Nómna DIC 2018', '2018-12-01', '2018-12-31', 1, NULL, 206, 1, NULL),
(29, '2019-01-15 14:55:19', '2019-01-15 15:55:37', 3, '2018-09-30', '2018-09-30', NULL, 9000.00000000, 2, '', 'Nómna SEP 2018', '2018-01-01', '2018-09-30', 1, NULL, 207, 1, NULL),
(30, '2019-04-03 17:00:24', '2019-04-03 19:00:32', 2, '2019-04-03', '2019-04-03', NULL, 2000.00000000, 2, '', 'Nomina Febrero', '2019-03-01', '2019-03-31', 1, NULL, 245, 2, NULL),
(31, '2019-05-02 20:42:36', '2019-05-02 22:43:02', 2, '2019-04-26', '2019-04-26', NULL, 1000.00000000, 2, '', 'Nomina Marzo', '2019-04-01', '2019-04-30', 1, NULL, 277, 2, NULL),
(32, '2019-05-02 20:44:30', '2019-05-02 22:44:56', 2, '2019-04-30', '2019-04-30', NULL, 1000.00000000, 4, '', 'Nomina Marzo', '2019-04-01', '2019-04-30', 1, NULL, 278, 2, NULL);

-- --------------------------------------------------------

--
-- Estructura de tabla para la tabla `b67182907_payment_various`
--

CREATE TABLE `b67182907_payment_various` (
  `rowid` int NOT NULL,
  `num_payment` varchar(50) DEFAULT NULL,
  `label` varchar(255) DEFAULT NULL,
  `tms` timestamp NOT NULL DEFAULT CURRENT_TIMESTAMP ON UPDATE CURRENT_TIMESTAMP,
  `datec` datetime DEFAULT NULL,
  `datep` date DEFAULT NULL,
  `datev` date DEFAULT NULL,
  `sens` smallint NOT NULL DEFAULT '0',
  `amount` double(24,8) NOT NULL DEFAULT '0.00000000',
  `fk_typepayment` int NOT NULL,
  `accountancy_code` varchar(32) DEFAULT NULL,
  `fk_projet` int DEFAULT NULL,
  `entity` int NOT NULL DEFAULT '1',
  `note` text,
  `fk_bank` int DEFAULT NULL,
  `fk_user_author` int DEFAULT NULL,
  `fk_user_modif` int DEFAULT NULL
) ENGINE=InnoDB DEFAULT CHARSET=utf8mb3;

-- --------------------------------------------------------

--
-- Estructura de tabla para la tabla `b67182907_prelevement_bons`
--

CREATE TABLE `b67182907_prelevement_bons` (
  `rowid` int NOT NULL,
  `ref` varchar(12) DEFAULT NULL,
  `entity` int NOT NULL DEFAULT '1',
  `datec` datetime DEFAULT NULL,
  `amount` double(24,8) DEFAULT '0.00000000',
  `statut` smallint DEFAULT '0',
  `credite` smallint DEFAULT '0',
  `note` text,
  `date_trans` datetime DEFAULT NULL,
  `method_trans` smallint DEFAULT NULL,
  `fk_user_trans` int DEFAULT NULL,
  `date_credit` datetime DEFAULT NULL,
  `fk_user_credit` int DEFAULT NULL
) ENGINE=InnoDB DEFAULT CHARSET=utf8mb3;

--
-- Volcado de datos para la tabla `b67182907_prelevement_bons`
--

INSERT INTO `b67182907_prelevement_bons` (`rowid`, `ref`, `entity`, `datec`, `amount`, `statut`, `credite`, `note`, `date_trans`, `method_trans`, `fk_user_trans`, `date_credit`, `fk_user_credit`) VALUES
(2, 'T190201', 1, '2019-02-06 12:22:32', 2261.43000000, 2, 0, NULL, '2019-02-06 12:00:00', 0, 1, '2019-02-07 12:00:00', 1),
(3, 'T190301', 1, '2019-03-04 20:32:00', 2261.43000000, 2, 0, NULL, '2019-03-04 12:00:00', 0, 1, '2019-03-06 12:00:00', 1),
(4, 'T190401', 1, '2019-04-01 21:33:22', 2261.43000000, 2, 0, NULL, '2019-04-01 12:00:00', 0, 1, '2019-04-03 12:00:00', 1),
(5, 'T190402', 1, '2019-04-17 16:38:56', 800.42000000, 2, 0, NULL, '2019-04-17 12:00:00', 0, 1, '2019-04-18 12:00:00', 1),
(6, 'T190501', 1, '2019-05-02 10:54:30', 3061.85000000, 2, 0, NULL, '2019-05-02 12:00:00', 0, 1, '2019-05-03 12:00:00', 1),
(7, 'T190601', 1, '2019-06-03 08:39:53', 3061.85000000, 2, 0, NULL, '2019-06-03 12:00:00', 0, 1, '2019-06-03 12:00:00', 1),
(8, 'T190701', 1, '2019-07-01 11:46:49', 3061.85000000, 2, 0, NULL, '2019-07-01 12:00:00', 0, 1, '2019-07-02 12:00:00', 1),
(9, 'T190801', 1, '2019-08-01 14:49:35', 2261.43000000, 2, 0, NULL, '2019-08-01 12:00:00', 0, 1, '2019-08-02 12:00:00', 1),
(10, 'T190901', 1, '2019-09-02 12:04:09', 2261.43000000, 2, 0, NULL, '2019-09-02 12:00:00', 0, 1, '2019-09-03 12:00:00', 1),
(11, 'T190902', 1, '2019-09-02 12:05:37', 470.46000000, 2, 0, NULL, '2019-09-02 12:00:00', 0, 1, '2019-09-06 12:00:00', 1),
(12, 'T190903', 1, '2019-09-02 12:10:01', 739.60000000, 2, 0, NULL, '2019-09-02 12:00:00', 0, 1, '2019-09-02 12:00:00', 1),
(13, 'T190904', 1, '2019-09-30 14:37:01', 2729.72000000, 2, 0, NULL, '2019-10-01 12:00:00', 0, 1, '2019-10-01 12:00:00', 1),
(14, 'T191101', 1, '2019-11-04 14:10:05', 2261.43000000, 2, 0, NULL, '2019-11-04 12:00:00', 0, 1, '2019-11-05 12:00:00', 1),
(15, 'T191201', 1, '2019-12-03 14:48:51', 2261.43000000, 2, 0, NULL, '2019-12-02 12:00:00', 0, 1, '2019-12-02 12:00:00', 1),
(16, 'T191202', 1, '2019-12-04 13:00:31', 1368.40000000, 2, 0, NULL, '2019-12-04 12:00:00', 0, 1, '2019-12-05 12:00:00', 1),
(17, 'T200101', 1, '2020-01-03 11:46:38', 2261.43000000, 2, 0, NULL, '2020-01-03 12:00:00', 0, 1, '2020-01-03 12:00:00', 1),
(18, 'T200102', 1, '2020-01-31 13:35:31', 2261.43000000, 2, 0, NULL, '2020-02-01 12:00:00', 0, 1, '2020-02-03 12:00:00', 1),
(19, 'T200201', 1, '2020-02-29 20:55:12', 2261.43000000, 2, 0, NULL, '2020-03-01 12:00:00', 0, 1, '2020-03-02 12:00:00', 1),
(20, 'T200301', 1, '2020-03-31 12:53:57', 2261.43000000, 2, 0, NULL, '2020-03-31 12:00:00', 0, 1, '2020-04-01 12:00:00', 1),
(21, 'T200401', 1, '2020-04-30 17:12:36', 2261.43000000, 2, 0, NULL, '2020-04-30 12:00:00', 0, 1, '2020-05-04 12:00:00', 1),
(22, 'T200601', 1, '2020-06-01 12:21:38', 2261.43000000, 2, 0, NULL, '2020-06-01 12:00:00', 0, 1, '2020-06-02 12:00:00', 1),
(23, 'T200701', 1, '2020-07-02 13:58:27', 2339.48000000, 2, 0, NULL, '2020-07-01 12:00:00', 0, 1, '2020-07-01 12:00:00', 1),
(24, 'T200702', 1, '2020-07-31 15:34:55', 2391.51000000, 2, 0, NULL, '2020-07-31 12:00:00', 0, 1, '2020-08-03 12:00:00', 1),
(25, 'T200901', 1, '2020-09-16 16:10:54', 2261.43000000, 2, 0, NULL, '2020-09-01 12:00:00', 0, 1, '2020-09-02 12:00:00', 1),
(26, 'T201001', 1, '2020-10-01 14:15:06', 2599.63000000, 2, 0, NULL, '2020-10-01 12:00:00', 0, 1, '2020-10-05 12:00:00', 1),
(27, 'T201101', 1, '2020-11-02 09:28:21', 2261.43000000, 2, 0, NULL, '2020-11-02 12:00:00', 0, 1, '2020-11-02 12:00:00', 1),
(28, 'T201201', 1, '2020-12-03 10:19:38', 2521.58000000, 2, 0, NULL, '2020-12-03 12:00:00', 0, 1, '2020-12-03 12:00:00', 1),
(29, 'T210101', 1, '2021-01-08 11:06:28', 2393.68000000, 2, 0, NULL, '2021-01-08 12:00:00', 0, 1, '2021-01-11 12:00:00', 1),
(30, 'T210201', 1, '2021-02-04 11:19:10', 2261.43000000, 2, 0, NULL, '2021-02-04 12:00:00', 0, 1, '2021-02-05 12:00:00', 1),
(31, 'T210301', 1, '2021-03-01 10:54:58', 2261.43000000, 2, 0, NULL, '2021-03-01 12:00:00', 0, 1, '2021-03-01 12:00:00', 1),
(32, 'T210401', 1, '2021-04-02 17:44:50', 2261.43000000, 2, 0, NULL, '2021-04-02 12:00:00', 0, 1, '2021-04-06 12:00:00', 1),
(33, 'T210501', 1, '2021-05-03 11:12:20', 2261.43000000, 2, 0, NULL, '2021-05-03 12:00:00', 0, 1, '2021-05-03 12:00:00', 1),
(34, 'T210601', 1, '2021-06-01 11:59:09', 2261.43000000, 2, 0, NULL, '2021-06-01 12:00:00', 0, 1, '2021-06-01 12:00:00', 1),
(35, 'T210701', 1, '2021-07-05 10:59:26', 2154.27000000, 2, 0, NULL, '2021-07-05 12:00:00', 0, 1, '2021-07-05 12:00:00', 1),
(36, 'T210801', 1, '2021-08-02 13:07:33', 1686.00000000, 2, 0, NULL, '2021-08-02 12:00:00', 0, 1, '2021-08-02 12:00:00', 1),
(37, 'T210901', 1, '2021-09-01 15:26:12', 1529.91000000, 2, 0, NULL, '2021-09-01 12:00:00', 0, 1, '2021-09-02 12:00:00', 1),
(38, 'T211001', 1, '2021-10-03 18:02:21', 2102.24000000, 2, 0, NULL, '2021-10-03 12:00:00', 0, 1, '2021-10-04 12:00:00', 1),
(39, 'T211101', 1, '2021-11-02 11:27:08', 1529.91000000, 2, 0, NULL, '2021-11-02 12:00:00', 0, 1, '2021-11-02 12:00:00', 1),
(40, 'T211201', 1, '2021-12-01 19:00:30', 1529.91000000, 2, 0, NULL, '2021-12-01 12:00:00', 0, 1, '2021-12-02 12:00:00', 1),
(41, 'T220101', 1, '2022-01-03 18:42:08', 1529.91000000, 2, 0, NULL, '2022-01-03 12:00:00', 0, 1, '2022-01-04 12:00:00', 1),
(42, 'T220201', 1, '2022-02-01 10:26:07', 1529.91000000, 2, 0, NULL, '2022-02-01 12:00:00', 0, 1, '2022-02-01 12:00:00', 1),
(43, 'T220301', 1, '2022-03-01 17:00:52', 1529.91000000, 2, 0, NULL, '2022-03-01 12:00:00', 0, 1, '2022-03-02 12:00:00', 1),
(44, 'T220401', 1, '2022-04-01 18:42:36', 1529.91000000, 2, 0, NULL, '2022-04-01 12:00:00', 0, 1, '2022-04-01 12:00:00', 1),
(45, 'T220402', 1, '2022-04-05 10:34:19', 288.35000000, 2, 0, NULL, '2022-04-05 12:00:00', 0, 1, '2022-04-05 12:00:00', 1),
(46, 'T220501', 1, '2022-05-03 09:57:45', 1714.19000000, 2, 0, NULL, '2022-05-03 12:00:00', 0, 1, '2022-05-03 12:00:00', 1),
(47, 'T220601', 1, '2022-06-02 11:47:12', 1686.00000000, 2, 0, NULL, '2022-06-02 12:00:00', 0, 1, '2022-06-02 12:00:00', 1),
(48, 'T220701', 1, '2022-07-02 09:21:15', 1529.91000000, 2, 0, NULL, '2022-07-02 12:00:00', 0, 1, '2022-07-04 12:00:00', 1),
(49, 'T220801', 1, '2022-08-02 12:15:15', 1714.19000000, 2, 0, NULL, '2022-08-02 12:00:00', 0, 1, '2022-08-02 12:00:00', 1),
(50, 'T220901', 1, '2022-09-02 16:34:09', 1529.91000000, 2, 0, NULL, '2022-09-02 12:00:00', 0, 1, '2022-09-05 12:00:00', 1),
(51, 'T221001', 1, '2022-10-10 07:18:50', 1529.91000000, 2, 0, NULL, '2022-10-10 12:00:00', 0, 1, '2022-10-10 12:00:00', 1),
(52, 'T221101', 1, '2022-11-03 14:16:51', 1529.91000000, 2, 0, NULL, '2022-11-03 12:00:00', 0, 1, '2022-11-08 12:00:00', 1),
(53, 'T221201', 1, '2022-12-12 16:20:10', 1529.91000000, 2, 0, NULL, '2022-12-12 12:00:00', 0, 1, '2022-12-13 12:00:00', 1),
(54, 'T230101', 1, '2023-01-04 19:29:21', 1529.91000000, 2, 0, NULL, '2023-01-04 12:00:00', 0, 1, '2023-01-09 12:00:00', 1),
(55, 'T230201', 1, '2023-02-05 12:11:58', 1529.91000000, 2, 0, NULL, '2023-02-05 12:00:00', 0, 1, '2023-02-07 12:00:00', 1),
(56, 'T230301', 1, '2023-03-01 19:15:43', 1529.91000000, 2, 0, NULL, '2023-03-01 12:00:00', 0, 1, '2023-03-03 12:00:00', 1),
(57, 'T230401', 1, '2023-04-05 19:15:03', 1529.91000000, 2, 0, NULL, '2023-04-05 12:00:00', 0, 1, '2023-04-11 12:00:00', 1),
(58, 'T230501', 1, '2023-05-04 18:40:19', 1529.91000000, 2, 0, NULL, '2023-05-04 12:00:00', 0, 1, '2023-05-08 12:00:00', 1),
(59, 'T230601', 1, '2023-06-06 07:25:49', 1529.91000000, 2, 0, NULL, '2023-06-06 12:00:00', 0, 1, '2023-06-07 12:00:00', 1),
(60, 'T230701', 1, '2023-07-05 22:32:00', 1529.91000000, 2, 0, NULL, '2023-07-05 12:00:00', 0, 1, '2023-07-07 12:00:00', 1),
(61, 'T230801', 1, '2023-08-07 11:33:17', 1529.91000000, 2, 0, NULL, '2023-08-07 12:00:00', 0, 1, '2023-08-08 12:00:00', 1),
(62, 'T230901', 1, '2023-09-05 09:15:59', 1529.91000000, 2, 0, NULL, '2023-09-05 12:00:00', 0, 1, '2023-09-06 12:00:00', 1),
(63, 'T231001', 1, '2023-10-03 18:20:09', 1529.91000000, 2, 0, NULL, '2023-10-03 12:00:00', 0, 1, '2023-10-05 12:00:00', 1),
(64, 'T231101', 1, '2023-11-14 17:31:12', 1529.91000000, 2, 0, NULL, '2023-11-08 12:00:00', 0, 1, '2023-11-09 12:00:00', 1),
(65, 'T231201', 1, '2023-12-04 11:07:56', 1529.91000000, 2, 0, NULL, '2023-12-04 12:00:00', 0, 1, '2023-12-05 12:00:00', 1),
(66, 'T240101', 1, '2024-01-08 01:06:19', 1529.91000000, 2, 0, NULL, '2024-01-08 12:00:00', 0, 1, '2024-01-09 12:00:00', 1),
(67, 'T240201', 1, '2024-02-07 00:25:37', 1582.98500000, 2, 0, NULL, '2024-02-07 12:00:00', 0, 1, '2024-02-08 12:00:00', 1);

-- --------------------------------------------------------

--
-- Estructura de tabla para la tabla `b67182907_prelevement_facture`
--

CREATE TABLE `b67182907_prelevement_facture` (
  `rowid` int NOT NULL,
  `fk_facture` int NOT NULL,
  `fk_prelevement_lignes` int NOT NULL
) ENGINE=InnoDB DEFAULT CHARSET=utf8mb3;

--
-- Volcado de datos para la tabla `b67182907_prelevement_facture`
--

INSERT INTO `b67182907_prelevement_facture` (`rowid`, `fk_facture`, `fk_prelevement_lignes`) VALUES
(2, 42, 2),
(3, 48, 3),
(4, 61, 4),
(5, 62, 5),
(6, 70, 6),
(7, 83, 7),
(8, 90, 8),
(9, 96, 9),
(10, 103, 10),
(11, 98, 11),
(12, 97, 12),
(13, 109, 13),
(14, 107, 14),
(15, 117, 15),
(16, 127, 16),
(17, 122, 17),
(18, 134, 18),
(19, 141, 19),
(20, 148, 20),
(21, 152, 21),
(22, 159, 22),
(23, 166, 23),
(24, 173, 24),
(25, 179, 25),
(26, 183, 26),
(27, 191, 27),
(28, 200, 28),
(29, 208, 29),
(30, 214, 30),
(31, 222, 31),
(32, 225, 32),
(33, 228, 33),
(34, 233, 34),
(35, 237, 35),
(36, 241, 36),
(37, 244, 37),
(38, 249, 38),
(39, 252, 39),
(40, 260, 40),
(41, 264, 41),
(42, 268, 42),
(43, 273, 43),
(44, 278, 44),
(45, 283, 45),
(46, 286, 46),
(47, 287, 47),
(48, 297, 48),
(49, 303, 49),
(50, 309, 50),
(51, 316, 51),
(52, 331, 52),
(53, 336, 53),
(54, 356, 54),
(55, 368, 55),
(56, 371, 56),
(57, 382, 57),
(58, 393, 58),
(59, 402, 59),
(60, 410, 60),
(61, 420, 61),
(62, 432, 62),
(63, 440, 63),
(64, 451, 64),
(65, 460, 65),
(66, 467, 66),
(67, 478, 67),
(68, 484, 68);

-- --------------------------------------------------------

--
-- Estructura de tabla para la tabla `b67182907_prelevement_facture_demande`
--

CREATE TABLE `b67182907_prelevement_facture_demande` (
  `rowid` int NOT NULL,
  `fk_facture` int NOT NULL,
  `amount` double(24,8) NOT NULL,
  `date_demande` datetime NOT NULL,
  `traite` smallint DEFAULT '0',
  `date_traite` datetime DEFAULT NULL,
  `fk_prelevement_bons` int DEFAULT NULL,
  `fk_user_demande` int NOT NULL,
  `code_banque` varchar(128) DEFAULT NULL,
  `code_guichet` varchar(6) DEFAULT NULL,
  `number` varchar(255) DEFAULT NULL,
  `cle_rib` varchar(5) DEFAULT NULL
) ENGINE=InnoDB DEFAULT CHARSET=utf8mb3;

--
-- Volcado de datos para la tabla `b67182907_prelevement_facture_demande`
--

INSERT INTO `b67182907_prelevement_facture_demande` (`rowid`, `fk_facture`, `amount`, `date_demande`, `traite`, `date_traite`, `fk_prelevement_bons`, `fk_user_demande`, `code_banque`, `code_guichet`, `number`, `cle_rib`) VALUES
(2, 42, 2261.43000000, '2019-02-05 15:35:19', 1, '2019-02-06 12:22:32', 2, 1, '0081', '0603', '0001365841', '07'),
(3, 48, 2261.43000000, '2019-03-01 13:52:05', 1, '2019-03-04 20:32:00', 3, 1, '0081', '0603', '0001365841', '07'),
(4, 61, 2261.43000000, '2019-04-01 21:31:27', 1, '2019-04-01 21:33:22', 4, 1, '0081', '0603', '0001365841', '07'),
(5, 62, 800.42000000, '2019-04-17 16:37:53', 1, '2019-04-17 16:38:56', 5, 1, '0081', '0603', '0001365841', '07'),
(6, 70, 3061.85000000, '2019-05-02 10:54:13', 1, '2019-05-02 10:54:30', 6, 1, '0081', '0603', '0001365841', '07'),
(7, 83, 3061.85000000, '2019-06-03 08:38:40', 1, '2019-06-03 08:39:53', 7, 1, '0081', '0603', '0001365841', '07'),
(8, 90, 3061.85000000, '2019-07-01 11:46:29', 1, '2019-07-01 11:46:49', 8, 1, '0081', '0603', '0001365841', '07'),
(9, 96, 2261.43000000, '2019-08-01 14:49:19', 1, '2019-08-01 14:49:35', 9, 1, '0081', '0603', '0001365841', '07'),
(10, 103, 2261.43000000, '2019-09-02 12:03:51', 1, '2019-09-02 12:04:09', 10, 1, '0081', '0603', '0001365841', '07'),
(11, 98, 470.46000000, '2019-09-02 12:05:22', 1, '2019-09-02 12:05:37', 11, 1, '0081', '0603', '0001365841', '07'),
(12, 97, 739.60000000, '2019-09-02 12:09:49', 1, '2019-09-02 12:10:01', 12, 1, '0081', '0603', '0001365841', '07'),
(13, 109, 2261.43000000, '2019-09-30 14:35:39', 1, '2019-09-30 14:37:01', 13, 1, '0081', '0603', '0001365841', '07'),
(14, 107, 468.29000000, '2019-09-30 14:36:09', 1, '2019-09-30 14:37:01', 13, 1, '0081', '0603', '0001365841', '07'),
(15, 117, 2261.43000000, '2019-11-04 14:09:46', 1, '2019-11-04 14:10:05', 14, 1, '0081', '0603', '0001365841', '07'),
(16, 127, 2261.43000000, '2019-12-03 14:48:35', 1, '2019-12-03 14:48:51', 15, 1, '0081', '0603', '0001365841', '07'),
(17, 122, 1368.40000000, '2019-12-04 13:00:16', 1, '2019-12-04 13:00:31', 16, 1, '0081', '0603', '0001365841', '07'),
(18, 134, 2261.43000000, '2020-01-02 15:48:15', 1, '2020-01-03 11:46:38', 17, 1, '0081', '0603', '0001365841', '07'),
(19, 141, 2261.43000000, '2020-01-31 13:35:18', 1, '2020-01-31 13:35:31', 18, 1, '0081', '0603', '0001365841', '07'),
(20, 148, 2261.43000000, '2020-02-29 20:54:57', 1, '2020-02-29 20:55:12', 19, 1, '0081', '0603', '0001365841', '07'),
(21, 152, 2261.43000000, '2020-03-31 11:26:31', 1, '2020-03-31 12:53:57', 20, 1, '0081', '0603', '0001365841', '07'),
(22, 159, 2261.43000000, '2020-04-30 17:12:19', 1, '2020-04-30 17:12:36', 21, 1, '0081', '0603', '0001365841', '07'),
(23, 166, 2261.43000000, '2020-06-01 12:18:57', 1, '2020-06-01 12:21:38', 22, 1, '0081', '0603', '0001365841', '07'),
(24, 173, 2339.48000000, '2020-07-01 12:55:18', 1, '2020-07-02 13:58:27', 23, 1, '0081', '0603', '0001365841', '07'),
(25, 179, 2391.51000000, '2020-07-31 15:34:41', 1, '2020-07-31 15:34:55', 24, 1, '0081', '0603', '0001365841', '07'),
(26, 183, 2261.43000000, '2020-09-16 16:10:40', 1, '2020-09-16 16:10:54', 25, 1, '0081', '0603', '0001365841', '07'),
(27, 191, 2599.63000000, '2020-10-01 14:14:48', 1, '2020-10-01 14:15:06', 26, 1, '0081', '0603', '0001365841', '07'),
(28, 200, 2261.43000000, '2020-11-02 09:28:00', 1, '2020-11-02 09:28:21', 27, 1, '0081', '0603', '0001365841', '07'),
(29, 208, 2521.58000000, '2020-12-03 10:19:18', 1, '2020-12-03 10:19:38', 28, 1, '0081', '0603', '0001365841', '07'),
(31, 214, 2393.68000000, '2021-01-08 09:56:27', 1, '2021-01-08 11:06:28', 29, 1, '0081', '0603', '0001365841', '07'),
(32, 222, 2261.43000000, '2021-02-04 11:18:48', 1, '2021-02-04 11:19:10', 30, 1, '0081', '0603', '0001365841', '07'),
(33, 225, 2261.43000000, '2021-03-01 10:54:37', 1, '2021-03-01 10:54:58', 31, 1, '0081', '0603', '0001365841', '07'),
(34, 228, 2261.43000000, '2021-04-02 17:41:10', 1, '2021-04-02 17:44:50', 32, 1, '0081', '0603', '0001365841', '07'),
(35, 233, 2261.43000000, '2021-05-03 11:11:58', 1, '2021-05-03 11:12:20', 33, 1, '0081', '0603', '0001365841', '07'),
(36, 237, 2261.43000000, '2021-06-01 11:58:45', 1, '2021-06-01 11:59:09', 34, 1, '0081', '0603', '0001365841', '07'),
(37, 241, 2154.27000000, '2021-07-05 10:58:53', 1, '2021-07-05 10:59:26', 35, 1, '0081', '0603', '0001365841', '07'),
(38, 244, 1686.00000000, '2021-08-02 13:07:19', 1, '2021-08-02 13:07:33', 36, 1, '0081', '0603', '0001365841', '07'),
(39, 249, 1529.91000000, '2021-09-01 15:25:54', 1, '2021-09-01 15:26:12', 37, 1, '0081', '0603', '0001365841', '07'),
(40, 252, 2102.24000000, '2021-10-03 18:02:02', 1, '2021-10-03 18:02:21', 38, 1, '0081', '0603', '0001365841', '07'),
(41, 260, 1529.91000000, '2021-11-02 11:26:53', 1, '2021-11-02 11:27:08', 39, 1, '0081', '0603', '0001365841', '07'),
(42, 264, 1529.91000000, '2021-12-01 19:00:14', 1, '2021-12-01 19:00:30', 40, 1, '0081', '0603', '0001365841', '07'),
(43, 268, 1529.91000000, '2022-01-03 18:41:54', 1, '2022-01-03 18:42:08', 41, 1, '0081', '0603', '0001365841', '07'),
(44, 273, 1529.91000000, '2022-02-01 10:25:05', 1, '2022-02-01 10:26:07', 42, 1, '0081', '0603', '0001365841', '07'),
(45, 278, 1529.91000000, '2022-03-01 17:00:29', 1, '2022-03-01 17:00:52', 43, 1, '0081', '0603', '0001365841', '07'),
(46, 283, 1529.91000000, '2022-04-01 18:42:19', 1, '2022-04-01 18:42:36', 44, 1, '0081', '0603', '0001365841', '07'),
(47, 286, 288.35000000, '2022-04-05 10:33:29', 1, '2022-04-05 10:34:19', 45, 1, '0081', '0603', '0001365841', '07'),
(48, 287, 1714.19000000, '2022-05-03 09:57:31', 1, '2022-05-03 09:57:45', 46, 1, '0081', '0603', '0001365841', '07'),
(49, 297, 1686.00000000, '2022-06-02 11:46:32', 1, '2022-06-02 11:47:12', 47, 1, '0081', '0603', '0001365841', '07'),
(50, 303, 1529.91000000, '2022-07-02 09:21:01', 1, '2022-07-02 09:21:15', 48, 1, '0081', '0603', '0001365841', '07'),
(51, 309, 1714.19000000, '2022-08-02 12:14:50', 1, '2022-08-02 12:15:15', 49, 1, '0081', '0603', '0001365841', '07'),
(52, 316, 1529.91000000, '2022-09-02 16:33:47', 1, '2022-09-02 16:34:09', 50, 1, '0081', '0603', '0001365841', '07'),
(53, 331, 1529.91000000, '2022-10-10 07:17:11', 1, '2022-10-10 07:18:50', 51, 1, '0081', '0603', '0001365841', '07'),
(54, 336, 1529.91000000, '2022-11-03 14:16:37', 1, '2022-11-03 14:16:51', 52, 1, '0081', '0603', '0001365841', '07'),
(55, 356, 1529.91000000, '2022-12-12 16:19:55', 1, '2022-12-12 16:20:10', 53, 1, '0081', '0603', '0001365841', '07'),
(56, 368, 1529.91000000, '2023-01-04 19:24:12', 1, '2023-01-04 19:29:21', 54, 1, '', '', '', ''),
(57, 371, 1529.91000000, '2023-02-05 12:11:42', 1, '2023-02-05 12:11:58', 55, 1, '0216', '1435', '8700137270', '81'),
(58, 382, 1529.91000000, '2023-03-01 19:13:09', 1, '2023-03-01 19:15:43', 56, 1, '0216', '1435', '8700137270', '81'),
(59, 393, 1529.91000000, '2023-04-05 19:14:30', 1, '2023-04-05 19:15:03', 57, 1, '0216', '1435', '8700137270', '81'),
(60, 402, 1529.91000000, '2023-05-04 18:39:35', 1, '2023-05-04 18:40:19', 58, 1, '0216', '1435', '8700137270', '81'),
(61, 410, 1529.91000000, '2023-06-06 07:25:31', 1, '2023-06-06 07:25:49', 59, 1, '0216', '1435', '8700137270', '81'),
(62, 420, 1529.91000000, '2023-07-05 22:31:41', 1, '2023-07-05 22:32:00', 60, 1, '0216', '1435', '8700137270', '81'),
(63, 432, 1529.91000000, '2023-08-07 11:33:01', 1, '2023-08-07 11:33:17', 61, 1, '0216', '1435', '8700137270', '81'),
(64, 440, 1529.91000000, '2023-09-05 09:15:41', 1, '2023-09-05 09:15:59', 62, 1, '0216', '1435', '8700137270', '81'),
(65, 451, 1529.91000000, '2023-10-03 18:19:51', 1, '2023-10-03 18:20:09', 63, 1, '0216', '1435', '8700137270', '81'),
(66, 460, 1529.91000000, '2023-11-14 17:30:56', 1, '2023-11-14 17:31:12', 64, 1, '0216', '1435', '8700137270', '81'),
(67, 467, 1529.91000000, '2023-12-04 11:07:32', 1, '2023-12-04 11:07:56', 65, 1, '0216', '1435', '8700137270', '81'),
(68, 478, 1529.91000000, '2024-01-08 01:05:53', 1, '2024-01-08 01:06:19', 66, 1, '0216', '1435', '8700137270', '81'),
(69, 484, 1582.98500000, '2024-02-07 00:11:44', 1, '2024-02-07 00:25:37', 67, 1, '0216', '1435', '8700137270', '81');

-- --------------------------------------------------------

--
-- Estructura de tabla para la tabla `b67182907_prelevement_lignes`
--

CREATE TABLE `b67182907_prelevement_lignes` (
  `rowid` int NOT NULL,
  `fk_prelevement_bons` int DEFAULT NULL,
  `fk_soc` int NOT NULL,
  `statut` smallint DEFAULT '0',
  `client_nom` varchar(255) DEFAULT NULL,
  `amount` double(24,8) DEFAULT '0.00000000',
  `code_banque` varchar(128) DEFAULT NULL,
  `code_guichet` varchar(6) DEFAULT NULL,
  `number` varchar(255) DEFAULT NULL,
  `cle_rib` varchar(5) DEFAULT NULL,
  `note` text
) ENGINE=InnoDB DEFAULT CHARSET=utf8mb3;

--
-- Volcado de datos para la tabla `b67182907_prelevement_lignes`
--

INSERT INTO `b67182907_prelevement_lignes` (`rowid`, `fk_prelevement_bons`, `fk_soc`, `statut`, `client_nom`, `amount`, `code_banque`, `code_guichet`, `number`, `cle_rib`, `note`) VALUES
(2, 2, 399, 2, 'INICIATIVAS PARETS SLU', 2261.43000000, '0081', '0603', '0001365841', '07', NULL),
(3, 3, 399, 2, 'INICIATIVAS PARETS SLU', 2261.43000000, '0081', '0603', '0001365841', '07', NULL),
(4, 4, 399, 2, 'INICIATIVAS PARETS SLU', 2261.43000000, '0081', '0603', '0001365841', '07', NULL),
(5, 5, 399, 2, 'INICIATIVAS PARETS SLU', 800.42000000, '0081', '0603', '0001365841', '07', NULL),
(6, 6, 399, 2, 'INICIATIVAS PARETS SLU', 3061.85000000, '0081', '0603', '0001365841', '07', NULL),
(7, 7, 399, 2, 'INICIATIVAS PARETS SLU', 3061.85000000, '0081', '0603', '0001365841', '07', NULL),
(8, 8, 399, 2, 'INICIATIVAS PARETS SLU', 3061.85000000, '0081', '0603', '0001365841', '07', NULL),
(9, 9, 399, 2, 'INICIATIVAS PARETS SLU', 2261.43000000, '0081', '0603', '0001365841', '07', NULL),
(10, 10, 399, 2, 'INICIATIVAS PARETS SLU', 2261.43000000, '0081', '0603', '0001365841', '07', NULL),
(11, 11, 399, 2, 'INICIATIVAS PARETS SLU', 470.46000000, '0081', '0603', '0001365841', '07', NULL),
(12, 12, 399, 2, 'INICIATIVAS PARETS SLU', 739.60000000, '0081', '0603', '0001365841', '07', NULL),
(13, 13, 399, 2, 'INICIATIVAS PARETS SLU', 2261.43000000, '0081', '0603', '0001365841', '07', NULL),
(14, 13, 399, 2, 'INICIATIVAS PARETS SLU', 468.29000000, '0081', '0603', '0001365841', '07', NULL),
(15, 14, 399, 2, 'INICIATIVAS PARETS SLU', 2261.43000000, '0081', '0603', '0001365841', '07', NULL),
(16, 15, 399, 2, 'INICIATIVAS PARETS SLU', 2261.43000000, '0081', '0603', '0001365841', '07', NULL),
(17, 16, 399, 2, 'INICIATIVAS PARETS SLU', 1368.40000000, '0081', '0603', '0001365841', '07', NULL),
(18, 17, 399, 2, 'INICIATIVAS PARETS SLU', 2261.43000000, '0081', '0603', '0001365841', '07', NULL),
(19, 18, 399, 2, 'INICIATIVAS PARETS SLU', 2261.43000000, '0081', '0603', '0001365841', '07', NULL),
(20, 19, 399, 2, 'INICIATIVAS PARETS SLU', 2261.43000000, '0081', '0603', '0001365841', '07', NULL),
(21, 20, 399, 2, 'INICIATIVAS PARETS SLU', 2261.43000000, '0081', '0603', '0001365841', '07', NULL),
(22, 21, 399, 2, 'INICIATIVAS PARETS SLU', 2261.43000000, '0081', '0603', '0001365841', '07', NULL),
(23, 22, 399, 2, 'INICIATIVAS PARETS SLU', 2261.43000000, '0081', '0603', '0001365841', '07', NULL),
(24, 23, 399, 2, 'INICIATIVAS PARETS SLU', 2339.48000000, '0081', '0603', '0001365841', '07', NULL),
(25, 24, 399, 2, 'INICIATIVAS PARETS SLU', 2391.51000000, '0081', '0603', '0001365841', '07', NULL),
(26, 25, 399, 2, 'INICIATIVAS PARETS SLU', 2261.43000000, '0081', '0603', '0001365841', '07', NULL),
(27, 26, 399, 2, 'INICIATIVAS PARETS SLU', 2599.63000000, '0081', '0603', '0001365841', '07', NULL),
(28, 27, 399, 2, 'INICIATIVAS PARETS SLU', 2261.43000000, '0081', '0603', '0001365841', '07', NULL),
(29, 28, 399, 2, 'INICIATIVAS PARETS SLU', 2521.58000000, '0081', '0603', '0001365841', '07', NULL),
(30, 29, 399, 2, 'INICIATIVAS PARETS SLU', 2393.68000000, '0081', '0603', '0001365841', '07', NULL),
(31, 30, 399, 2, 'INICIATIVAS PARETS SLU', 2261.43000000, '0081', '0603', '0001365841', '07', NULL),
(32, 31, 399, 2, 'INICIATIVAS PARETS SLU', 2261.43000000, '0081', '0603', '0001365841', '07', NULL),
(33, 32, 399, 2, 'INICIATIVAS PARETS SLU', 2261.43000000, '0081', '0603', '0001365841', '07', NULL),
(34, 33, 399, 2, 'INICIATIVAS PARETS SLU', 2261.43000000, '0081', '0603', '0001365841', '07', NULL),
(35, 34, 399, 2, 'INICIATIVAS PARETS SLU', 2261.43000000, '0081', '0603', '0001365841', '07', NULL),
(36, 35, 399, 2, 'INICIATIVAS PARETS SLU', 2154.27000000, '0081', '0603', '0001365841', '07', NULL),
(37, 36, 399, 2, 'INICIATIVAS PARETS SLU', 1686.00000000, '0081', '0603', '0001365841', '07', NULL),
(38, 37, 399, 2, 'INICIATIVAS PARETS SLU', 1529.91000000, '0081', '0603', '0001365841', '07', NULL),
(39, 38, 399, 2, 'INICIATIVAS PARETS SLU', 2102.24000000, '0081', '0603', '0001365841', '07', NULL),
(40, 39, 399, 2, 'INICIATIVAS PARETS SLU', 1529.91000000, '0081', '0603', '0001365841', '07', NULL),
(41, 40, 399, 2, 'INICIATIVAS PARETS SLU', 1529.91000000, '0081', '0603', '0001365841', '07', NULL),
(42, 41, 399, 2, 'INICIATIVAS PARETS SLU', 1529.91000000, '0081', '0603', '0001365841', '07', NULL),
(43, 42, 399, 2, 'INICIATIVAS PARETS SLU', 1529.91000000, '0081', '0603', '0001365841', '07', NULL),
(44, 43, 399, 2, 'INICIATIVAS PARETS SLU', 1529.91000000, '0081', '0603', '0001365841', '07', NULL),
(45, 44, 399, 2, 'INICIATIVAS PARETS SLU', 1529.91000000, '0081', '0603', '0001365841', '07', NULL),
(46, 45, 399, 2, 'INICIATIVAS PARETS SLU', 288.35000000, '0081', '0603', '0001365841', '07', NULL),
(47, 46, 399, 2, 'INICIATIVAS PARETS SLU', 1714.19000000, '0081', '0603', '0001365841', '07', NULL),
(48, 47, 399, 2, 'INICIATIVAS PARETS SLU', 1686.00000000, '0081', '0603', '0001365841', '07', NULL),
(49, 48, 399, 2, 'INICIATIVAS PARETS SLU', 1529.91000000, '0081', '0603', '0001365841', '07', NULL),
(50, 49, 399, 2, 'INICIATIVAS PARETS SLU', 1714.19000000, '0081', '0603', '0001365841', '07', NULL),
(51, 50, 399, 2, 'INICIATIVAS PARETS SLU', 1529.91000000, '0081', '0603', '0001365841', '07', NULL),
(52, 51, 399, 2, 'INICIATIVAS PARETS SLU', 1529.91000000, '0081', '0603', '0001365841', '07', NULL),
(53, 52, 399, 2, 'INICIATIVAS PARETS SLU', 1529.91000000, '0081', '0603', '0001365841', '07', NULL),
(54, 53, 399, 2, 'INICIATIVAS PARETS SLU', 1529.91000000, '0081', '0603', '0001365841', '07', NULL),
(55, 54, 392, 2, 'Air Time Telecom SAU', 1529.91000000, '', '', '', '', NULL),
(56, 55, 392, 2, 'Air Time Telecom SAU', 1529.91000000, '0216', '1435', '8700137270', '81', NULL),
(57, 56, 392, 2, 'Air Time Telecom SAU', 1529.91000000, '0216', '1435', '8700137270', '81', NULL),
(58, 57, 392, 2, 'Air Time Telecom SAU', 1529.91000000, '0216', '1435', '8700137270', '81', NULL),
(59, 58, 392, 2, 'Air Time Telecom SAU', 1529.91000000, '0216', '1435', '8700137270', '81', NULL),
(60, 59, 392, 2, 'Air Time Telecom SAU', 1529.91000000, '0216', '1435', '8700137270', '81', NULL),
(61, 60, 392, 2, 'Air Time Telecom SAU', 1529.91000000, '0216', '1435', '8700137270', '81', NULL),
(62, 61, 392, 2, 'Air Time Telecom SAU', 1529.91000000, '0216', '1435', '8700137270', '81', NULL),
(63, 62, 392, 2, 'Air Time Telecom SAU', 1529.91000000, '0216', '1435', '8700137270', '81', NULL),
(64, 63, 392, 2, 'Air Time Telecom SAU', 1529.91000000, '0216', '1435', '8700137270', '81', NULL),
(65, 64, 392, 2, 'Air Time Telecom SAU', 1529.91000000, '0216', '1435', '8700137270', '81', NULL),
(66, 65, 392, 2, 'Air Time Telecom SAU', 1529.91000000, '0216', '1435', '8700137270', '81', NULL),
(67, 66, 392, 2, 'Air Time Telecom SAU', 1529.91000000, '0216', '1435', '8700137270', '81', NULL),
(68, 67, 392, 2, 'Air Time Telecom SAU', 1582.98500000, '0216', '1435', '8700137270', '81', NULL);

-- --------------------------------------------------------

--
-- Estructura de tabla para la tabla `b67182907_prelevement_rejet`
--

CREATE TABLE `b67182907_prelevement_rejet` (
  `rowid` int NOT NULL,
  `fk_prelevement_lignes` int DEFAULT NULL,
  `date_rejet` datetime DEFAULT NULL,
  `motif` int DEFAULT NULL,
  `date_creation` datetime DEFAULT NULL,
  `fk_user_creation` int DEFAULT NULL,
  `note` text,
  `afacturer` tinyint DEFAULT '0',
  `fk_facture` int DEFAULT NULL
) ENGINE=InnoDB DEFAULT CHARSET=utf8mb3;

-- --------------------------------------------------------

--
-- Estructura de tabla para la tabla `b67182907_printing`
--

CREATE TABLE `b67182907_printing` (
  `rowid` int NOT NULL,
  `tms` timestamp NOT NULL DEFAULT CURRENT_TIMESTAMP ON UPDATE CURRENT_TIMESTAMP,
  `datec` datetime DEFAULT NULL,
  `printer_name` text NOT NULL,
  `printer_location` text NOT NULL,
  `printer_id` varchar(255) NOT NULL,
  `copy` int NOT NULL DEFAULT '1',
  `module` varchar(16) NOT NULL,
  `driver` varchar(16) NOT NULL,
  `userid` int DEFAULT NULL
) ENGINE=InnoDB DEFAULT CHARSET=utf8mb3;

-- --------------------------------------------------------

--
-- Estructura de tabla para la tabla `b67182907_product`
--

CREATE TABLE `b67182907_product` (
  `rowid` int NOT NULL,
  `ref` varchar(128) NOT NULL,
  `entity` int NOT NULL DEFAULT '1',
  `ref_ext` varchar(128) DEFAULT NULL,
  `datec` datetime DEFAULT NULL,
  `tms` timestamp NOT NULL DEFAULT CURRENT_TIMESTAMP ON UPDATE CURRENT_TIMESTAMP,
  `fk_parent` int DEFAULT '0',
  `label` varchar(255) NOT NULL,
  `description` text,
  `note_public` text,
  `note` text,
  `customcode` varchar(32) DEFAULT NULL,
  `fk_country` int DEFAULT NULL,
  `price` double(24,8) DEFAULT '0.00000000',
  `price_ttc` double(24,8) DEFAULT '0.00000000',
  `price_min` double(24,8) DEFAULT '0.00000000',
  `price_min_ttc` double(24,8) DEFAULT '0.00000000',
  `price_base_type` varchar(3) DEFAULT 'HT',
  `cost_price` double(24,8) DEFAULT NULL,
  `default_vat_code` varchar(10) DEFAULT NULL,
  `tva_tx` double(6,3) DEFAULT NULL,
  `recuperableonly` int NOT NULL DEFAULT '0',
  `localtax1_tx` double(6,3) DEFAULT '0.000',
  `localtax1_type` varchar(10) NOT NULL DEFAULT '0',
  `localtax2_tx` double(6,3) DEFAULT '0.000',
  `localtax2_type` varchar(10) NOT NULL DEFAULT '0',
  `fk_user_author` int DEFAULT NULL,
  `fk_user_modif` int DEFAULT NULL,
  `tosell` tinyint DEFAULT '1',
  `tobuy` tinyint DEFAULT '1',
  `onportal` tinyint DEFAULT '0',
  `tobatch` tinyint NOT NULL DEFAULT '0',
  `fk_product_type` int DEFAULT '0',
  `duration` varchar(6) DEFAULT NULL,
  `seuil_stock_alerte` int DEFAULT NULL,
  `url` varchar(255) DEFAULT NULL,
  `barcode` varchar(180) DEFAULT NULL,
  `fk_barcode_type` int DEFAULT NULL,
  `accountancy_code_sell` varchar(32) DEFAULT NULL,
  `accountancy_code_sell_intra` varchar(32) DEFAULT NULL,
  `accountancy_code_sell_export` varchar(32) DEFAULT NULL,
  `accountancy_code_buy` varchar(32) DEFAULT NULL,
  `partnumber` varchar(32) DEFAULT NULL,
  `weight` float DEFAULT NULL,
  `weight_units` tinyint DEFAULT NULL,
  `length` float DEFAULT NULL,
  `length_units` tinyint DEFAULT NULL,
  `width` float DEFAULT NULL,
  `width_units` tinyint DEFAULT NULL,
  `height` float DEFAULT NULL,
  `height_units` tinyint DEFAULT NULL,
  `surface` float DEFAULT NULL,
  `surface_units` tinyint DEFAULT NULL,
  `volume` float DEFAULT NULL,
  `volume_units` tinyint DEFAULT NULL,
  `stock` double DEFAULT NULL,
  `pmp` double(24,8) NOT NULL DEFAULT '0.00000000',
  `fifo` double(24,8) DEFAULT NULL,
  `lifo` double(24,8) DEFAULT NULL,
  `canvas` varchar(32) DEFAULT NULL,
  `finished` tinyint DEFAULT NULL,
  `hidden` tinyint DEFAULT '0',
  `import_key` varchar(14) DEFAULT NULL,
  `model_pdf` varchar(255) DEFAULT NULL,
  `fk_price_expression` int DEFAULT NULL,
  `desiredstock` int DEFAULT '0',
  `fk_unit` int DEFAULT NULL,
  `price_autogen` tinyint DEFAULT '0'
) ENGINE=InnoDB DEFAULT CHARSET=utf8mb3;

--
-- Volcado de datos para la tabla `b67182907_product`
--

INSERT INTO `b67182907_product` (`rowid`, `ref`, `entity`, `ref_ext`, `datec`, `tms`, `fk_parent`, `label`, `description`, `note_public`, `note`, `customcode`, `fk_country`, `price`, `price_ttc`, `price_min`, `price_min_ttc`, `price_base_type`, `cost_price`, `default_vat_code`, `tva_tx`, `recuperableonly`, `localtax1_tx`, `localtax1_type`, `localtax2_tx`, `localtax2_type`, `fk_user_author`, `fk_user_modif`, `tosell`, `tobuy`, `onportal`, `tobatch`, `fk_product_type`, `duration`, `seuil_stock_alerte`, `url`, `barcode`, `fk_barcode_type`, `accountancy_code_sell`, `accountancy_code_sell_intra`, `accountancy_code_sell_export`, `accountancy_code_buy`, `partnumber`, `weight`, `weight_units`, `length`, `length_units`, `width`, `width_units`, `height`, `height_units`, `surface`, `surface_units`, `volume`, `volume_units`, `stock`, `pmp`, `fifo`, `lifo`, `canvas`, `finished`, `hidden`, `import_key`, `model_pdf`, `fk_price_expression`, `desiredstock`, `fk_unit`, `price_autogen`) VALUES
(1, 'ADD-000', 1, NULL, '2018-03-20 18:38:37', '2018-03-20 17:19:08', 0, 'Desplazamiento', '', NULL, '', '', NULL, 66.30000000, 80.22300000, 0.00000000, 0.00000000, 'HT', NULL, NULL, 21.000, 0, 0.000, '0', 0.000, '0', 1, 1, 1, 0, 0, 0, 1, '', NULL, NULL, NULL, NULL, '', '', '', '', NULL, NULL, NULL, NULL, NULL, NULL, NULL, NULL, NULL, NULL, NULL, NULL, NULL, NULL, 0.00000000, NULL, NULL, '', 0, 0, NULL, NULL, NULL, NULL, NULL, 0),
(2, 'ADD-100', 1, NULL, '2018-03-20 18:39:10', '2018-03-20 17:18:37', 0, 'Hora Gestion', '', NULL, '', '', NULL, 42.00000000, 50.82000000, 0.00000000, 0.00000000, 'HT', NULL, NULL, 21.000, 0, 0.000, '0', 0.000, '0', 1, 1, 1, 0, 0, 0, 1, '', NULL, NULL, NULL, NULL, '', '', '', '', NULL, NULL, NULL, NULL, NULL, NULL, NULL, NULL, NULL, NULL, NULL, NULL, NULL, NULL, 0.00000000, NULL, NULL, '', 0, 0, NULL, NULL, NULL, NULL, NULL, 0),
(3, 'DEV-100', 1, NULL, '2018-03-20 18:39:32', '2018-03-20 17:18:29', 0, 'Hora Desarrollo', '', NULL, '', '', NULL, 42.00000000, 50.82000000, 0.00000000, 0.00000000, 'HT', NULL, NULL, 21.000, 0, 0.000, '0', 0.000, '0', 1, 1, 1, 0, 0, 0, 1, '', NULL, NULL, NULL, NULL, '', '', '', '', NULL, NULL, NULL, NULL, NULL, NULL, NULL, NULL, NULL, NULL, NULL, NULL, NULL, NULL, 0.00000000, NULL, NULL, '', 0, 0, NULL, NULL, NULL, NULL, NULL, 0),
(4, 'DEV-101', 1, NULL, '2018-03-20 18:39:53', '2018-03-20 17:18:23', 0, 'Hora Desarrollo RFID', '', NULL, '', '', NULL, 60.00000000, 72.60000000, 0.00000000, 0.00000000, 'HT', NULL, NULL, 21.000, 0, 0.000, '0', 0.000, '0', 1, 1, 1, 0, 0, 0, 1, '', NULL, NULL, NULL, NULL, '', '', '', '', NULL, NULL, NULL, NULL, NULL, NULL, NULL, NULL, NULL, NULL, NULL, NULL, NULL, NULL, 0.00000000, NULL, NULL, '', 0, 0, NULL, NULL, NULL, NULL, NULL, 0),
(5, 'DEV-201', 1, NULL, '2018-03-20 18:40:15', '2018-03-20 17:18:16', 0, 'Mant. Aplicativo', '', NULL, '', '', NULL, 0.00000000, 0.00000000, 0.00000000, 0.00000000, 'HT', NULL, NULL, 21.000, 0, 0.000, '0', 0.000, '0', 1, 1, 1, 0, 0, 0, 1, '', NULL, NULL, NULL, NULL, '', '', '', '', NULL, NULL, NULL, NULL, NULL, NULL, NULL, NULL, NULL, NULL, NULL, NULL, NULL, NULL, 0.00000000, NULL, NULL, '', 0, 0, NULL, NULL, NULL, NULL, NULL, 0),
(6, 'DEV-202', 1, NULL, '2018-03-20 18:40:36', '2018-03-20 17:18:07', 0, 'Servicio Mant. SEO', '', NULL, '', '', NULL, 0.00000000, 0.00000000, 0.00000000, 0.00000000, 'HT', NULL, NULL, 21.000, 0, 0.000, '0', 0.000, '0', 1, 1, 1, 0, 0, 0, 1, '', NULL, NULL, NULL, NULL, '', '', '', '', NULL, NULL, NULL, NULL, NULL, NULL, NULL, NULL, NULL, NULL, NULL, NULL, NULL, NULL, 0.00000000, NULL, NULL, '', 0, 0, NULL, NULL, NULL, NULL, NULL, 0),
(7, 'DEV-203', 1, NULL, '2018-03-20 18:40:55', '2018-03-20 17:18:00', 0, 'Servicio Mant. SEM', '', NULL, '', '', NULL, 0.00000000, 0.00000000, 0.00000000, 0.00000000, 'HT', NULL, NULL, 21.000, 0, 0.000, '0', 0.000, '0', 1, 1, 1, 0, 0, 0, 1, '', NULL, NULL, NULL, NULL, '', '', '', '', NULL, NULL, NULL, NULL, NULL, NULL, NULL, NULL, NULL, NULL, NULL, NULL, NULL, NULL, 0.00000000, NULL, NULL, '', 0, 0, NULL, NULL, NULL, NULL, NULL, 0),
(8, 'OUT-100', 1, NULL, '2018-03-20 18:41:14', '2023-02-07 20:35:05', 0, 'Hora Recurso Externo', '', NULL, '', '', NULL, 0.00000000, 0.00000000, -100.00000000, -121.00000000, 'HT', NULL, NULL, 21.000, 0, 0.000, '0', 0.000, '0', 1, 1, 1, 0, 0, 0, 1, '', NULL, NULL, NULL, NULL, '', '', '', '', NULL, NULL, NULL, NULL, NULL, NULL, NULL, NULL, NULL, NULL, NULL, NULL, NULL, NULL, 0.00000000, NULL, NULL, '', 0, 0, NULL, NULL, NULL, NULL, NULL, 0),
(9, 'SYS-100', 1, NULL, '2018-03-20 18:41:37', '2018-03-20 17:17:46', 0, 'Hora Adm. Sistemas', '', NULL, '', '', NULL, 43.00000000, 52.03000000, 0.00000000, 0.00000000, 'HT', NULL, NULL, 21.000, 0, 0.000, '0', 0.000, '0', 1, 1, 1, 0, 0, 0, 1, '', NULL, NULL, NULL, NULL, '', '', '', '', NULL, NULL, NULL, NULL, NULL, NULL, NULL, NULL, NULL, NULL, NULL, NULL, NULL, NULL, 0.00000000, NULL, NULL, '', 0, 0, NULL, NULL, NULL, NULL, NULL, 0),
(10, 'SYS-201', 1, NULL, '2018-03-20 18:42:04', '2018-03-20 17:17:39', 0, 'Servicio WWB', '', NULL, '', '', NULL, 0.00000000, 0.00000000, 0.00000000, 0.00000000, 'HT', NULL, NULL, 21.000, 0, 0.000, '0', 0.000, '0', 1, 1, 1, 0, 0, 0, 1, '', NULL, NULL, NULL, NULL, '', '', '', '', NULL, NULL, NULL, NULL, NULL, NULL, NULL, NULL, NULL, NULL, NULL, NULL, NULL, NULL, 0.00000000, NULL, NULL, '', 0, 0, NULL, NULL, NULL, NULL, NULL, 0),
(11, 'SYS-202', 1, NULL, '2018-03-20 18:42:28', '2018-03-20 17:17:32', 0, 'Servicio Mail', '', NULL, '', '', NULL, 5.00000000, 6.05000000, 0.00000000, 0.00000000, 'HT', NULL, NULL, 21.000, 0, 0.000, '0', 0.000, '0', 1, 1, 1, 0, 0, 0, 1, '', NULL, NULL, NULL, NULL, '', '', '', '', NULL, NULL, NULL, NULL, NULL, NULL, NULL, NULL, NULL, NULL, NULL, NULL, NULL, NULL, 0.00000000, NULL, NULL, '', 0, 0, NULL, NULL, NULL, NULL, NULL, 0),
(12, 'SYS-203', 1, NULL, '2018-03-20 18:42:47', '2018-03-20 17:17:23', 0, 'Servicio Hosting', '', NULL, '', '', NULL, 0.00000000, 0.00000000, 0.00000000, 0.00000000, 'HT', NULL, NULL, 21.000, 0, 0.000, '0', 0.000, '0', 1, 1, 1, 0, 0, 0, 1, '', NULL, NULL, NULL, NULL, '', '', '', '', NULL, NULL, NULL, NULL, NULL, NULL, NULL, NULL, NULL, NULL, NULL, NULL, NULL, NULL, 0.00000000, NULL, NULL, '', 0, 0, NULL, NULL, NULL, NULL, NULL, 0),
(13, 'SYS-204', 1, NULL, '2018-03-20 18:43:11', '2018-03-20 17:17:13', 0, 'Servicio addapta ERP', '', NULL, '', '', NULL, 0.00000000, 0.00000000, 0.00000000, 0.00000000, 'HT', NULL, NULL, 21.000, 0, 0.000, '0', 0.000, '0', 1, 1, 1, 0, 0, 0, 1, '', NULL, NULL, NULL, NULL, '', '', '', '', NULL, NULL, NULL, NULL, NULL, NULL, NULL, NULL, NULL, NULL, NULL, NULL, NULL, NULL, 0.00000000, NULL, NULL, '', 0, 0, NULL, NULL, NULL, NULL, NULL, 0),
(14, 'SYS-205', 1, NULL, '2018-03-20 18:43:34', '2018-03-20 17:17:06', 0, 'Servicio AE - Renovación', '', NULL, '', '', NULL, 178.50000000, 215.98500000, 0.00000000, 0.00000000, 'HT', NULL, NULL, 21.000, 0, 0.000, '0', 0.000, '0', 1, 1, 1, 0, 0, 0, 1, '', NULL, NULL, NULL, NULL, '', '', '', '', NULL, NULL, NULL, NULL, NULL, NULL, NULL, NULL, NULL, NULL, NULL, NULL, NULL, NULL, 0.00000000, NULL, NULL, '', 0, 0, NULL, NULL, NULL, NULL, NULL, 0),
(15, 'SYS-206', 1, NULL, '2018-03-20 18:44:09', '2018-03-20 17:16:50', 0, 'Servicio AE', '', NULL, '', '', NULL, 561.00000000, 678.81000000, 0.00000000, 0.00000000, 'HT', NULL, NULL, 21.000, 0, 0.000, '0', 0.000, '0', 1, 1, 1, 0, 0, 0, 1, '', NULL, NULL, NULL, NULL, '', '', '', '', NULL, NULL, NULL, NULL, NULL, NULL, NULL, NULL, NULL, NULL, NULL, NULL, NULL, NULL, 0.00000000, NULL, NULL, '', 0, 0, NULL, NULL, NULL, NULL, NULL, 0),
(16, 'RFID145', 1, NULL, '2019-01-11 14:29:01', '2019-01-21 08:33:28', 0, 'Etiqueta Expedición', '', NULL, '', '', NULL, 0.11950000, 0.14460000, 0.00000000, 0.00000000, 'HT', 0.09372000, NULL, 21.000, 0, 0.000, '0', 0.000, '0', 2, 2, 1, 1, 0, 0, 0, '', NULL, NULL, NULL, NULL, '', '', '', '', NULL, NULL, 0, NULL, 0, NULL, NULL, NULL, NULL, NULL, 0, NULL, 0, NULL, 0.00000000, NULL, NULL, '', NULL, 0, NULL, NULL, NULL, NULL, NULL, 0),
(17, 'RFIDGPIO003', 1, NULL, '2019-03-06 10:30:52', '2019-03-06 09:39:52', 0, 'GPIO Lector Impinj', '', NULL, '', '', NULL, 243.00000000, 294.03000000, 243.00000000, 294.03000000, 'HT', 243.00000000, NULL, 21.000, 0, 0.000, '0', 0.000, '0', 2, 2, 1, 1, 0, 0, 0, '', NULL, NULL, NULL, NULL, '', '', '', '', NULL, NULL, 0, NULL, 0, NULL, NULL, NULL, NULL, NULL, 0, NULL, 0, NULL, 0.00000000, NULL, NULL, '', NULL, 0, NULL, NULL, NULL, NULL, NULL, 0),
(18, 'RFIDGR004', 1, NULL, '2019-03-06 10:44:42', '2019-03-06 09:45:15', 0, 'Lector manual M3 SM15 + RFID Grip', '', NULL, '', '', NULL, 1875.00000000, 2268.75000000, 1875.00000000, 2268.75000000, 'HT', 1875.00000000, NULL, 21.000, 0, 0.000, '0', 0.000, '0', 2, 2, 1, 1, 0, 0, 0, '', NULL, NULL, NULL, NULL, '', '', '', '', NULL, NULL, 0, NULL, 0, NULL, NULL, NULL, NULL, NULL, 0, NULL, 0, NULL, 0.00000000, NULL, NULL, '', NULL, 0, NULL, NULL, NULL, NULL, NULL, 0),
(20, 'RFIDH01', 1, NULL, '2019-03-06 11:39:04', '2019-03-06 10:39:13', 0, 'Ingeniería', '', NULL, '', '', NULL, 65.00000000, 78.65000000, 65.00000000, 78.65000000, 'HT', 60.00000000, NULL, 21.000, 0, 0.000, '0', 0.000, '0', 2, 2, 1, 1, 0, 0, 1, '', NULL, NULL, NULL, NULL, '', '', '', '', NULL, NULL, NULL, NULL, NULL, NULL, NULL, NULL, NULL, NULL, NULL, NULL, NULL, NULL, 0.00000000, NULL, NULL, '', 0, 0, NULL, NULL, NULL, NULL, NULL, 0);

-- --------------------------------------------------------

--
-- Estructura de tabla para la tabla `b67182907_product_association`
--

CREATE TABLE `b67182907_product_association` (
  `rowid` int NOT NULL,
  `fk_product_pere` int NOT NULL DEFAULT '0',
  `fk_product_fils` int NOT NULL DEFAULT '0',
  `qty` double DEFAULT NULL,
  `incdec` int DEFAULT '1'
) ENGINE=InnoDB DEFAULT CHARSET=utf8mb3;

-- --------------------------------------------------------

--
-- Estructura de tabla para la tabla `b67182907_product_attribute`
--

CREATE TABLE `b67182907_product_attribute` (
  `rowid` int NOT NULL,
  `ref` varchar(255) NOT NULL,
  `label` varchar(255) NOT NULL,
  `rang` int NOT NULL DEFAULT '0',
  `entity` int NOT NULL DEFAULT '1'
) ENGINE=InnoDB DEFAULT CHARSET=utf8mb3;

-- --------------------------------------------------------

--
-- Estructura de tabla para la tabla `b67182907_product_attribute_combination`
--

CREATE TABLE `b67182907_product_attribute_combination` (
  `rowid` int NOT NULL,
  `fk_product_parent` int NOT NULL,
  `fk_product_child` int NOT NULL,
  `variation_price` float NOT NULL,
  `variation_price_percentage` int DEFAULT NULL,
  `variation_weight` float NOT NULL,
  `entity` int NOT NULL DEFAULT '1'
) ENGINE=InnoDB DEFAULT CHARSET=utf8mb3;

-- --------------------------------------------------------

--
-- Estructura de tabla para la tabla `b67182907_product_attribute_combination2val`
--

CREATE TABLE `b67182907_product_attribute_combination2val` (
  `rowid` int NOT NULL,
  `fk_prod_combination` int NOT NULL,
  `fk_prod_attr` int NOT NULL,
  `fk_prod_attr_val` int NOT NULL
) ENGINE=InnoDB DEFAULT CHARSET=utf8mb3;

-- --------------------------------------------------------

--
-- Estructura de tabla para la tabla `b67182907_product_attribute_value`
--

CREATE TABLE `b67182907_product_attribute_value` (
  `rowid` int NOT NULL,
  `fk_product_attribute` int NOT NULL,
  `ref` varchar(180) DEFAULT NULL,
  `value` varchar(255) DEFAULT NULL,
  `entity` int NOT NULL DEFAULT '1'
) ENGINE=InnoDB DEFAULT CHARSET=utf8mb3;

-- --------------------------------------------------------

--
-- Estructura de tabla para la tabla `b67182907_product_batch`
--

CREATE TABLE `b67182907_product_batch` (
  `rowid` int NOT NULL,
  `tms` timestamp NOT NULL DEFAULT CURRENT_TIMESTAMP ON UPDATE CURRENT_TIMESTAMP,
  `fk_product_stock` int NOT NULL,
  `eatby` datetime DEFAULT NULL,
  `sellby` datetime DEFAULT NULL,
  `batch` varchar(30) NOT NULL,
  `qty` double NOT NULL DEFAULT '0',
  `import_key` varchar(14) DEFAULT NULL
) ENGINE=InnoDB DEFAULT CHARSET=utf8mb3;

-- --------------------------------------------------------

--
-- Estructura de tabla para la tabla `b67182907_product_customer_price`
--

CREATE TABLE `b67182907_product_customer_price` (
  `rowid` int NOT NULL,
  `entity` int NOT NULL DEFAULT '1',
  `datec` datetime DEFAULT NULL,
  `tms` timestamp NOT NULL DEFAULT CURRENT_TIMESTAMP ON UPDATE CURRENT_TIMESTAMP,
  `fk_product` int NOT NULL,
  `fk_soc` int NOT NULL,
  `price` double(24,8) DEFAULT '0.00000000',
  `price_ttc` double(24,8) DEFAULT '0.00000000',
  `price_min` double(24,8) DEFAULT '0.00000000',
  `price_min_ttc` double(24,8) DEFAULT '0.00000000',
  `price_base_type` varchar(3) DEFAULT 'HT',
  `default_vat_code` varchar(10) DEFAULT NULL,
  `tva_tx` double(6,3) DEFAULT NULL,
  `recuperableonly` int NOT NULL DEFAULT '0',
  `localtax1_tx` double(6,3) DEFAULT '0.000',
  `localtax1_type` varchar(10) NOT NULL DEFAULT '0',
  `localtax2_tx` double(6,3) DEFAULT '0.000',
  `localtax2_type` varchar(10) NOT NULL DEFAULT '0',
  `fk_user` int DEFAULT NULL,
  `import_key` varchar(14) DEFAULT NULL
) ENGINE=InnoDB DEFAULT CHARSET=utf8mb3;

-- --------------------------------------------------------

--
-- Estructura de tabla para la tabla `b67182907_product_customer_price_log`
--

CREATE TABLE `b67182907_product_customer_price_log` (
  `rowid` int NOT NULL,
  `entity` int NOT NULL DEFAULT '1',
  `datec` datetime DEFAULT NULL,
  `fk_product` int NOT NULL,
  `fk_soc` int NOT NULL DEFAULT '0',
  `price` double(24,8) DEFAULT '0.00000000',
  `price_ttc` double(24,8) DEFAULT '0.00000000',
  `price_min` double(24,8) DEFAULT '0.00000000',
  `price_min_ttc` double(24,8) DEFAULT '0.00000000',
  `price_base_type` varchar(3) DEFAULT 'HT',
  `default_vat_code` varchar(10) DEFAULT NULL,
  `tva_tx` double(6,3) DEFAULT NULL,
  `recuperableonly` int NOT NULL DEFAULT '0',
  `localtax1_tx` double(6,3) DEFAULT '0.000',
  `localtax1_type` varchar(10) NOT NULL DEFAULT '0',
  `localtax2_tx` double(6,3) DEFAULT '0.000',
  `localtax2_type` varchar(10) NOT NULL DEFAULT '0',
  `fk_user` int DEFAULT NULL,
  `import_key` varchar(14) DEFAULT NULL
) ENGINE=InnoDB DEFAULT CHARSET=utf8mb3;

-- --------------------------------------------------------

--
-- Estructura de tabla para la tabla `b67182907_product_extrafields`
--

CREATE TABLE `b67182907_product_extrafields` (
  `rowid` int NOT NULL,
  `tms` timestamp NOT NULL DEFAULT CURRENT_TIMESTAMP ON UPDATE CURRENT_TIMESTAMP,
  `fk_object` int NOT NULL,
  `import_key` varchar(14) DEFAULT NULL
) ENGINE=InnoDB DEFAULT CHARSET=utf8mb3;

-- --------------------------------------------------------

--
-- Estructura de tabla para la tabla `b67182907_product_fournisseur_price`
--

CREATE TABLE `b67182907_product_fournisseur_price` (
  `rowid` int NOT NULL,
  `entity` int NOT NULL DEFAULT '1',
  `datec` datetime DEFAULT NULL,
  `tms` timestamp NOT NULL DEFAULT CURRENT_TIMESTAMP ON UPDATE CURRENT_TIMESTAMP,
  `fk_product` int DEFAULT NULL,
  `fk_soc` int DEFAULT NULL,
  `ref_fourn` varchar(30) DEFAULT NULL,
  `fk_availability` int DEFAULT NULL,
  `price` double(24,8) DEFAULT '0.00000000',
  `quantity` double DEFAULT NULL,
  `remise_percent` double NOT NULL DEFAULT '0',
  `remise` double NOT NULL DEFAULT '0',
  `unitprice` double(24,8) DEFAULT '0.00000000',
  `charges` double(24,8) DEFAULT '0.00000000',
  `unitcharges` double(24,8) DEFAULT '0.00000000',
  `default_vat_code` varchar(10) DEFAULT NULL,
  `tva_tx` double(6,3) NOT NULL,
  `localtax1_tx` double(6,3) DEFAULT '0.000',
  `localtax1_type` varchar(10) NOT NULL DEFAULT '0',
  `localtax2_tx` double(6,3) DEFAULT '0.000',
  `localtax2_type` varchar(10) NOT NULL DEFAULT '0',
  `info_bits` int NOT NULL DEFAULT '0',
  `fk_user` int DEFAULT NULL,
  `fk_supplier_price_expression` int DEFAULT NULL,
  `import_key` varchar(14) DEFAULT NULL,
  `delivery_time_days` int DEFAULT NULL,
  `supplier_reputation` varchar(10) DEFAULT NULL,
  `fk_multicurrency` int DEFAULT NULL,
  `multicurrency_code` varchar(255) DEFAULT NULL,
  `multicurrency_tx` double(24,8) DEFAULT '1.00000000',
  `multicurrency_price` double(24,8) DEFAULT NULL,
  `multicurrency_price_ttc` double(24,8) DEFAULT NULL
) ENGINE=InnoDB DEFAULT CHARSET=utf8mb3;

--
-- Volcado de datos para la tabla `b67182907_product_fournisseur_price`
--

INSERT INTO `b67182907_product_fournisseur_price` (`rowid`, `entity`, `datec`, `tms`, `fk_product`, `fk_soc`, `ref_fourn`, `fk_availability`, `price`, `quantity`, `remise_percent`, `remise`, `unitprice`, `charges`, `unitcharges`, `default_vat_code`, `tva_tx`, `localtax1_tx`, `localtax1_type`, `localtax2_tx`, `localtax2_type`, `info_bits`, `fk_user`, `fk_supplier_price_expression`, `import_key`, `delivery_time_days`, `supplier_reputation`, `fk_multicurrency`, `multicurrency_code`, `multicurrency_tx`, `multicurrency_price`, `multicurrency_price_ttc`) VALUES
(2, 1, '2019-01-16 16:11:47', '2019-01-21 08:33:13', 16, 332, 'REF145', 0, 0.09372000, 1, 0, 0, 0.09372000, 0.00000000, 0.00000000, NULL, 21.000, 0.000, '0', 0.000, '0', 0, 2, NULL, NULL, NULL, NULL, NULL, NULL, 1.00000000, NULL, NULL);

-- --------------------------------------------------------

--
-- Estructura de tabla para la tabla `b67182907_product_fournisseur_price_log`
--

CREATE TABLE `b67182907_product_fournisseur_price_log` (
  `rowid` int NOT NULL,
  `datec` datetime DEFAULT NULL,
  `fk_product_fournisseur` int NOT NULL,
  `price` double(24,8) DEFAULT '0.00000000',
  `quantity` double DEFAULT NULL,
  `fk_user` int DEFAULT NULL,
  `fk_multicurrency` int DEFAULT NULL,
  `multicurrency_code` varchar(255) DEFAULT NULL,
  `multicurrency_tx` double(24,8) DEFAULT '1.00000000',
  `multicurrency_price` double(24,8) DEFAULT NULL,
  `multicurrency_price_ttc` double(24,8) DEFAULT NULL
) ENGINE=InnoDB DEFAULT CHARSET=utf8mb3;

-- --------------------------------------------------------

--
-- Estructura de tabla para la tabla `b67182907_product_lang`
--

CREATE TABLE `b67182907_product_lang` (
  `rowid` int NOT NULL,
  `fk_product` int NOT NULL DEFAULT '0',
  `lang` varchar(5) NOT NULL DEFAULT '0',
  `label` varchar(255) NOT NULL,
  `description` text,
  `note` text,
  `import_key` varchar(14) DEFAULT NULL
) ENGINE=InnoDB DEFAULT CHARSET=utf8mb3;

-- --------------------------------------------------------

--
-- Estructura de tabla para la tabla `b67182907_product_lot`
--

CREATE TABLE `b67182907_product_lot` (
  `rowid` int NOT NULL,
  `entity` int DEFAULT '1',
  `fk_product` int NOT NULL,
  `batch` varchar(30) DEFAULT NULL,
  `eatby` date DEFAULT NULL,
  `sellby` date DEFAULT NULL,
  `datec` datetime DEFAULT NULL,
  `tms` timestamp NOT NULL DEFAULT CURRENT_TIMESTAMP ON UPDATE CURRENT_TIMESTAMP,
  `fk_user_creat` int DEFAULT NULL,
  `fk_user_modif` int DEFAULT NULL,
  `import_key` int DEFAULT NULL
) ENGINE=InnoDB DEFAULT CHARSET=utf8mb3;

-- --------------------------------------------------------

--
-- Estructura de tabla para la tabla `b67182907_product_lot_extrafields`
--

CREATE TABLE `b67182907_product_lot_extrafields` (
  `rowid` int NOT NULL,
  `tms` timestamp NOT NULL DEFAULT CURRENT_TIMESTAMP ON UPDATE CURRENT_TIMESTAMP,
  `fk_object` int NOT NULL,
  `import_key` varchar(14) DEFAULT NULL
) ENGINE=InnoDB DEFAULT CHARSET=utf8mb3;

-- --------------------------------------------------------

--
-- Estructura de tabla para la tabla `b67182907_product_price`
--

CREATE TABLE `b67182907_product_price` (
  `rowid` int NOT NULL,
  `entity` int NOT NULL DEFAULT '1',
  `tms` timestamp NOT NULL DEFAULT CURRENT_TIMESTAMP ON UPDATE CURRENT_TIMESTAMP,
  `fk_product` int NOT NULL,
  `date_price` datetime NOT NULL,
  `price_level` smallint DEFAULT '1',
  `price` double(24,8) DEFAULT NULL,
  `price_ttc` double(24,8) DEFAULT NULL,
  `price_min` double(24,8) DEFAULT NULL,
  `price_min_ttc` double(24,8) DEFAULT NULL,
  `price_base_type` varchar(3) DEFAULT 'HT',
  `default_vat_code` varchar(10) DEFAULT NULL,
  `tva_tx` double(6,3) NOT NULL,
  `recuperableonly` int NOT NULL DEFAULT '0',
  `localtax1_tx` double(6,3) DEFAULT '0.000',
  `localtax1_type` varchar(10) NOT NULL DEFAULT '0',
  `localtax2_tx` double(6,3) DEFAULT '0.000',
  `localtax2_type` varchar(10) NOT NULL DEFAULT '0',
  `fk_user_author` int DEFAULT NULL,
  `tosell` tinyint DEFAULT '1',
  `price_by_qty` int NOT NULL DEFAULT '0',
  `fk_price_expression` int DEFAULT NULL,
  `import_key` varchar(14) DEFAULT NULL,
  `fk_multicurrency` int DEFAULT NULL,
  `multicurrency_code` varchar(255) DEFAULT NULL,
  `multicurrency_tx` double(24,8) DEFAULT '1.00000000',
  `multicurrency_price` double(24,8) DEFAULT NULL,
  `multicurrency_price_ttc` double(24,8) DEFAULT NULL
) ENGINE=InnoDB DEFAULT CHARSET=utf8mb3;

--
-- Volcado de datos para la tabla `b67182907_product_price`
--

INSERT INTO `b67182907_product_price` (`rowid`, `entity`, `tms`, `fk_product`, `date_price`, `price_level`, `price`, `price_ttc`, `price_min`, `price_min_ttc`, `price_base_type`, `default_vat_code`, `tva_tx`, `recuperableonly`, `localtax1_tx`, `localtax1_type`, `localtax2_tx`, `localtax2_type`, `fk_user_author`, `tosell`, `price_by_qty`, `fk_price_expression`, `import_key`, `fk_multicurrency`, `multicurrency_code`, `multicurrency_tx`, `multicurrency_price`, `multicurrency_price_ttc`) VALUES
(2, 1, '2018-03-20 17:11:26', 2, '2018-03-20 18:39:10', 1, 42.00000000, 50.82000000, 0.00000000, 0.00000000, 'HT', NULL, 21.000, 0, 0.000, '0', 0.000, '0', 1, 1, 0, NULL, NULL, NULL, NULL, 1.00000000, NULL, NULL),
(3, 1, '2018-03-20 17:11:49', 3, '2018-03-20 18:39:32', 1, 42.00000000, 50.82000000, 0.00000000, 0.00000000, 'HT', NULL, 21.000, 0, 0.000, '0', 0.000, '0', 1, 1, 0, NULL, NULL, NULL, NULL, 1.00000000, NULL, NULL),
(4, 1, '2018-03-20 17:12:10', 4, '2018-03-20 18:39:53', 1, 60.00000000, 72.60000000, 0.00000000, 0.00000000, 'HT', NULL, 21.000, 0, 0.000, '0', 0.000, '0', 1, 1, 0, NULL, NULL, NULL, NULL, 1.00000000, NULL, NULL),
(5, 1, '2018-03-20 17:12:32', 5, '2018-03-20 18:40:15', 1, 0.00000000, 0.00000000, 0.00000000, 0.00000000, 'HT', NULL, 21.000, 0, 0.000, '0', 0.000, '0', 1, 1, 0, NULL, NULL, NULL, NULL, 1.00000000, NULL, NULL),
(6, 1, '2018-03-20 17:12:53', 6, '2018-03-20 18:40:36', 1, 0.00000000, 0.00000000, 0.00000000, 0.00000000, 'HT', NULL, 21.000, 0, 0.000, '0', 0.000, '0', 1, 1, 0, NULL, NULL, NULL, NULL, 1.00000000, NULL, NULL),
(7, 1, '2018-03-20 17:13:12', 7, '2018-03-20 18:40:55', 1, 0.00000000, 0.00000000, 0.00000000, 0.00000000, 'HT', NULL, 21.000, 0, 0.000, '0', 0.000, '0', 1, 1, 0, NULL, NULL, NULL, NULL, 1.00000000, NULL, NULL),
(8, 1, '2018-03-20 17:13:30', 8, '2018-03-20 18:41:14', 1, 0.00000000, 0.00000000, 0.00000000, 0.00000000, 'HT', NULL, 21.000, 0, 0.000, '0', 0.000, '0', 1, 1, 0, NULL, NULL, NULL, NULL, 1.00000000, NULL, NULL),
(9, 1, '2018-03-20 17:13:53', 9, '2018-03-20 18:41:37', 1, 43.00000000, 52.03000000, 0.00000000, 0.00000000, 'HT', NULL, 21.000, 0, 0.000, '0', 0.000, '0', 1, 1, 0, NULL, NULL, NULL, NULL, 1.00000000, NULL, NULL),
(10, 1, '2018-03-20 17:14:21', 10, '2018-03-20 18:42:04', 1, 0.00000000, 0.00000000, 0.00000000, 0.00000000, 'HT', NULL, 21.000, 0, 0.000, '0', 0.000, '0', 1, 1, 0, NULL, NULL, NULL, NULL, 1.00000000, NULL, NULL),
(11, 1, '2018-03-20 17:14:45', 11, '2018-03-20 18:42:28', 1, 5.00000000, 6.05000000, 0.00000000, 0.00000000, 'HT', NULL, 21.000, 0, 0.000, '0', 0.000, '0', 1, 1, 0, NULL, NULL, NULL, NULL, 1.00000000, NULL, NULL),
(12, 1, '2018-03-20 17:15:04', 12, '2018-03-20 18:42:47', 1, 0.00000000, 0.00000000, 0.00000000, 0.00000000, 'HT', NULL, 21.000, 0, 0.000, '0', 0.000, '0', 1, 1, 0, NULL, NULL, NULL, NULL, 1.00000000, NULL, NULL),
(13, 1, '2018-03-20 17:15:28', 13, '2018-03-20 18:43:11', 1, 0.00000000, 0.00000000, 0.00000000, 0.00000000, 'HT', NULL, 21.000, 0, 0.000, '0', 0.000, '0', 1, 1, 0, NULL, NULL, NULL, NULL, 1.00000000, NULL, NULL),
(14, 1, '2018-03-20 17:15:51', 14, '2018-03-20 18:43:34', 1, 178.50000000, 215.98500000, 0.00000000, 0.00000000, 'HT', NULL, 21.000, 0, 0.000, '0', 0.000, '0', 1, 1, 0, NULL, NULL, NULL, NULL, 1.00000000, NULL, NULL),
(15, 1, '2018-03-20 17:16:26', 15, '2018-03-20 18:44:09', 1, 561.00000000, 678.81000000, 0.00000000, 0.00000000, 'HT', NULL, 21.000, 0, 0.000, '0', 0.000, '0', 1, 1, 0, NULL, NULL, NULL, NULL, 1.00000000, NULL, NULL),
(16, 1, '2018-03-20 17:19:08', 1, '2018-03-20 18:46:51', 1, 66.30000000, 80.22300000, 0.00000000, 0.00000000, 'HT', NULL, 21.000, 0, 0.000, '0', 0.000, '0', 1, 1, 0, NULL, NULL, NULL, NULL, 1.00000000, NULL, NULL),
(17, 1, '2019-01-11 13:28:52', 16, '2019-01-11 14:29:01', 1, 0.11950000, 0.14460000, 0.00000000, 0.00000000, 'HT', NULL, 21.000, 0, 0.000, '0', 0.000, '0', 2, 1, 0, NULL, NULL, NULL, NULL, 1.00000000, NULL, NULL),
(19, 1, '2019-03-06 09:39:52', 17, '2019-03-06 10:39:54', 1, 243.00000000, 294.03000000, 243.00000000, 294.03000000, 'HT', NULL, 21.000, 0, 0.000, '0', 0.000, '0', 2, 1, 0, NULL, NULL, NULL, NULL, 1.00000000, NULL, NULL),
(21, 1, '2019-03-06 09:45:03', 18, '2019-03-06 10:45:05', 1, 1875.00000000, 2268.75000000, 1875.00000000, 2268.75000000, 'HT', NULL, 21.000, 0, 0.000, '0', 0.000, '0', 2, 1, 0, NULL, NULL, NULL, NULL, 1.00000000, NULL, NULL),
(24, 1, '2019-03-06 10:39:02', 20, '2019-03-06 11:39:04', 1, 65.00000000, 78.65000000, 65.00000000, 78.65000000, 'HT', NULL, 21.000, 0, 0.000, '0', 0.000, '0', 2, 1, 0, NULL, NULL, NULL, NULL, 1.00000000, NULL, NULL),
(25, 1, '2023-02-07 20:34:30', 8, '2023-02-07 21:34:34', 1, 0.00000000, 0.00000000, 0.00000000, 0.00000000, 'HT', NULL, 21.000, 0, 0.000, '0', 0.000, '0', 1, 1, 0, NULL, NULL, NULL, NULL, 1.00000000, NULL, NULL),
(26, 1, '2023-02-07 20:35:05', 8, '2023-02-07 21:35:09', 1, 0.00000000, 0.00000000, -100.00000000, -121.00000000, 'HT', NULL, 21.000, 0, 0.000, '0', 0.000, '0', 1, 1, 0, NULL, NULL, NULL, NULL, 1.00000000, NULL, NULL);

-- --------------------------------------------------------

--
-- Estructura de tabla para la tabla `b67182907_product_pricerules`
--

CREATE TABLE `b67182907_product_pricerules` (
  `rowid` int NOT NULL,
  `level` int NOT NULL,
  `fk_level` int NOT NULL,
  `var_percent` float NOT NULL,
  `var_min_percent` float NOT NULL
) ENGINE=InnoDB DEFAULT CHARSET=utf8mb3;

-- --------------------------------------------------------

--
-- Estructura de tabla para la tabla `b67182907_product_price_by_qty`
--

CREATE TABLE `b67182907_product_price_by_qty` (
  `rowid` int NOT NULL,
  `fk_product_price` int NOT NULL,
  `price` double(24,8) DEFAULT '0.00000000',
  `price_base_type` varchar(3) DEFAULT 'HT',
  `quantity` double DEFAULT NULL,
  `remise_percent` double NOT NULL DEFAULT '0',
  `remise` double NOT NULL DEFAULT '0',
  `unitprice` double(24,8) DEFAULT '0.00000000',
  `fk_user_creat` int DEFAULT NULL,
  `fk_user_modif` int DEFAULT NULL,
  `fk_multicurrency` int DEFAULT NULL,
  `multicurrency_code` varchar(255) DEFAULT NULL,
  `multicurrency_tx` double(24,8) DEFAULT '1.00000000',
  `multicurrency_price` double(24,8) DEFAULT NULL,
  `multicurrency_price_ttc` double(24,8) DEFAULT NULL,
  `tms` timestamp NOT NULL DEFAULT CURRENT_TIMESTAMP ON UPDATE CURRENT_TIMESTAMP,
  `import_key` varchar(14) DEFAULT NULL
) ENGINE=InnoDB DEFAULT CHARSET=utf8mb3;

-- --------------------------------------------------------

--
-- Estructura de tabla para la tabla `b67182907_product_stock`
--

CREATE TABLE `b67182907_product_stock` (
  `rowid` int NOT NULL,
  `tms` timestamp NOT NULL DEFAULT CURRENT_TIMESTAMP ON UPDATE CURRENT_TIMESTAMP,
  `fk_product` int NOT NULL,
  `fk_entrepot` int NOT NULL,
  `reel` double DEFAULT NULL,
  `import_key` varchar(14) DEFAULT NULL
) ENGINE=InnoDB DEFAULT CHARSET=utf8mb3;

-- --------------------------------------------------------

--
-- Estructura de tabla para la tabla `b67182907_product_warehouse_properties`
--

CREATE TABLE `b67182907_product_warehouse_properties` (
  `rowid` int NOT NULL,
  `tms` timestamp NOT NULL DEFAULT CURRENT_TIMESTAMP ON UPDATE CURRENT_TIMESTAMP,
  `fk_product` int NOT NULL,
  `fk_entrepot` int NOT NULL,
  `seuil_stock_alerte` int DEFAULT '0',
  `desiredstock` int DEFAULT '0',
  `import_key` varchar(14) DEFAULT NULL
) ENGINE=InnoDB DEFAULT CHARSET=utf8mb3;

-- --------------------------------------------------------

--
-- Estructura de tabla para la tabla `b67182907_projet`
--

CREATE TABLE `b67182907_projet` (
  `rowid` int NOT NULL,
  `fk_soc` int DEFAULT NULL,
  `datec` datetime DEFAULT NULL,
  `tms` timestamp NOT NULL DEFAULT CURRENT_TIMESTAMP ON UPDATE CURRENT_TIMESTAMP,
  `dateo` date DEFAULT NULL,
  `datee` date DEFAULT NULL,
  `ref` varchar(50) DEFAULT NULL,
  `entity` int NOT NULL DEFAULT '1',
  `title` varchar(255) NOT NULL,
  `description` text,
  `fk_user_creat` int NOT NULL,
  `fk_user_modif` int DEFAULT NULL,
  `public` int DEFAULT NULL,
  `fk_statut` int NOT NULL DEFAULT '0',
  `fk_opp_status` int DEFAULT NULL,
  `opp_percent` double(5,2) DEFAULT NULL,
  `date_close` datetime DEFAULT NULL,
  `fk_user_close` int DEFAULT NULL,
  `note_private` text,
  `note_public` text,
  `opp_amount` double(24,8) DEFAULT NULL,
  `budget_amount` double(24,8) DEFAULT NULL,
  `model_pdf` varchar(255) DEFAULT NULL,
  `import_key` varchar(14) DEFAULT NULL
) ENGINE=InnoDB DEFAULT CHARSET=utf8mb3;

--
-- Volcado de datos para la tabla `b67182907_projet`
--

INSERT INTO `b67182907_projet` (`rowid`, `fk_soc`, `datec`, `tms`, `dateo`, `datee`, `ref`, `entity`, `title`, `description`, `fk_user_creat`, `fk_user_modif`, `public`, `fk_statut`, `fk_opp_status`, `opp_percent`, `date_close`, `fk_user_close`, `note_private`, `note_public`, `opp_amount`, `budget_amount`, `model_pdf`, `import_key`) VALUES
(1, 341, '2019-01-11 14:33:21', '2019-01-11 13:48:05', '2019-01-11', NULL, 'PJ1901-0001', 1, 'Expediciones Amazón', '', 2, NULL, 0, 1, 4, 60.00, NULL, NULL, NULL, NULL, 13000.00000000, 13000.00000000, NULL, NULL);

-- --------------------------------------------------------

--
-- Estructura de tabla para la tabla `b67182907_projet_extrafields`
--

CREATE TABLE `b67182907_projet_extrafields` (
  `rowid` int NOT NULL,
  `tms` timestamp NOT NULL DEFAULT CURRENT_TIMESTAMP ON UPDATE CURRENT_TIMESTAMP,
  `fk_object` int NOT NULL,
  `import_key` varchar(14) DEFAULT NULL
) ENGINE=InnoDB DEFAULT CHARSET=utf8mb3;

-- --------------------------------------------------------

--
-- Estructura de tabla para la tabla `b67182907_projet_task`
--

CREATE TABLE `b67182907_projet_task` (
  `rowid` int NOT NULL,
  `ref` varchar(50) DEFAULT NULL,
  `entity` int NOT NULL DEFAULT '1',
  `fk_projet` int NOT NULL,
  `fk_task_parent` int NOT NULL DEFAULT '0',
  `datec` datetime DEFAULT NULL,
  `tms` timestamp NOT NULL DEFAULT CURRENT_TIMESTAMP ON UPDATE CURRENT_TIMESTAMP,
  `dateo` datetime DEFAULT NULL,
  `datee` datetime DEFAULT NULL,
  `datev` datetime DEFAULT NULL,
  `label` varchar(255) NOT NULL,
  `description` text,
  `duration_effective` double DEFAULT '0',
  `planned_workload` double DEFAULT '0',
  `progress` int DEFAULT '0',
  `priority` int DEFAULT '0',
  `fk_user_creat` int DEFAULT NULL,
  `fk_user_modif` int DEFAULT NULL,
  `fk_user_valid` int DEFAULT NULL,
  `fk_statut` smallint NOT NULL DEFAULT '0',
  `note_private` text,
  `note_public` text,
  `rang` int DEFAULT '0',
  `model_pdf` varchar(255) DEFAULT NULL,
  `import_key` varchar(14) DEFAULT NULL
) ENGINE=InnoDB DEFAULT CHARSET=utf8mb3;

-- --------------------------------------------------------

--
-- Estructura de tabla para la tabla `b67182907_projet_task_extrafields`
--

CREATE TABLE `b67182907_projet_task_extrafields` (
  `rowid` int NOT NULL,
  `tms` timestamp NOT NULL DEFAULT CURRENT_TIMESTAMP ON UPDATE CURRENT_TIMESTAMP,
  `fk_object` int NOT NULL,
  `import_key` varchar(14) DEFAULT NULL
) ENGINE=InnoDB DEFAULT CHARSET=utf8mb3;

-- --------------------------------------------------------

--
-- Estructura de tabla para la tabla `b67182907_projet_task_time`
--

CREATE TABLE `b67182907_projet_task_time` (
  `rowid` int NOT NULL,
  `fk_task` int NOT NULL,
  `task_date` date DEFAULT NULL,
  `task_datehour` datetime DEFAULT NULL,
  `task_date_withhour` int DEFAULT '0',
  `task_duration` double DEFAULT NULL,
  `fk_user` int DEFAULT NULL,
  `thm` double(24,8) DEFAULT NULL,
  `invoice_id` int DEFAULT NULL,
  `invoice_line_id` int DEFAULT NULL,
  `import_key` varchar(14) DEFAULT NULL,
  `datec` date DEFAULT NULL,
  `tms` timestamp NOT NULL DEFAULT CURRENT_TIMESTAMP ON UPDATE CURRENT_TIMESTAMP,
  `note` text
) ENGINE=InnoDB DEFAULT CHARSET=utf8mb3;

-- --------------------------------------------------------

--
-- Estructura de tabla para la tabla `b67182907_propal`
--

CREATE TABLE `b67182907_propal` (
  `rowid` int NOT NULL,
  `ref` varchar(30) NOT NULL,
  `entity` int NOT NULL DEFAULT '1',
  `ref_ext` varchar(255) DEFAULT NULL,
  `ref_int` varchar(255) DEFAULT NULL,
  `ref_client` varchar(255) DEFAULT NULL,
  `fk_soc` int DEFAULT NULL,
  `fk_projet` int DEFAULT NULL,
  `tms` timestamp NOT NULL DEFAULT CURRENT_TIMESTAMP ON UPDATE CURRENT_TIMESTAMP,
  `datec` datetime DEFAULT NULL,
  `datep` date DEFAULT NULL,
  `fin_validite` datetime DEFAULT NULL,
  `date_valid` datetime DEFAULT NULL,
  `date_cloture` datetime DEFAULT NULL,
  `fk_user_author` int DEFAULT NULL,
  `fk_user_modif` int DEFAULT NULL,
  `fk_user_valid` int DEFAULT NULL,
  `fk_user_cloture` int DEFAULT NULL,
  `fk_statut` smallint NOT NULL DEFAULT '0',
  `price` double DEFAULT '0',
  `remise_percent` double DEFAULT '0',
  `remise_absolue` double DEFAULT '0',
  `remise` double DEFAULT '0',
  `total_ht` double(24,8) DEFAULT '0.00000000',
  `tva` double(24,8) DEFAULT '0.00000000',
  `localtax1` double(24,8) DEFAULT '0.00000000',
  `localtax2` double(24,8) DEFAULT '0.00000000',
  `total` double(24,8) DEFAULT '0.00000000',
  `fk_account` int DEFAULT NULL,
  `fk_currency` varchar(3) DEFAULT NULL,
  `fk_cond_reglement` int DEFAULT NULL,
  `fk_mode_reglement` int DEFAULT NULL,
  `note_private` text,
  `note_public` text,
  `model_pdf` varchar(255) DEFAULT NULL,
  `last_main_doc` varchar(255) DEFAULT NULL,
  `date_livraison` date DEFAULT NULL,
  `fk_shipping_method` int DEFAULT NULL,
  `fk_availability` int DEFAULT NULL,
  `fk_input_reason` int DEFAULT NULL,
  `fk_incoterms` int DEFAULT NULL,
  `location_incoterms` varchar(255) DEFAULT NULL,
  `import_key` varchar(14) DEFAULT NULL,
  `extraparams` varchar(255) DEFAULT NULL,
  `fk_delivery_address` int DEFAULT NULL,
  `fk_multicurrency` int DEFAULT NULL,
  `multicurrency_code` varchar(255) DEFAULT NULL,
  `multicurrency_tx` double(24,8) DEFAULT '1.00000000',
  `multicurrency_total_ht` double(24,8) DEFAULT '0.00000000',
  `multicurrency_total_tva` double(24,8) DEFAULT '0.00000000',
  `multicurrency_total_ttc` double(24,8) DEFAULT '0.00000000'
) ENGINE=InnoDB DEFAULT CHARSET=utf8mb3;

--
-- Volcado de datos para la tabla `b67182907_propal`
--

INSERT INTO `b67182907_propal` (`rowid`, `ref`, `entity`, `ref_ext`, `ref_int`, `ref_client`, `fk_soc`, `fk_projet`, `tms`, `datec`, `datep`, `fin_validite`, `date_valid`, `date_cloture`, `fk_user_author`, `fk_user_modif`, `fk_user_valid`, `fk_user_cloture`, `fk_statut`, `price`, `remise_percent`, `remise_absolue`, `remise`, `total_ht`, `tva`, `localtax1`, `localtax2`, `total`, `fk_account`, `fk_currency`, `fk_cond_reglement`, `fk_mode_reglement`, `note_private`, `note_public`, `model_pdf`, `last_main_doc`, `date_livraison`, `fk_shipping_method`, `fk_availability`, `fk_input_reason`, `fk_incoterms`, `location_incoterms`, `import_key`, `extraparams`, `fk_delivery_address`, `fk_multicurrency`, `multicurrency_code`, `multicurrency_tx`, `multicurrency_total_ht`, `multicurrency_total_tva`, `multicurrency_total_ttc`) VALUES
(1, 'PR1811-0001', 1, NULL, NULL, '', 391, NULL, '2018-11-14 15:50:55', '2018-11-07 16:44:43', '2018-11-01', '2018-11-16 12:00:00', '2018-11-07 16:59:42', '2018-11-14 17:19:34', 1, NULL, 1, 1, 4, 0, NULL, NULL, 0, 2340.00000000, 491.40000000, 0.00000000, 0.00000000, 2831.40000000, NULL, NULL, 1, 2, '', '', 'azur', 'propale/PR1811-0001/PR1811-0001.pdf', NULL, NULL, 0, 0, 0, '', NULL, NULL, NULL, 0, 'EUR', 1.00000000, 2340.00000000, 491.40000000, 2831.40000000),
(2, 'PR1902-0002', 1, NULL, NULL, '', 341, NULL, '2019-07-30 12:41:43', '2019-02-28 13:14:52', '2019-02-28', '2019-03-15 12:00:00', '2019-02-28 13:17:19', '2019-07-30 14:46:46', 2, NULL, 2, 2, 4, 0, NULL, NULL, 0, 2390.00000000, 501.90000000, 0.00000000, 0.00000000, 2891.90000000, NULL, NULL, 1, NULL, '', '', 'azur', 'propale/PR1902-0002/PR1902-0002.pdf', '2019-03-07', NULL, 0, 0, 0, '', NULL, NULL, NULL, 0, 'EUR', 1.00000000, 2390.00000000, 501.90000000, 2891.90000000),
(3, 'PR1903-0003', 1, NULL, NULL, '', 341, NULL, '2019-07-30 12:42:15', '2019-03-06 10:29:36', '2019-03-06', '2019-03-21 12:00:00', '2019-03-06 10:42:32', '2019-07-30 14:47:18', 2, 2, 2, 2, 3, 0, NULL, NULL, 0, 483.00000000, 101.43000000, 0.00000000, 0.00000000, 584.43000000, NULL, NULL, 1, NULL, '', 'Implementación de una utilidad para emitir una señal en el periodo en que está activa la lectura RFID.', 'azur', 'propale/PR1903-0003/PR1903-0003.pdf', NULL, NULL, 0, 0, 0, '', NULL, NULL, NULL, 0, 'EUR', 1.00000000, 483.00000000, 101.43000000, 584.43000000),
(4, 'PR1903-0004', 1, NULL, NULL, '', 341, NULL, '2019-07-30 12:42:35', '2019-03-06 10:43:40', '2019-03-06', '2019-03-21 12:00:00', '2019-03-06 11:42:42', '2019-07-30 14:47:39', 2, 2, 2, 2, 3, 0, NULL, NULL, 0, 5795.00000000, 1216.95000000, 0.00000000, 0.00000000, 7011.95000000, NULL, NULL, 1, NULL, '', 'Desarrollo de una solución de localización de activos para dispositivo Android de lectura RFID.', 'azur', 'propale/PR1903-0004/PR1903-0004.pdf', NULL, NULL, 0, 0, 0, '', NULL, NULL, NULL, 0, 'EUR', 1.00000000, 5795.00000000, 1216.95000000, 7011.95000000),
(5, 'PR1904-0005', 1, NULL, NULL, '', 341, NULL, '2019-07-30 12:43:09', '2019-04-01 11:15:27', '2019-04-01', '2019-04-16 12:00:00', '2019-04-01 11:17:48', '2019-07-30 14:48:12', 2, 2, 2, 2, 4, 0, NULL, NULL, 0, 1750.00000000, 367.50000000, 0.00000000, 0.00000000, 2117.50000000, NULL, NULL, 1, 2, '', 'Se publicará un sistema de ticketing para registrar las solicitudes de servicio y registrar los consumos de la bolsa.\r\nLa unidad de intervención mínima será de 1 Hora.', 'azur', 'propale/PR1904-0005/PR1904-0005.pdf', '2019-04-01', NULL, 1, 0, 0, '', NULL, NULL, NULL, 0, 'EUR', 1.00000000, 1750.00000000, 367.50000000, 2117.50000000),
(6, 'PR1905-0006', 1, NULL, NULL, '', 394, NULL, '2019-07-30 12:43:32', '2019-05-17 14:11:50', '2019-05-17', '2019-06-01 12:00:00', '2019-05-17 14:13:30', '2019-07-30 14:48:35', 2, NULL, 2, 2, 4, 0, NULL, NULL, 0, 25.00000000, 5.25000000, 0.00000000, 0.00000000, 30.25000000, NULL, NULL, 1, NULL, '', '', 'azur', 'propale/PR1905-0006/PR1905-0006.pdf', NULL, NULL, 0, 0, 0, '', NULL, NULL, NULL, 0, 'EUR', 1.00000000, 25.00000000, 5.25000000, 30.25000000),
(7, 'PR1905-0007', 1, NULL, NULL, '', 404, NULL, '2019-05-27 08:31:38', '2019-05-27 10:31:05', '2019-05-27', '2019-06-11 12:00:00', '2019-05-27 10:32:20', NULL, 2, NULL, 2, NULL, 1, 0, NULL, NULL, 0, 5500.00000000, 1155.00000000, 0.00000000, 0.00000000, 6655.00000000, NULL, NULL, 1, NULL, '', '', 'azur', 'propale/PR1905-0007/PR1905-0007.pdf', NULL, NULL, 0, 0, 0, '', NULL, NULL, NULL, 0, 'EUR', 1.00000000, 5500.00000000, 1155.00000000, 6655.00000000),
(8, 'PR1906-0008', 1, NULL, NULL, '', 355, NULL, '2019-07-30 12:41:22', '2019-06-07 15:59:26', '2019-06-07', '2019-06-22 12:00:00', '2019-06-07 16:03:12', '2019-07-30 14:46:25', 2, NULL, 2, 2, 4, 0, NULL, NULL, 0, 520.00000000, 109.20000000, 0.00000000, 0.00000000, 629.20000000, NULL, NULL, 1, 2, '', '', 'azur', 'propale/PR1906-0008/PR1906-0008.pdf', NULL, NULL, 2, 8, 0, '', NULL, NULL, NULL, 0, 'EUR', 1.00000000, 520.00000000, 109.20000000, 629.20000000),
(9, 'PR1907-0009', 1, NULL, NULL, '', 394, NULL, '2019-07-25 10:53:41', '2019-07-25 12:40:14', '2019-07-25', '2019-08-09 12:40:14', '2019-07-25 12:58:20', NULL, 2, 2, 2, NULL, 1, 0, NULL, NULL, 0, 25.00000000, 5.25000000, 0.00000000, 0.00000000, 30.25000000, NULL, NULL, 1, NULL, '', 'Presupuesto colaboración Jordi Ramirez. ', 'azur', 'propale/PR1907-0009/PR1907-0009.pdf', NULL, NULL, 0, 0, 0, '', NULL, NULL, NULL, 0, 'EUR', 1.00000000, 25.00000000, 5.25000000, 30.25000000),
(10, 'PR1909-0010', 1, NULL, NULL, '', 409, NULL, '2019-09-30 07:01:08', '2019-09-30 09:06:40', '2019-09-30', '2019-10-15 12:00:00', '2019-09-30 09:11:13', NULL, 2, NULL, 2, NULL, 1, 0, NULL, NULL, 0, 9812.13000000, 2060.55000000, 0.00000000, 0.00000000, 11872.68000000, NULL, NULL, 1, NULL, '', '', 'azur', 'propale/PR1909-0010/PR1909-0010.pdf', NULL, NULL, 0, 0, 0, '', NULL, NULL, NULL, 0, 'EUR', 1.00000000, 9812.13000000, 2060.55000000, 11872.68000000),
(11, 'PR1910-0011', 1, NULL, NULL, '', 410, NULL, '2019-10-02 12:06:39', '2019-10-02 14:09:27', '2019-10-02', '2019-10-17 12:00:00', '2019-10-02 14:16:54', NULL, 2, NULL, 2, NULL, 1, 0, NULL, NULL, 0, 9240.00000000, 1940.40000000, 0.00000000, 0.00000000, 11180.40000000, NULL, NULL, 1, NULL, '', '', 'azur', 'propale/PR1910-0011/PR1910-0011.pdf', NULL, NULL, 0, 0, 0, '', NULL, NULL, NULL, 0, 'EUR', 1.00000000, 9240.00000000, 1940.40000000, 11180.40000000),
(12, 'PR1910-0012', 1, NULL, NULL, '', 355, NULL, '2019-10-18 07:29:23', '2019-10-18 09:27:20', '2019-10-18', '2019-11-02 08:27:20', '2019-10-18 09:38:39', NULL, 2, 2, 2, NULL, 1, 0, NULL, NULL, 0, 1690.00000000, 354.90000000, 0.00000000, 0.00000000, 2044.90000000, NULL, NULL, 1, 2, 'ara prepara oferta de software de demohttp://es.chainway.net/Support/Info/10 Info generalhttp://es.chainway.net/Products/Info/42', '', 'azur', 'propale/PR1910-0012/PR1910-0012.pdf', NULL, NULL, 2, 8, 0, '', NULL, NULL, NULL, 0, 'EUR', 1.00000000, 1690.00000000, 354.90000000, 2044.90000000),
(13, 'PR1910-0013', 1, NULL, NULL, 'Uso de utillajes', 332, NULL, '2021-03-15 22:36:13', '2019-10-25 09:39:25', '2019-10-25', '2019-11-09 11:00:00', '2019-10-25 14:51:29', '2021-03-15 23:36:13', 2, NULL, 2, 2, 3, 0, NULL, NULL, 0, 4680.00000000, 982.80000000, 0.00000000, 0.00000000, 5662.80000000, NULL, NULL, 1, NULL, '', '', 'azur', 'propale/PR1910-0013/PR1910-0013.pdf', NULL, NULL, 0, 0, 0, '', NULL, NULL, NULL, 0, 'EUR', 1.00000000, 4680.00000000, 982.80000000, 5662.80000000),
(14, 'PR1911-0014', 1, NULL, NULL, 'Matadero cerdo', 332, NULL, '2021-03-15 22:34:34', '2019-11-10 19:36:55', '2019-11-10', '2019-11-25 12:00:00', '2019-11-10 19:48:37', '2021-03-15 23:34:34', 2, 2, 2, 2, 3, 0, NULL, NULL, 0, 7200.00000000, 1512.00000000, 0.00000000, 0.00000000, 8712.00000000, NULL, NULL, 1, NULL, '', 'Todo los lectores son fijos, no se contempla el desarrollo de software para dispositivo móvil. No está incluido en el presupuesto dietas y desplazamientos.\r\nNo forma parte del proyecto la integración de una plataforma de trazabilidad blockchain.', 'azur', 'propale/PR1911-0014/PR1911-0014.pdf', NULL, NULL, 0, 0, 0, '', NULL, NULL, NULL, 0, 'EUR', 1.00000000, 7200.00000000, 1512.00000000, 8712.00000000),
(15, '(PROV15)', 1, NULL, NULL, '', 332, NULL, '2019-11-10 18:35:56', '2019-11-10 19:49:23', '2019-11-10', '2019-11-25 12:00:00', NULL, NULL, 2, NULL, NULL, NULL, 0, 0, NULL, NULL, 0, 0.00000000, 0.00000000, 0.00000000, 0.00000000, 0.00000000, NULL, NULL, 1, NULL, '', '', 'azur', 'propale/(PROV15)/(PROV15).pdf', NULL, NULL, 0, 0, 0, '', NULL, NULL, NULL, 0, 'EUR', 1.00000000, 0.00000000, 0.00000000, 0.00000000),
(16, 'PR1911-0015', 1, NULL, NULL, 'Cuerpos Morgue', 332, NULL, '2021-03-15 22:36:48', '2019-11-10 19:51:23', '2019-11-10', '2019-11-25 12:00:00', '2019-11-10 19:58:39', NULL, 2, 2, 2, NULL, 1, 0, NULL, NULL, 0, 17400.00000000, 3654.00000000, 0.00000000, 0.00000000, 21054.00000000, NULL, NULL, 1, NULL, '', 'No están contemplados en el presupuesto dietas y desplazamientos necesarios para la toma de requerimientos, presentación de prototipo y trabajos de implantación.', 'azur', 'propale/PR1911-0015/PR1911-0015.pdf', NULL, NULL, 0, 0, 0, '', NULL, NULL, NULL, 0, 'EUR', 1.00000000, 17400.00000000, 3654.00000000, 21054.00000000),
(17, 'PR2001-0016', 1, NULL, NULL, '', 332, NULL, '2020-01-08 15:47:24', '2020-01-08 16:23:35', '2020-01-08', '2020-01-23 12:00:00', '2020-01-08 16:48:11', NULL, 2, 2, 2, NULL, 1, 0, NULL, NULL, 0, 45580.00000000, 9571.80000000, 0.00000000, 0.00000000, 55151.80000000, NULL, NULL, 1, NULL, '', 'Se requiere del pago de un 30% del proyecto para el inicio del proyecto.\r\nLos pagos se realizarán en euros.\r\nNo están valorados en este proyecto posibles desplazamientos, ni costes de infraestructuras para el alojamiento de la solución en un entorno accesible de alta disponibilidad.', 'azur', 'propale/PR2001-0016/PR2001-0016.pdf', NULL, NULL, 0, 0, 0, '', NULL, NULL, NULL, 0, 'EUR', 1.00000000, 45580.00000000, 9571.80000000, 55151.80000000),
(18, 'PR2009-0017', 1, NULL, NULL, '', 355, NULL, '2020-09-10 16:43:13', '2020-09-10 18:13:47', '2020-09-10', '2020-09-25 12:00:00', '2020-09-10 18:42:41', NULL, 2, NULL, 2, NULL, 1, 0, NULL, NULL, 0, 6340.00000000, 1331.40000000, 0.00000000, 0.00000000, 7671.40000000, NULL, NULL, 1, NULL, '', '', 'azur', 'propale/PR2009-0017/PR2009-0017.pdf', '2020-09-10', NULL, 0, 0, 0, '', NULL, NULL, NULL, 0, 'EUR', 1.00000000, 6340.00000000, 1331.40000000, 7671.40000000),
(19, 'PR2009-0018', 1, NULL, NULL, 'Campa vehículos', 332, NULL, '2021-03-15 22:38:31', '2020-09-25 12:34:07', '2020-09-25', '2020-10-10 12:00:00', '2020-09-25 13:11:28', '2021-03-15 23:38:31', 2, NULL, 2, 2, 3, 0, NULL, NULL, 0, 7800.00000000, 1638.00000000, 0.00000000, 0.00000000, 9438.00000000, NULL, NULL, 1, NULL, '', '', 'azur', 'propale/PR2009-0018/PR2009-0018.pdf', NULL, NULL, 0, 0, 0, '', NULL, NULL, NULL, 0, 'EUR', 1.00000000, 7800.00000000, 1638.00000000, 9438.00000000),
(20, 'PR2012-0019', 1, NULL, NULL, 'fedefarma', 332, NULL, '2021-03-15 22:39:17', '2020-12-17 08:20:40', '2020-12-17', '2021-01-01 12:00:00', '2020-12-17 08:32:49', '2021-03-15 23:39:17', 2, NULL, 2, 2, 3, 0, NULL, NULL, 0, 4200.00000000, 882.00000000, 0.00000000, 0.00000000, 5082.00000000, NULL, NULL, 1, 2, '', '', 'azur', 'propale/PR2012-0019/PR2012-0019.pdf', '2020-12-17', NULL, 0, 0, 0, '', NULL, NULL, NULL, 0, 'EUR', 1.00000000, 4200.00000000, 882.00000000, 5082.00000000),
(21, 'PR2101-0020', 1, NULL, NULL, '', 415, NULL, '2021-01-24 09:52:06', '2021-01-24 10:51:23', '2021-01-24', '2021-02-08 12:00:00', '2021-01-24 10:52:06', NULL, 2, NULL, 2, NULL, 1, 0, NULL, NULL, 0, 1.00000000, 0.00000000, 0.00000000, 0.00000000, 1.00000000, NULL, NULL, 1, NULL, '', '', 'azur', 'propale/PR2101-0020/PR2101-0020.pdf', NULL, NULL, 0, 0, 0, '', NULL, NULL, NULL, 0, 'EUR', 1.00000000, 1.00000000, 0.00000000, 1.00000000),
(22, 'PR2102-0021', 1, NULL, NULL, '', 332, NULL, '2021-02-24 09:24:39', '2021-02-24 10:23:58', '2021-02-24', '2021-03-11 12:00:00', '2021-02-24 10:24:39', NULL, 2, NULL, 2, NULL, 1, 0, NULL, NULL, 0, 6000.00000000, 1260.00000000, 0.00000000, 0.00000000, 7260.00000000, NULL, NULL, 1, NULL, '', '', 'azur', 'propale/PR2102-0021/PR2102-0021.pdf', '2021-02-24', NULL, 0, 0, 0, '', NULL, NULL, NULL, 0, 'EUR', 1.00000000, 6000.00000000, 1260.00000000, 7260.00000000),
(23, 'PR2104-0022', 1, NULL, NULL, '', 332, NULL, '2021-04-03 16:43:30', '2021-04-02 13:48:34', '2021-04-02', '2021-04-17 12:00:00', '2021-04-03 18:43:30', NULL, 2, NULL, 2, NULL, 1, 0, NULL, NULL, 0, 9240.00000000, 1940.40000000, 0.00000000, 0.00000000, 11180.40000000, NULL, NULL, 1, NULL, '', '', 'azur', 'propale/PR2104-0022/PR2104-0022.pdf', NULL, NULL, 0, 0, 0, '', NULL, NULL, NULL, 0, 'EUR', 1.00000000, 9240.00000000, 1940.40000000, 11180.40000000),
(24, 'PR2104-0023', 1, NULL, NULL, '', 332, NULL, '2021-04-23 07:13:49', '2021-04-23 09:12:54', '2021-04-23', '2021-05-08 12:00:00', '2021-04-23 09:13:49', NULL, 2, NULL, 2, NULL, 1, 0, NULL, NULL, 0, 60.00000000, 12.60000000, 0.00000000, 0.00000000, 72.60000000, NULL, NULL, 1, NULL, '', '', 'azur', 'propale/PR2104-0023/PR2104-0023.pdf', NULL, NULL, 0, 0, 0, '', NULL, NULL, NULL, 0, 'EUR', 1.00000000, 60.00000000, 12.60000000, 72.60000000),
(25, 'PR2106-0024', 1, NULL, NULL, '', 332, NULL, '2021-06-15 15:22:34', '2021-06-15 17:07:31', '2021-06-15', '2021-06-30 12:00:00', '2021-06-15 17:22:34', NULL, 2, 2, 2, NULL, 1, 0, NULL, NULL, 0, 5200.00000000, 1092.00000000, 0.00000000, 0.00000000, 6292.00000000, NULL, NULL, 1, 2, '', 'El dispositivo móvil requiere de cobertura WIFI.\r\nSe requiere de un servidor dedicado Linux, con visibilidad en la red ethernet a la impresora de etiquetas.\r\nSobre este servidor se instalará un servidor web (tomcat / jboss). El desarrollo se realiza en Android y Java.\r\n\r\n', 'azur', 'propale/PR2106-0024/PR2106-0024.pdf', '2021-06-15', NULL, 0, 8, 0, '', NULL, NULL, NULL, 0, 'EUR', 1.00000000, 5200.00000000, 1092.00000000, 6292.00000000),
(26, 'PR2108-0025', 1, NULL, NULL, '', 415, NULL, '2021-08-24 05:54:20', '2021-08-24 07:53:19', '2021-08-24', '2021-09-08 12:00:00', '2021-08-24 07:54:23', NULL, 2, NULL, 2, NULL, 1, 0, NULL, NULL, 0, 46.00000000, 0.00000000, 0.00000000, 0.00000000, 46.00000000, NULL, NULL, 1, NULL, '', '', 'azur', 'propale/PR2108-0025/PR2108-0025.pdf', '2021-08-24', NULL, 0, 0, 0, '', NULL, NULL, NULL, 0, 'EUR', 1.00000000, 46.00000000, 0.00000000, 46.00000000),
(27, 'PR2109-0026', 1, NULL, NULL, '', 415, NULL, '2021-09-07 13:54:15', '2021-09-07 15:52:45', '2021-09-07', '2021-09-22 12:00:00', '2021-09-07 15:54:19', NULL, 2, NULL, 2, NULL, 1, 0, NULL, NULL, 0, 60.00000000, 0.00000000, 0.00000000, 0.00000000, 60.00000000, NULL, NULL, 1, 2, '', '', 'azur', 'propale/PR2109-0026/PR2109-0026.pdf', '2021-09-07', NULL, 0, 8, 0, '', NULL, NULL, NULL, 0, 'EUR', 1.00000000, 60.00000000, 0.00000000, 60.00000000),
(28, 'PR2112-0027', 1, NULL, NULL, '', 417, NULL, '2022-01-11 11:00:35', '2021-12-28 10:35:47', '2021-12-28', '2022-01-12 12:00:00', '2021-12-28 10:42:35', '2022-01-11 12:00:35', 2, 2, 2, 2, 2, 0, NULL, NULL, 0, 1980.00000000, 415.80000000, 0.00000000, 0.00000000, 2395.80000000, NULL, NULL, 1, NULL, '', 'A partir de la documentación aportada por Mega Fortris Ibérica sobre cálculo de dígito de control por módulo 10 para su cliente \"El corte inglés\".\r\n\r\nCrear un software que a partir de un número de inicio y una cantidad, genere dos ficheros planos de una secuencia desde el valor de inicio hasta alcanzar la cantidad añadiendo un dígito de control.', 'azur', 'propale/PR2112-0027/PR2112-0027.pdf', NULL, NULL, 0, 0, 0, '', NULL, NULL, NULL, 0, 'EUR', 1.00000000, 1980.00000000, 415.80000000, 2395.80000000);

-- --------------------------------------------------------

--
-- Estructura de tabla para la tabla `b67182907_propaldet`
--

CREATE TABLE `b67182907_propaldet` (
  `rowid` int NOT NULL,
  `fk_propal` int NOT NULL,
  `fk_parent_line` int DEFAULT NULL,
  `fk_product` int DEFAULT NULL,
  `label` varchar(255) DEFAULT NULL,
  `description` text,
  `fk_remise_except` int DEFAULT NULL,
  `vat_src_code` varchar(10) DEFAULT '',
  `tva_tx` double(6,3) DEFAULT '0.000',
  `localtax1_tx` double(6,3) DEFAULT '0.000',
  `localtax1_type` varchar(10) DEFAULT NULL,
  `localtax2_tx` double(6,3) DEFAULT '0.000',
  `localtax2_type` varchar(10) DEFAULT NULL,
  `qty` double DEFAULT NULL,
  `remise_percent` double DEFAULT '0',
  `remise` double DEFAULT '0',
  `price` double DEFAULT NULL,
  `subprice` double(24,8) DEFAULT '0.00000000',
  `total_ht` double(24,8) DEFAULT '0.00000000',
  `total_tva` double(24,8) DEFAULT '0.00000000',
  `total_localtax1` double(24,8) DEFAULT '0.00000000',
  `total_localtax2` double(24,8) DEFAULT '0.00000000',
  `total_ttc` double(24,8) DEFAULT '0.00000000',
  `product_type` int DEFAULT '0',
  `date_start` datetime DEFAULT NULL,
  `date_end` datetime DEFAULT NULL,
  `info_bits` int DEFAULT '0',
  `buy_price_ht` double(24,8) DEFAULT '0.00000000',
  `fk_product_fournisseur_price` int DEFAULT NULL,
  `special_code` int DEFAULT '0',
  `rang` int DEFAULT '0',
  `fk_unit` int DEFAULT NULL,
  `fk_multicurrency` int DEFAULT NULL,
  `multicurrency_code` varchar(255) DEFAULT NULL,
  `multicurrency_subprice` double(24,8) DEFAULT '0.00000000',
  `multicurrency_total_ht` double(24,8) DEFAULT '0.00000000',
  `multicurrency_total_tva` double(24,8) DEFAULT '0.00000000',
  `multicurrency_total_ttc` double(24,8) DEFAULT '0.00000000'
) ENGINE=InnoDB DEFAULT CHARSET=utf8mb3;

--
-- Volcado de datos para la tabla `b67182907_propaldet`
--

INSERT INTO `b67182907_propaldet` (`rowid`, `fk_propal`, `fk_parent_line`, `fk_product`, `label`, `description`, `fk_remise_except`, `vat_src_code`, `tva_tx`, `localtax1_tx`, `localtax1_type`, `localtax2_tx`, `localtax2_type`, `qty`, `remise_percent`, `remise`, `price`, `subprice`, `total_ht`, `total_tva`, `total_localtax1`, `total_localtax2`, `total_ttc`, `product_type`, `date_start`, `date_end`, `info_bits`, `buy_price_ht`, `fk_product_fournisseur_price`, `special_code`, `rang`, `fk_unit`, `fk_multicurrency`, `multicurrency_code`, `multicurrency_subprice`, `multicurrency_total_ht`, `multicurrency_total_tva`, `multicurrency_total_ttc`) VALUES
(1, 1, NULL, 15, NULL, 'ACTUALIZACION WEB\r\nActualización en base a web existente (www.contielec.es) sobre nuevos criterios de desarrollo y nuevo CMS\r\nNo incluye creatividad nueva\r\nCuota Única', NULL, '', 21.000, 0.000, '3', -15.000, '1', 1, 0, 0, 1650, 1650.00000000, 1650.00000000, 346.50000000, 0.00000000, 0.00000000, 1996.50000000, 1, NULL, NULL, 0, 0.00000000, NULL, 0, 1, NULL, NULL, 'EUR', 1650.00000000, 1650.00000000, 346.50000000, 1996.50000000),
(2, 1, NULL, 14, NULL, 'Control y actualizaciones del gestor de contenido y software para el buen funcionamiento de la web\r\nCuota Anual', NULL, '', 21.000, 0.000, '3', -15.000, '1', 1, 0, 0, 220, 220.00000000, 220.00000000, 46.20000000, 0.00000000, 0.00000000, 266.20000000, 1, NULL, NULL, 0, 0.00000000, NULL, 0, 2, NULL, NULL, 'EUR', 220.00000000, 220.00000000, 46.20000000, 266.20000000),
(3, 1, NULL, 12, NULL, 'Alojamiento web\r\nActulizaciones y mantenimineto del software de servidor\r\nBackup (copias, de seguridad)\r\nAnti-virus y Anti Spam\r\nAcceso FTP\r\nServicio de correo (hasta 10 cuentas) - POP3, IMAP, Webmail y Adminmail\r\nCuota Trimestral', NULL, '', 21.000, 0.000, '3', -15.000, '1', 1, 0, 0, 420, 420.00000000, 420.00000000, 88.20000000, 0.00000000, 0.00000000, 508.20000000, 1, NULL, NULL, 0, 0.00000000, NULL, 0, 3, NULL, NULL, 'EUR', 420.00000000, 420.00000000, 88.20000000, 508.20000000),
(4, 1, NULL, 14, NULL, 'Renovación de dominio (incluye vigilancia y gestión)\r\nCuota Anual', NULL, '', 21.000, 0.000, '3', -15.000, '1', 1, 0, 0, 50, 50.00000000, 50.00000000, 10.50000000, 0.00000000, 0.00000000, 60.50000000, 1, NULL, NULL, 0, 0.00000000, NULL, 0, 4, NULL, NULL, 'EUR', 50.00000000, 50.00000000, 10.50000000, 60.50000000),
(5, 2, NULL, 16, NULL, '', NULL, '', 21.000, 0.000, '3', 0.000, '1', 20000, 0, 0, NULL, 0.11950000, 2390.00000000, 501.90000000, 0.00000000, 0.00000000, 2891.90000000, 0, NULL, NULL, 0, 0.09372000, NULL, 0, 1, NULL, NULL, 'EUR', 0.11950000, 2390.00000000, 501.90000000, 2891.90000000),
(7, 3, NULL, 17, NULL, '', NULL, '', 21.000, 0.000, '3', 0.000, '1', 1, 0, 0, NULL, 243.00000000, 243.00000000, 51.03000000, 0.00000000, 0.00000000, 294.03000000, 0, NULL, NULL, 0, 243.00000000, NULL, 0, 1, NULL, NULL, 'EUR', 243.00000000, 243.00000000, 51.03000000, 294.03000000),
(8, 3, NULL, 4, NULL, '', NULL, '', 21.000, 0.000, '3', 0.000, '1', 4, 0, 0, NULL, 60.00000000, 240.00000000, 50.40000000, 0.00000000, 0.00000000, 290.40000000, 1, NULL, NULL, 0, 0.00000000, NULL, 0, 2, NULL, NULL, 'EUR', 60.00000000, 240.00000000, 50.40000000, 290.40000000),
(10, 4, NULL, 4, NULL, 'Desarrollo Aplicación Android para la localización de activos.', NULL, '', 21.000, 0.000, '3', -15.000, '1', 48, 0, 0, 60, 60.00000000, 2880.00000000, 604.80000000, 0.00000000, 0.00000000, 3484.80000000, 1, NULL, NULL, 0, 0.00000000, NULL, 0, 1, NULL, NULL, 'EUR', 60.00000000, 2880.00000000, 604.80000000, 3484.80000000),
(11, 4, NULL, 20, NULL, 'Evaluación y pruebas', NULL, '', 21.000, 0.000, '3', -15.000, '1', 16, 0, 0, 65, 65.00000000, 1040.00000000, 218.40000000, 0.00000000, 0.00000000, 1258.40000000, 1, NULL, NULL, 0, 60.00000000, NULL, 0, 2, NULL, NULL, 'EUR', 65.00000000, 1040.00000000, 218.40000000, 1258.40000000),
(12, 4, NULL, 18, NULL, '', NULL, '', 21.000, 0.000, '3', 0.000, '1', 1, 0, 0, NULL, 1875.00000000, 1875.00000000, 393.75000000, 0.00000000, 0.00000000, 2268.75000000, 0, NULL, NULL, 0, 1875.00000000, NULL, 0, 3, NULL, NULL, 'EUR', 1875.00000000, 1875.00000000, 393.75000000, 2268.75000000),
(13, 5, NULL, 3, NULL, 'Bolsa de Horas (Mantenimiento web YOIGO)', NULL, '', 21.000, 0.000, '3', -15.000, '1', 50, 0, 0, 35, 35.00000000, 1750.00000000, 367.50000000, 0.00000000, 0.00000000, 2117.50000000, 1, NULL, NULL, 0, 0.00000000, NULL, 0, 1, NULL, NULL, 'EUR', 35.00000000, 1750.00000000, 367.50000000, 2117.50000000),
(14, 6, NULL, 3, NULL, 'Jornada desarrollo Programador Java JEE (3 años de experiencia)', NULL, '', 21.000, 0.000, '3', -15.000, '1', 1, 0, 0, 25, 25.00000000, 25.00000000, 5.25000000, 0.00000000, 0.00000000, 30.25000000, 1, NULL, NULL, 0, 0.00000000, NULL, 0, 1, NULL, NULL, 'EUR', 25.00000000, 25.00000000, 5.25000000, 30.25000000),
(15, 7, NULL, 4, NULL, '', NULL, '', 21.000, 0.000, '3', -15.000, '1', 100, 0, 0, 55, 55.00000000, 5500.00000000, 1155.00000000, 0.00000000, 0.00000000, 6655.00000000, 1, NULL, NULL, 0, 0.00000000, NULL, 0, 1, NULL, NULL, 'EUR', 55.00000000, 5500.00000000, 1155.00000000, 6655.00000000),
(16, 8, NULL, 20, NULL, 'Desrrollo aplicativo Android con un único formulario que permita realizar lecturas a través de código de barras y escritura a través de RFID con 3 opciones. \r\n\r\n- grabarlo en el chip llenando todo los huecos a la izquierda ceros.\r\n- grabar solo el código y mantener lo que haya de izquierda\r\n- poder añadir una cabecera manualmente para añadirla a la etiqueta.\r\n\r\nEn los tres casos, seleccionada una de las tres opciones el lector ya queda automático para disparar grabar disparar grabar disparar grabar hasta que no se pare o se cierre la aplicación.\r\n', NULL, '', 21.000, 0.000, '3', 0.000, '1', 8, 0, 0, NULL, 65.00000000, 520.00000000, 109.20000000, 0.00000000, 0.00000000, 629.20000000, 1, NULL, NULL, 0, 60.00000000, NULL, 0, 1, NULL, NULL, 'EUR', 65.00000000, 520.00000000, 109.20000000, 629.20000000),
(17, 9, NULL, 3, NULL, 'Jornada desarrollo Programador .NET (3 años de experiencia)', NULL, '', 21.000, 0.000, '3', -15.000, '1', 1, 0, 0, 25, 25.00000000, 25.00000000, 5.25000000, 0.00000000, 0.00000000, 30.25000000, 1, NULL, NULL, 0, 0.00000000, NULL, 0, 1, NULL, NULL, 'EUR', 25.00000000, 25.00000000, 5.25000000, 30.25000000),
(18, 10, NULL, NULL, NULL, 'Material Ganchos', NULL, '', 21.000, 0.000, '3', 0.000, '1', 1, 0, 0, NULL, 1783.83000000, 1783.83000000, 374.60000000, 0.00000000, 0.00000000, 2158.43000000, 0, NULL, NULL, 0, 0.00000000, NULL, 0, 1, NULL, NULL, 'EUR', 1783.83000000, 1783.83000000, 374.60000000, 2158.43000000),
(19, 10, NULL, NULL, NULL, 'Material contendores', NULL, '', 21.000, 0.000, '3', 0.000, '1', 1, 0, 0, NULL, 1411.50000000, 1411.50000000, 296.42000000, 0.00000000, 0.00000000, 1707.92000000, 0, NULL, NULL, 0, 0.00000000, NULL, 0, 2, NULL, NULL, 'EUR', 1411.50000000, 1411.50000000, 296.42000000, 1707.92000000),
(20, 10, NULL, NULL, NULL, 'Servicios Hardware', NULL, '', 21.000, 0.000, '3', 0.000, '1', 1, 0, 0, NULL, 2716.80000000, 2716.80000000, 570.53000000, 0.00000000, 0.00000000, 3287.33000000, 1, NULL, NULL, 0, 0.00000000, NULL, 0, 3, NULL, NULL, 'EUR', 2716.80000000, 2716.80000000, 570.53000000, 3287.33000000),
(21, 10, NULL, NULL, NULL, 'Servicios de software', NULL, '', 21.000, 0.000, '3', 0.000, '1', 1, 0, 0, NULL, 3900.00000000, 3900.00000000, 819.00000000, 0.00000000, 0.00000000, 4719.00000000, 1, NULL, NULL, 0, 0.00000000, NULL, 0, 4, NULL, NULL, 'EUR', 3900.00000000, 3900.00000000, 819.00000000, 4719.00000000),
(22, 11, NULL, NULL, NULL, 'Configurador Web', NULL, '', 21.000, 0.000, '3', 0.000, '1', 1, 0, 0, NULL, 7475.00000000, 7475.00000000, 1569.75000000, 0.00000000, 0.00000000, 9044.75000000, 1, NULL, NULL, 0, 975.00000000, NULL, 0, 1, NULL, NULL, 'EUR', 7475.00000000, 7475.00000000, 1569.75000000, 9044.75000000),
(23, 11, NULL, NULL, NULL, 'Generación PDF', NULL, '', 21.000, 0.000, '3', 0.000, '1', 1, 0, 0, NULL, 960.00000000, 960.00000000, 201.60000000, 0.00000000, 0.00000000, 1161.60000000, 1, NULL, NULL, 0, 135.00000000, NULL, 0, 2, NULL, NULL, 'EUR', 960.00000000, 960.00000000, 201.60000000, 1161.60000000),
(24, 11, NULL, NULL, NULL, 'Producto adicional', NULL, '', 21.000, 0.000, '3', 0.000, '1', 1, 0, 0, NULL, 805.00000000, 805.00000000, 169.05000000, 0.00000000, 0.00000000, 974.05000000, 1, NULL, NULL, 0, 105.00000000, NULL, 0, 3, NULL, NULL, 'EUR', 805.00000000, 805.00000000, 169.05000000, 974.05000000),
(26, 12, NULL, 4, NULL, 'Desarrollo aplicación para dispositivo Android Lector ChainWay C72 para la lectura de precintos Harbor-Lok, que no solo realice la lectura, sino que identifique si el precinto ha sido manipulado.', NULL, '', 21.000, 0.000, '3', -15.000, '1', 8, 0, 0, 65, 65.00000000, 520.00000000, 109.20000000, 0.00000000, 0.00000000, 629.20000000, 1, NULL, NULL, 0, 0.00000000, NULL, 0, 1, NULL, NULL, 'EUR', 65.00000000, 520.00000000, 109.20000000, 629.20000000),
(27, 12, NULL, 4, NULL, 'Desarrollo aplicativo Android para dispositivo Lector ChainWay C72, para uso en demostraciones. El dispositivo deber realizar lecturas reales sobre precintos y etiquetas RFID simulando su integración con un ERP. ', NULL, '', 21.000, 0.000, '3', -15.000, '1', 18, 0, 0, 65, 65.00000000, 1170.00000000, 245.70000000, 0.00000000, 0.00000000, 1415.70000000, 1, NULL, NULL, 0, 0.00000000, NULL, 0, 2, NULL, NULL, 'EUR', 65.00000000, 1170.00000000, 245.70000000, 1415.70000000),
(28, 13, NULL, 4, NULL, 'Desarrollo de un MIddleware de discriminación de lecturas RFID para un pool de hasta 10 lectores. Este software escucha la lluvia de lecturas de estos lectores y discrimina los siguientes casos:\r\n\r\n- Cuando un utillaje se monta sobre una maquina, identificando la máquina y discriminando, en la medida de lo posible, la lectura de utillajes que pasan próximos a la maquina pero no son instalados en ella por tiempo o por proximidad. Será el sistema de información del cliente el que descarte definitivamente lecturas cruzadas.\r\n- Cuando un utillaje se desmonta de una maquina, identificando utillaje y maquina y discriminando la lectura de utillajes que pasan próximos a la maquina pero no son instalados.\r\n- En el tiempo en el que el utillaje se este haciendo servir en la maquina se registrarán los ciclos de la máquina y se tomará una lectura periódica de su temperatura.\r\n\r\nSe desarrolla tambien un monitor del estado de los lectores y su trabajo, con controles para encender y apagar lectores desde un navegador web.', NULL, '', 21.000, 0.000, '3', -15.000, '1', 60, 0, 0, 60, 60.00000000, 3600.00000000, 756.00000000, 0.00000000, 0.00000000, 4356.00000000, 1, NULL, NULL, 0, 0.00000000, NULL, 0, 1, NULL, NULL, 'EUR', 60.00000000, 3600.00000000, 756.00000000, 4356.00000000),
(29, 13, NULL, 4, NULL, 'Software de lectura discriminador de lecturas de un portal que detecte el paso de elementos etiquetados con RFID y su sentido.', NULL, '', 21.000, 0.000, '3', 0.000, '1', 18, 0, 0, NULL, 60.00000000, 1080.00000000, 226.80000000, 0.00000000, 0.00000000, 1306.80000000, 1, NULL, NULL, 0, 0.00000000, NULL, 0, 2, NULL, NULL, 'EUR', 60.00000000, 1080.00000000, 226.80000000, 1306.80000000),
(30, 14, NULL, 4, NULL, 'Software discriminación de lecturas identificación canales OREO integración con sistema automático de pesaje y con software del matadero para la identificación del lote, nº pedido, etc...', NULL, '', 21.000, 0.000, '3', 0.000, '1', 60, 0, 0, NULL, 60.00000000, 3600.00000000, 756.00000000, 0.00000000, 0.00000000, 4356.00000000, 1, NULL, NULL, 0, 0.00000000, NULL, 0, 1, NULL, NULL, 'EUR', 60.00000000, 3600.00000000, 756.00000000, 4356.00000000),
(32, 14, NULL, 4, NULL, 'software discriminación de lecturas para las entradas y salidas camaras de frio. Integración con el sistema de información del matadero.', NULL, '', 21.000, 0.000, '3', -15.000, '1', 30, 0, 0, 60, 60.00000000, 1800.00000000, 378.00000000, 0.00000000, 0.00000000, 2178.00000000, 1, NULL, NULL, 0, 0.00000000, NULL, 0, 2, NULL, NULL, 'EUR', 60.00000000, 1800.00000000, 378.00000000, 2178.00000000),
(33, 14, NULL, 4, NULL, 'Software discriminación de lecturas integración con expediciones del sistemas de información del matadero.', NULL, '', 21.000, 0.000, '3', 0.000, '1', 30, 0, 0, NULL, 60.00000000, 1800.00000000, 378.00000000, 0.00000000, 0.00000000, 2178.00000000, 1, NULL, NULL, 0, 0.00000000, NULL, 0, 3, NULL, NULL, 'EUR', 60.00000000, 1800.00000000, 378.00000000, 2178.00000000),
(34, 16, NULL, 4, NULL, 'Desarrollo de aplicación Android para dispositivo de lectura RFID para el control de cuerpos en la morgue.\r\n- Control de recepción de cuerpos\r\n- Registro de identificación de familiares.\r\n- Registro de autopsias\r\n- Registro de movimientos dentro de las instalaciones\r\n- Registro de salidas.\r\n- Integración con los sistemas de información de la morgue.', NULL, '', 21.000, 0.000, '3', -15.000, '1', 210, 0, 0, 60, 60.00000000, 12600.00000000, 2646.00000000, 0.00000000, 0.00000000, 15246.00000000, 1, NULL, NULL, 0, 0.00000000, NULL, 0, 1, NULL, NULL, 'EUR', 60.00000000, 12600.00000000, 2646.00000000, 15246.00000000),
(35, 16, NULL, 4, NULL, 'Desarrollo de software middleware servidor para la persistencia de la información y la sincronización de los dispositivos móviles. ', NULL, '', 21.000, 0.000, '3', 0.000, '1', 80, 0, 0, NULL, 60.00000000, 4800.00000000, 1008.00000000, 0.00000000, 0.00000000, 5808.00000000, 1, NULL, NULL, 0, 0.00000000, NULL, 0, 2, NULL, NULL, 'EUR', 60.00000000, 4800.00000000, 1008.00000000, 5808.00000000),
(36, 17, NULL, 4, NULL, 'Desarrollo componente BackEnd o integración con sistema existente para la persistencia de las lecturas y la explotación posterior de la información.\r\nFacilitando en tiempo real, los envases existentes en el mercado, su localización y rotación.', NULL, '', 21.000, 0.000, '3', -15.000, '1', 180, 0, 0, 60, 60.00000000, 10800.00000000, 2268.00000000, 0.00000000, 0.00000000, 13068.00000000, 1, NULL, NULL, 0, 0.00000000, NULL, 0, 1, NULL, NULL, 'EUR', 60.00000000, 10800.00000000, 2268.00000000, 13068.00000000),
(37, 17, NULL, 3, NULL, 'Desarrollo aplicación mantenimiento de entidades, usuario, roles, permisos, localizaciones, empresas, tipologías, etc...', NULL, '', 21.000, 0.000, '3', 0.000, '1', 90, 0, 0, NULL, 42.00000000, 3780.00000000, 793.80000000, 0.00000000, 0.00000000, 4573.80000000, 1, NULL, NULL, 0, 0.00000000, NULL, 0, 2, NULL, NULL, 'EUR', 42.00000000, 3780.00000000, 793.80000000, 4573.80000000),
(38, 17, NULL, 4, NULL, 'Desarrollo aplicación movilidad para la discriminación y registro de lecturas. \r\nIdentificará al usuario mediante login para acceder a las diferentes funcionalidades de lectura en función del perfil (Fabricante, Fraccionadora, Taller, etc..). \r\nCon capacidad para realizar lecturas offline para ser descargadas a posteriori sobre el Backend cuando se disponga de conexión.', NULL, '', 21.000, 0.000, '3', -15.000, '1', 250, 0, 0, 60, 60.00000000, 15000.00000000, 3150.00000000, 0.00000000, 0.00000000, 18150.00000000, 1, NULL, NULL, 0, 0.00000000, NULL, 0, 3, NULL, NULL, 'EUR', 60.00000000, 15000.00000000, 3150.00000000, 18150.00000000),
(40, 17, NULL, 3, NULL, 'Opcionalmente se propone el registro de los movimientos de cada Tag en cada momento en una plataforma de trazabailidad BlockChain. Que registre de modo inviolable la vida de un tag desde su primera identificación y lectura hasta el momento de su destrucción y baja.', NULL, '', 21.000, 0.000, '3', -15.000, '1', 1, 0, 0, 16000, 16000.00000000, 16000.00000000, 3360.00000000, 0.00000000, 0.00000000, 19360.00000000, 1, NULL, NULL, 0, 0.00000000, NULL, 0, 4, NULL, NULL, 'EUR', 16000.00000000, 16000.00000000, 3360.00000000, 19360.00000000),
(50, 18, NULL, NULL, NULL, 'Propuesta económica del desarrollo de un software Ad Hoc para dispositivo de lectura RFID Android con las siguientes funcionalidades: \r\n\r\n- El dispositivo se conectará a los servicios de Correos para visualizar la lista de pedidos pendientes de recogida. Permitiendo al usuario seleccionar de la lista el pedido sobre el que desea realizar la recogida. \r\n- Si el dispositivo no dispone de conectividad en el momento, o la recogida que se realiza no esta informada en los servicio centrales. El operario podra introducir los datos de la recogida en campos libres de un formulario. Cliente / Dirección / No Envío..etc... \r\n- Una vez recogida esta información, se iniciará el modo lectura en el dispositivo RFID y se mostrará en pantalla las lecturas que se están realizando en tiempo real conforme el operario hace pasar el dispositivo por las proximidades de los bultos a recoger. \r\n- Al finalizar la lectura el operario podrá contrastar la información de las etiquetas leídas y validarlo o solicitar una nueva lectura en caso de que se produzca algún error o lectura cruzada. \r\n- Una vez confirmada la lectura por el operario, toda esta información será transmitida a los servicios web de los servicios centrales. En caso de no disponer de conexión, el dispositivo guardará los datos en un\r\nalmacenamiento local para reintentar el envío en el momento de disponer de nuevo de conexión de red de calidad. \r\n- Finalizada la recogida, el operario dispondrá de una función para imprimir recibo o justificante de la operación en papel u, opcionalmente, enviar este justificante por mail a una cuenta de correo informada en un campo para tal efecto.', NULL, '', 21.000, 0.000, '3', -15.000, '1', 1, 0, 0, 6340, 6340.00000000, 6340.00000000, 1331.40000000, 0.00000000, 0.00000000, 7671.40000000, 1, NULL, NULL, 0, 0.00000000, NULL, 0, 1, NULL, NULL, 'EUR', 6340.00000000, 6340.00000000, 1331.40000000, 7671.40000000),
(51, 19, NULL, 4, NULL, 'Desarrollo proyecto gestión campa de vehículos.', NULL, '', 21.000, 0.000, '3', -15.000, '1', 1, 0, 0, 7800, 7800.00000000, 7800.00000000, 1638.00000000, 0.00000000, 0.00000000, 9438.00000000, 1, NULL, NULL, 0, 0.00000000, NULL, 0, 1, NULL, NULL, 'EUR', 7800.00000000, 7800.00000000, 1638.00000000, 9438.00000000),
(52, 20, NULL, 4, NULL, '- Identificación de paso y sentido del paso en cada uno de los portales. Registrando Id cubeta, día, hora y número de lector.\r\n- A partir del Id de la cubeta se llamará a un servicio (Rest/SOAP) del ERP del sistema de información de FedeFarma para recuperar el número de pedido, el transportista y la ruta, que completará el anterior registro.\r\n- El sistema dispondrá de un monitor WEB donde se podrá visualizar la actividad de los lectores, y se podrá consultar la ultima localización de una cubeta.\r\n- El sistema detectará cuando una cubeta ha dejado de ser registrada en los lectores por un periodo superior a X días configurable y enviará una notificación a una dirección de correo también configurable.\r\n- Para el funcionamiento del sistema se requiere de un servidor linux con acceso a la misma red que los lectores y con los requerimientos mínimos de hardware para la siguiente configuración: Java 8, Tomcat 9 y MySql. El coste de este servidor y la configuración del mismo no forma parte de este presupuesto.', NULL, '', 21.000, 0.000, '3', -15.000, '1', 70, 0, 0, 60, 60.00000000, 4200.00000000, 882.00000000, 0.00000000, 0.00000000, 5082.00000000, 1, NULL, NULL, 0, 0.00000000, NULL, 0, 1, NULL, NULL, 'EUR', 60.00000000, 4200.00000000, 882.00000000, 5082.00000000),
(53, 21, NULL, NULL, NULL, 'Pendiente definir', NULL, '', 0.000, 0.000, '0', 0.000, '0', 1, 0, 0, NULL, 1.00000000, 1.00000000, 0.00000000, 0.00000000, 0.00000000, 1.00000000, 1, NULL, NULL, 0, 0.00000000, NULL, 0, 1, NULL, NULL, 'EUR', 1.00000000, 1.00000000, 0.00000000, 1.00000000),
(54, 22, NULL, 4, NULL, '', NULL, '', 21.000, 0.000, '3', 0.000, '1', 100, 0, 0, NULL, 60.00000000, 6000.00000000, 1260.00000000, 0.00000000, 0.00000000, 7260.00000000, 1, NULL, NULL, 0, 0.00000000, NULL, 0, 1, NULL, NULL, 'EUR', 60.00000000, 6000.00000000, 1260.00000000, 7260.00000000),
(55, 23, NULL, 4, NULL, 'Desarrollo Android dispositivo móvil para recuperar las lecturas, cotejarlas con el historial y detectar aquellas que tienen mas de 20 lavados.\r\nSoftware lectura codigo barras contenedor...y configuración expediciones.', NULL, '', 21.000, 0.000, '3', -15.000, '1', 1, 0, 0, 4800, 4800.00000000, 4800.00000000, 1008.00000000, 0.00000000, 0.00000000, 5808.00000000, 1, NULL, NULL, 0, 0.00000000, NULL, 0, 1, NULL, NULL, 'EUR', 4800.00000000, 4800.00000000, 1008.00000000, 5808.00000000),
(57, 23, NULL, 4, NULL, 'Software repositorio de lecturas dispositivo movíl y fijo y control inicio y fin de contenedor', NULL, '', 21.000, 0.000, '3', -15.000, '1', 1, 0, 0, 2200, 2200.00000000, 2200.00000000, 462.00000000, 0.00000000, 0.00000000, 2662.00000000, 1, NULL, NULL, 0, 0.00000000, NULL, 0, 2, NULL, NULL, 'EUR', 2200.00000000, 2200.00000000, 462.00000000, 2662.00000000),
(58, 23, NULL, 4, NULL, 'Viaje y dietas primera visita toma de requerimientos', NULL, '', 21.000, 0.000, '3', -15.000, '1', 1, 0, 0, 680, 680.00000000, 680.00000000, 142.80000000, 0.00000000, 0.00000000, 822.80000000, 1, NULL, NULL, 0, 0.00000000, NULL, 0, 3, NULL, NULL, 'EUR', 680.00000000, 680.00000000, 142.80000000, 822.80000000),
(59, 23, NULL, 4, NULL, 'Visitia y dietas puesta en marcha del sistema 2 días', NULL, '', 21.000, 0.000, '3', -15.000, '1', 1, 0, 0, 1560, 1560.00000000, 1560.00000000, 327.60000000, 0.00000000, 0.00000000, 1887.60000000, 1, NULL, NULL, 0, 0.00000000, NULL, 0, 4, NULL, NULL, 'EUR', 1560.00000000, 1560.00000000, 327.60000000, 1887.60000000),
(60, 24, NULL, 4, NULL, 'Desarrollo middleware Campofrio', NULL, '', 21.000, 0.000, '3', 0.000, '1', 1, 0, 0, NULL, 60.00000000, 60.00000000, 12.60000000, 0.00000000, 0.00000000, 72.60000000, 1, NULL, NULL, 0, 0.00000000, NULL, 0, 1, NULL, NULL, 'EUR', 60.00000000, 60.00000000, 12.60000000, 72.60000000),
(61, 25, NULL, 20, NULL, 'Formulario Web para impresión de etiquetas secuenciales, con los siguientes campos: Referencia producto / Seq Inicio / Numero de etiquetas.\r\n- Rellenado este formulario se imprimen las etiquetas indicadas con la referencia de producto como prefijo y la secuencia seleccionada. Registrando el evento de esta impresión con su fecha y hora en un servidor BBDD.', NULL, '', 21.000, 0.000, '3', -15.000, '1', 16, 0, 0, 65, 65.00000000, 1040.00000000, 218.40000000, 0.00000000, 0.00000000, 1258.40000000, 1, NULL, NULL, 0, 60.00000000, NULL, 0, 1, NULL, NULL, 'EUR', 65.00000000, 1040.00000000, 218.40000000, 1258.40000000),
(62, 25, NULL, 20, NULL, 'Software dispositivo móvil que discrimina lecturas para los prefijos definidos en la impresión y carga las lecturas realizadas en el mismo servidor BBDD registrando fecha y hora.', NULL, '', 21.000, 0.000, '3', -15.000, '1', 40, 0, 0, 65, 65.00000000, 2600.00000000, 546.00000000, 0.00000000, 0.00000000, 3146.00000000, 1, NULL, NULL, 0, 60.00000000, NULL, 0, 2, NULL, NULL, 'EUR', 65.00000000, 2600.00000000, 546.00000000, 3146.00000000),
(63, 25, NULL, 20, NULL, 'Formulario web con los siguiente filtros:\r\n- (Entre fechas)\r\n- (Referencia de producto)\r\nque muestre toda la información disponible que cumpla el criterio ordenado por fecha y referencia, con opción de exportar a fichero excel extension CSV.', NULL, '', 21.000, 0.000, '3', -15.000, '1', 16, 0, 0, 65, 65.00000000, 1040.00000000, 218.40000000, 0.00000000, 0.00000000, 1258.40000000, 1, NULL, NULL, 0, 60.00000000, NULL, 0, 3, NULL, NULL, 'EUR', 65.00000000, 1040.00000000, 218.40000000, 1258.40000000),
(64, 25, NULL, 20, NULL, 'Instalación y pruebas.', NULL, '', 21.000, 0.000, '3', 0.000, '1', 8, 0, 0, NULL, 65.00000000, 520.00000000, 109.20000000, 0.00000000, 0.00000000, 629.20000000, 1, NULL, NULL, 0, 60.00000000, NULL, 0, 4, NULL, NULL, 'EUR', 65.00000000, 520.00000000, 109.20000000, 629.20000000),
(65, 26, NULL, NULL, NULL, 'Cobertura nueva bodega Correos', NULL, '', 0.000, 0.000, '0', 0.000, '0', 1, 0, 0, NULL, 46.00000000, 46.00000000, 0.00000000, 0.00000000, 0.00000000, 46.00000000, 1, NULL, NULL, 0, 0.00000000, NULL, 0, 1, NULL, NULL, 'EUR', 46.00000000, 46.00000000, 0.00000000, 46.00000000),
(66, 27, NULL, 4, NULL, '', NULL, '', 0.000, 0.000, '0', 0.000, '0', 1, 0, 0, NULL, 60.00000000, 60.00000000, 0.00000000, 0.00000000, 0.00000000, 60.00000000, 1, NULL, NULL, 0, 0.00000000, NULL, 0, 1, NULL, NULL, 'EUR', 60.00000000, 60.00000000, 0.00000000, 60.00000000),
(67, 28, NULL, NULL, NULL, 'Desarrollo de software', NULL, '', 21.000, 0.000, '3', 0.000, '1', 1, 0, 0, NULL, 1980.00000000, 1980.00000000, 415.80000000, 0.00000000, 0.00000000, 2395.80000000, 1, NULL, NULL, 0, 0.00000000, NULL, 0, 1, NULL, NULL, 'EUR', 1980.00000000, 1980.00000000, 415.80000000, 2395.80000000);

-- --------------------------------------------------------

--
-- Estructura de tabla para la tabla `b67182907_propaldet_extrafields`
--

