CREATE TABLE `b65362949_contratdet_log` (
  `rowid` int NOT NULL,
  `tms` timestamp NOT NULL DEFAULT CURRENT_TIMESTAMP ON UPDATE CURRENT_TIMESTAMP,
  `fk_contratdet` int NOT NULL,
  `date` datetime NOT NULL,
  `statut` smallint NOT NULL,
  `fk_user_author` int NOT NULL,
  `commentaire` text
) ENGINE=InnoDB DEFAULT CHARSET=utf8mb3;

-- --------------------------------------------------------

--
-- Estructura de tabla para la tabla `b65362949_contrat_extrafields`
--

CREATE TABLE `b65362949_contrat_extrafields` (
  `rowid` int NOT NULL,
  `tms` timestamp NOT NULL DEFAULT CURRENT_TIMESTAMP ON UPDATE CURRENT_TIMESTAMP,
  `fk_object` int NOT NULL,
  `import_key` varchar(14) DEFAULT NULL
) ENGINE=InnoDB DEFAULT CHARSET=utf8mb3;

-- --------------------------------------------------------

--
-- Estructura de tabla para la tabla `b65362949_cotisation`
--

CREATE TABLE `b65362949_cotisation` (
  `rowid` int NOT NULL,
  `tms` timestamp NOT NULL DEFAULT CURRENT_TIMESTAMP ON UPDATE CURRENT_TIMESTAMP,
  `datec` datetime DEFAULT NULL,
  `fk_adherent` int DEFAULT NULL,
  `dateadh` datetime DEFAULT NULL,
  `datef` date DEFAULT NULL,
  `cotisation` double DEFAULT NULL,
  `fk_bank` int DEFAULT NULL,
  `note` text
) ENGINE=InnoDB DEFAULT CHARSET=utf8mb3;

-- --------------------------------------------------------

--
-- Estructura de tabla para la tabla `b65362949_cronjob`
--

CREATE TABLE `b65362949_cronjob` (
  `rowid` int NOT NULL,
  `tms` timestamp NOT NULL DEFAULT CURRENT_TIMESTAMP ON UPDATE CURRENT_TIMESTAMP,
  `datec` datetime DEFAULT NULL,
  `jobtype` varchar(10) NOT NULL,
  `label` text NOT NULL,
  `command` varchar(255) DEFAULT NULL,
  `classesname` varchar(255) DEFAULT NULL,
  `objectname` varchar(255) DEFAULT NULL,
  `methodename` varchar(255) DEFAULT NULL,
  `params` text NOT NULL,
  `md5params` varchar(32) DEFAULT NULL,
  `module_name` varchar(255) DEFAULT NULL,
  `priority` int DEFAULT '0',
  `datelastrun` datetime DEFAULT NULL,
  `datenextrun` datetime DEFAULT NULL,
  `datestart` datetime DEFAULT NULL,
  `dateend` datetime DEFAULT NULL,
  `datelastresult` datetime DEFAULT NULL,
  `lastresult` text,
  `lastoutput` text,
  `unitfrequency` int NOT NULL DEFAULT '0',
  `frequency` int NOT NULL DEFAULT '0',
  `nbrun` int DEFAULT NULL,
  `status` int NOT NULL DEFAULT '1',
  `fk_user_author` int DEFAULT NULL,
  `fk_user_mod` int DEFAULT NULL,
  `note` text,
  `libname` varchar(255) DEFAULT NULL
) ENGINE=InnoDB DEFAULT CHARSET=utf8mb3;

-- --------------------------------------------------------

--
-- Estructura de tabla para la tabla `b65362949_c_actioncomm`
--

CREATE TABLE `b65362949_c_actioncomm` (
  `id` int NOT NULL,
  `code` varchar(12) NOT NULL,
  `type` varchar(10) NOT NULL DEFAULT 'system',
  `libelle` varchar(48) NOT NULL,
  `module` varchar(16) DEFAULT NULL,
  `active` tinyint NOT NULL DEFAULT '1',
  `todo` tinyint DEFAULT NULL,
  `position` int NOT NULL DEFAULT '0'
) ENGINE=InnoDB DEFAULT CHARSET=utf8mb3;

--
-- Volcado de datos para la tabla `b65362949_c_actioncomm`
--

INSERT INTO `b65362949_c_actioncomm` (`id`, `code`, `type`, `libelle`, `module`, `active`, `todo`, `position`) VALUES
(1, 'AC_TEL', 'system', 'Phone call', NULL, 1, NULL, 2),
(2, 'AC_FAX', 'system', 'Send Fax', NULL, 1, NULL, 3),
(3, 'AC_PROP', 'systemauto', 'Send commercial proposal by email', 'propal', 0, NULL, 10),
(4, 'AC_EMAIL', 'system', 'Send Email', NULL, 1, NULL, 4),
(5, 'AC_RDV', 'system', 'Rendez-vous', NULL, 1, NULL, 1),
(8, 'AC_COM', 'systemauto', 'Send customer order by email', 'order', 0, NULL, 8),
(9, 'AC_FAC', 'systemauto', 'Send customer invoice by email', 'invoice', 0, NULL, 6),
(10, 'AC_SHIP', 'systemauto', 'Send shipping by email', 'shipping', 0, NULL, 11),
(30, 'AC_SUP_ORD', 'systemauto', 'Send supplier order by email', 'order_supplier', 0, NULL, 9),
(31, 'AC_SUP_INV', 'systemauto', 'Send supplier invoice by email', 'invoice_supplier', 0, NULL, 7),
(40, 'AC_OTH_AUTO', 'systemauto', 'Other (automatically inserted events)', NULL, 1, NULL, 20),
(50, 'AC_OTH', 'system', 'Other (manually inserted events)', NULL, 1, NULL, 5);

-- --------------------------------------------------------

--
-- Estructura de tabla para la tabla `b65362949_c_action_trigger`
--

CREATE TABLE `b65362949_c_action_trigger` (
  `rowid` int NOT NULL,
  `code` varchar(32) NOT NULL,
  `label` varchar(128) NOT NULL,
  `description` varchar(255) DEFAULT NULL,
  `elementtype` varchar(16) NOT NULL,
  `rang` int DEFAULT '0'
) ENGINE=InnoDB DEFAULT CHARSET=utf8mb3;

--
-- Volcado de datos para la tabla `b65362949_c_action_trigger`
--

INSERT INTO `b65362949_c_action_trigger` (`rowid`, `code`, `label`, `description`, `elementtype`, `rang`) VALUES
(1, 'FICHINTER_VALIDATE', 'Intervention validated', 'Executed when a intervention is validated', 'ficheinter', 19),
(2, 'BILL_VALIDATE', 'Customer invoice validated', 'Executed when a customer invoice is approved', 'facture', 6),
(3, 'ORDER_SUPPLIER_APPROVE', 'Supplier order request approved', 'Executed when a supplier order is approved', 'order_supplier', 12),
(4, 'ORDER_SUPPLIER_REFUSE', 'Supplier order request refused', 'Executed when a supplier order is refused', 'order_supplier', 13),
(5, 'ORDER_VALIDATE', 'Customer order validate', 'Executed when a customer order is validated', 'commande', 4),
(6, 'PROPAL_VALIDATE', 'Customer proposal validated', 'Executed when a commercial proposal is validated', 'propal', 2),
(9, 'COMPANY_SENTBYMAIL', 'Mails sent from third party card', 'Executed when you send email from third party card', 'societe', 1),
(10, 'COMPANY_CREATE', 'Third party created', 'Executed when a third party is created', 'societe', 1),
(11, 'CONTRACT_VALIDATE', 'Contract validated', 'Executed when a contract is validated', 'contrat', 18),
(12, 'PROPAL_SENTBYMAIL', 'Commercial proposal sent by mail', 'Executed when a commercial proposal is sent by mail', 'propal', 3),
(13, 'ORDER_SENTBYMAIL', 'Customer order sent by mail', 'Executed when a customer order is sent by mail ', 'commande', 5),
(14, 'BILL_PAYED', 'Customer invoice payed', 'Executed when a customer invoice is payed', 'facture', 7),
(15, 'BILL_CANCEL', 'Customer invoice canceled', 'Executed when a customer invoice is conceled', 'facture', 8),
(16, 'BILL_SENTBYMAIL', 'Customer invoice sent by mail', 'Executed when a customer invoice is sent by mail', 'facture', 9),
(17, 'ORDER_SUPPLIER_VALIDATE', 'Supplier order validated', 'Executed when a supplier order is validated', 'order_supplier', 11),
(18, 'ORDER_SUPPLIER_SENTBYMAIL', 'Supplier order sent by mail', 'Executed when a supplier order is sent by mail', 'order_supplier', 14),
(19, 'BILL_SUPPLIER_VALIDATE', 'Supplier invoice validated', 'Executed when a supplier invoice is validated', 'invoice_supplier', 15),
(20, 'BILL_SUPPLIER_PAYED', 'Supplier invoice payed', 'Executed when a supplier invoice is payed', 'invoice_supplier', 16),
(21, 'BILL_SUPPLIER_SENTBYMAIL', 'Supplier invoice sent by mail', 'Executed when a supplier invoice is sent by mail', 'invoice_supplier', 17),
(22, 'SHIPPING_VALIDATE', 'Shipping validated', 'Executed when a shipping is validated', 'shipping', 20),
(23, 'SHIPPING_SENTBYMAIL', 'Shipping sent by mail', 'Executed when a shipping is sent by mail', 'shipping', 21),
(24, 'MEMBER_VALIDATE', 'Member validated', 'Executed when a member is validated', 'member', 22),
(25, 'MEMBER_SUBSCRIPTION', 'Member subscribed', 'Executed when a member is subscribed', 'member', 23),
(26, 'MEMBER_RESILIATE', 'Member resiliated', 'Executed when a member is resiliated', 'member', 24),
(27, 'MEMBER_DELETE', 'Member deleted', 'Executed when a member is deleted', 'member', 25),
(28, 'BILL_UNVALIDATE', 'Customer invoice unvalidated', 'Executed when a customer invoice status set back to draft', 'facture', 10),
(29, 'FICHINTER_SENTBYMAIL', 'Intervention sent by mail', 'Executed when a intervention is sent by mail', 'ficheinter', 29),
(30, 'PROJECT_CREATE', 'Project creation', 'Executed when a project is created', 'project', 30),
(31, 'PROPAL_CLOSE_SIGNED', 'Customer proposal closed signed', 'Executed when a customer proposal is closed signed', 'propal', 31),
(32, 'PROPAL_CLOSE_REFUSED', 'Customer proposal closed refused', 'Executed when a customer proposal is closed refused', 'propal', 32),
(33, 'BILL_SUPPLIER_CANCELED', 'Supplier invoice cancelled', 'Executed when a supplier invoice is cancelled', 'invoice_supplier', 33),
(34, 'MEMBER_MODIFY', 'Member modified', 'Executed when a member is modified', 'member', 34),
(35, 'TASK_CREATE', 'Task created', 'Executed when a project task is created', 'project', 35),
(36, 'TASK_MODIFY', 'Task modified', 'Executed when a project task is modified', 'project', 36),
(37, 'TASK_DELETE', 'Task deleted', 'Executed when a project task is deleted', 'project', 37);

-- --------------------------------------------------------

--
-- Estructura de tabla para la tabla `b65362949_c_availability`
--

CREATE TABLE `b65362949_c_availability` (
  `rowid` int NOT NULL,
  `code` varchar(30) NOT NULL,
  `label` varchar(60) NOT NULL,
  `active` tinyint NOT NULL DEFAULT '1'
) ENGINE=InnoDB DEFAULT CHARSET=utf8mb3;

--
-- Volcado de datos para la tabla `b65362949_c_availability`
--

INSERT INTO `b65362949_c_availability` (`rowid`, `code`, `label`, `active`) VALUES
(1, 'AV_NOW', 'Immediate', 1),
(2, 'AV_1W', '1 week', 1),
(3, 'AV_2W', '2 weeks', 1),
(4, 'AV_3W', '3 weeks', 1);

-- --------------------------------------------------------

--
-- Estructura de tabla para la tabla `b65362949_c_barcode_type`
--

CREATE TABLE `b65362949_c_barcode_type` (
  `rowid` int NOT NULL,
  `code` varchar(16) NOT NULL,
  `entity` int NOT NULL DEFAULT '1',
  `libelle` varchar(50) NOT NULL,
  `coder` varchar(16) NOT NULL,
  `example` varchar(16) NOT NULL
) ENGINE=InnoDB DEFAULT CHARSET=utf8mb3;

-- --------------------------------------------------------

--
-- Estructura de tabla para la tabla `b65362949_c_chargesociales`
--

CREATE TABLE `b65362949_c_chargesociales` (
  `id` int NOT NULL,
  `libelle` varchar(80) DEFAULT NULL,
  `deductible` smallint NOT NULL DEFAULT '0',
  `active` tinyint NOT NULL DEFAULT '1',
  `code` varchar(12) NOT NULL,
  `accountancy_code` varchar(24) DEFAULT NULL,
  `fk_pays` int NOT NULL DEFAULT '1',
  `module` varchar(32) DEFAULT NULL
) ENGINE=InnoDB DEFAULT CHARSET=utf8mb3;

--
-- Volcado de datos para la tabla `b65362949_c_chargesociales`
--

INSERT INTO `b65362949_c_chargesociales` (`id`, `libelle`, `deductible`, `active`, `code`, `accountancy_code`, `fk_pays`, `module`) VALUES
(1, 'Allocations familiales', 1, 1, 'TAXFAM', NULL, 1, NULL),
(2, 'CSG Deductible', 1, 1, 'TAXCSGD', NULL, 1, NULL),
(3, 'CSG/CRDS NON Deductible', 0, 1, 'TAXCSGND', NULL, 1, NULL),
(10, 'Taxe apprentissage', 0, 1, 'TAXAPP', NULL, 1, NULL),
(11, 'Taxe professionnelle', 0, 1, 'TAXPRO', NULL, 1, NULL),
(12, 'Cotisation fonciere des entreprises', 0, 1, 'TAXCFE', NULL, 1, NULL),
(13, 'Cotisation sur la valeur ajoutee des entreprises', 0, 1, 'TAXCVAE', NULL, 1, NULL),
(20, 'Impots locaux/fonciers', 0, 1, 'TAXFON', NULL, 1, NULL),
(25, 'Impots revenus', 0, 1, 'TAXREV', NULL, 1, NULL),
(30, 'Assurance Sante', 0, 1, 'TAXSECU', NULL, 1, NULL),
(40, 'Mutuelle', 0, 1, 'TAXMUT', NULL, 1, NULL),
(50, 'Assurance vieillesse', 0, 1, 'TAXRET', NULL, 1, NULL),
(60, 'Assurance Chomage', 0, 1, 'TAXCHOM', NULL, 1, NULL),
(201, 'ONSS', 1, 1, 'TAXBEONSS', NULL, 2, NULL),
(210, 'Precompte professionnel', 1, 1, 'TAXBEPREPRO', NULL, 2, NULL),
(220, 'Prime existence', 1, 1, 'TAXBEPRIEXI', NULL, 2, NULL),
(230, 'Precompte immobilier', 1, 1, 'TAXBEPREIMMO', NULL, 2, NULL),
(231, 'S.S. Reg. General', 1, 1, 'TAXSS', NULL, 4, NULL),
(232, 'S.S. Reg. Autónomos', 1, 1, 'TAXAUT', NULL, 4, NULL),
(233, 'IRPF Reg. Autónomos', 1, 1, 'TAXAUTIRPF', NULL, 4, NULL),
(234, 'IRPF Reg. General', 1, 1, 'TAXIRPF', NULL, 4, NULL);

-- --------------------------------------------------------

--
-- Estructura de tabla para la tabla `b65362949_c_civilite`
--

CREATE TABLE `b65362949_c_civilite` (
  `rowid` int NOT NULL,
  `code` varchar(6) NOT NULL,
  `civilite` varchar(50) DEFAULT NULL,
  `active` tinyint NOT NULL DEFAULT '1',
  `module` varchar(32) DEFAULT NULL
) ENGINE=InnoDB DEFAULT CHARSET=utf8mb3;

--
-- Volcado de datos para la tabla `b65362949_c_civilite`
--

INSERT INTO `b65362949_c_civilite` (`rowid`, `code`, `civilite`, `active`, `module`) VALUES
(1, 'MME', 'Madame', 1, NULL),
(3, 'MR', 'Monsieur', 1, NULL),
(5, 'MLE', 'Mademoiselle', 1, NULL),
(7, 'MTRE', 'Maître', 1, NULL),
(8, 'DR', 'Docteur', 1, NULL);

-- --------------------------------------------------------

--
-- Estructura de tabla para la tabla `b65362949_c_currencies`
--

CREATE TABLE `b65362949_c_currencies` (
  `code_iso` varchar(3) NOT NULL,
  `label` varchar(64) NOT NULL,
  `unicode` varchar(32) DEFAULT NULL,
  `active` tinyint NOT NULL DEFAULT '1'
) ENGINE=InnoDB DEFAULT CHARSET=utf8mb3;

--
-- Volcado de datos para la tabla `b65362949_c_currencies`
--

INSERT INTO `b65362949_c_currencies` (`code_iso`, `label`, `unicode`, `active`) VALUES
('AED', 'United Arab Emirates Dirham', NULL, 1),
('AFN', 'Afghanistan Afghani', '[1547]', 1),
('ALL', 'Albania Lek', '[76,101,107]', 1),
('ANG', 'Netherlands Antilles Guilder', '[402]', 1),
('ARP', 'Pesos argentins', NULL, 0),
('ARS', 'Argentino Peso', '[36]', 1),
('ATS', 'Shiliing autrichiens', NULL, 0),
('AUD', 'Australia Dollar', '[36]', 1),
('AWG', 'Aruba Guilder', '[402]', 1),
('AZN', 'Azerbaijan New Manat', '[1084,1072,1085]', 1),
('BAM', 'Bosnia and Herzegovina Convertible Marka', '[75,77]', 1),
('BBD', 'Barbados Dollar', '[36]', 1),
('BEF', 'Francs belges', NULL, 0),
('BGN', 'Bulgaria Lev', '[1083,1074]', 1),
('BMD', 'Bermuda Dollar', '[36]', 1),
('BND', 'Brunei Darussalam Dollar', '[36]', 1),
('BOB', 'Bolivia Boliviano', '[36,98]', 1),
('BRL', 'Brazil Real', '[82,36]', 1),
('BSD', 'Bahamas Dollar', '[36]', 1),
('BWP', 'Botswana Pula', '[80]', 1),
('BYR', 'Belarus Ruble', '[112,46]', 1),
('BZD', 'Belize Dollar', '[66,90,36]', 1),
('CAD', 'Canada Dollar', '[36]', 1),
('CHF', 'Switzerland Franc', '[67,72,70]', 1),
('CLP', 'Chile Peso', '[36]', 1),
('CNY', 'China Yuan Renminbi', '[165]', 1),
('COP', 'Colombia Peso', '[36]', 1),
('CRC', 'Costa Rica Colon', '[8353]', 1),
('CUP', 'Cuba Peso', '[8369]', 1),
('CZK', 'Czech Republic Koruna', '[75,269]', 1),
('DEM', 'Deutsch mark', NULL, 0),
('DKK', 'Denmark Krone', '[107,114]', 1),
('DOP', 'Dominican Republic Peso', '[82,68,36]', 1),
('DZD', 'Algeria Dinar', NULL, 1),
('EEK', 'Estonia Kroon', '[107,114]', 1),
('EGP', 'Egypt Pound', '[163]', 1),
('ESP', 'Pesete', NULL, 0),
('EUR', 'Euro Member Countries', '[8364]', 1),
('FIM', 'Mark finlandais', NULL, 0),
('FJD', 'Fiji Dollar', '[36]', 1),
('FKP', 'Falkland Islands (Malvinas) Pound', '[163]', 1),
('FRF', 'Francs francais', NULL, 0),
('GBP', 'United Kingdom Pound', '[163]', 1),
('GGP', 'Guernsey Pound', '[163]', 1),
('GHC', 'Ghana Cedis', '[162]', 1),
('GIP', 'Gibraltar Pound', '[163]', 1),
('GRD', 'Drachme (grece)', NULL, 0),
('GTQ', 'Guatemala Quetzal', '[81]', 1),
('GYD', 'Guyana Dollar', '[36]', 1),
('HKD', 'Hong Kong Dollar', '[36]', 1),
('HNL', 'Honduras Lempira', '[76]', 1),
('HRK', 'Croatia Kuna', '[107,110]', 1),
('HUF', 'Hungary Forint', '[70,116]', 1),
('IDR', 'Indonesia Rupiah', '[82,112]', 1),
('IEP', 'Livres irlandaises', NULL, 0),
('ILS', 'Israel Shekel', '[8362]', 1),
('IMP', 'Isle of Man Pound', '[163]', 1),
('INR', 'India Rupee', NULL, 1),
('IRR', 'Iran Rial', '[65020]', 1),
('ISK', 'Iceland Krona', '[107,114]', 1),
('ITL', 'Lires', NULL, 0),
('JEP', 'Jersey Pound', '[163]', 1),
('JMD', 'Jamaica Dollar', '[74,36]', 1),
('JPY', 'Japan Yen', '[165]', 1),
('KES', 'Kenya Shilling', NULL, 1),
('KGS', 'Kyrgyzstan Som', '[1083,1074]', 1),
('KHR', 'Cambodia Riel', '[6107]', 1),
('KPW', 'Korea (North) Won', '[8361]', 1),
('KRW', 'Korea (South) Won', '[8361]', 1),
('KYD', 'Cayman Islands Dollar', '[36]', 1),
('KZT', 'Kazakhstan Tenge', '[1083,1074]', 1),
('LAK', 'Laos Kip', '[8365]', 1),
('LBP', 'Lebanon Pound', '[163]', 1),
('LKR', 'Sri Lanka Rupee', '[8360]', 1),
('LRD', 'Liberia Dollar', '[36]', 1),
('LTL', 'Lithuania Litas', '[76,116]', 1),
('LUF', 'Francs luxembourgeois', NULL, 0),
('LVL', 'Latvia Lat', '[76,115]', 1),
('MAD', 'Morocco Dirham', NULL, 1),
('MKD', 'Macedonia Denar', '[1076,1077,1085]', 1),
('MNT', 'Mongolia Tughrik', '[8366]', 1),
('MRO', 'Mauritania Ouguiya', NULL, 1),
('MUR', 'Mauritius Rupee', '[8360]', 1),
('MXN', 'Mexico Peso', '[36]', 1),
('MXP', 'Pesos Mexicans', NULL, 0),
('MYR', 'Malaysia Ringgit', '[82,77]', 1),
('MZN', 'Mozambique Metical', '[77,84]', 1),
('NAD', 'Namibia Dollar', '[36]', 1),
('NGN', 'Nigeria Naira', '[8358]', 1),
('NIO', 'Nicaragua Cordoba', '[67,36]', 1),
('NLG', 'Florins', NULL, 0),
('NOK', 'Norway Krone', '[107,114]', 1),
('NPR', 'Nepal Rupee', '[8360]', 1),
('NZD', 'New Zealand Dollar', '[36]', 1),
('OMR', 'Oman Rial', '[65020]', 1),
('PAB', 'Panama Balboa', '[66,47,46]', 1),
('PEN', 'Peru Nuevo Sol', '[83,47,46]', 1),
('PHP', 'Philippines Peso', '[8369]', 1),
('PKR', 'Pakistan Rupee', '[8360]', 1),
('PLN', 'Poland Zloty', '[122,322]', 1),
('PTE', 'Escudos', NULL, 0),
('PYG', 'Paraguay Guarani', '[71,115]', 1),
('QAR', 'Qatar Riyal', '[65020]', 1),
('RON', 'Romania New Leu', '[108,101,105]', 1),
('RSD', 'Serbia Dinar', '[1044,1080,1085,46]', 1),
('RUB', 'Russia Ruble', '[1088,1091,1073]', 1),
('SAR', 'Saudi Arabia Riyal', '[65020]', 1),
('SBD', 'Solomon Islands Dollar', '[36]', 1),
('SCR', 'Seychelles Rupee', '[8360]', 1),
('SEK', 'Sweden Krona', '[107,114]', 1),
('SGD', 'Singapore Dollar', '[36]', 1),
('SHP', 'Saint Helena Pound', '[163]', 1),
('SKK', 'Couronnes slovaques', NULL, 0),
('SOS', 'Somalia Shilling', '[83]', 1),
('SRD', 'Suriname Dollar', '[36]', 1),
('SUR', 'Rouble', NULL, 0),
('SVC', 'El Salvador Colon', '[36]', 1),
('SYP', 'Syria Pound', '[163]', 1),
('THB', 'Thailand Baht', '[3647]', 1),
('TND', 'Tunisia Dinar', NULL, 1),
('TRL', 'Turkey Lira', '[84,76]', 1),
('TRY', 'Turkey Lira', '[8356]', 1),
('TTD', 'Trinidad and Tobago Dollar', '[84,84,36]', 1),
('TVD', 'Tuvalu Dollar', '[36]', 1),
('TWD', 'Taiwan New Dollar', '[78,84,36]', 1),
('UAH', 'Ukraine Hryvna', '[8372]', 1),
('USD', 'United States Dollar', '[36]', 1),
('UYU', 'Uruguay Peso', '[36,85]', 1),
('UZS', 'Uzbekistan Som', '[1083,1074]', 1),
('VEF', 'Venezuela Bolivar Fuerte', '[66,115]', 1),
('VND', 'Viet Nam Dong', '[8363]', 1),
('XAF', 'Communaute Financiere Africaine (BEAC) CFA Franc', NULL, 1),
('XCD', 'East Caribbean Dollar', '[36]', 1),
('XEU', 'Ecus', NULL, 0),
('XOF', 'Communaute Financiere Africaine (BCEAO) Franc', NULL, 1),
('YER', 'Yemen Rial', '[65020]', 1),
('ZAR', 'South Africa Rand', '[82]', 1),
('ZWD', 'Zimbabwe Dollar', '[90,36]', 1);

-- --------------------------------------------------------

--
-- Estructura de tabla para la tabla `b65362949_c_departements`
--

CREATE TABLE `b65362949_c_departements` (
  `rowid` int NOT NULL,
  `code_departement` varchar(6) NOT NULL,
  `fk_region` int DEFAULT NULL,
  `cheflieu` varchar(50) DEFAULT NULL,
  `tncc` int DEFAULT NULL,
  `ncc` varchar(50) DEFAULT NULL,
  `nom` varchar(50) DEFAULT NULL,
  `active` tinyint NOT NULL DEFAULT '1'
) ENGINE=InnoDB DEFAULT CHARSET=utf8mb3;

--
-- Volcado de datos para la tabla `b65362949_c_departements`
--

INSERT INTO `b65362949_c_departements` (`rowid`, `code_departement`, `fk_region`, `cheflieu`, `tncc`, `ncc`, `nom`, `active`) VALUES
(1, '0', 0, '0', 0, '-', '-', 1),
(2, '01', 82, '01053', 5, 'AIN', 'Ain', 1),
(3, '02', 22, '02408', 5, 'AISNE', 'Aisne', 1),
(4, '03', 83, '03190', 5, 'ALLIER', 'Allier', 1),
(5, '04', 93, '04070', 4, 'ALPES-DE-HAUTE-PROVENCE', 'Alpes-de-Haute-Provence', 1),
(6, '05', 93, '05061', 4, 'HAUTES-ALPES', 'Hautes-Alpes', 1),
(7, '06', 93, '06088', 4, 'ALPES-MARITIMES', 'Alpes-Maritimes', 1),
(8, '07', 82, '07186', 5, 'ARDECHE', 'Ardèche', 1),
(9, '08', 21, '08105', 4, 'ARDENNES', 'Ardennes', 1),
(10, '09', 73, '09122', 5, 'ARIEGE', 'Ariège', 1),
(11, '10', 21, '10387', 5, 'AUBE', 'Aube', 1),
(12, '11', 91, '11069', 5, 'AUDE', 'Aude', 1),
(13, '12', 73, '12202', 5, 'AVEYRON', 'Aveyron', 1),
(14, '13', 93, '13055', 4, 'BOUCHES-DU-RHONE', 'Bouches-du-Rhône', 1),
(15, '14', 25, '14118', 2, 'CALVADOS', 'Calvados', 1),
(16, '15', 83, '15014', 2, 'CANTAL', 'Cantal', 1),
(17, '16', 54, '16015', 3, 'CHARENTE', 'Charente', 1),
(18, '17', 54, '17300', 3, 'CHARENTE-MARITIME', 'Charente-Maritime', 1),
(19, '18', 24, '18033', 2, 'CHER', 'Cher', 1),
(20, '19', 74, '19272', 3, 'CORREZE', 'Corrèze', 1),
(21, '2A', 94, '2A004', 3, 'CORSE-DU-SUD', 'Corse-du-Sud', 1),
(22, '2B', 94, '2B033', 3, 'HAUTE-CORSE', 'Haute-Corse', 1),
(23, '21', 26, '21231', 3, 'COTE-D OR', 'Côte-d Or', 1),
(24, '22', 53, '22278', 4, 'COTES-D ARMOR', 'Côtes-d Armor', 1),
(25, '23', 74, '23096', 3, 'CREUSE', 'Creuse', 1),
(26, '24', 72, '24322', 3, 'DORDOGNE', 'Dordogne', 1),
(27, '25', 43, '25056', 2, 'DOUBS', 'Doubs', 1),
(28, '26', 82, '26362', 3, 'DROME', 'Drôme', 1),
(29, '27', 23, '27229', 5, 'EURE', 'Eure', 1),
(30, '28', 24, '28085', 1, 'EURE-ET-LOIR', 'Eure-et-Loir', 1),
(31, '29', 53, '29232', 2, 'FINISTERE', 'Finistère', 1),
(32, '30', 91, '30189', 2, 'GARD', 'Gard', 1),
(33, '31', 73, '31555', 3, 'HAUTE-GARONNE', 'Haute-Garonne', 1),
(34, '32', 73, '32013', 2, 'GERS', 'Gers', 1),
(35, '33', 72, '33063', 3, 'GIRONDE', 'Gironde', 1),
(36, '34', 91, '34172', 5, 'HERAULT', 'Hérault', 1),
(37, '35', 53, '35238', 1, 'ILLE-ET-VILAINE', 'Ille-et-Vilaine', 1),
(38, '36', 24, '36044', 5, 'INDRE', 'Indre', 1),
(39, '37', 24, '37261', 1, 'INDRE-ET-LOIRE', 'Indre-et-Loire', 1),
(40, '38', 82, '38185', 5, 'ISERE', 'Isère', 1),
(41, '39', 43, '39300', 2, 'JURA', 'Jura', 1),
(42, '40', 72, '40192', 4, 'LANDES', 'Landes', 1),
(43, '41', 24, '41018', 0, 'LOIR-ET-CHER', 'Loir-et-Cher', 1),
(44, '42', 82, '42218', 3, 'LOIRE', 'Loire', 1),
(45, '43', 83, '43157', 3, 'HAUTE-LOIRE', 'Haute-Loire', 1),
(46, '44', 52, '44109', 3, 'LOIRE-ATLANTIQUE', 'Loire-Atlantique', 1),
(47, '45', 24, '45234', 2, 'LOIRET', 'Loiret', 1),
(48, '46', 73, '46042', 2, 'LOT', 'Lot', 1),
(49, '47', 72, '47001', 0, 'LOT-ET-GARONNE', 'Lot-et-Garonne', 1),
(50, '48', 91, '48095', 3, 'LOZERE', 'Lozère', 1),
(51, '49', 52, '49007', 0, 'MAINE-ET-LOIRE', 'Maine-et-Loire', 1),
(52, '50', 25, '50502', 3, 'MANCHE', 'Manche', 1),
(53, '51', 21, '51108', 3, 'MARNE', 'Marne', 1),
(54, '52', 21, '52121', 3, 'HAUTE-MARNE', 'Haute-Marne', 1),
(55, '53', 52, '53130', 3, 'MAYENNE', 'Mayenne', 1),
(56, '54', 41, '54395', 0, 'MEURTHE-ET-MOSELLE', 'Meurthe-et-Moselle', 1),
(57, '55', 41, '55029', 3, 'MEUSE', 'Meuse', 1),
(58, '56', 53, '56260', 2, 'MORBIHAN', 'Morbihan', 1),
(59, '57', 41, '57463', 3, 'MOSELLE', 'Moselle', 1),
(60, '58', 26, '58194', 3, 'NIEVRE', 'Nièvre', 1),
(61, '59', 31, '59350', 2, 'NORD', 'Nord', 1),
(62, '60', 22, '60057', 5, 'OISE', 'Oise', 1),
(63, '61', 25, '61001', 5, 'ORNE', 'Orne', 1),
(64, '62', 31, '62041', 2, 'PAS-DE-CALAIS', 'Pas-de-Calais', 1),
(65, '63', 83, '63113', 2, 'PUY-DE-DOME', 'Puy-de-Dôme', 1),
(66, '64', 72, '64445', 4, 'PYRENEES-ATLANTIQUES', 'Pyrénées-Atlantiques', 1),
(67, '65', 73, '65440', 4, 'HAUTES-PYRENEES', 'Hautes-Pyrénées', 1),
(68, '66', 91, '66136', 4, 'PYRENEES-ORIENTALES', 'Pyrénées-Orientales', 1),
(69, '67', 42, '67482', 2, 'BAS-RHIN', 'Bas-Rhin', 1),
(70, '68', 42, '68066', 2, 'HAUT-RHIN', 'Haut-Rhin', 1),
(71, '69', 82, '69123', 2, 'RHONE', 'Rhône', 1),
(72, '70', 43, '70550', 3, 'HAUTE-SAONE', 'Haute-Saône', 1),
(73, '71', 26, '71270', 0, 'SAONE-ET-LOIRE', 'Saône-et-Loire', 1),
(74, '72', 52, '72181', 3, 'SARTHE', 'Sarthe', 1),
(75, '73', 82, '73065', 3, 'SAVOIE', 'Savoie', 1),
(76, '74', 82, '74010', 3, 'HAUTE-SAVOIE', 'Haute-Savoie', 1),
(77, '75', 11, '75056', 0, 'PARIS', 'Paris', 1),
(78, '76', 23, '76540', 3, 'SEINE-MARITIME', 'Seine-Maritime', 1),
(79, '77', 11, '77288', 0, 'SEINE-ET-MARNE', 'Seine-et-Marne', 1),
(80, '78', 11, '78646', 4, 'YVELINES', 'Yvelines', 1),
(81, '79', 54, '79191', 4, 'DEUX-SEVRES', 'Deux-Sèvres', 1),
(82, '80', 22, '80021', 3, 'SOMME', 'Somme', 1),
(83, '81', 73, '81004', 2, 'TARN', 'Tarn', 1),
(84, '82', 73, '82121', 0, 'TARN-ET-GARONNE', 'Tarn-et-Garonne', 1),
(85, '83', 93, '83137', 2, 'VAR', 'Var', 1),
(86, '84', 93, '84007', 0, 'VAUCLUSE', 'Vaucluse', 1),
(87, '85', 52, '85191', 3, 'VENDEE', 'Vendée', 1),
(88, '86', 54, '86194', 3, 'VIENNE', 'Vienne', 1),
(89, '87', 74, '87085', 3, 'HAUTE-VIENNE', 'Haute-Vienne', 1),
(90, '88', 41, '88160', 4, 'VOSGES', 'Vosges', 1),
(91, '89', 26, '89024', 5, 'YONNE', 'Yonne', 1),
(92, '90', 43, '90010', 0, 'TERRITOIRE DE BELFORT', 'Territoire de Belfort', 1),
(93, '91', 11, '91228', 5, 'ESSONNE', 'Essonne', 1),
(94, '92', 11, '92050', 4, 'HAUTS-DE-SEINE', 'Hauts-de-Seine', 1),
(95, '93', 11, '93008', 3, 'SEINE-SAINT-DENIS', 'Seine-Saint-Denis', 1),
(96, '94', 11, '94028', 2, 'VAL-DE-MARNE', 'Val-de-Marne', 1),
(97, '95', 11, '95500', 2, 'VAL-D OISE', 'Val-d Oise', 1),
(98, '971', 1, '97105', 3, 'GUADELOUPE', 'Guadeloupe', 1),
(99, '972', 2, '97209', 3, 'MARTINIQUE', 'Martinique', 1),
(100, '973', 3, '97302', 3, 'GUYANE', 'Guyane', 1),
(101, '974', 4, '97411', 3, 'REUNION', 'Réunion', 1),
(102, '976', 6, '97601', 3, 'MAYOTTE', 'Mayotte', 1),
(103, '01', 201, '', 1, 'ANVERS', 'Anvers', 1),
(104, '02', 203, '', 3, 'BRUXELLES-CAPITALE', 'Bruxelles-Capitale', 1),
(105, '03', 202, '', 2, 'BRABANT-WALLON', 'Brabant-Wallon', 1),
(106, '04', 201, '', 1, 'BRABANT-FLAMAND', 'Brabant-Flamand', 1),
(107, '05', 201, '', 1, 'FLANDRE-OCCIDENTALE', 'Flandre-Occidentale', 1),
(108, '06', 201, '', 1, 'FLANDRE-ORIENTALE', 'Flandre-Orientale', 1),
(109, '07', 202, '', 2, 'HAINAUT', 'Hainaut', 1),
(110, '08', 201, '', 2, 'LIEGE', 'Liège', 1),
(111, '09', 202, '', 1, 'LIMBOURG', 'Limbourg', 1),
(112, '10', 202, '', 2, 'LUXEMBOURG', 'Luxembourg', 1),
(113, '11', 201, '', 2, 'NAMUR', 'Namur', 1),
(114, 'AG', 315, NULL, NULL, NULL, 'AGRIGENTO', 1),
(115, 'AL', 312, NULL, NULL, NULL, 'ALESSANDRIA', 1),
(116, 'AN', 310, NULL, NULL, NULL, 'ANCONA', 1),
(117, 'AO', 319, NULL, NULL, NULL, 'AOSTA', 1),
(118, 'AR', 316, NULL, NULL, NULL, 'AREZZO', 1),
(119, 'AP', 310, NULL, NULL, NULL, 'ASCOLI PICENO', 1),
(120, 'AT', 312, NULL, NULL, NULL, 'ASTI', 1),
(121, 'AV', 304, NULL, NULL, NULL, 'AVELLINO', 1),
(122, 'BA', 313, NULL, NULL, NULL, 'BARI', 1),
(123, 'BT', 313, NULL, NULL, NULL, 'BARLETTA-ANDRIA-TRANI', 1),
(124, 'BL', 320, NULL, NULL, NULL, 'BELLUNO', 1),
(125, 'BN', 304, NULL, NULL, NULL, 'BENEVENTO', 1),
(126, 'BG', 309, NULL, NULL, NULL, 'BERGAMO', 1),
(127, 'BI', 312, NULL, NULL, NULL, 'BIELLA', 1),
(128, 'BO', 305, NULL, NULL, NULL, 'BOLOGNA', 1),
(129, 'BZ', 317, NULL, NULL, NULL, 'BOLZANO', 1),
(130, 'BS', 309, NULL, NULL, NULL, 'BRESCIA', 1),
(131, 'BR', 313, NULL, NULL, NULL, 'BRINDISI', 1),
(132, 'CA', 314, NULL, NULL, NULL, 'CAGLIARI', 1),
(133, 'CL', 315, NULL, NULL, NULL, 'CALTANISSETTA', 1),
(134, 'CB', 311, NULL, NULL, NULL, 'CAMPOBASSO', 1),
(135, 'CI', 314, NULL, NULL, NULL, 'CARBONIA-IGLESIAS', 1),
(136, 'CE', 304, NULL, NULL, NULL, 'CASERTA', 1),
(137, 'CT', 315, NULL, NULL, NULL, 'CATANIA', 1),
(138, 'CZ', 303, NULL, NULL, NULL, 'CATANZARO', 1),
(139, 'CH', 301, NULL, NULL, NULL, 'CHIETI', 1),
(140, 'CO', 309, NULL, NULL, NULL, 'COMO', 1),
(141, 'CS', 303, NULL, NULL, NULL, 'COSENZA', 1),
(142, 'CR', 309, NULL, NULL, NULL, 'CREMONA', 1),
(143, 'KR', 303, NULL, NULL, NULL, 'CROTONE', 1),
(144, 'CN', 312, NULL, NULL, NULL, 'CUNEO', 1),
(145, 'EN', 315, NULL, NULL, NULL, 'ENNA', 1),
(146, 'FM', 310, NULL, NULL, NULL, 'FERMO', 1),
(147, 'FE', 305, NULL, NULL, NULL, 'FERRARA', 1),
(148, 'FI', 316, NULL, NULL, NULL, 'FIRENZE', 1),
(149, 'FG', 313, NULL, NULL, NULL, 'FOGGIA', 1),
(150, 'FC', 305, NULL, NULL, NULL, 'FORLI-CESENA', 1),
(151, 'FR', 307, NULL, NULL, NULL, 'FROSINONE', 1),
(152, 'GE', 308, NULL, NULL, NULL, 'GENOVA', 1),
(153, 'GO', 306, NULL, NULL, NULL, 'GORIZIA', 1),
(154, 'GR', 316, NULL, NULL, NULL, 'GROSSETO', 1),
(155, 'IM', 308, NULL, NULL, NULL, 'IMPERIA', 1),
(156, 'IS', 311, NULL, NULL, NULL, 'ISERNIA', 1),
(157, 'SP', 308, NULL, NULL, NULL, 'LA SPEZIA', 1),
(158, 'AQ', 301, NULL, NULL, NULL, 'L AQUILA', 1),
(159, 'LT', 307, NULL, NULL, NULL, 'LATINA', 1),
(160, 'LE', 313, NULL, NULL, NULL, 'LECCE', 1),
(161, 'LC', 309, NULL, NULL, NULL, 'LECCO', 1),
(162, 'LI', 314, NULL, NULL, NULL, 'LIVORNO', 1),
(163, 'LO', 309, NULL, NULL, NULL, 'LODI', 1),
(164, 'LU', 316, NULL, NULL, NULL, 'LUCCA', 1),
(165, 'MC', 310, NULL, NULL, NULL, 'MACERATA', 1),
(166, 'MN', 309, NULL, NULL, NULL, 'MANTOVA', 1),
(167, 'MS', 316, NULL, NULL, NULL, 'MASSA-CARRARA', 1),
(168, 'MT', 302, NULL, NULL, NULL, 'MATERA', 1),
(169, 'VS', 314, NULL, NULL, NULL, 'MEDIO CAMPIDANO', 1),
(170, 'ME', 315, NULL, NULL, NULL, 'MESSINA', 1),
(171, 'MI', 309, NULL, NULL, NULL, 'MILANO', 1),
(172, 'MB', 309, NULL, NULL, NULL, 'MONZA e BRIANZA', 1),
(173, 'MO', 305, NULL, NULL, NULL, 'MODENA', 1),
(174, 'NA', 304, NULL, NULL, NULL, 'NAPOLI', 1),
(175, 'NO', 312, NULL, NULL, NULL, 'NOVARA', 1),
(176, 'NU', 314, NULL, NULL, NULL, 'NUORO', 1),
(177, 'OG', 314, NULL, NULL, NULL, 'OGLIASTRA', 1),
(178, 'OT', 314, NULL, NULL, NULL, 'OLBIA-TEMPIO', 1),
(179, 'OR', 314, NULL, NULL, NULL, 'ORISTANO', 1),
(180, 'PD', 320, NULL, NULL, NULL, 'PADOVA', 1),
(181, 'PA', 315, NULL, NULL, NULL, 'PALERMO', 1),
(182, 'PR', 305, NULL, NULL, NULL, 'PARMA', 1),
(183, 'PV', 309, NULL, NULL, NULL, 'PAVIA', 1),
(184, 'PG', 318, NULL, NULL, NULL, 'PERUGIA', 1),
(185, 'PU', 310, NULL, NULL, NULL, 'PESARO e URBINO', 1),
(186, 'PE', 301, NULL, NULL, NULL, 'PESCARA', 1),
(187, 'PC', 305, NULL, NULL, NULL, 'PIACENZA', 1),
(188, 'PI', 316, NULL, NULL, NULL, 'PISA', 1),
(189, 'PT', 316, NULL, NULL, NULL, 'PISTOIA', 1),
(190, 'PN', 306, NULL, NULL, NULL, 'PORDENONE', 1),
(191, 'PZ', 302, NULL, NULL, NULL, 'POTENZA', 1),
(192, 'PO', 316, NULL, NULL, NULL, 'PRATO', 1),
(193, 'RG', 315, NULL, NULL, NULL, 'RAGUSA', 1),
(194, 'RA', 305, NULL, NULL, NULL, 'RAVENNA', 1),
(195, 'RC', 303, NULL, NULL, NULL, 'REGGIO CALABRIA', 1),
(196, 'RE', 305, NULL, NULL, NULL, 'REGGIO NELL EMILIA', 1),
(197, 'RI', 307, NULL, NULL, NULL, 'RIETI', 1),
(198, 'RN', 305, NULL, NULL, NULL, 'RIMINI', 1),
(199, 'RM', 307, NULL, NULL, NULL, 'ROMA', 1),
(200, 'RO', 320, NULL, NULL, NULL, 'ROVIGO', 1),
(201, 'SA', 304, NULL, NULL, NULL, 'SALERNO', 1),
(202, 'SS', 314, NULL, NULL, NULL, 'SASSARI', 1),
(203, 'SV', 308, NULL, NULL, NULL, 'SAVONA', 1),
(204, 'SI', 316, NULL, NULL, NULL, 'SIENA', 1),
(205, 'SR', 315, NULL, NULL, NULL, 'SIRACUSA', 1),
(206, 'SO', 309, NULL, NULL, NULL, 'SONDRIO', 1),
(207, 'TA', 313, NULL, NULL, NULL, 'TARANTO', 1),
(208, 'TE', 301, NULL, NULL, NULL, 'TERAMO', 1),
(209, 'TR', 318, NULL, NULL, NULL, 'TERNI', 1),
(210, 'TO', 312, NULL, NULL, NULL, 'TORINO', 1),
(211, 'TP', 315, NULL, NULL, NULL, 'TRAPANI', 1),
(212, 'TN', 317, NULL, NULL, NULL, 'TRENTO', 1),
(213, 'TV', 320, NULL, NULL, NULL, 'TREVISO', 1),
(214, 'TS', 306, NULL, NULL, NULL, 'TRIESTE', 1),
(215, 'UD', 306, NULL, NULL, NULL, 'UDINE', 1),
(216, 'VA', 309, NULL, NULL, NULL, 'VARESE', 1),
(217, 'VE', 320, NULL, NULL, NULL, 'VENEZIA', 1),
(218, 'VB', 312, NULL, NULL, NULL, 'VERBANO-CUSIO-OSSOLA', 1),
(219, 'VC', 312, NULL, NULL, NULL, 'VERCELLI', 1),
(220, 'VR', 320, NULL, NULL, NULL, 'VERONA', 1),
(221, 'VV', 303, NULL, NULL, NULL, 'VIBO VALENTIA', 1),
(222, 'VI', 320, NULL, NULL, NULL, 'VICENZA', 1),
(223, 'VT', 307, NULL, NULL, NULL, 'VITERBO', 1),
(224, 'NSW', 2801, '', 1, '', 'New South Wales', 1),
(225, 'VIC', 2801, '', 1, '', 'Victoria', 1),
(226, 'QLD', 2801, '', 1, '', 'Queensland', 1),
(227, 'SA', 2801, '', 1, '', 'South Australia', 1),
(228, 'ACT', 2801, '', 1, '', 'Australia Capital Territory', 1),
(229, 'TAS', 2801, '', 1, '', 'Tasmania', 1),
(230, 'WA', 2801, '', 1, '', 'Western Australia', 1),
(231, 'NT', 2801, '', 1, '', 'Northern Territory', 1),
(232, 'ON', 1401, '', 1, '', 'Ontario', 1),
(233, 'QC', 1401, '', 1, '', 'Quebec', 1),
(234, 'NS', 1401, '', 1, '', 'Nova Scotia', 1),
(235, 'NB', 1401, '', 1, '', 'New Brunswick', 1),
(236, 'MB', 1401, '', 1, '', 'Manitoba', 1),
(237, 'BC', 1401, '', 1, '', 'British Columbia', 1),
(238, 'PE', 1401, '', 1, '', 'Prince Edward Island', 1),
(239, 'SK', 1401, '', 1, '', 'Saskatchewan', 1),
(240, 'AB', 1401, '', 1, '', 'Alberta', 1),
(241, 'NL', 1401, '', 1, '', 'Newfoundland and Labrador', 1),
(242, '01', 419, '', 19, 'ALAVA', 'Álava', 1),
(243, '02', 404, '', 4, 'ALBACETE', 'Albacete', 1),
(244, '03', 411, '', 11, 'ALICANTE', 'Alicante', 1),
(245, '04', 401, '', 1, 'ALMERIA', 'Almería', 1),
(246, '05', 403, '', 3, 'AVILA', 'Avila', 1),
(247, '06', 412, '', 12, 'BADAJOZ', 'Badajoz', 1),
(248, '07', 414, '', 14, 'ISLAS BALEARES', 'Islas Baleares', 1),
(249, '08', 406, '', 6, 'BARCELONA', 'Barcelona', 1),
(250, '09', 403, '', 8, 'BURGOS', 'Burgos', 1),
(251, '10', 412, '', 12, 'CACERES', 'Cáceres', 1),
(252, '11', 401, '', 1, 'CADIZ', 'Cádiz', 1),
(253, '12', 411, '', 11, 'CASTELLON', 'Castellón', 1),
(254, '13', 404, '', 4, 'CIUDAD REAL', 'Ciudad Real', 1),
(255, '14', 401, '', 1, 'CORDOBA', 'Córdoba', 1),
(256, '15', 413, '', 13, 'LA CORUÑA', 'La Coruña', 1),
(257, '16', 404, '', 4, 'CUENCA', 'Cuenca', 1),
(258, '17', 406, '', 6, 'GERONA', 'Gerona', 1),
(259, '18', 401, '', 1, 'GRANADA', 'Granada', 1),
(260, '19', 404, '', 4, 'GUADALAJARA', 'Guadalajara', 1),
(261, '20', 419, '', 19, 'GUIPUZCOA', 'Guipúzcoa', 1),
(262, '21', 401, '', 1, 'HUELVA', 'Huelva', 1),
(263, '22', 402, '', 2, 'HUESCA', 'Huesca', 1),
(264, '23', 401, '', 1, 'JAEN', 'Jaén', 1),
(265, '24', 403, '', 3, 'LEON', 'León', 1),
(266, '25', 406, '', 6, 'LERIDA', 'Lérida', 1),
(267, '26', 415, '', 15, 'LA RIOJA', 'La Rioja', 1),
(268, '27', 413, '', 13, 'LUGO', 'Lugo', 1),
(269, '28', 416, '', 16, 'MADRID', 'Madrid', 1),
(270, '29', 401, '', 1, 'MALAGA', 'Málaga', 1),
(271, '30', 417, '', 17, 'MURCIA', 'Murcia', 1),
(272, '31', 408, '', 8, 'NAVARRA', 'Navarra', 1),
(273, '32', 413, '', 13, 'ORENSE', 'Orense', 1),
(274, '33', 418, '', 18, 'ASTURIAS', 'Asturias', 1),
(275, '34', 403, '', 3, 'PALENCIA', 'Palencia', 1),
(276, '35', 405, '', 5, 'LAS PALMAS', 'Las Palmas', 1),
(277, '36', 413, '', 13, 'PONTEVEDRA', 'Pontevedra', 1),
(278, '37', 403, '', 3, 'SALAMANCA', 'Salamanca', 1),
(279, '38', 405, '', 5, 'STA. CRUZ DE TENERIFE', 'Sta. Cruz de Tenerife', 1),
(280, '39', 410, '', 10, 'CANTABRIA', 'Cantabria', 1),
(281, '40', 403, '', 3, 'SEGOVIA', 'Segovia', 1),
(282, '41', 401, '', 1, 'SEVILLA', 'Sevilla', 1),
(283, '42', 403, '', 3, 'SORIA', 'Soria', 1),
(284, '43', 406, '', 6, 'TARRAGONA', 'Tarragona', 1),
(285, '44', 402, '', 2, 'TERUEL', 'Teruel', 1),
(286, '45', 404, '', 5, 'TOLEDO', 'Toledo', 1),
(287, '46', 411, '', 11, 'VALENCIA', 'Valencia', 1),
(288, '47', 403, '', 3, 'VALLADOLID', 'Valladolid', 1),
(289, '48', 419, '', 19, 'VIZCAYA', 'Vizcaya', 1),
(290, '49', 403, '', 3, 'ZAMORA', 'Zamora', 1),
(291, '50', 402, '', 1, 'ZARAGOZA', 'Zaragoza', 1),
(292, '51', 407, '', 7, 'CEUTA', 'Ceuta', 1),
(293, '52', 409, '', 9, 'MELILLA', 'Melilla', 1),
(294, '53', 420, '', 20, 'OTROS', 'Otros', 1),
(295, 'BW', 501, NULL, NULL, 'BADEN-WÜRTTEMBERG', 'Baden-Württemberg', 1),
(296, 'BY', 501, NULL, NULL, 'BAYERN', 'Bayern', 1),
(297, 'BE', 501, NULL, NULL, 'BERLIN', 'Berlin', 1),
(298, 'BB', 501, NULL, NULL, 'BRANDENBURG', 'Brandenburg', 1),
(299, 'HB', 501, NULL, NULL, 'BREMEN', 'Bremen', 1),
(300, 'HH', 501, NULL, NULL, 'HAMBURG', 'Hamburg', 1),
(301, 'HE', 501, NULL, NULL, 'HESSEN', 'Hessen', 1),
(302, 'MV', 501, NULL, NULL, 'MECKLENBURG-VORPOMMERN', 'Mecklenburg-Vorpommern', 1),
(303, 'NI', 501, NULL, NULL, 'NIEDERSACHSEN', 'Niedersachsen', 1),
(304, 'NW', 501, NULL, NULL, 'NORDRHEIN-WESTFALEN', 'Nordrhein-Westfalen', 1),
(305, 'RP', 501, NULL, NULL, 'RHEINLAND-PFALZ', 'Rheinland-Pfalz', 1),
(306, 'SL', 501, NULL, NULL, 'SAARLAND', 'Saarland', 1),
(307, 'SN', 501, NULL, NULL, 'SACHSEN', 'Sachsen', 1),
(308, 'ST', 501, NULL, NULL, 'SACHSEN-ANHALT', 'Sachsen-Anhalt', 1),
(309, 'SH', 501, NULL, NULL, 'SCHLESWIG-HOLSTEIN', 'Schleswig-Holstein', 1),
(310, 'TH', 501, NULL, NULL, 'THÜRINGEN', 'Thüringen', 1),
(311, '66', 10201, '', 0, '', 'Αθήνα', 1),
(312, '67', 10205, '', 0, '', 'Δράμα', 1),
(313, '01', 10205, '', 0, '', 'Έβρος', 1),
(314, '02', 10205, '', 0, '', 'Θάσος', 1),
(315, '03', 10205, '', 0, '', 'Καβάλα', 1),
(316, '04', 10205, '', 0, '', 'Ξάνθη', 1),
(317, '05', 10205, '', 0, '', 'Ροδόπη', 1),
(318, '06', 10203, '', 0, '', 'Ημαθία', 1),
(319, '07', 10203, '', 0, '', 'Θεσσαλονίκη', 1),
(320, '08', 10203, '', 0, '', 'Κιλκίς', 1),
(321, '09', 10203, '', 0, '', 'Πέλλα', 1),
(322, '10', 10203, '', 0, '', 'Πιερία', 1),
(323, '11', 10203, '', 0, '', 'Σέρρες', 1),
(324, '12', 10203, '', 0, '', 'Χαλκιδική', 1),
(325, '13', 10206, '', 0, '', 'Άρτα', 1),
(326, '14', 10206, '', 0, '', 'Θεσπρωτία', 1),
(327, '15', 10206, '', 0, '', 'Ιωάννινα', 1),
(328, '16', 10206, '', 0, '', 'Πρέβεζα', 1),
(329, '17', 10213, '', 0, '', 'Γρεβενά', 1),
(330, '18', 10213, '', 0, '', 'Καστοριά', 1),
(331, '19', 10213, '', 0, '', 'Κοζάνη', 1),
(332, '20', 10213, '', 0, '', 'Φλώρινα', 1),
(333, '21', 10212, '', 0, '', 'Καρδίτσα', 1),
(334, '22', 10212, '', 0, '', 'Λάρισα', 1),
(335, '23', 10212, '', 0, '', 'Μαγνησία', 1),
(336, '24', 10212, '', 0, '', 'Τρίκαλα', 1),
(337, '25', 10212, '', 0, '', 'Σποράδες', 1),
(338, '26', 10212, '', 0, '', 'Βοιωτία', 1),
(339, '27', 10202, '', 0, '', 'Εύβοια', 1),
(340, '28', 10202, '', 0, '', 'Ευρυτανία', 1),
(341, '29', 10202, '', 0, '', 'Φθιώτιδα', 1),
(342, '30', 10202, '', 0, '', 'Φωκίδα', 1),
(343, '31', 10209, '', 0, '', 'Αργολίδα', 1),
(344, '32', 10209, '', 0, '', 'Αρκαδία', 1),
(345, '33', 10209, '', 0, '', 'Κορινθία', 1),
(346, '34', 10209, '', 0, '', 'Λακωνία', 1),
(347, '35', 10209, '', 0, '', 'Μεσσηνία', 1),
(348, '36', 10211, '', 0, '', 'Αιτωλοακαρνανία', 1),
(349, '37', 10211, '', 0, '', 'Αχαΐα', 1),
(350, '38', 10211, '', 0, '', 'Ηλεία', 1),
(351, '39', 10207, '', 0, '', 'Ζάκυνθος', 1),
(352, '40', 10207, '', 0, '', 'Κέρκυρα', 1),
(353, '41', 10207, '', 0, '', 'Κεφαλληνία', 1),
(354, '42', 10207, '', 0, '', 'Ιθάκη', 1),
(355, '43', 10207, '', 0, '', 'Λευκάδα', 1),
(356, '44', 10208, '', 0, '', 'Ικαρία', 1),
(357, '45', 10208, '', 0, '', 'Λέσβος', 1),
(358, '46', 10208, '', 0, '', 'Λήμνος', 1),
(359, '47', 10208, '', 0, '', 'Σάμος', 1),
(360, '48', 10208, '', 0, '', 'Χίος', 1),
(361, '49', 10210, '', 0, '', 'Άνδρος', 1),
(362, '50', 10210, '', 0, '', 'Θήρα', 1),
(363, '51', 10210, '', 0, '', 'Κάλυμνος', 1),
(364, '52', 10210, '', 0, '', 'Κάρπαθος', 1),
(365, '53', 10210, '', 0, '', 'Κέα-Κύθνος', 1),
(366, '54', 10210, '', 0, '', 'Κω', 1),
(367, '55', 10210, '', 0, '', 'Μήλος', 1),
(368, '56', 10210, '', 0, '', 'Μύκονος', 1),
(369, '57', 10210, '', 0, '', 'Νάξος', 1),
(370, '58', 10210, '', 0, '', 'Πάρος', 1),
(371, '59', 10210, '', 0, '', 'Ρόδος', 1),
(372, '60', 10210, '', 0, '', 'Σύρος', 1),
(373, '61', 10210, '', 0, '', 'Τήνος', 1),
(374, '62', 10204, '', 0, '', 'Ηράκλειο', 1),
(375, '63', 10204, '', 0, '', 'Λασίθι', 1),
(376, '64', 10204, '', 0, '', 'Ρέθυμνο', 1),
(377, '65', 10204, '', 0, '', 'Χανιά', 1),
(378, 'AG', 601, NULL, NULL, 'ARGOVIE', 'Argovie', 1),
(379, 'AI', 601, NULL, NULL, 'APPENZELL RHODES INTERIEURES', 'Appenzell Rhodes intérieures', 1),
(380, 'AR', 601, NULL, NULL, 'APPENZELL RHODES EXTERIEURES', 'Appenzell Rhodes extérieures', 1),
(381, 'BE', 601, NULL, NULL, 'BERNE', 'Berne', 1),
(382, 'BL', 601, NULL, NULL, 'BALE CAMPAGNE', 'Bâle Campagne', 1),
(383, 'BS', 601, NULL, NULL, 'BALE VILLE', 'Bâle Ville', 1),
(384, 'FR', 601, NULL, NULL, 'FRIBOURG', 'Fribourg', 1),
(385, 'GE', 601, NULL, NULL, 'GENEVE', 'Genève', 1),
(386, 'GL', 601, NULL, NULL, 'GLARIS', 'Glaris', 1),
(387, 'GR', 601, NULL, NULL, 'GRISONS', 'Grisons', 1),
(388, 'JU', 601, NULL, NULL, 'JURA', 'Jura', 1),
(389, 'LU', 601, NULL, NULL, 'LUCERNE', 'Lucerne', 1),
(390, 'NE', 601, NULL, NULL, 'NEUCHATEL', 'Neuchâtel', 1),
(391, 'NW', 601, NULL, NULL, 'NIDWALD', 'Nidwald', 1),
(392, 'OW', 601, NULL, NULL, 'OBWALD', 'Obwald', 1),
(393, 'SG', 601, NULL, NULL, 'SAINT-GALL', 'Saint-Gall', 1),
(394, 'SH', 601, NULL, NULL, 'SCHAFFHOUSE', 'Schaffhouse', 1),
(395, 'SO', 601, NULL, NULL, 'SOLEURE', 'Soleure', 1),
(396, 'SZ', 601, NULL, NULL, 'SCHWYZ', 'Schwyz', 1),
(397, 'TG', 601, NULL, NULL, 'THURGOVIE', 'Thurgovie', 1),
(398, 'TI', 601, NULL, NULL, 'TESSIN', 'Tessin', 1),
(399, 'UR', 601, NULL, NULL, 'URI', 'Uri', 1),
(400, 'VD', 601, NULL, NULL, 'VAUD', 'Vaud', 1),
(401, 'VS', 601, NULL, NULL, 'VALAIS', 'Valais', 1),
(402, 'ZG', 601, NULL, NULL, 'ZUG', 'Zug', 1),
(403, 'ZH', 601, NULL, NULL, 'ZURICH', 'Zürich', 1),
(404, '701', 701, NULL, 0, NULL, 'Bedfordshire', 1),
(405, '702', 701, NULL, 0, NULL, 'Berkshire', 1),
(406, '703', 701, NULL, 0, NULL, 'Bristol, City of', 1),
(407, '704', 701, NULL, 0, NULL, 'Buckinghamshire', 1),
(408, '705', 701, NULL, 0, NULL, 'Cambridgeshire', 1),
(409, '706', 701, NULL, 0, NULL, 'Cheshire', 1),
(410, '707', 701, NULL, 0, NULL, 'Cleveland', 1),
(411, '708', 701, NULL, 0, NULL, 'Cornwall', 1),
(412, '709', 701, NULL, 0, NULL, 'Cumberland', 1),
(413, '710', 701, NULL, 0, NULL, 'Cumbria', 1),
(414, '711', 701, NULL, 0, NULL, 'Derbyshire', 1),
(415, '712', 701, NULL, 0, NULL, 'Devon', 1),
(416, '713', 701, NULL, 0, NULL, 'Dorset', 1),
(417, '714', 701, NULL, 0, NULL, 'Co. Durham', 1),
(418, '715', 701, NULL, 0, NULL, 'East Riding of Yorkshire', 1),
(419, '716', 701, NULL, 0, NULL, 'East Sussex', 1),
(420, '717', 701, NULL, 0, NULL, 'Essex', 1),
(421, '718', 701, NULL, 0, NULL, 'Gloucestershire', 1),
(422, '719', 701, NULL, 0, NULL, 'Greater Manchester', 1),
(423, '720', 701, NULL, 0, NULL, 'Hampshire', 1),
(424, '721', 701, NULL, 0, NULL, 'Hertfordshire', 1),
(425, '722', 701, NULL, 0, NULL, 'Hereford and Worcester', 1),
(426, '723', 701, NULL, 0, NULL, 'Herefordshire', 1),
(427, '724', 701, NULL, 0, NULL, 'Huntingdonshire', 1),
(428, '725', 701, NULL, 0, NULL, 'Isle of Man', 1),
(429, '726', 701, NULL, 0, NULL, 'Isle of Wight', 1),
(430, '727', 701, NULL, 0, NULL, 'Jersey', 1),
(431, '728', 701, NULL, 0, NULL, 'Kent', 1),
(432, '729', 701, NULL, 0, NULL, 'Lancashire', 1),
(433, '730', 701, NULL, 0, NULL, 'Leicestershire', 1),
(434, '731', 701, NULL, 0, NULL, 'Lincolnshire', 1),
(435, '732', 701, NULL, 0, NULL, 'London - City of London', 1),
(436, '733', 701, NULL, 0, NULL, 'Merseyside', 1),
(437, '734', 701, NULL, 0, NULL, 'Middlesex', 1),
(438, '735', 701, NULL, 0, NULL, 'Norfolk', 1),
(439, '736', 701, NULL, 0, NULL, 'North Yorkshire', 1),
(440, '737', 701, NULL, 0, NULL, 'North Riding of Yorkshire', 1),
(441, '738', 701, NULL, 0, NULL, 'Northamptonshire', 1),
(442, '739', 701, NULL, 0, NULL, 'Northumberland', 1),
(443, '740', 701, NULL, 0, NULL, 'Nottinghamshire', 1),
(444, '741', 701, NULL, 0, NULL, 'Oxfordshire', 1),
(445, '742', 701, NULL, 0, NULL, 'Rutland', 1),
(446, '743', 701, NULL, 0, NULL, 'Shropshire', 1),
(447, '744', 701, NULL, 0, NULL, 'Somerset', 1),
(448, '745', 701, NULL, 0, NULL, 'Staffordshire', 1),
(449, '746', 701, NULL, 0, NULL, 'Suffolk', 1),
(450, '747', 701, NULL, 0, NULL, 'Surrey', 1),
(451, '748', 701, NULL, 0, NULL, 'Sussex', 1),
(452, '749', 701, NULL, 0, NULL, 'Tyne and Wear', 1),
(453, '750', 701, NULL, 0, NULL, 'Warwickshire', 1),
(454, '751', 701, NULL, 0, NULL, 'West Midlands', 1),
(455, '752', 701, NULL, 0, NULL, 'West Sussex', 1),
(456, '753', 701, NULL, 0, NULL, 'West Yorkshire', 1),
(457, '754', 701, NULL, 0, NULL, 'West Riding of Yorkshire', 1),
(458, '755', 701, NULL, 0, NULL, 'Wiltshire', 1),
(459, '756', 701, NULL, 0, NULL, 'Worcestershire', 1),
(460, '757', 701, NULL, 0, NULL, 'Yorkshire', 1),
(461, '758', 702, NULL, 0, NULL, 'Anglesey', 1),
(462, '759', 702, NULL, 0, NULL, 'Breconshire', 1),
(463, '760', 702, NULL, 0, NULL, 'Caernarvonshire', 1),
(464, '761', 702, NULL, 0, NULL, 'Cardiganshire', 1),
(465, '762', 702, NULL, 0, NULL, 'Carmarthenshire', 1),
(466, '763', 702, NULL, 0, NULL, 'Ceredigion', 1),
(467, '764', 702, NULL, 0, NULL, 'Denbighshire', 1),
(468, '765', 702, NULL, 0, NULL, 'Flintshire', 1),
(469, '766', 702, NULL, 0, NULL, 'Glamorgan', 1),
(470, '767', 702, NULL, 0, NULL, 'Gwent', 1),
(471, '768', 702, NULL, 0, NULL, 'Gwynedd', 1),
(472, '769', 702, NULL, 0, NULL, 'Merionethshire', 1),
(473, '770', 702, NULL, 0, NULL, 'Monmouthshire', 1),
(474, '771', 702, NULL, 0, NULL, 'Mid Glamorgan', 1),
(475, '772', 702, NULL, 0, NULL, 'Montgomeryshire', 1),
(476, '773', 702, NULL, 0, NULL, 'Pembrokeshire', 1),
(477, '774', 702, NULL, 0, NULL, 'Powys', 1),
(478, '775', 702, NULL, 0, NULL, 'Radnorshire', 1),
(479, '776', 702, NULL, 0, NULL, 'South Glamorgan', 1),
(480, '777', 703, NULL, 0, NULL, 'Aberdeen, City of', 1),
(481, '778', 703, NULL, 0, NULL, 'Angus', 1),
(482, '779', 703, NULL, 0, NULL, 'Argyll', 1),
(483, '780', 703, NULL, 0, NULL, 'Ayrshire', 1),
(484, '781', 703, NULL, 0, NULL, 'Banffshire', 1),
(485, '782', 703, NULL, 0, NULL, 'Berwickshire', 1),
(486, '783', 703, NULL, 0, NULL, 'Bute', 1),
(487, '784', 703, NULL, 0, NULL, 'Caithness', 1),
(488, '785', 703, NULL, 0, NULL, 'Clackmannanshire', 1),
(489, '786', 703, NULL, 0, NULL, 'Dumfriesshire', 1),
(490, '787', 703, NULL, 0, NULL, 'Dumbartonshire', 1),
(491, '788', 703, NULL, 0, NULL, 'Dundee, City of', 1),
(492, '789', 703, NULL, 0, NULL, 'East Lothian', 1),
(493, '790', 703, NULL, 0, NULL, 'Fife', 1),
(494, '791', 703, NULL, 0, NULL, 'Inverness', 1),
(495, '792', 703, NULL, 0, NULL, 'Kincardineshire', 1),
(496, '793', 703, NULL, 0, NULL, 'Kinross-shire', 1),
(497, '794', 703, NULL, 0, NULL, 'Kirkcudbrightshire', 1),
(498, '795', 703, NULL, 0, NULL, 'Lanarkshire', 1),
(499, '796', 703, NULL, 0, NULL, 'Midlothian', 1),
(500, '797', 703, NULL, 0, NULL, 'Morayshire', 1),
(501, '798', 703, NULL, 0, NULL, 'Nairnshire', 1),
(502, '799', 703, NULL, 0, NULL, 'Orkney', 1),
(503, '800', 703, NULL, 0, NULL, 'Peebleshire', 1),
(504, '801', 703, NULL, 0, NULL, 'Perthshire', 1),
(505, '802', 703, NULL, 0, NULL, 'Renfrewshire', 1),
(506, '803', 703, NULL, 0, NULL, 'Ross & Cromarty', 1),
(507, '804', 703, NULL, 0, NULL, 'Roxburghshire', 1),
(508, '805', 703, NULL, 0, NULL, 'Selkirkshire', 1),
(509, '806', 703, NULL, 0, NULL, 'Shetland', 1),
(510, '807', 703, NULL, 0, NULL, 'Stirlingshire', 1),
(511, '808', 703, NULL, 0, NULL, 'Sutherland', 1),
(512, '809', 703, NULL, 0, NULL, 'West Lothian', 1),
(513, '810', 703, NULL, 0, NULL, 'Wigtownshire', 1),
(514, '811', 704, NULL, 0, NULL, 'Antrim', 1),
(515, '812', 704, NULL, 0, NULL, 'Armagh', 1),
(516, '813', 704, NULL, 0, NULL, 'Co. Down', 1),
(517, '814', 704, NULL, 0, NULL, 'Co. Fermanagh', 1),
(518, '815', 704, NULL, 0, NULL, 'Co. Londonderry', 1),
(519, 'AL', 1101, '', 0, 'ALABAMA', 'Alabama', 1),
(520, 'AK', 1101, '', 0, 'ALASKA', 'Alaska', 1),
(521, 'AZ', 1101, '', 0, 'ARIZONA', 'Arizona', 1),
(522, 'AR', 1101, '', 0, 'ARKANSAS', 'Arkansas', 1),
(523, 'CA', 1101, '', 0, 'CALIFORNIA', 'California', 1),
(524, 'CO', 1101, '', 0, 'COLORADO', 'Colorado', 1),
(525, 'CT', 1101, '', 0, 'CONNECTICUT', 'Connecticut', 1),
(526, 'DE', 1101, '', 0, 'DELAWARE', 'Delaware', 1),
(527, 'FL', 1101, '', 0, 'FLORIDA', 'Florida', 1),
(528, 'GA', 1101, '', 0, 'GEORGIA', 'Georgia', 1),
(529, 'HI', 1101, '', 0, 'HAWAII', 'Hawaii', 1),
(530, 'ID', 1101, '', 0, 'IDAHO', 'Idaho', 1),
(531, 'IL', 1101, '', 0, 'ILLINOIS', 'Illinois', 1),
(532, 'IN', 1101, '', 0, 'INDIANA', 'Indiana', 1),
(533, 'IA', 1101, '', 0, 'IOWA', 'Iowa', 1),
(534, 'KS', 1101, '', 0, 'KANSAS', 'Kansas', 1),
(535, 'KY', 1101, '', 0, 'KENTUCKY', 'Kentucky', 1),
(536, 'LA', 1101, '', 0, 'LOUISIANA', 'Louisiana', 1),
(537, 'ME', 1101, '', 0, 'MAINE', 'Maine', 1),
(538, 'MD', 1101, '', 0, 'MARYLAND', 'Maryland', 1),
(539, 'MA', 1101, '', 0, 'MASSACHUSSETTS', 'Massachusetts', 1),
(540, 'MI', 1101, '', 0, 'MICHIGAN', 'Michigan', 1),
(541, 'MN', 1101, '', 0, 'MINNESOTA', 'Minnesota', 1),
(542, 'MS', 1101, '', 0, 'MISSISSIPPI', 'Mississippi', 1),
(543, 'MO', 1101, '', 0, 'MISSOURI', 'Missouri', 1),
(544, 'MT', 1101, '', 0, 'MONTANA', 'Montana', 1),
(545, 'NE', 1101, '', 0, 'NEBRASKA', 'Nebraska', 1),
(546, 'NV', 1101, '', 0, 'NEVADA', 'Nevada', 1),
(547, 'NH', 1101, '', 0, 'NEW HAMPSHIRE', 'New Hampshire', 1),
(548, 'NJ', 1101, '', 0, 'NEW JERSEY', 'New Jersey', 1),
(549, 'NM', 1101, '', 0, 'NEW MEXICO', 'New Mexico', 1),
(550, 'NY', 1101, '', 0, 'NEW YORK', 'New York', 1),
(551, 'NC', 1101, '', 0, 'NORTH CAROLINA', 'North Carolina', 1),
(552, 'ND', 1101, '', 0, 'NORTH DAKOTA', 'North Dakota', 1),
(553, 'OH', 1101, '', 0, 'OHIO', 'Ohio', 1),
(554, 'OK', 1101, '', 0, 'OKLAHOMA', 'Oklahoma', 1),
(555, 'OR', 1101, '', 0, 'OREGON', 'Oregon', 1),
(556, 'PA', 1101, '', 0, 'PENNSYLVANIA', 'Pennsylvania', 1),
(557, 'RI', 1101, '', 0, 'RHODE ISLAND', 'Rhode Island', 1),
(558, 'SC', 1101, '', 0, 'SOUTH CAROLINA', 'South Carolina', 1),
(559, 'SD', 1101, '', 0, 'SOUTH DAKOTA', 'South Dakota', 1),
(560, 'TN', 1101, '', 0, 'TENNESSEE', 'Tennessee', 1),
(561, 'TX', 1101, '', 0, 'TEXAS', 'Texas', 1),
(562, 'UT', 1101, '', 0, 'UTAH', 'Utah', 1),
(563, 'VT', 1101, '', 0, 'VERMONT', 'Vermont', 1),
(564, 'VA', 1101, '', 0, 'VIRGINIA', 'Virginia', 1),
(565, 'WA', 1101, '', 0, 'WASHINGTON', 'Washington', 1),
(566, 'WV', 1101, '', 0, 'WEST VIRGINIA', 'West Virginia', 1),
(567, 'WI', 1101, '', 0, 'WISCONSIN', 'Wisconsin', 1),
(568, 'WY', 1101, '', 0, 'WYOMING', 'Wyoming', 1),
(569, 'GR', 1701, NULL, NULL, NULL, 'Groningen', 1),
(570, 'FR', 1701, NULL, NULL, NULL, 'Friesland', 1),
(571, 'DR', 1701, NULL, NULL, NULL, 'Drenthe', 1),
(572, 'OV', 1701, NULL, NULL, NULL, 'Overijssel', 1),
(573, 'GD', 1701, NULL, NULL, NULL, 'Gelderland', 1),
(574, 'FL', 1701, NULL, NULL, NULL, 'Flevoland', 1),
(575, 'UT', 1701, NULL, NULL, NULL, 'Utrecht', 1),
(576, 'NH', 1701, NULL, NULL, NULL, 'Noord-Holland', 1),
(577, 'ZH', 1701, NULL, NULL, NULL, 'Zuid-Holland', 1),
(578, 'ZL', 1701, NULL, NULL, NULL, 'Zeeland', 1),
(579, 'NB', 1701, NULL, NULL, NULL, 'Noord-Brabant', 1),
(580, 'LB', 1701, NULL, NULL, NULL, 'Limburg', 1),
(581, 'SS', 8601, '', 0, '', 'San Salvador', 1),
(582, 'SA', 8603, '', 0, '', 'Santa Ana', 1),
(583, 'AH', 8603, '', 0, '', 'Ahuachapan', 1),
(584, 'SO', 8603, '', 0, '', 'Sonsonate', 1),
(585, 'US', 8602, '', 0, '', 'Usulutan', 1),
(586, 'SM', 8602, '', 0, '', 'San Miguel', 1),
(587, 'MO', 8602, '', 0, '', 'Morazan', 1),
(588, 'LU', 8602, '', 0, '', 'La Union', 1),
(589, 'LL', 8601, '', 0, '', 'La Libertad', 1),
(590, 'CH', 8601, '', 0, '', 'Chalatenango', 1),
(591, 'CA', 8601, '', 0, '', 'Cabañas', 1),
(592, 'LP', 8601, '', 0, '', 'La Paz', 1),
(593, 'SV', 8601, '', 0, '', 'San Vicente', 1),
(594, 'CU', 8601, '', 0, '', 'Cuscatlan', 1),
(595, '2301', 2301, '', 0, 'CATAMARCA', 'Catamarca', 1),
(596, '2302', 2301, '', 0, 'JUJUY', 'Jujuy', 1),
(597, '2303', 2301, '', 0, 'TUCAMAN', 'Tucamán', 1),
(598, '2304', 2301, '', 0, 'SANTIAGO DEL ESTERO', 'Santiago del Estero', 1),
(599, '2305', 2301, '', 0, 'SALTA', 'Salta', 1),
(600, '2306', 2302, '', 0, 'CHACO', 'Chaco', 1),
(601, '2307', 2302, '', 0, 'CORRIENTES', 'Corrientes', 1),
(602, '2308', 2302, '', 0, 'ENTRE RIOS', 'Entre Ríos', 1),
(603, '2309', 2302, '', 0, 'FORMOSA MISIONES', 'Formosa Misiones', 1),
(604, '2310', 2302, '', 0, 'SANTA FE', 'Santa Fe', 1),
(605, '2311', 2303, '', 0, 'LA RIOJA', 'La Rioja', 1),
(606, '2312', 2303, '', 0, 'MENDOZA', 'Mendoza', 1),
(607, '2313', 2303, '', 0, 'SAN JUAN', 'San Juan', 1),
(608, '2314', 2303, '', 0, 'SAN LUIS', 'San Luis', 1),
(609, '2315', 2304, '', 0, 'CORDOBA', 'Córdoba', 1),
(610, '2316', 2304, '', 0, 'BUENOS AIRES', 'Buenos Aires', 1),
(611, '2317', 2304, '', 0, 'CABA', 'Caba', 1),
(612, '2318', 2305, '', 0, 'LA PAMPA', 'La Pampa', 1),
(613, '2319', 2305, '', 0, 'NEUQUEN', 'Neuquén', 1),
(614, '2320', 2305, '', 0, 'RIO NEGRO', 'Río Negro', 1),
(615, '2321', 2305, '', 0, 'CHUBUT', 'Chubut', 1),
(616, '2322', 2305, '', 0, 'SANTA CRUZ', 'Santa Cruz', 1),
(617, '2323', 2305, '', 0, 'TIERRA DEL FUEGO', 'Tierra del Fuego', 1),
(618, '2324', 2305, '', 0, 'ISLAS MALVINAS', 'Islas Malvinas', 1),
(619, '2325', 2305, '', 0, 'ANTARTIDA', 'Antártida', 1),
(620, 'AC', 5601, 'ACRE', 0, 'AC', 'Acre', 1),
(621, 'AL', 5601, 'ALAGOAS', 0, 'AL', 'Alagoas', 1),
(622, 'AP', 5601, 'AMAPA', 0, 'AP', 'Amapá', 1),
(623, 'AM', 5601, 'AMAZONAS', 0, 'AM', 'Amazonas', 1),
(624, 'BA', 5601, 'BAHIA', 0, 'BA', 'Bahia', 1),
(625, 'CE', 5601, 'CEARA', 0, 'CE', 'Ceará', 1),
(626, 'ES', 5601, 'ESPIRITO SANTO', 0, 'ES', 'Espirito Santo', 1),
(627, 'GO', 5601, 'GOIAS', 0, 'GO', 'Goiás', 1),
(628, 'MA', 5601, 'MARANHAO', 0, 'MA', 'Maranhão', 1),
(629, 'MT', 5601, 'MATO GROSSO', 0, 'MT', 'Mato Grosso', 1),
(630, 'MS', 5601, 'MATO GROSSO DO SUL', 0, 'MS', 'Mato Grosso do Sul', 1),
(631, 'MG', 5601, 'MINAS GERAIS', 0, 'MG', 'Minas Gerais', 1),
(632, 'PA', 5601, 'PARA', 0, 'PA', 'Pará', 1),
(633, 'PB', 5601, 'PARAIBA', 0, 'PB', 'Paraiba', 1),
(634, 'PR', 5601, 'PARANA', 0, 'PR', 'Paraná', 1),
(635, 'PE', 5601, 'PERNAMBUCO', 0, 'PE', 'Pernambuco', 1),
(636, 'PI', 5601, 'PIAUI', 0, 'PI', 'Piauí', 1),
(637, 'RJ', 5601, 'RIO DE JANEIRO', 0, 'RJ', 'Rio de Janeiro', 1),
(638, 'RN', 5601, 'RIO GRANDE DO NORTE', 0, 'RN', 'Rio Grande do Norte', 1),
(639, 'RS', 5601, 'RIO GRANDE DO SUL', 0, 'RS', 'Rio Grande do Sul', 1),
(640, 'RO', 5601, 'RONDONIA', 0, 'RO', 'Rondônia', 1),
(641, 'RR', 5601, 'RORAIMA', 0, 'RR', 'Roraima', 1),
(642, 'SC', 5601, 'SANTA CATARINA', 0, 'SC', 'Santa Catarina', 1),
(643, 'SE', 5601, 'SERGIPE', 0, 'SE', 'Sergipe', 1),
(644, 'SP', 5601, 'SAO PAULO', 0, 'SP', 'Sao Paulo', 1),
(645, 'TO', 5601, 'TOCANTINS', 0, 'TO', 'Tocantins', 1),
(646, 'DF', 5601, 'DISTRITO FEDERAL', 0, 'DF', 'Distrito Federal', 1),
(647, '151', 6715, '', 0, '151', 'Arica', 1),
(648, '152', 6715, '', 0, '152', 'Parinacota', 1),
(649, '011', 6701, '', 0, '011', 'Iquique', 1),
(650, '014', 6701, '', 0, '014', 'Tamarugal', 1),
(651, '021', 6702, '', 0, '021', 'Antofagasa', 1),
(652, '022', 6702, '', 0, '022', 'El Loa', 1),
(653, '023', 6702, '', 0, '023', 'Tocopilla', 1),
(654, '031', 6703, '', 0, '031', 'Copiapó', 1),
(655, '032', 6703, '', 0, '032', 'Chañaral', 1),
(656, '033', 6703, '', 0, '033', 'Huasco', 1),
(657, '041', 6704, '', 0, '041', 'Elqui', 1),
(658, '042', 6704, '', 0, '042', 'Choapa', 1),
(659, '043', 6704, '', 0, '043', 'Limarí', 1),
(660, '051', 6705, '', 0, '051', 'Valparaíso', 1),
(661, '052', 6705, '', 0, '052', 'Isla de Pascua', 1),
(662, '053', 6705, '', 0, '053', 'Los Andes', 1),
(663, '054', 6705, '', 0, '054', 'Petorca', 1),
(664, '055', 6705, '', 0, '055', 'Quillota', 1),
(665, '056', 6705, '', 0, '056', 'San Antonio', 1),
(666, '057', 6705, '', 0, '057', 'San Felipe de Aconcagua', 1),
(667, '058', 6705, '', 0, '058', 'Marga Marga', 1),
(668, '061', 6706, '', 0, '061', 'Cachapoal', 1),
(669, '062', 6706, '', 0, '062', 'Cardenal Caro', 1),
(670, '063', 6706, '', 0, '063', 'Colchagua', 1),
(671, '071', 6707, '', 0, '071', 'Talca', 1),
(672, '072', 6707, '', 0, '072', 'Cauquenes', 1),
(673, '073', 6707, '', 0, '073', 'Curicó', 1),
(674, '074', 6707, '', 0, '074', 'Linares', 1),
(675, '081', 6708, '', 0, '081', 'Concepción', 1),
(676, '082', 6708, '', 0, '082', 'Arauco', 1),
(677, '083', 6708, '', 0, '083', 'Biobío', 1),
(678, '084', 6708, '', 0, '084', 'Ñuble', 1),
(679, '091', 6709, '', 0, '091', 'Cautín', 1),
(680, '092', 6709, '', 0, '092', 'Malleco', 1),
(681, '141', 6714, '', 0, '141', 'Valdivia', 1),
(682, '142', 6714, '', 0, '142', 'Ranco', 1),
(683, '101', 6710, '', 0, '101', 'Llanquihue', 1),
(684, '102', 6710, '', 0, '102', 'Chiloé', 1),
(685, '103', 6710, '', 0, '103', 'Osorno', 1),
(686, '104', 6710, '', 0, '104', 'Palena', 1),
(687, '111', 6711, '', 0, '111', 'Coihaique', 1),
(688, '112', 6711, '', 0, '112', 'Aisén', 1),
(689, '113', 6711, '', 0, '113', 'Capitán Prat', 1),
(690, '114', 6711, '', 0, '114', 'General Carrera', 1),
(691, '121', 6712, '', 0, '121', 'Magallanes', 1),
(692, '122', 6712, '', 0, '122', 'Antártica Chilena', 1),
(693, '123', 6712, '', 0, '123', 'Tierra del Fuego', 1),
(694, '124', 6712, '', 0, '124', 'Última Esperanza', 1),
(695, '131', 6713, '', 0, '131', 'Santiago', 1),
(696, '132', 6713, '', 0, '132', 'Cordillera', 1),
(697, '133', 6713, '', 0, '133', 'Chacabuco', 1),
(698, '134', 6713, '', 0, '134', 'Maipo', 1),
(699, '135', 6713, '', 0, '135', 'Melipilla', 1),
(700, '136', 6713, '', 0, '136', 'Talagante', 1),
(701, 'AN', 11701, NULL, 0, 'AN', 'Andaman & Nicobar', 1),
(702, 'AP', 11701, NULL, 0, 'AP', 'Andhra Pradesh', 1),
(703, 'AR', 11701, NULL, 0, 'AR', 'Arunachal Pradesh', 1),
(704, 'AS', 11701, NULL, 0, 'AS', 'Assam', 1),
(705, 'BR', 11701, NULL, 0, 'BR', 'Bihar', 1),
(706, 'CG', 11701, NULL, 0, 'CG', 'Chattisgarh', 1),
(707, 'CH', 11701, NULL, 0, 'CH', 'Chandigarh', 1),
(708, 'DD', 11701, NULL, 0, 'DD', 'Daman & Diu', 1),
(709, 'DL', 11701, NULL, 0, 'DL', 'Delhi', 1),
(710, 'DN', 11701, NULL, 0, 'DN', 'Dadra and Nagar Haveli', 1),
(711, 'GA', 11701, NULL, 0, 'GA', 'Goa', 1),
(712, 'GJ', 11701, NULL, 0, 'GJ', 'Gujarat', 1),
(713, 'HP', 11701, NULL, 0, 'HP', 'Himachal Pradesh', 1),
(714, 'HR', 11701, NULL, 0, 'HR', 'Haryana', 1),
(715, 'JH', 11701, NULL, 0, 'JH', 'Jharkhand', 1),
(716, 'JK', 11701, NULL, 0, 'JK', 'Jammu & Kashmir', 1),
(717, 'KA', 11701, NULL, 0, 'KA', 'Karnataka', 1),
(718, 'KL', 11701, NULL, 0, 'KL', 'Kerala', 1),
(719, 'LD', 11701, NULL, 0, 'LD', 'Lakshadweep', 1),
(720, 'MH', 11701, NULL, 0, 'MH', 'Maharashtra', 1),
(721, 'ML', 11701, NULL, 0, 'ML', 'Meghalaya', 1),
(722, 'MN', 11701, NULL, 0, 'MN', 'Manipur', 1),
(723, 'MP', 11701, NULL, 0, 'MP', 'Madhya Pradesh', 1),
(724, 'MZ', 11701, NULL, 0, 'MZ', 'Mizoram', 1),
(725, 'NL', 11701, NULL, 0, 'NL', 'Nagaland', 1),
(726, 'OR', 11701, NULL, 0, 'OR', 'Orissa', 1),
(727, 'PB', 11701, NULL, 0, 'PB', 'Punjab', 1),
(728, 'PY', 11701, NULL, 0, 'PY', 'Puducherry', 1),
(729, 'RJ', 11701, NULL, 0, 'RJ', 'Rajasthan', 1),
(730, 'SK', 11701, NULL, 0, 'SK', 'Sikkim', 1),
(731, 'TN', 11701, NULL, 0, 'TN', 'Tamil Nadu', 1),
(732, 'TR', 11701, NULL, 0, 'TR', 'Tripura', 1),
(733, 'UL', 11701, NULL, 0, 'UL', 'Uttarakhand', 1),
(734, 'UP', 11701, NULL, 0, 'UP', 'Uttar Pradesh', 1),
(735, 'WB', 11701, NULL, 0, 'WB', 'West Bengal', 1),
(736, 'DIF', 15401, '', 0, 'DIF', 'Distrito Federal', 1),
(737, 'AGS', 15401, '', 0, 'AGS', 'Aguascalientes', 1),
(738, 'BCN', 15401, '', 0, 'BCN', 'Baja California Norte', 1),
(739, 'BCS', 15401, '', 0, 'BCS', 'Baja California Sur', 1),
(740, 'CAM', 15401, '', 0, 'CAM', 'Campeche', 1),
(741, 'CHP', 15401, '', 0, 'CHP', 'Chiapas', 1),
(742, 'CHI', 15401, '', 0, 'CHI', 'Chihuahua', 1),
(743, 'COA', 15401, '', 0, 'COA', 'Coahuila', 1),
(744, 'COL', 15401, '', 0, 'COL', 'Colima', 1),
(745, 'DUR', 15401, '', 0, 'DUR', 'Durango', 1),
(746, 'GTO', 15401, '', 0, 'GTO', 'Guanajuato', 1),
(747, 'GRO', 15401, '', 0, 'GRO', 'Guerrero', 1),
(748, 'HGO', 15401, '', 0, 'HGO', 'Hidalgo', 1),
(749, 'JAL', 15401, '', 0, 'JAL', 'Jalisco', 1),
(750, 'MEX', 15401, '', 0, 'MEX', 'México', 1),
(751, 'MIC', 15401, '', 0, 'MIC', 'Michoacán de Ocampo', 1),
(752, 'MOR', 15401, '', 0, 'MOR', 'Morelos', 1),
(753, 'NAY', 15401, '', 0, 'NAY', 'Nayarit', 1),
(754, 'NLE', 15401, '', 0, 'NLE', 'Nuevo León', 1),
(755, 'OAX', 15401, '', 0, 'OAX', 'Oaxaca', 1),
(756, 'PUE', 15401, '', 0, 'PUE', 'Puebla', 1),
(757, 'QRO', 15401, '', 0, 'QRO', 'Querétaro', 1),
(758, 'ROO', 15401, '', 0, 'ROO', 'Quintana Roo', 1),
(759, 'SLP', 15401, '', 0, 'SLP', 'San Luis Potosí', 1),
(760, 'SIN', 15401, '', 0, 'SIN', 'Sinaloa', 1),
(761, 'SON', 15401, '', 0, 'SON', 'Sonora', 1),
(762, 'TAB', 15401, '', 0, 'TAB', 'Tabasco', 1),
(763, 'TAM', 15401, '', 0, 'TAM', 'Tamaulipas', 1),
(764, 'TLX', 15401, '', 0, 'TLX', 'Tlaxcala', 1),
(765, 'VER', 15401, '', 0, 'VER', 'Veracruz', 1),
(766, 'YUC', 15401, '', 0, 'YUC', 'Yucatán', 1),
(767, 'ZAC', 15401, '', 0, 'ZAC', 'Zacatecas', 1),
(768, 'ANT', 7001, '', 0, 'ANT', 'Antioquia', 1),
(769, 'BOL', 7001, '', 0, 'BOL', 'Bolívar', 1),
(770, 'BOY', 7001, '', 0, 'BOY', 'Boyacá', 1),
(771, 'CAL', 7001, '', 0, 'CAL', 'Caldas', 1),
(772, 'CAU', 7001, '', 0, 'CAU', 'Cauca', 1),
(773, 'CUN', 7001, '', 0, 'CUN', 'Cundinamarca', 1),
(774, 'HUI', 7001, '', 0, 'HUI', 'Huila', 1),
(775, 'LAG', 7001, '', 0, 'LAG', 'La Guajira', 1),
(776, 'MET', 7001, '', 0, 'MET', 'Meta', 1),
(777, 'NAR', 7001, '', 0, 'NAR', 'Nariño', 1),
(778, 'NDS', 7001, '', 0, 'NDS', 'Norte de Santander', 1),
(779, 'SAN', 7001, '', 0, 'SAN', 'Santander', 1),
(780, 'SUC', 7001, '', 0, 'SUC', 'Sucre', 1),
(781, 'TOL', 7001, '', 0, 'TOL', 'Tolima', 1),
(782, 'VAC', 7001, '', 0, 'VAC', 'Valle del Cauca', 1),
(783, 'RIS', 7001, '', 0, 'RIS', 'Risalda', 1),
(784, 'ATL', 7001, '', 0, 'ATL', 'Atlántico', 1),
(785, 'COR', 7001, '', 0, 'COR', 'Córdoba', 1),
(786, 'SAP', 7001, '', 0, 'SAP', 'San Andrés, Providencia y Santa Catalina', 1),
(787, 'ARA', 7001, '', 0, 'ARA', 'Arauca', 1),
(788, 'CAS', 7001, '', 0, 'CAS', 'Casanare', 1),
(789, 'AMA', 7001, '', 0, 'AMA', 'Amazonas', 1),
(790, 'CAQ', 7001, '', 0, 'CAQ', 'Caquetá', 1),
(791, 'CHO', 7001, '', 0, 'CHO', 'Chocó', 1),
(792, 'GUA', 7001, '', 0, 'GUA', 'Guainía', 1),
(793, 'GUV', 7001, '', 0, 'GUV', 'Guaviare', 1),
(794, 'PUT', 7001, '', 0, 'PUT', 'Putumayo', 1),
(795, 'QUI', 7001, '', 0, 'QUI', 'Quindío', 1),
(796, 'VAU', 7001, '', 0, 'VAU', 'Vaupés', 1),
(797, 'BOG', 7001, '', 0, 'BOG', 'Bogotá', 1),
(798, 'VID', 7001, '', 0, 'VID', 'Vichada', 1),
(799, 'CES', 7001, '', 0, 'CES', 'Cesar', 1),
(800, 'MAG', 7001, '', 0, 'MAG', 'Magdalena', 1),
(801, 'AT', 11401, '', 0, 'AT', 'Atlántida', 1),
(802, 'CH', 11401, '', 0, 'CH', 'Choluteca', 1),
(803, 'CL', 11401, '', 0, 'CL', 'Colón', 1),
(804, 'CM', 11401, '', 0, 'CM', 'Comayagua', 1),
(805, 'CO', 11401, '', 0, 'CO', 'Copán', 1),
(806, 'CR', 11401, '', 0, 'CR', 'Cortés', 1),
(807, 'EP', 11401, '', 0, 'EP', 'El Paraíso', 1),
(808, 'FM', 11401, '', 0, 'FM', 'Francisco Morazán', 1),
(809, 'GD', 11401, '', 0, 'GD', 'Gracias a Dios', 1),
(810, 'IN', 11401, '', 0, 'IN', 'Intibucá', 1),
(811, 'IB', 11401, '', 0, 'IB', 'Islas de la Bahía', 1),
(812, 'LP', 11401, '', 0, 'LP', 'La Paz', 1),
(813, 'LM', 11401, '', 0, 'LM', 'Lempira', 1),
(814, 'OC', 11401, '', 0, 'OC', 'Ocotepeque', 1),
(815, 'OL', 11401, '', 0, 'OL', 'Olancho', 1),
(816, 'SB', 11401, '', 0, 'SB', 'Santa Bárbara', 1),
(817, 'VL', 11401, '', 0, 'VL', 'Valle', 1),
(818, 'YO', 11401, '', 0, 'YO', 'Yoro', 1),
(819, 'DC', 11401, '', 0, 'DC', 'Distrito Central', 1),
(820, 'CC', 4601, 'Oistins', 0, 'CC', 'Christ Church', 1),
(821, 'SA', 4601, 'Greenland', 0, 'SA', 'Saint Andrew', 1),
(822, 'SG', 4601, 'Bulkeley', 0, 'SG', 'Saint George', 1),
(823, 'JA', 4601, 'Holetown', 0, 'JA', 'Saint James', 1),
(824, 'SJ', 4601, 'Four Roads', 0, 'SJ', 'Saint John', 1),
(825, 'SB', 4601, 'Bathsheba', 0, 'SB', 'Saint Joseph', 1),
(826, 'SL', 4601, 'Crab Hill', 0, 'SL', 'Saint Lucy', 1),
(827, 'SM', 4601, 'Bridgetown', 0, 'SM', 'Saint Michael', 1),
(828, 'SP', 4601, 'Speightstown', 0, 'SP', 'Saint Peter', 1),
(829, 'SC', 4601, 'Crane', 0, 'SC', 'Saint Philip', 1),
(830, 'ST', 4601, 'Hillaby', 0, 'ST', 'Saint Thomas', 1),
(831, 'VE-L', 23201, '', 0, 'VE-L', 'Mérida', 1),
(832, 'VE-T', 23201, '', 0, 'VE-T', 'Trujillo', 1),
(833, 'VE-E', 23201, '', 0, 'VE-E', 'Barinas', 1),
(834, 'VE-M', 23202, '', 0, 'VE-M', 'Miranda', 1),
(835, 'VE-W', 23202, '', 0, 'VE-W', 'Vargas', 1),
(836, 'VE-A', 23202, '', 0, 'VE-A', 'Distrito Capital', 1),
(837, 'VE-D', 23203, '', 0, 'VE-D', 'Aragua', 1),
(838, 'VE-G', 23203, '', 0, 'VE-G', 'Carabobo', 1),
(839, 'VE-I', 23204, '', 0, 'VE-I', 'Falcón', 1),
(840, 'VE-K', 23204, '', 0, 'VE-K', 'Lara', 1),
(841, 'VE-U', 23204, '', 0, 'VE-U', 'Yaracuy', 1),
(842, 'VE-F', 23205, '', 0, 'VE-F', 'Bolívar', 1),
(843, 'VE-X', 23205, '', 0, 'VE-X', 'Amazonas', 1),
(844, 'VE-Y', 23205, '', 0, 'VE-Y', 'Delta Amacuro', 1),
(845, 'VE-O', 23206, '', 0, 'VE-O', 'Nueva Esparta', 1),
(846, 'VE-Z', 23206, '', 0, 'VE-Z', 'Dependencias Federales', 1),
(847, 'VE-C', 23207, '', 0, 'VE-C', 'Apure', 1),
(848, 'VE-J', 23207, '', 0, 'VE-J', 'Guárico', 1),
(849, 'VE-H', 23207, '', 0, 'VE-H', 'Cojedes', 1),
(850, 'VE-P', 23207, '', 0, 'VE-P', 'Portuguesa', 1),
(851, 'VE-B', 23208, '', 0, 'VE-B', 'Anzoátegui', 1),
(852, 'VE-N', 23208, '', 0, 'VE-N', 'Monagas', 1),
(853, 'VE-R', 23208, '', 0, 'VE-R', 'Sucre', 1),
(854, 'VE-V', 23209, '', 0, 'VE-V', 'Zulia', 1),
(855, 'VE-S', 23209, '', 0, 'VE-S', 'Táchira', 1),
(856, 'AL01', 1301, '', 0, '', 'Wilaya d\'Adrar', 1),
(857, 'AL02', 1301, '', 0, '', 'Wilaya de Chlef', 1),
(858, 'AL03', 1301, '', 0, '', 'Wilaya de Laghouat', 1),
(859, 'AL04', 1301, '', 0, '', 'Wilaya d\'Oum El Bouaghi', 1),
(860, 'AL05', 1301, '', 0, '', 'Wilaya de Batna', 1),
(861, 'AL06', 1301, '', 0, '', 'Wilaya de Béjaïa', 1),
(862, 'AL07', 1301, '', 0, '', 'Wilaya de Biskra', 1),
(863, 'AL08', 1301, '', 0, '', 'Wilaya de Béchar', 1),
(864, 'AL09', 1301, '', 0, '', 'Wilaya de Blida', 1),
(865, 'AL11', 1301, '', 0, '', 'Wilaya de Bouira', 1),
(866, 'AL12', 1301, '', 0, '', 'Wilaya de Tamanrasset', 1),
(867, 'AL13', 1301, '', 0, '', 'Wilaya de Tébessa', 1),
(868, 'AL14', 1301, '', 0, '', 'Wilaya de Tlemcen', 1),
(869, 'AL15', 1301, '', 0, '', 'Wilaya de Tiaret', 1),
(870, 'AL16', 1301, '', 0, '', 'Wilaya de Tizi Ouzou', 1),
(871, 'AL17', 1301, '', 0, '', 'Wilaya d\'Alger', 1),
(872, 'AL18', 1301, '', 0, '', 'Wilaya de Djelfa', 1),
(873, 'AL19', 1301, '', 0, '', 'Wilaya de Jijel', 1),
(874, 'AL20', 1301, '', 0, '', 'Wilaya de Sétif	', 1),
(875, 'AL21', 1301, '', 0, '', 'Wilaya de Saïda', 1),
(876, 'AL22', 1301, '', 0, '', 'Wilaya de Skikda', 1),
(877, 'AL23', 1301, '', 0, '', 'Wilaya de Sidi Bel Abbès', 1),
(878, 'AL24', 1301, '', 0, '', 'Wilaya d\'Annaba', 1),
(879, 'AL25', 1301, '', 0, '', 'Wilaya de Guelma', 1),
(880, 'AL26', 1301, '', 0, '', 'Wilaya de Constantine', 1),
(881, 'AL27', 1301, '', 0, '', 'Wilaya de Médéa', 1),
(882, 'AL28', 1301, '', 0, '', 'Wilaya de Mostaganem', 1),
(883, 'AL29', 1301, '', 0, '', 'Wilaya de M\'Sila', 1),
(884, 'AL30', 1301, '', 0, '', 'Wilaya de Mascara', 1),
(885, 'AL31', 1301, '', 0, '', 'Wilaya d\'Ouargla', 1),
(886, 'AL32', 1301, '', 0, '', 'Wilaya d\'Oran', 1),
(887, 'AL33', 1301, '', 0, '', 'Wilaya d\'El Bayadh', 1),
(888, 'AL34', 1301, '', 0, '', 'Wilaya d\'Illizi', 1),
(889, 'AL35', 1301, '', 0, '', 'Wilaya de Bordj Bou Arreridj', 1),
(890, 'AL36', 1301, '', 0, '', 'Wilaya de Boumerdès', 1),
(891, 'AL37', 1301, '', 0, '', 'Wilaya d\'El Tarf', 1),
(892, 'AL38', 1301, '', 0, '', 'Wilaya de Tindouf', 1),
(893, 'AL39', 1301, '', 0, '', 'Wilaya de Tissemsilt', 1),
(894, 'AL40', 1301, '', 0, '', 'Wilaya d\'El Oued', 1),
(895, 'AL41', 1301, '', 0, '', 'Wilaya de Khenchela', 1),
(896, 'AL42', 1301, '', 0, '', 'Wilaya de Souk Ahras', 1),
(897, 'AL43', 1301, '', 0, '', 'Wilaya de Tipaza', 1),
(898, 'AL44', 1301, '', 0, '', 'Wilaya de Mila', 1),
(899, 'AL45', 1301, '', 0, '', 'Wilaya d\'Aïn Defla', 1),
(900, 'AL46', 1301, '', 0, '', 'Wilaya de Naâma', 1),
(901, 'AL47', 1301, '', 0, '', 'Wilaya d\'Aïn Témouchent', 1),
(902, 'AL48', 1301, '', 0, '', 'Wilaya de Ghardaia', 1),
(903, 'AL49', 1301, '', 0, '', 'Wilaya de Relizane', 1),
(904, 'MA', 1209, '', 0, '', 'Province de Benslimane', 1),
(905, 'MA1', 1209, '', 0, '', 'Province de Berrechid', 1),
(906, 'MA2', 1209, '', 0, '', 'Province de Khouribga', 1),
(907, 'MA3', 1209, '', 0, '', 'Province de Settat', 1),
(908, 'MA4', 1210, '', 0, '', 'Province d\'El Jadida', 1),
(909, 'MA5', 1210, '', 0, '', 'Province de Safi', 1),
(910, 'MA6', 1210, '', 0, '', 'Province de Sidi Bennour', 1),
(911, 'MA7', 1210, '', 0, '', 'Province de Youssoufia', 1),
(912, 'MA6B', 1205, '', 0, '', 'Préfecture de Fès', 1),
(913, 'MA7B', 1205, '', 0, '', 'Province de Boulemane', 1),
(914, 'MA8', 1205, '', 0, '', 'Province de Moulay Yacoub', 1),
(915, 'MA9', 1205, '', 0, '', 'Province de Sefrou', 1),
(916, 'MA8A', 1202, '', 0, '', 'Province de Kénitra', 1),
(917, 'MA9A', 1202, '', 0, '', 'Province de Sidi Kacem', 1),
(918, 'MA10', 1202, '', 0, '', 'Province de Sidi Slimane', 1),
(919, 'MA11', 1208, '', 0, '', 'Préfecture de Casablanca', 1),
(920, 'MA12', 1208, '', 0, '', 'Préfecture de Mohammédia', 1),
(921, 'MA13', 1208, '', 0, '', 'Province de Médiouna', 1),
(922, 'MA14', 1208, '', 0, '', 'Province de Nouaceur', 1),
(923, 'MA15', 1214, '', 0, '', 'Province d\'Assa-Zag', 1),
(924, 'MA16', 1214, '', 0, '', 'Province d\'Es-Semara', 1),
(925, 'MA17A', 1214, '', 0, '', 'Province de Guelmim', 1),
(926, 'MA18', 1214, '', 0, '', 'Province de Tata', 1),
(927, 'MA19', 1214, '', 0, '', 'Province de Tan-Tan', 1),
(928, 'MA15', 1215, '', 0, '', 'Province de Boujdour', 1),
(929, 'MA16', 1215, '', 0, '', 'Province de Lâayoune', 1),
(930, 'MA17', 1215, '', 0, '', 'Province de Tarfaya', 1),
(931, 'MA18', 1211, '', 0, '', 'Préfecture de Marrakech', 1),
(932, 'MA19', 1211, '', 0, '', 'Province d\'Al Haouz', 1),
(933, 'MA20', 1211, '', 0, '', 'Province de Chichaoua', 1),
(934, 'MA21', 1211, '', 0, '', 'Province d\'El Kelâa des Sraghna', 1),
(935, 'MA22', 1211, '', 0, '', 'Province d\'Essaouira', 1),
(936, 'MA23', 1211, '', 0, '', 'Province de Rehamna', 1),
(937, 'MA24', 1206, '', 0, '', 'Préfecture de Meknès', 1),
(938, 'MA25', 1206, '', 0, '', 'Province d’El Hajeb', 1),
(939, 'MA26', 1206, '', 0, '', 'Province d\'Errachidia', 1),
(940, 'MA27', 1206, '', 0, '', 'Province d’Ifrane', 1),
(941, 'MA28', 1206, '', 0, '', 'Province de Khénifra', 1),
(942, 'MA29', 1206, '', 0, '', 'Province de Midelt', 1),
(943, 'MA30', 1204, '', 0, '', 'Préfecture d\'Oujda-Angad', 1),
(944, 'MA31', 1204, '', 0, '', 'Province de Berkane', 1),
(945, 'MA32', 1204, '', 0, '', 'Province de Driouch', 1),
(946, 'MA33', 1204, '', 0, '', 'Province de Figuig', 1),
(947, 'MA34', 1204, '', 0, '', 'Province de Jerada', 1),
(948, 'MA35', 1204, '', 0, '', 'Province de Nadorgg', 1),
(949, 'MA36', 1204, '', 0, '', 'Province de Taourirt', 1),
(950, 'MA37', 1216, '', 0, '', 'Province d\'Aousserd', 1),
(951, 'MA38', 1216, '', 0, '', 'Province d\'Oued Ed-Dahab', 1),
(952, 'MA39', 1207, '', 0, '', 'Préfecture de Rabat', 1),
(953, 'MA40', 1207, '', 0, '', 'Préfecture de Skhirat-Témara', 1),
(954, 'MA41', 1207, '', 0, '', 'Préfecture de Salé', 1),
(955, 'MA42', 1207, '', 0, '', 'Province de Khémisset', 1),
(956, 'MA43', 1213, '', 0, '', 'Préfecture d\'Agadir Ida-Outanane', 1),
(957, 'MA44', 1213, '', 0, '', 'Préfecture d\'Inezgane-Aït Melloul', 1),
(958, 'MA45', 1213, '', 0, '', 'Province de Chtouka-Aït Baha', 1),
(959, 'MA46', 1213, '', 0, '', 'Province d\'Ouarzazate', 1),
(960, 'MA47', 1213, '', 0, '', 'Province de Sidi Ifni', 1),
(961, 'MA48', 1213, '', 0, '', 'Province de Taroudant', 1),
(962, 'MA49', 1213, '', 0, '', 'Province de Tinghir', 1),
(963, 'MA50', 1213, '', 0, '', 'Province de Tiznit', 1),
(964, 'MA51', 1213, '', 0, '', 'Province de Zagora', 1),
(965, 'MA52', 1212, '', 0, '', 'Province d\'Azilal', 1),
(966, 'MA53', 1212, '', 0, '', 'Province de Beni Mellal', 1),
(967, 'MA54', 1212, '', 0, '', 'Province de Fquih Ben Salah', 1),
(968, 'MA55', 1201, '', 0, '', 'Préfecture de M\'diq-Fnideq', 1),
(969, 'MA56', 1201, '', 0, '', 'Préfecture de Tanger-Asilah', 1),
(970, 'MA57', 1201, '', 0, '', 'Province de Chefchaouen', 1),
(971, 'MA58', 1201, '', 0, '', 'Province de Fahs-Anjra', 1),
(972, 'MA59', 1201, '', 0, '', 'Province de Larache', 1),
(973, 'MA60', 1201, '', 0, '', 'Province d\'Ouezzane', 1);
INSERT INTO `b65362949_c_departements` (`rowid`, `code_departement`, `fk_region`, `cheflieu`, `tncc`, `ncc`, `nom`, `active`) VALUES
(974, 'MA61', 1201, '', 0, '', 'Province de Tétouan', 1),
(975, 'MA62', 1203, '', 0, '', 'Province de Guercif', 1),
(976, 'MA63', 1203, '', 0, '', 'Province d\'Al Hoceïma', 1),
(977, 'MA64', 1203, '', 0, '', 'Province de Taounate', 1),
(978, 'MA65', 1203, '', 0, '', 'Province de Taza', 1),
(979, 'MA6A', 1205, '', 0, '', 'Préfecture de Fès', 1),
(980, 'MA7A', 1205, '', 0, '', 'Province de Boulemane', 1),
(981, 'MA15A', 1214, '', 0, '', 'Province d\'Assa-Zag', 1),
(982, 'MA16A', 1214, '', 0, '', 'Province d\'Es-Semara', 1),
(983, 'MA18A', 1211, '', 0, '', 'Préfecture de Marrakech', 1),
(984, 'MA19A', 1214, '', 0, '', 'Province de Tan-Tan', 1),
(985, 'MA19B', 1214, '', 0, '', 'Province de Tan-Tan', 1),
(986, 'TN01', 1001, '', 0, '', 'Ariana', 1),
(987, 'TN02', 1001, '', 0, '', 'Béja', 1),
(988, 'TN03', 1001, '', 0, '', 'Ben Arous', 1),
(989, 'TN04', 1001, '', 0, '', 'Bizerte', 1),
(990, 'TN05', 1001, '', 0, '', 'Gabès', 1),
(991, 'TN06', 1001, '', 0, '', 'Gafsa', 1),
(992, 'TN07', 1001, '', 0, '', 'Jendouba', 1),
(993, 'TN08', 1001, '', 0, '', 'Kairouan', 1),
(994, 'TN09', 1001, '', 0, '', 'Kasserine', 1),
(995, 'TN10', 1001, '', 0, '', 'Kébili', 1),
(996, 'TN11', 1001, '', 0, '', 'La Manouba', 1),
(997, 'TN12', 1001, '', 0, '', 'Le Kef', 1),
(998, 'TN13', 1001, '', 0, '', 'Mahdia', 1),
(999, 'TN14', 1001, '', 0, '', 'Médenine', 1),
(1000, 'TN15', 1001, '', 0, '', 'Monastir', 1),
(1001, 'TN16', 1001, '', 0, '', 'Nabeul', 1),
(1002, 'TN17', 1001, '', 0, '', 'Sfax', 1),
(1003, 'TN18', 1001, '', 0, '', 'Sidi Bouzid', 1),
(1004, 'TN19', 1001, '', 0, '', 'Siliana', 1),
(1005, 'TN20', 1001, '', 0, '', 'Sousse', 1),
(1006, 'TN21', 1001, '', 0, '', 'Tataouine', 1),
(1007, 'TN22', 1001, '', 0, '', 'Tozeur', 1),
(1008, 'TN23', 1001, '', 0, '', 'Tunis', 1),
(1009, 'TN24', 1001, '', 0, '', 'Zaghouan', 1);

-- --------------------------------------------------------

--
-- Estructura de tabla para la tabla `b65362949_c_ecotaxe`
--

CREATE TABLE `b65362949_c_ecotaxe` (
  `rowid` int NOT NULL,
  `code` varchar(64) NOT NULL,
  `libelle` varchar(255) DEFAULT NULL,
  `price` double(24,8) DEFAULT NULL,
  `organization` varchar(255) DEFAULT NULL,
  `fk_pays` int NOT NULL,
  `active` tinyint NOT NULL DEFAULT '1'
) ENGINE=InnoDB DEFAULT CHARSET=utf8mb3;

--
-- Volcado de datos para la tabla `b65362949_c_ecotaxe`
--

INSERT INTO `b65362949_c_ecotaxe` (`rowid`, `code`, `libelle`, `price`, `organization`, `fk_pays`, `active`) VALUES
(1, 'ER-A-A', 'Materiels electriques < 0,2kg', 0.01000000, 'ERP', 1, 1),
(2, 'ER-A-B', 'Materiels electriques >= 0,2 kg et < 0,5 kg', 0.03000000, 'ERP', 1, 1),
(3, 'ER-A-C', 'Materiels electriques >= 0,5 kg et < 1 kg', 0.04000000, 'ERP', 1, 1),
(4, 'ER-A-D', 'Materiels electriques >= 1 kg et < 2 kg', 0.13000000, 'ERP', 1, 1),
(5, 'ER-A-E', 'Materiels electriques >= 2 kg et < 4kg', 0.21000000, 'ERP', 1, 1),
(6, 'ER-A-F', 'Materiels electriques >= 4 kg et < 8 kg', 0.42000000, 'ERP', 1, 1),
(7, 'ER-A-G', 'Materiels electriques >= 8 kg et < 15 kg', 0.84000000, 'ERP', 1, 1),
(8, 'ER-A-H', 'Materiels electriques >= 15 kg et < 20 kg', 1.25000000, 'ERP', 1, 1),
(9, 'ER-A-I', 'Materiels electriques >= 20 kg et < 30 kg', 1.88000000, 'ERP', 1, 1),
(10, 'ER-A-J', 'Materiels electriques >= 30 kg', 3.34000000, 'ERP', 1, 1),
(11, 'ER-M-1', 'TV, Moniteurs < 9kg', 0.84000000, 'ERP', 1, 1),
(12, 'ER-M-2', 'TV, Moniteurs >= 9kg et < 15kg', 1.67000000, 'ERP', 1, 1),
(13, 'ER-M-3', 'TV, Moniteurs >= 15kg et < 30kg', 3.34000000, 'ERP', 1, 1),
(14, 'ER-M-4', 'TV, Moniteurs >= 30 kg', 6.69000000, 'ERP', 1, 1),
(15, 'EC-A-A', 'Materiels electriques  0,2 kg max', 0.00840000, 'Ecologic', 1, 1),
(16, 'EC-A-B', 'Materiels electriques 0,21 kg min - 0,50 kg max', 0.02500000, 'Ecologic', 1, 1),
(17, 'EC-A-C', 'Materiels electriques  0,51 kg min - 1 kg max', 0.04000000, 'Ecologic', 1, 1),
(18, 'EC-A-D', 'Materiels electriques  1,01 kg min - 2,5 kg max', 0.13000000, 'Ecologic', 1, 1),
(19, 'EC-A-E', 'Materiels electriques  2,51 kg min - 4 kg max', 0.21000000, 'Ecologic', 1, 1),
(20, 'EC-A-F', 'Materiels electriques 4,01 kg min - 8 kg max', 0.42000000, 'Ecologic', 1, 1),
(21, 'EC-A-G', 'Materiels electriques  8,01 kg min - 12 kg max', 0.63000000, 'Ecologic', 1, 1),
(22, 'EC-A-H', 'Materiels electriques 12,01 kg min - 20 kg max', 1.05000000, 'Ecologic', 1, 1),
(23, 'EC-A-I', 'Materiels electriques  20,01 kg min', 1.88000000, 'Ecologic', 1, 1),
(24, 'EC-M-1', 'TV, Moniteurs 9 kg max', 0.84000000, 'Ecologic', 1, 1),
(25, 'EC-M-2', 'TV, Moniteurs 9,01 kg min - 18 kg max', 1.67000000, 'Ecologic', 1, 1),
(26, 'EC-M-3', 'TV, Moniteurs 18,01 kg min - 36 kg max', 3.34000000, 'Ecologic', 1, 1),
(27, 'EC-M-4', 'TV, Moniteurs 36,01 kg min', 6.69000000, 'Ecologic', 1, 1),
(28, 'ES-M-1', 'TV, Moniteurs <= 20 pouces', 0.84000000, 'Eco-systemes', 1, 1),
(29, 'ES-M-2', 'TV, Moniteurs > 20 pouces et <= 32 pouces', 3.34000000, 'Eco-systemes', 1, 1),
(30, 'ES-M-3', 'TV, Moniteurs > 32 pouces et autres grands ecrans', 6.69000000, 'Eco-systemes', 1, 1),
(31, 'ES-A-A', 'Ordinateur fixe, Audio home systems (HIFI), elements hifi separes', 0.84000000, 'Eco-systemes', 1, 1),
(32, 'ES-A-B', 'Ordinateur portable, CD-RCR, VCR, lecteurs et enregistreurs DVD, instruments de musique et caisses de resonance, haut parleurs...', 0.25000000, 'Eco-systemes', 1, 1),
(33, 'ES-A-C', 'Imprimante, photocopieur, telecopieur', 0.42000000, 'Eco-systemes', 1, 1),
(34, 'ES-A-D', 'Accessoires, clavier, souris, PDA, imprimante photo, appareil photo, gps, telephone, repondeur, telephone sans fil, modem, telecommande, casque, camescope, baladeur mp3, radio portable, radio K7 et CD portable, radio reveil', 0.08400000, 'Eco-systemes', 1, 1),
(35, 'ES-A-E', 'GSM', 0.00840000, 'Eco-systemes', 1, 1),
(36, 'ES-A-F', 'Jouets et equipements de loisirs et de sports < 0,5 kg', 0.04200000, 'Eco-systemes', 1, 1),
(37, 'ES-A-G', 'Jouets et equipements de loisirs et de sports > 0,5 kg', 0.17000000, 'Eco-systemes', 1, 1),
(38, 'ES-A-H', 'Jouets et equipements de loisirs et de sports > 10 kg', 1.25000000, 'Eco-systemes', 1, 1);

-- --------------------------------------------------------

--
-- Estructura de tabla para la tabla `b65362949_c_effectif`
--

CREATE TABLE `b65362949_c_effectif` (
  `id` int NOT NULL,
  `code` varchar(12) NOT NULL,
  `libelle` varchar(30) DEFAULT NULL,
  `active` tinyint NOT NULL DEFAULT '1',
  `module` varchar(32) DEFAULT NULL
) ENGINE=InnoDB DEFAULT CHARSET=utf8mb3;

--
-- Volcado de datos para la tabla `b65362949_c_effectif`
--

INSERT INTO `b65362949_c_effectif` (`id`, `code`, `libelle`, `active`, `module`) VALUES
(0, 'EF0', '-', 1, NULL),
(1, 'EF1-5', '1 - 5', 1, NULL),
(2, 'EF6-10', '6 - 10', 1, NULL),
(3, 'EF11-50', '11 - 50', 1, NULL),
(4, 'EF51-100', '51 - 100', 1, NULL),
(5, 'EF100-500', '100 - 500', 1, NULL),
(6, 'EF500-', '> 500', 1, NULL);

-- --------------------------------------------------------

--
-- Estructura de tabla para la tabla `b65362949_c_email_templates`
--

CREATE TABLE `b65362949_c_email_templates` (
  `rowid` int NOT NULL,
  `entity` int NOT NULL DEFAULT '1',
  `type_template` varchar(32) DEFAULT NULL,
  `datec` datetime DEFAULT NULL,
  `label` varchar(255) DEFAULT NULL,
  `content` text
) ENGINE=InnoDB DEFAULT CHARSET=utf8mb3;

-- --------------------------------------------------------

--
-- Estructura de tabla para la tabla `b65362949_c_field_list`
--

CREATE TABLE `b65362949_c_field_list` (
  `rowid` int NOT NULL,
  `tms` timestamp NOT NULL DEFAULT CURRENT_TIMESTAMP ON UPDATE CURRENT_TIMESTAMP,
  `element` varchar(64) NOT NULL,
  `entity` int NOT NULL DEFAULT '1',
  `name` varchar(32) NOT NULL,
  `alias` varchar(32) NOT NULL,
  `title` varchar(32) NOT NULL,
  `align` varchar(6) DEFAULT 'left',
  `sort` tinyint NOT NULL DEFAULT '1',
  `search` tinyint NOT NULL DEFAULT '0',
  `enabled` varchar(255) DEFAULT '1',
  `rang` int DEFAULT '0'
) ENGINE=InnoDB DEFAULT CHARSET=utf8mb3;

-- --------------------------------------------------------

--
-- Estructura de tabla para la tabla `b65362949_c_forme_juridique`
--

CREATE TABLE `b65362949_c_forme_juridique` (
  `rowid` int NOT NULL,
  `code` int NOT NULL,
  `fk_pays` int NOT NULL,
  `libelle` varchar(255) DEFAULT NULL,
  `isvatexempted` tinyint NOT NULL DEFAULT '0',
  `active` tinyint NOT NULL DEFAULT '1',
  `module` varchar(32) DEFAULT NULL
) ENGINE=InnoDB DEFAULT CHARSET=utf8mb3;

--
-- Volcado de datos para la tabla `b65362949_c_forme_juridique`
--

INSERT INTO `b65362949_c_forme_juridique` (`rowid`, `code`, `fk_pays`, `libelle`, `isvatexempted`, `active`, `module`) VALUES
(1, 0, 0, '-', 0, 1, NULL),
(2, 2301, 23, 'Monotributista', 0, 1, NULL),
(3, 2302, 23, 'Sociedad Civil', 0, 1, NULL),
(4, 2303, 23, 'Sociedades Comerciales', 0, 1, NULL),
(5, 2304, 23, 'Sociedades de Hecho', 0, 1, NULL),
(6, 2305, 23, 'Sociedades Irregulares', 0, 1, NULL),
(7, 2306, 23, 'Sociedad Colectiva', 0, 1, NULL),
(8, 2307, 23, 'Sociedad en Comandita Simple', 0, 1, NULL),
(9, 2308, 23, 'Sociedad de Capital e Industria', 0, 1, NULL),
(10, 2309, 23, 'Sociedad Accidental o en participación', 0, 1, NULL),
(11, 2310, 23, 'Sociedad de Responsabilidad Limitada', 0, 1, NULL),
(12, 2311, 23, 'Sociedad Anónima', 0, 1, NULL),
(13, 2312, 23, 'Sociedad Anónima con Participación Estatal Mayoritaria', 0, 1, NULL),
(14, 2313, 23, 'Sociedad en Comandita por Acciones (arts. 315 a 324, LSC)', 0, 1, NULL),
(15, 11, 1, 'Artisan Commerçant (EI)', 0, 1, NULL),
(16, 12, 1, 'Commerçant (EI)', 0, 1, NULL),
(17, 13, 1, 'Artisan (EI)', 0, 1, NULL),
(18, 14, 1, 'Officier public ou ministériel', 0, 1, NULL),
(19, 15, 1, 'Profession libérale (EI)', 0, 1, NULL),
(20, 16, 1, 'Exploitant agricole', 0, 1, NULL),
(21, 17, 1, 'Agent commercial', 0, 1, NULL),
(22, 18, 1, 'Associé Gérant de société', 0, 1, NULL),
(23, 19, 1, 'Personne physique', 0, 1, NULL),
(24, 21, 1, 'Indivision', 0, 1, NULL),
(25, 22, 1, 'Société créée de fait', 0, 1, NULL),
(26, 23, 1, 'Société en participation', 0, 1, NULL),
(27, 27, 1, 'Paroisse hors zone concordataire', 0, 1, NULL),
(28, 29, 1, 'Groupement de droit privé non doté de la personnalité morale', 0, 1, NULL),
(29, 31, 1, 'Personne morale de droit étranger, immatriculée au RCS', 0, 1, NULL),
(30, 32, 1, 'Personne morale de droit étranger, non immatriculée au RCS', 0, 1, NULL),
(31, 35, 1, 'Régime auto-entrepreneur', 0, 1, NULL),
(32, 41, 1, 'Établissement public ou régie à caractère industriel ou commercial', 0, 1, NULL),
(33, 51, 1, 'Société coopérative commerciale particulière', 0, 1, NULL),
(34, 52, 1, 'Société en nom collectif', 0, 1, NULL),
(35, 53, 1, 'Société en commandite', 0, 1, NULL),
(36, 54, 1, 'Société à responsabilité limitée (SARL)', 0, 1, NULL),
(37, 55, 1, 'Société anonyme à conseil d administration', 0, 1, NULL),
(38, 56, 1, 'Société anonyme à directoire', 0, 1, NULL),
(39, 57, 1, 'Société par actions simplifiée (SAS)', 0, 1, NULL),
(40, 58, 1, 'Entreprise Unipersonnelle à Responsabilité Limitée (EURL)', 0, 1, NULL),
(41, 59, 1, 'Société par actions simplifiée unipersonnelle (SASU)', 0, 1, NULL),
(42, 61, 1, 'Caisse d\'épargne et de prévoyance', 0, 1, NULL),
(43, 62, 1, 'Groupement d\'intérêt économique (GIE)', 0, 1, NULL),
(44, 63, 1, 'Société coopérative agricole', 0, 1, NULL),
(45, 64, 1, 'Société non commerciale d assurances', 0, 1, NULL),
(46, 65, 1, 'Société civile', 0, 1, NULL),
(47, 69, 1, 'Personnes de droit privé inscrites au RCS', 0, 1, NULL),
(48, 71, 1, 'Administration de l état', 0, 1, NULL),
(49, 72, 1, 'Collectivité territoriale', 0, 1, NULL),
(50, 73, 1, 'Établissement public administratif', 0, 1, NULL),
(51, 74, 1, 'Personne morale de droit public administratif', 0, 1, NULL),
(52, 81, 1, 'Organisme gérant régime de protection social à adhésion obligatoire', 0, 1, NULL),
(53, 82, 1, 'Organisme mutualiste', 0, 1, NULL),
(54, 83, 1, 'Comité d entreprise', 0, 1, NULL),
(55, 84, 1, 'Organisme professionnel', 0, 1, NULL),
(56, 85, 1, 'Organisme de retraite à adhésion non obligatoire', 0, 1, NULL),
(57, 91, 1, 'Syndicat de propriétaires', 0, 1, NULL),
(58, 92, 1, 'Association loi 1901 ou assimilé', 0, 1, NULL),
(59, 93, 1, 'Fondation', 0, 1, NULL),
(60, 99, 1, 'Personne morale de droit privé', 0, 1, NULL),
(61, 200, 2, 'Indépendant', 0, 1, NULL),
(62, 201, 2, 'SPRL - Société à responsabilité limitée', 0, 1, NULL),
(63, 202, 2, 'SA   - Société Anonyme', 0, 1, NULL),
(64, 203, 2, 'SCRL - Société coopérative à responsabilité limitée', 0, 1, NULL),
(65, 204, 2, 'ASBL - Association sans but Lucratif', 0, 1, NULL),
(66, 205, 2, 'SCRI - Société coopérative à responsabilité illimitée', 0, 1, NULL),
(67, 206, 2, 'SCS  - Société en commandite simple', 0, 1, NULL),
(68, 207, 2, 'SCA  - Société en commandite par action', 0, 1, NULL),
(69, 208, 2, 'SNC  - Société en nom collectif', 0, 1, NULL),
(70, 209, 2, 'GIE  - Groupement d intérêt économique', 0, 1, NULL),
(71, 210, 2, 'GEIE - Groupement européen d intérêt économique', 0, 1, NULL),
(72, 220, 2, 'Eenmanszaak', 0, 1, NULL),
(73, 221, 2, 'BVBA - Besloten vennootschap met beperkte aansprakelijkheid', 0, 1, NULL),
(74, 222, 2, 'NV   - Naamloze Vennootschap', 0, 1, NULL),
(75, 223, 2, 'CVBA - Coöperatieve vennootschap met beperkte aansprakelijkheid', 0, 1, NULL),
(76, 224, 2, 'VZW  - Vereniging zonder winstoogmerk', 0, 1, NULL),
(77, 225, 2, 'CVOA - Coöperatieve vennootschap met onbeperkte aansprakelijkheid ', 0, 1, NULL),
(78, 226, 2, 'GCV  - Gewone commanditaire vennootschap', 0, 1, NULL),
(79, 227, 2, 'Comm.VA - Commanditaire vennootschap op aandelen', 0, 1, NULL),
(80, 228, 2, 'VOF  - Vennootschap onder firma', 0, 1, NULL),
(81, 229, 2, 'VS0  - Vennootschap met sociaal oogmerk', 0, 1, NULL),
(82, 500, 5, 'GmbH - Gesellschaft mit beschränkter Haftung', 0, 1, NULL),
(83, 501, 5, 'AG - Aktiengesellschaft ', 0, 1, NULL),
(84, 502, 5, 'GmbH&Co. KG - Gesellschaft mit beschränkter Haftung & Compagnie Kommanditgesellschaft', 0, 1, NULL),
(85, 503, 5, 'Gewerbe - Personengesellschaft', 0, 1, NULL),
(86, 504, 5, 'UG - Unternehmergesellschaft -haftungsbeschränkt-', 0, 1, NULL),
(87, 505, 5, 'GbR - Gesellschaft des bürgerlichen Rechts', 0, 1, NULL),
(88, 506, 5, 'KG - Kommanditgesellschaft', 0, 1, NULL),
(89, 507, 5, 'Ltd. - Limited Company', 0, 1, NULL),
(90, 508, 5, 'OHG - Offene Handelsgesellschaft', 0, 1, NULL),
(91, 10201, 102, 'Ατομική επιχείρηση', 0, 1, NULL),
(92, 10202, 102, 'Εταιρική  επιχείρηση', 0, 1, NULL),
(93, 10203, 102, 'Ομόρρυθμη Εταιρεία Ο.Ε', 0, 1, NULL),
(94, 10204, 102, 'Ετερόρρυθμη Εταιρεία Ε.Ε', 0, 1, NULL),
(95, 10205, 102, 'Εταιρεία Περιορισμένης Ευθύνης Ε.Π.Ε', 0, 1, NULL),
(96, 10206, 102, 'Ανώνυμη Εταιρεία Α.Ε', 0, 1, NULL),
(97, 10207, 102, 'Ανώνυμη ναυτιλιακή εταιρεία Α.Ν.Ε', 0, 1, NULL),
(98, 10208, 102, 'Συνεταιρισμός', 0, 1, NULL),
(99, 10209, 102, 'Συμπλοιοκτησία', 0, 1, NULL),
(100, 301, 3, 'Società semplice', 0, 1, NULL),
(101, 302, 3, 'Società in nome collettivo s.n.c.', 0, 1, NULL),
(102, 303, 3, 'Società in accomandita semplice s.a.s.', 0, 1, NULL),
(103, 304, 3, 'Società per azioni s.p.a.', 0, 1, NULL),
(104, 305, 3, 'Società a responsabilità limitata s.r.l.', 0, 1, NULL),
(105, 306, 3, 'Società in accomandita per azioni s.a.p.a.', 0, 1, NULL),
(106, 307, 3, 'Società cooperativa a r.l.', 0, 1, NULL),
(107, 308, 3, 'Società consortile', 0, 1, NULL),
(108, 309, 3, 'Società europea', 0, 1, NULL),
(109, 310, 3, 'Società cooperativa europea', 0, 1, NULL),
(110, 311, 3, 'Società unipersonale', 0, 1, NULL),
(111, 312, 3, 'Società di professionisti', 0, 1, NULL),
(112, 313, 3, 'Società di fatto', 0, 1, NULL),
(113, 315, 3, 'Società apparente', 0, 1, NULL),
(114, 316, 3, 'Impresa individuale ', 0, 1, NULL),
(115, 317, 3, 'Impresa coniugale', 0, 1, NULL),
(116, 318, 3, 'Impresa familiare', 0, 1, NULL),
(117, 319, 3, 'Consorzio cooperativo', 0, 1, NULL),
(118, 320, 3, 'Società cooperativa sociale', 0, 1, NULL),
(119, 321, 3, 'Società cooperativa di consumo', 0, 1, NULL),
(120, 322, 3, 'Società cooperativa agricola', 0, 1, NULL),
(121, 323, 3, 'A.T.I. Associazione temporanea di imprese', 0, 1, NULL),
(122, 324, 3, 'R.T.I. Raggruppamento temporaneo di imprese', 0, 1, NULL),
(123, 325, 3, 'Studio associato', 0, 1, NULL),
(124, 600, 6, 'Raison Individuelle', 0, 1, NULL),
(125, 601, 6, 'Société Simple', 0, 1, NULL),
(126, 602, 6, 'Société en nom collectif', 0, 1, NULL),
(127, 603, 6, 'Société en commandite', 0, 1, NULL),
(128, 604, 6, 'Société anonyme (SA)', 0, 1, NULL),
(129, 605, 6, 'Société en commandite par actions', 0, 1, NULL),
(130, 606, 6, 'Société à responsabilité limitée (SARL)', 0, 1, NULL),
(131, 607, 6, 'Société coopérative', 0, 1, NULL),
(132, 608, 6, 'Association', 0, 1, NULL),
(133, 609, 6, 'Fondation', 0, 1, NULL),
(134, 700, 7, 'Sole Trader', 0, 1, NULL),
(135, 701, 7, 'Partnership', 0, 1, NULL),
(136, 702, 7, 'Private Limited Company by shares (LTD)', 0, 1, NULL),
(137, 703, 7, 'Public Limited Company', 0, 1, NULL),
(138, 704, 7, 'Workers Cooperative', 0, 1, NULL),
(139, 705, 7, 'Limited Liability Partnership', 0, 1, NULL),
(140, 706, 7, 'Franchise', 0, 1, NULL),
(141, 1000, 10, 'Société à responsabilité limitée (SARL)', 0, 1, NULL),
(142, 1001, 10, 'Société en Nom Collectif (SNC)', 0, 1, NULL),
(143, 1002, 10, 'Société en Commandite Simple (SCS)', 0, 1, NULL),
(144, 1003, 10, 'société en participation', 0, 1, NULL),
(145, 1004, 10, 'Société Anonyme (SA)', 0, 1, NULL),
(146, 1005, 10, 'Société Unipersonnelle à Responsabilité Limitée (SUARL)', 0, 1, NULL),
(147, 1006, 10, 'Groupement d\'intérêt économique (GEI)', 0, 1, NULL),
(148, 1007, 10, 'Groupe de sociétés', 0, 1, NULL),
(149, 1701, 17, 'Eenmanszaak', 0, 1, NULL),
(150, 1702, 17, 'Maatschap', 0, 1, NULL),
(151, 1703, 17, 'Vennootschap onder firma', 0, 1, NULL),
(152, 1704, 17, 'Commanditaire vennootschap', 0, 1, NULL),
(153, 1705, 17, 'Besloten vennootschap (BV)', 0, 1, NULL),
(154, 1706, 17, 'Naamloze Vennootschap (NV)', 0, 1, NULL),
(155, 1707, 17, 'Vereniging', 0, 1, NULL),
(156, 1708, 17, 'Stichting', 0, 1, NULL),
(157, 1709, 17, 'Coöperatie met beperkte aansprakelijkheid (BA)', 0, 1, NULL),
(158, 1710, 17, 'Coöperatie met uitgesloten aansprakelijkheid (UA)', 0, 1, NULL),
(159, 1711, 17, 'Coöperatie met wettelijke aansprakelijkheid (WA)', 0, 1, NULL),
(160, 1712, 17, 'Onderlinge waarborgmaatschappij', 0, 1, NULL),
(161, 401, 4, 'Empresario Individual', 0, 1, NULL),
(162, 402, 4, 'Comunidad de Bienes', 0, 1, NULL),
(163, 403, 4, 'Sociedad Civil', 0, 1, NULL),
(164, 404, 4, 'Sociedad Colectiva', 0, 1, NULL),
(165, 405, 4, 'Sociedad Limitada', 0, 1, NULL),
(166, 406, 4, 'Sociedad Anónima', 0, 1, NULL),
(167, 407, 4, 'Sociedad Comanditaria por Acciones', 0, 1, NULL),
(168, 408, 4, 'Sociedad Comanditaria Simple', 0, 1, NULL),
(169, 409, 4, 'Sociedad Laboral', 0, 1, NULL),
(170, 410, 4, 'Sociedad Cooperativa', 0, 1, NULL),
(171, 411, 4, 'Sociedad de Garantía Recíproca', 0, 1, NULL),
(172, 412, 4, 'Entidad de Capital-Riesgo', 0, 1, NULL),
(173, 413, 4, 'Agrupación de Interés Económico', 0, 1, NULL),
(174, 414, 4, 'Sociedad de Inversión Mobiliaria', 0, 1, NULL),
(175, 415, 4, 'Agrupación sin Ánimo de Lucro', 0, 1, NULL),
(176, 15201, 152, 'Mauritius Private Company Limited By Shares', 0, 1, NULL),
(177, 15202, 152, 'Mauritius Company Limited By Guarantee', 0, 1, NULL),
(178, 15203, 152, 'Mauritius Public Company Limited By Shares', 0, 1, NULL),
(179, 15204, 152, 'Mauritius Foreign Company', 0, 1, NULL),
(180, 15205, 152, 'Mauritius GBC1 (Offshore Company)', 0, 1, NULL),
(181, 15206, 152, 'Mauritius GBC2 (International Company)', 0, 1, NULL),
(182, 15207, 152, 'Mauritius General Partnership', 0, 1, NULL),
(183, 15208, 152, 'Mauritius Limited Partnership', 0, 1, NULL),
(184, 15209, 152, 'Mauritius Sole Proprietorship', 0, 1, NULL),
(185, 15210, 152, 'Mauritius Trusts', 0, 1, NULL),
(186, 15401, 154, 'Sociedad en nombre colectivo', 0, 1, NULL),
(187, 15402, 154, 'Sociedad en comandita simple', 0, 1, NULL),
(188, 15403, 154, 'Sociedad de responsabilidad limitada', 0, 1, NULL),
(189, 15404, 154, 'Sociedad anónima', 0, 1, NULL),
(190, 15405, 154, 'Sociedad en comandita por acciones', 0, 1, NULL),
(191, 15406, 154, 'Sociedad cooperativa', 0, 1, NULL);

-- --------------------------------------------------------

--
-- Estructura de tabla para la tabla `b65362949_c_input_method`
--

CREATE TABLE `b65362949_c_input_method` (
  `rowid` int NOT NULL,
  `code` varchar(30) DEFAULT NULL,
  `libelle` varchar(60) DEFAULT NULL,
  `active` tinyint NOT NULL DEFAULT '1',
  `module` varchar(32) DEFAULT NULL
) ENGINE=InnoDB DEFAULT CHARSET=utf8mb3;

--
-- Volcado de datos para la tabla `b65362949_c_input_method`
--

INSERT INTO `b65362949_c_input_method` (`rowid`, `code`, `libelle`, `active`, `module`) VALUES
(1, 'OrderByMail', 'Courrier', 1, NULL),
(2, 'OrderByFax', 'Fax', 1, NULL),
(3, 'OrderByEMail', 'EMail', 1, NULL),
(4, 'OrderByPhone', 'Téléphone', 1, NULL),
(5, 'OrderByWWW', 'En ligne', 1, NULL);

-- --------------------------------------------------------

--
-- Estructura de tabla para la tabla `b65362949_c_input_reason`
--

CREATE TABLE `b65362949_c_input_reason` (
  `rowid` int NOT NULL,
  `code` varchar(30) DEFAULT NULL,
  `label` varchar(60) DEFAULT NULL,
  `active` tinyint NOT NULL DEFAULT '1',
  `module` varchar(32) DEFAULT NULL
) ENGINE=InnoDB DEFAULT CHARSET=utf8mb3;

--
-- Volcado de datos para la tabla `b65362949_c_input_reason`
--

INSERT INTO `b65362949_c_input_reason` (`rowid`, `code`, `label`, `active`, `module`) VALUES
(1, 'SRC_INTE', 'Web site', 1, NULL),
(2, 'SRC_CAMP_MAIL', 'Mailing campaign', 1, NULL),
(3, 'SRC_CAMP_PHO', 'Phone campaign', 1, NULL),
(4, 'SRC_CAMP_FAX', 'Fax campaign', 1, NULL),
(5, 'SRC_COMM', 'Commercial contact', 1, NULL),
(6, 'SRC_SHOP', 'Shop contact', 1, NULL),
(7, 'SRC_CAMP_EMAIL', 'EMailing campaign', 1, NULL),
(8, 'SRC_WOM', 'Word of mouth', 1, NULL),
(9, 'SRC_PARTNER', 'Partner', 1, NULL),
(10, 'SRC_EMPLOYEE', 'Employee', 1, NULL),
(11, 'SRC_SPONSORING', 'Sponsorship', 1, NULL);

-- --------------------------------------------------------

--
-- Estructura de tabla para la tabla `b65362949_c_paiement`
--

CREATE TABLE `b65362949_c_paiement` (
  `id` int NOT NULL,
  `code` varchar(6) NOT NULL,
  `libelle` varchar(30) DEFAULT NULL,
  `type` smallint DEFAULT NULL,
  `active` tinyint NOT NULL DEFAULT '1',
  `module` varchar(32) DEFAULT NULL
) ENGINE=InnoDB DEFAULT CHARSET=utf8mb3;

--
-- Volcado de datos para la tabla `b65362949_c_paiement`
--

INSERT INTO `b65362949_c_paiement` (`id`, `code`, `libelle`, `type`, `active`, `module`) VALUES
(0, '', '-', 3, 1, NULL),
(1, 'TIP', 'TIP', 2, 1, NULL),
(2, 'VIR', 'Virement', 2, 1, NULL),
(3, 'PRE', 'Prélèvement', 2, 1, NULL),
(4, 'LIQ', 'Espèces', 2, 1, NULL),
(6, 'CB', 'Carte Bancaire', 2, 1, NULL),
(7, 'CHQ', 'Chèque', 2, 1, NULL),
(50, 'VAD', 'Paiement en ligne', 2, 0, NULL),
(51, 'TRA', 'Traite', 2, 0, NULL),
(52, 'LCR', 'LCR', 2, 0, NULL),
(53, 'FAC', 'Factor', 2, 0, NULL),
(54, 'PRO', 'Proforma', 2, 0, NULL);

-- --------------------------------------------------------

--
-- Estructura de tabla para la tabla `b65362949_c_paper_format`
--

CREATE TABLE `b65362949_c_paper_format` (
  `rowid` int NOT NULL,
  `code` varchar(16) NOT NULL,
  `label` varchar(50) NOT NULL,
  `width` float(6,2) DEFAULT '0.00',
  `height` float(6,2) DEFAULT '0.00',
  `unit` varchar(5) NOT NULL,
  `active` tinyint NOT NULL DEFAULT '1',
  `module` varchar(32) DEFAULT NULL
) ENGINE=InnoDB DEFAULT CHARSET=utf8mb3;

--
-- Volcado de datos para la tabla `b65362949_c_paper_format`
--

INSERT INTO `b65362949_c_paper_format` (`rowid`, `code`, `label`, `width`, `height`, `unit`, `active`, `module`) VALUES
(1, 'EU4A0', 'Format 4A0', 1682.00, 2378.00, 'mm', 1, NULL),
(2, 'EU2A0', 'Format 2A0', 1189.00, 1682.00, 'mm', 1, NULL),
(3, 'EUA0', 'Format A0', 840.00, 1189.00, 'mm', 1, NULL),
(4, 'EUA1', 'Format A1', 594.00, 840.00, 'mm', 1, NULL),
(5, 'EUA2', 'Format A2', 420.00, 594.00, 'mm', 1, NULL),
(6, 'EUA3', 'Format A3', 297.00, 420.00, 'mm', 1, NULL),
(7, 'EUA4', 'Format A4', 210.00, 297.00, 'mm', 1, NULL),
(8, 'EUA5', 'Format A5', 148.00, 210.00, 'mm', 1, NULL),
(9, 'EUA6', 'Format A6', 105.00, 148.00, 'mm', 1, NULL),
(100, 'USLetter', 'Format Letter (A)', 216.00, 279.00, 'mm', 1, NULL),
(105, 'USLegal', 'Format Legal', 216.00, 356.00, 'mm', 1, NULL),
(110, 'USExecutive', 'Format Executive', 190.00, 254.00, 'mm', 1, NULL),
(115, 'USLedger', 'Format Ledger/Tabloid (B)', 279.00, 432.00, 'mm', 1, NULL),
(200, 'CAP1', 'Format Canadian P1', 560.00, 860.00, 'mm', 1, NULL),
(205, 'CAP2', 'Format Canadian P2', 430.00, 560.00, 'mm', 1, NULL),
(210, 'CAP3', 'Format Canadian P3', 280.00, 430.00, 'mm', 1, NULL),
(215, 'CAP4', 'Format Canadian P4', 215.00, 280.00, 'mm', 1, NULL),
(220, 'CAP5', 'Format Canadian P5', 140.00, 215.00, 'mm', 1, NULL),
(225, 'CAP6', 'Format Canadian P6', 107.00, 140.00, 'mm', 1, NULL);

-- --------------------------------------------------------

--
-- Estructura de tabla para la tabla `b65362949_c_payment_term`
--

CREATE TABLE `b65362949_c_payment_term` (
  `rowid` int NOT NULL,
  `code` varchar(16) DEFAULT NULL,
  `sortorder` smallint DEFAULT NULL,
  `active` tinyint DEFAULT '1',
  `libelle` varchar(255) DEFAULT NULL,
  `libelle_facture` text,
  `fdm` tinyint DEFAULT NULL,
  `nbjour` smallint DEFAULT NULL,
  `decalage` smallint DEFAULT NULL,
  `module` varchar(32) DEFAULT NULL
) ENGINE=InnoDB DEFAULT CHARSET=utf8mb3;

--
-- Volcado de datos para la tabla `b65362949_c_payment_term`
--

INSERT INTO `b65362949_c_payment_term` (`rowid`, `code`, `sortorder`, `active`, `libelle`, `libelle_facture`, `fdm`, `nbjour`, `decalage`, `module`) VALUES
(1, 'RECEP', 1, 1, 'A réception de facture', 'Réception de facture', 0, 0, NULL, NULL),
(2, '30D', 2, 1, '30 jours', 'Réglement à 30 jours', 0, 30, NULL, NULL),
(3, '30DENDMONTH', 3, 0, '30 jours fin de mois', 'Réglement à 30 jours fin de mois', 1, 30, NULL, NULL),
(4, '60D', 4, 1, '60 jours', 'Réglement à 60 jours', 0, 60, NULL, NULL),
(5, '60DENDMONTH', 5, 0, '60 jours fin de mois', 'Réglement à 60 jours fin de mois', 1, 60, NULL, NULL),
(6, 'PT_ORDER', 6, 0, 'A réception de commande', 'A réception de commande', 0, 0, NULL, NULL),
(7, 'PT_DELIVERY', 7, 0, 'Livraison', 'Règlement à la livraison', 0, 0, NULL, NULL),
(8, 'PT_5050', 8, 0, '50 et 50', 'Règlement 50% à la commande, 50% à la livraison', 0, 0, NULL, NULL);

-- --------------------------------------------------------

--
-- Estructura de tabla para la tabla `b65362949_c_pays`
--

CREATE TABLE `b65362949_c_pays` (
  `rowid` int NOT NULL,
  `code` varchar(2) NOT NULL,
  `code_iso` varchar(3) DEFAULT NULL,
  `libelle` varchar(50) NOT NULL,
  `active` tinyint NOT NULL DEFAULT '1'
) ENGINE=InnoDB DEFAULT CHARSET=utf8mb3;

--
-- Volcado de datos para la tabla `b65362949_c_pays`
--

INSERT INTO `b65362949_c_pays` (`rowid`, `code`, `code_iso`, `libelle`, `active`) VALUES
(0, '', NULL, '-', 1),
(1, 'FR', NULL, 'France', 1),
(2, 'BE', NULL, 'Belgium', 1),
(3, 'IT', NULL, 'Italy', 1),
(4, 'ES', NULL, 'Spain', 1),
(5, 'DE', NULL, 'Germany', 1),
(6, 'CH', NULL, 'Switzerland', 1),
(7, 'GB', NULL, 'United Kingdom', 1),
(8, 'IE', NULL, 'Irland', 1),
(9, 'CN', NULL, 'China', 1),
(10, 'TN', NULL, 'Tunisia', 1),
(11, 'US', NULL, 'United States', 1),
(12, 'MA', NULL, 'Maroc', 1),
(13, 'DZ', NULL, 'Algeria', 1),
(14, 'CA', NULL, 'Canada', 1),
(15, 'TG', NULL, 'Togo', 1),
(16, 'GA', NULL, 'Gabon', 1),
(17, 'NL', NULL, 'Nerderland', 1),
(18, 'HU', NULL, 'Hongrie', 1),
(19, 'RU', NULL, 'Russia', 1),
(20, 'SE', NULL, 'Sweden', 1),
(21, 'CI', NULL, 'Côte d\'Ivoire', 1),
(22, 'SN', NULL, 'Senegal', 1),
(23, 'AR', NULL, 'Argentine', 1),
(24, 'CM', NULL, 'Cameroun', 1),
(25, 'PT', NULL, 'Portugal', 1),
(26, 'SA', NULL, 'Saudi Arabia', 1),
(27, 'MC', NULL, 'Monaco', 1),
(28, 'AU', NULL, 'Australia', 1),
(29, 'SG', NULL, 'Singapour', 1),
(30, 'AF', NULL, 'Afghanistan', 1),
(31, 'AX', NULL, 'Iles Aland', 1),
(32, 'AL', NULL, 'Albanie', 1),
(33, 'AS', NULL, 'Samoa américaines', 1),
(34, 'AD', NULL, 'Andorre', 1),
(35, 'AO', NULL, 'Angola', 1),
(36, 'AI', NULL, 'Anguilla', 1),
(37, 'AQ', NULL, 'Antarctique', 1),
(38, 'AG', NULL, 'Antigua-et-Barbuda', 1),
(39, 'AM', NULL, 'Arménie', 1),
(40, 'AW', NULL, 'Aruba', 1),
(41, 'AT', NULL, 'Autriche', 1),
(42, 'AZ', NULL, 'Azerbaïdjan', 1),
(43, 'BS', NULL, 'Bahamas', 1),
(44, 'BH', NULL, 'Bahreïn', 1),
(45, 'BD', NULL, 'Bangladesh', 1),
(46, 'BB', NULL, 'Barbade', 1),
(47, 'BY', NULL, 'Biélorussie', 1),
(48, 'BZ', NULL, 'Belize', 1),
(49, 'BJ', NULL, 'Bénin', 1),
(50, 'BM', NULL, 'Bermudes', 1),
(51, 'BT', NULL, 'Bhoutan', 1),
(52, 'BO', NULL, 'Bolivie', 1),
(53, 'BA', NULL, 'Bosnie-Herzégovine', 1),
(54, 'BW', NULL, 'Botswana', 1),
(55, 'BV', NULL, 'Ile Bouvet', 1),
(56, 'BR', NULL, 'Brazil', 1),
(57, 'IO', NULL, 'Territoire britannique de l\'Océan Indien', 1),
(58, 'BN', NULL, 'Brunei', 1),
(59, 'BG', NULL, 'Bulgarie', 1),
(60, 'BF', NULL, 'Burkina Faso', 1),
(61, 'BI', NULL, 'Burundi', 1),
(62, 'KH', NULL, 'Cambodge', 1),
(63, 'CV', NULL, 'Cap-Vert', 1),
(64, 'KY', NULL, 'Iles Cayman', 1),
(65, 'CF', NULL, 'République centrafricaine', 1),
(66, 'TD', NULL, 'Tchad', 1),
(67, 'CL', NULL, 'Chili', 1),
(68, 'CX', NULL, 'Ile Christmas', 1),
(69, 'CC', NULL, 'Iles des Cocos (Keeling)', 1),
(70, 'CO', NULL, 'Colombie', 1),
(71, 'KM', NULL, 'Comores', 1),
(72, 'CG', NULL, 'Congo', 1),
(73, 'CD', NULL, 'République démocratique du Congo', 1),
(74, 'CK', NULL, 'Iles Cook', 1),
(75, 'CR', NULL, 'Costa Rica', 1),
(76, 'HR', NULL, 'Croatie', 1),
(77, 'CU', NULL, 'Cuba', 1),
(78, 'CY', NULL, 'Chypre', 1),
(79, 'CZ', NULL, 'République Tchèque', 1),
(80, 'DK', NULL, 'Danemark', 1),
(81, 'DJ', NULL, 'Djibouti', 1),
(82, 'DM', NULL, 'Dominique', 1),
(83, 'DO', NULL, 'République Dominicaine', 1),
(84, 'EC', NULL, 'Equateur', 1),
(85, 'EG', NULL, 'Egypte', 1),
(86, 'SV', NULL, 'Salvador', 1),
(87, 'GQ', NULL, 'Guinée Equatoriale', 1),
(88, 'ER', NULL, 'Erythrée', 1),
(89, 'EE', NULL, 'Estonia', 1),
(90, 'ET', NULL, 'Ethiopie', 1),
(91, 'FK', NULL, 'Iles Falkland', 1),
(92, 'FO', NULL, 'Iles Féroé', 1),
(93, 'FJ', NULL, 'Iles Fidji', 1),
(94, 'FI', NULL, 'Finlande', 1),
(95, 'GF', NULL, 'Guyane française', 1),
(96, 'PF', NULL, 'Polynésie française', 1),
(97, 'TF', NULL, 'Terres australes françaises', 1),
(98, 'GM', NULL, 'Gambie', 1),
(99, 'GE', NULL, 'Georgia', 1),
(100, 'GH', NULL, 'Ghana', 1),
(101, 'GI', NULL, 'Gibraltar', 1),
(102, 'GR', NULL, 'Greece', 1),
(103, 'GL', NULL, 'Groenland', 1),
(104, 'GD', NULL, 'Grenade', 1),
(106, 'GU', NULL, 'Guam', 1),
(107, 'GT', NULL, 'Guatemala', 1),
(108, 'GN', NULL, 'Guinea', 1),
(109, 'GW', NULL, 'Guinea-Bissao', 1),
(111, 'HT', NULL, 'Haiti', 1),
(112, 'HM', NULL, 'Iles Heard et McDonald', 1),
(113, 'VA', NULL, 'Saint-Siège (Vatican)', 1),
(114, 'HN', NULL, 'Honduras', 1),
(115, 'HK', NULL, 'Hong Kong', 1),
(116, 'IS', NULL, 'Islande', 1),
(117, 'IN', NULL, 'India', 1),
(118, 'ID', NULL, 'Indonésie', 1),
(119, 'IR', NULL, 'Iran', 1),
(120, 'IQ', NULL, 'Iraq', 1),
(121, 'IL', NULL, 'Israel', 1),
(122, 'JM', NULL, 'Jamaïque', 1),
(123, 'JP', NULL, 'Japon', 1),
(124, 'JO', NULL, 'Jordanie', 1),
(125, 'KZ', NULL, 'Kazakhstan', 1),
(126, 'KE', NULL, 'Kenya', 1),
(127, 'KI', NULL, 'Kiribati', 1),
(128, 'KP', NULL, 'North Corea', 1),
(129, 'KR', NULL, 'South Corea', 1),
(130, 'KW', NULL, 'Koweït', 1),
(131, 'KG', NULL, 'Kirghizistan', 1),
(132, 'LA', NULL, 'Laos', 1),
(133, 'LV', NULL, 'Lettonie', 1),
(134, 'LB', NULL, 'Liban', 1),
(135, 'LS', NULL, 'Lesotho', 1),
(136, 'LR', NULL, 'Liberia', 1),
(137, 'LY', NULL, 'Libye', 1),
(138, 'LI', NULL, 'Liechtenstein', 1),
(139, 'LT', NULL, 'Lituanie', 1),
(140, 'LU', NULL, 'Luxembourg', 1),
(141, 'MO', NULL, 'Macao', 1),
(142, 'MK', NULL, 'ex-République yougoslave de Macédoine', 1),
(143, 'MG', NULL, 'Madagascar', 1),
(144, 'MW', NULL, 'Malawi', 1),
(145, 'MY', NULL, 'Malaisie', 1),
(146, 'MV', NULL, 'Maldives', 1),
(147, 'ML', NULL, 'Mali', 1),
(148, 'MT', NULL, 'Malte', 1),
(149, 'MH', NULL, 'Iles Marshall', 1),
(151, 'MR', NULL, 'Mauritanie', 1),
(152, 'MU', NULL, 'Maurice', 1),
(153, 'YT', NULL, 'Mayotte', 1),
(154, 'MX', NULL, 'Mexique', 1),
(155, 'FM', NULL, 'Micronésie', 1),
(156, 'MD', NULL, 'Moldavie', 1),
(157, 'MN', NULL, 'Mongolie', 1),
(158, 'MS', NULL, 'Monserrat', 1),
(159, 'MZ', NULL, 'Mozambique', 1),
(160, 'MM', NULL, 'Birmanie (Myanmar)', 1),
(161, 'NA', NULL, 'Namibie', 1),
(162, 'NR', NULL, 'Nauru', 1),
(163, 'NP', NULL, 'Népal', 1),
(164, 'AN', NULL, 'Antilles néerlandaises', 1),
(165, 'NC', NULL, 'Nouvelle-Calédonie', 1),
(166, 'NZ', NULL, 'Nouvelle-Zélande', 1),
(167, 'NI', NULL, 'Nicaragua', 1),
(168, 'NE', NULL, 'Niger', 1),
(169, 'NG', NULL, 'Nigeria', 1),
(170, 'NU', NULL, 'Nioué', 1),
(171, 'NF', NULL, 'Ile Norfolk', 1),
(172, 'MP', NULL, 'Mariannes du Nord', 1),
(173, 'NO', NULL, 'Norvège', 1),
(174, 'OM', NULL, 'Oman', 1),
(175, 'PK', NULL, 'Pakistan', 1),
(176, 'PW', NULL, 'Palaos', 1),
(177, 'PS', NULL, 'Territoire Palestinien Occupé', 1),
(178, 'PA', NULL, 'Panama', 1),
(179, 'PG', NULL, 'Papouasie-Nouvelle-Guinée', 1),
(180, 'PY', NULL, 'Paraguay', 1),
(181, 'PE', NULL, 'Peru', 1),
(182, 'PH', NULL, 'Philippines', 1),
(183, 'PN', NULL, 'Iles Pitcairn', 1),
(184, 'PL', NULL, 'Pologne', 1),
(185, 'PR', NULL, 'Porto Rico', 1),
(186, 'QA', NULL, 'Qatar', 1),
(188, 'RO', NULL, 'Roumanie', 1),
(189, 'RW', NULL, 'Rwanda', 1),
(190, 'SH', NULL, 'Sainte-Hélène', 1),
(191, 'KN', NULL, 'Saint-Christophe-et-Niévès', 1),
(192, 'LC', NULL, 'Sainte-Lucie', 1),
(193, 'PM', NULL, 'Saint-Pierre-et-Miquelon', 1),
(194, 'VC', NULL, 'Saint-Vincent-et-les-Grenadines', 1),
(195, 'WS', NULL, 'Samoa', 1),
(196, 'SM', NULL, 'Saint-Marin', 1),
(197, 'ST', NULL, 'Sao Tomé-et-Principe', 1),
(198, 'RS', NULL, 'Serbie', 1),
(199, 'SC', NULL, 'Seychelles', 1),
(200, 'SL', NULL, 'Sierra Leone', 1),
(201, 'SK', NULL, 'Slovaquie', 1),
(202, 'SI', NULL, 'Slovénie', 1),
(203, 'SB', NULL, 'Iles Salomon', 1),
(204, 'SO', NULL, 'Somalie', 1),
(205, 'ZA', NULL, 'Afrique du Sud', 1),
(206, 'GS', NULL, 'Iles Géorgie du Sud et Sandwich du Sud', 1),
(207, 'LK', NULL, 'Sri Lanka', 1),
(208, 'SD', NULL, 'Soudan', 1),
(209, 'SR', NULL, 'Suriname', 1),
(210, 'SJ', NULL, 'Iles Svalbard et Jan Mayen', 1),
(211, 'SZ', NULL, 'Swaziland', 1),
(212, 'SY', NULL, 'Syrie', 1),
(213, 'TW', NULL, 'Taïwan', 1),
(214, 'TJ', NULL, 'Tadjikistan', 1),
(215, 'TZ', NULL, 'Tanzanie', 1),
(216, 'TH', NULL, 'Thaïlande', 1),
(217, 'TL', NULL, 'Timor Oriental', 1),
(218, 'TK', NULL, 'Tokélaou', 1),
(219, 'TO', NULL, 'Tonga', 1),
(220, 'TT', NULL, 'Trinité-et-Tobago', 1),
(221, 'TR', NULL, 'Turquie', 1),
(222, 'TM', NULL, 'Turkménistan', 1),
(223, 'TC', NULL, 'Iles Turks-et-Caicos', 1),
(224, 'TV', NULL, 'Tuvalu', 1),
(225, 'UG', NULL, 'Ouganda', 1),
(226, 'UA', NULL, 'Ukraine', 1),
(227, 'AE', NULL, 'Émirats arabes unis', 1),
(228, 'UM', NULL, 'Iles mineures éloignées des États-Unis', 1),
(229, 'UY', NULL, 'Uruguay', 1),
(230, 'UZ', NULL, 'Ouzbékistan', 1),
(231, 'VU', NULL, 'Vanuatu', 1),
(232, 'VE', NULL, 'Vénézuela', 1),
(233, 'VN', NULL, 'Viêt Nam', 1),
(234, 'VG', NULL, 'Iles Vierges britanniques', 1),
(235, 'VI', NULL, 'Iles Vierges américaines', 1),
(236, 'WF', NULL, 'Wallis-et-Futuna', 1),
(237, 'EH', NULL, 'Sahara occidental', 1),
(238, 'YE', NULL, 'Yémen', 1),
(239, 'ZM', NULL, 'Zambie', 1),
(240, 'ZW', NULL, 'Zimbabwe', 1),
(241, 'GG', NULL, 'Guernesey', 1),
(242, 'IM', NULL, 'Ile de Man', 1),
(243, 'JE', NULL, 'Jersey', 1),
(244, 'ME', NULL, 'Monténégro', 1),
(245, 'BL', NULL, 'Saint-Barthélemy', 1),
(246, 'MF', NULL, 'Saint-Martin', 1);

-- --------------------------------------------------------

--
-- Estructura de tabla para la tabla `b65362949_c_propalst`
--

CREATE TABLE `b65362949_c_propalst` (
  `id` smallint NOT NULL,
  `code` varchar(12) NOT NULL,
  `label` varchar(30) DEFAULT NULL,
  `active` tinyint NOT NULL DEFAULT '1'
) ENGINE=InnoDB DEFAULT CHARSET=utf8mb3;

--
-- Volcado de datos para la tabla `b65362949_c_propalst`
--

INSERT INTO `b65362949_c_propalst` (`id`, `code`, `label`, `active`) VALUES
(0, 'PR_DRAFT', 'Brouillon', 1),
(1, 'PR_OPEN', 'Ouverte', 1),
(2, 'PR_SIGNED', 'Signée', 1),
(3, 'PR_NOTSIGNED', 'Non Signée', 1),
(4, 'PR_FAC', 'Facturée', 1);

-- --------------------------------------------------------

--
-- Estructura de tabla para la tabla `b65362949_c_prospectlevel`
--

CREATE TABLE `b65362949_c_prospectlevel` (
  `code` varchar(12) NOT NULL,
  `label` varchar(30) DEFAULT NULL,
  `sortorder` smallint DEFAULT NULL,
  `active` smallint NOT NULL DEFAULT '1',
  `module` varchar(32) DEFAULT NULL
) ENGINE=InnoDB DEFAULT CHARSET=utf8mb3;

--
-- Volcado de datos para la tabla `b65362949_c_prospectlevel`
--

INSERT INTO `b65362949_c_prospectlevel` (`code`, `label`, `sortorder`, `active`, `module`) VALUES
('PL_HIGH', 'High', 4, 1, NULL),
('PL_LOW', 'Low', 2, 1, NULL),
('PL_MEDIUM', 'Medium', 3, 1, NULL),
('PL_NONE', 'None', 1, 1, NULL);

-- --------------------------------------------------------

--
-- Estructura de tabla para la tabla `b65362949_c_regions`
--

CREATE TABLE `b65362949_c_regions` (
  `rowid` int NOT NULL,
  `code_region` int NOT NULL,
  `fk_pays` int NOT NULL,
  `cheflieu` varchar(50) DEFAULT NULL,
  `tncc` int DEFAULT NULL,
  `nom` varchar(50) DEFAULT NULL,
  `active` tinyint NOT NULL DEFAULT '1'
) ENGINE=InnoDB DEFAULT CHARSET=utf8mb3;

--
-- Volcado de datos para la tabla `b65362949_c_regions`
--

INSERT INTO `b65362949_c_regions` (`rowid`, `code_region`, `fk_pays`, `cheflieu`, `tncc`, `nom`, `active`) VALUES
(1, 0, 0, '0', 0, '-', 1),
(101, 1, 1, '97105', 3, 'Guadeloupe', 1),
(102, 2, 1, '97209', 3, 'Martinique', 1),
(103, 3, 1, '97302', 3, 'Guyane', 1),
(104, 4, 1, '97411', 3, 'Réunion', 1),
(105, 11, 1, '75056', 1, 'Île-de-France', 1),
(106, 21, 1, '51108', 0, 'Champagne-Ardenne', 1),
(107, 22, 1, '80021', 0, 'Picardie', 1),
(108, 23, 1, '76540', 0, 'Haute-Normandie', 1),
(109, 24, 1, '45234', 2, 'Centre', 1),
(110, 25, 1, '14118', 0, 'Basse-Normandie', 1),
(111, 26, 1, '21231', 0, 'Bourgogne', 1),
(112, 31, 1, '59350', 2, 'Nord-Pas-de-Calais', 1),
(113, 41, 1, '57463', 0, 'Lorraine', 1),
(114, 42, 1, '67482', 1, 'Alsace', 1),
(115, 43, 1, '25056', 0, 'Franche-Comté', 1),
(116, 52, 1, '44109', 4, 'Pays de la Loire', 1),
(117, 53, 1, '35238', 0, 'Bretagne', 1),
(118, 54, 1, '86194', 2, 'Poitou-Charentes', 1),
(119, 72, 1, '33063', 1, 'Aquitaine', 1),
(120, 73, 1, '31555', 0, 'Midi-Pyrénées', 1),
(121, 74, 1, '87085', 2, 'Limousin', 1),
(122, 82, 1, '69123', 2, 'Rhône-Alpes', 1),
(123, 83, 1, '63113', 1, 'Auvergne', 1),
(124, 91, 1, '34172', 2, 'Languedoc-Roussillon', 1),
(125, 93, 1, '13055', 0, 'Provence-Alpes-Côte d\'Azur', 1),
(126, 94, 1, '2A004', 0, 'Corse', 1),
(201, 201, 2, '', 1, 'Flandre', 1),
(202, 202, 2, '', 2, 'Wallonie', 1),
(203, 203, 2, '', 3, 'Bruxelles-Capitale', 1),
(301, 301, 3, NULL, 1, 'Abruzzo', 1),
(302, 302, 3, NULL, 1, 'Basilicata', 1),
(303, 303, 3, NULL, 1, 'Calabria', 1),
(304, 304, 3, NULL, 1, 'Campania', 1),
(305, 305, 3, NULL, 1, 'Emilia-Romagna', 1),
(306, 306, 3, NULL, 1, 'Friuli-Venezia Giulia', 1),
(307, 307, 3, NULL, 1, 'Lazio', 1),
(308, 308, 3, NULL, 1, 'Liguria', 1),
(309, 309, 3, NULL, 1, 'Lombardia', 1),
(310, 310, 3, NULL, 1, 'Marche', 1),
(311, 311, 3, NULL, 1, 'Molise', 1),
(312, 312, 3, NULL, 1, 'Piemonte', 1),
(313, 313, 3, NULL, 1, 'Puglia', 1),
(314, 314, 3, NULL, 1, 'Sardegna', 1),
(315, 315, 3, NULL, 1, 'Sicilia', 1),
(316, 316, 3, NULL, 1, 'Toscana', 1),
(317, 317, 3, NULL, 1, 'Trentino-Alto Adige', 1),
(318, 318, 3, NULL, 1, 'Umbria', 1),
(319, 319, 3, NULL, 1, 'Valle d Aosta', 1),
(320, 320, 3, NULL, 1, 'Veneto', 1),
(401, 401, 4, '', 0, 'Andalucia', 1),
(402, 402, 4, '', 0, 'Aragón', 1),
(403, 403, 4, '', 0, 'Castilla y León', 1),
(404, 404, 4, '', 0, 'Castilla la Mancha', 1),
(405, 405, 4, '', 0, 'Canarias', 1),
(406, 406, 4, '', 0, 'Cataluña', 1),
(407, 407, 4, '', 0, 'Comunidad de Ceuta', 1),
(408, 408, 4, '', 0, 'Comunidad Foral de Navarra', 1),
(409, 409, 4, '', 0, 'Comunidad de Melilla', 1),
(410, 410, 4, '', 0, 'Cantabria', 1),
(411, 411, 4, '', 0, 'Comunidad Valenciana', 1),
(412, 412, 4, '', 0, 'Extemadura', 1),
(413, 413, 4, '', 0, 'Galicia', 1),
(414, 414, 4, '', 0, 'Islas Baleares', 1),
(415, 415, 4, '', 0, 'La Rioja', 1),
(416, 416, 4, '', 0, 'Comunidad de Madrid', 1),
(417, 417, 4, '', 0, 'Región de Murcia', 1),
(418, 418, 4, '', 0, 'Principado de Asturias', 1),
(419, 419, 4, '', 0, 'Pais Vasco', 1),
(420, 420, 4, '', 0, 'Otros', 1),
(501, 501, 5, '', 0, 'Deutschland', 1),
(601, 601, 6, '', 1, 'Cantons', 1),
(701, 701, 7, '', 0, 'England', 1),
(702, 702, 7, '', 0, 'Wales', 1),
(703, 703, 7, '', 0, 'Scotland', 1),
(704, 704, 7, '', 0, 'Northern Ireland', 1),
(1001, 1001, 10, '', 0, 'Ariana', 1),
(1002, 1002, 10, '', 0, 'Béja', 1),
(1003, 1003, 10, '', 0, 'Ben Arous', 1),
(1004, 1004, 10, '', 0, 'Bizerte', 1),
(1005, 1005, 10, '', 0, 'Gabès', 1),
(1006, 1006, 10, '', 0, 'Gafsa', 1),
(1007, 1007, 10, '', 0, 'Jendouba', 1),
(1008, 1008, 10, '', 0, 'Kairouan', 1),
(1009, 1009, 10, '', 0, 'Kasserine', 1),
(1010, 1010, 10, '', 0, 'Kébili', 1),
(1011, 1011, 10, '', 0, 'La Manouba', 1),
(1012, 1012, 10, '', 0, 'Le Kef', 1),
(1013, 1013, 10, '', 0, 'Mahdia', 1),
(1014, 1014, 10, '', 0, 'Médenine', 1),
(1015, 1015, 10, '', 0, 'Monastir', 1),
(1016, 1016, 10, '', 0, 'Nabeul', 1),
(1017, 1017, 10, '', 0, 'Sfax', 1),
(1018, 1018, 10, '', 0, 'Sidi Bouzid', 1),
(1019, 1019, 10, '', 0, 'Siliana', 1),
(1020, 1020, 10, '', 0, 'Sousse', 1),
(1021, 1021, 10, '', 0, 'Tataouine', 1),
(1022, 1022, 10, '', 0, 'Tozeur', 1),
(1023, 1023, 10, '', 0, 'Tunis', 1),
(1024, 1024, 10, '', 0, 'Zaghouan', 1),
(1101, 1101, 11, '', 0, 'United-States', 1),
(1201, 1201, 12, '', 0, 'Tanger-Tétouan', 1),
(1202, 1202, 12, '', 0, 'Gharb-Chrarda-Beni Hssen', 1),
(1203, 1203, 12, '', 0, 'Taza-Al Hoceima-Taounate', 1),
(1204, 1204, 12, '', 0, 'L\'Oriental', 1),
(1205, 1205, 12, '', 0, 'Fès-Boulemane', 1),
(1206, 1206, 12, '', 0, 'Meknès-Tafialet', 1),
(1207, 1207, 12, '', 0, 'Rabat-Salé-Zemour-Zaër', 1),
(1208, 1208, 12, '', 0, 'Grand Cassablanca', 1),
(1209, 1209, 12, '', 0, 'Chaouia-Ouardigha', 1),
(1210, 1210, 12, '', 0, 'Doukahla-Adba', 1),
(1211, 1211, 12, '', 0, 'Marrakech-Tensift-Al Haouz', 1),
(1212, 1212, 12, '', 0, 'Tadla-Azilal', 1),
(1213, 1213, 12, '', 0, 'Sous-Massa-Drâa', 1),
(1214, 1214, 12, '', 0, 'Guelmim-Es Smara', 1),
(1215, 1215, 12, '', 0, 'Laâyoune-Boujdour-Sakia el Hamra', 1),
(1216, 1216, 12, '', 0, 'Oued Ed-Dahab Lagouira', 1),
(1301, 1301, 13, '', 0, 'Algerie', 1),
(1401, 1401, 14, '', 0, 'Canada', 1),
(1701, 1701, 17, '', 0, 'Provincies van Nederland ', 1),
(2301, 2301, 23, '', 0, 'Norte', 1),
(2302, 2302, 23, '', 0, 'Litoral', 1),
(2303, 2303, 23, '', 0, 'Cuyana', 1),
(2304, 2304, 23, '', 0, 'Central', 1),
(2305, 2305, 23, '', 0, 'Patagonia', 1),
(2801, 2801, 28, '', 0, 'Australia', 1),
(4601, 4601, 46, '', 0, 'Barbados', 1),
(5601, 5601, 56, '', 0, 'Brasil', 1),
(6701, 6701, 67, NULL, NULL, 'Tarapacá', 1),
(6702, 6702, 67, NULL, NULL, 'Antofagasta', 1),
(6703, 6703, 67, NULL, NULL, 'Atacama', 1),
(6704, 6704, 67, NULL, NULL, 'Coquimbo', 1),
(6705, 6705, 67, NULL, NULL, 'Valparaíso', 1),
(6706, 6706, 67, NULL, NULL, 'General Bernardo O Higgins', 1),
(6707, 6707, 67, NULL, NULL, 'Maule', 1),
(6708, 6708, 67, NULL, NULL, 'Biobío', 1),
(6709, 6709, 67, NULL, NULL, 'Raucanía', 1),
(6710, 6710, 67, NULL, NULL, 'Los Lagos', 1),
(6711, 6711, 67, NULL, NULL, 'Aysén General Carlos Ibáñez del Campo', 1),
(6712, 6712, 67, NULL, NULL, 'Magallanes y Antártica Chilena', 1),
(6713, 6713, 67, NULL, NULL, 'Metropolitana de Santiago', 1),
(6714, 6714, 67, NULL, NULL, 'Los Ríos', 1),
(6715, 6715, 67, NULL, NULL, 'Arica y Parinacota', 1),
(7001, 7001, 70, '', 0, 'Colombie', 1),
(8601, 8601, 86, NULL, NULL, 'Central', 1),
(8602, 8602, 86, NULL, NULL, 'Oriental', 1),
(8603, 8603, 86, NULL, NULL, 'Occidental', 1),
(10201, 10201, 102, NULL, NULL, 'Αττική', 1),
(10202, 10202, 102, NULL, NULL, 'Στερεά Ελλάδα', 1),
(10203, 10203, 102, NULL, NULL, 'Κεντρική Μακεδονία', 1),
(10204, 10204, 102, NULL, NULL, 'Κρήτη', 1),
(10205, 10205, 102, NULL, NULL, 'Ανατολική Μακεδονία και Θράκη', 1),
(10206, 10206, 102, NULL, NULL, 'Ήπειρος', 1),
(10207, 10207, 102, NULL, NULL, 'Ιόνια νησιά', 1),
(10208, 10208, 102, NULL, NULL, 'Βόρειο Αιγαίο', 1),
(10209, 10209, 102, NULL, NULL, 'Πελοπόννησος', 1),
(10210, 10210, 102, NULL, NULL, 'Νότιο Αιγαίο', 1),
(10211, 10211, 102, NULL, NULL, 'Δυτική Ελλάδα', 1),
(10212, 10212, 102, NULL, NULL, 'Θεσσαλία', 1),
(10213, 10213, 102, NULL, NULL, 'Δυτική Μακεδονία', 1),
(11401, 11401, 114, '', 0, 'Honduras', 1),
(11701, 11701, 117, '', 0, 'India', 1),
(15201, 15201, 152, '', 0, 'Rivière Noire', 1),
(15202, 15202, 152, '', 0, 'Flacq', 1),
(15203, 15203, 152, '', 0, 'Grand Port', 1),
(15204, 15204, 152, '', 0, 'Moka', 1),
(15205, 15205, 152, '', 0, 'Pamplemousses', 1),
(15206, 15206, 152, '', 0, 'Plaines Wilhems', 1),
(15207, 15207, 152, '', 0, 'Port-Louis', 1),
(15208, 15208, 152, '', 0, 'Rivière du Rempart', 1),
(15209, 15209, 152, '', 0, 'Savanne', 1),
(15210, 15210, 152, '', 0, 'Rodrigues', 1),
(15211, 15211, 152, '', 0, 'Les îles Agaléga', 1),
(15212, 15212, 152, '', 0, 'Les écueils des Cargados Carajos', 1),
(15401, 15401, 154, '', 0, 'Mexique', 1),
(23201, 23201, 232, '', 0, 'Los Andes', 1),
(23202, 23202, 232, '', 0, 'Capital', 1),
(23203, 23203, 232, '', 0, 'Central', 1),
(23204, 23204, 232, '', 0, 'Cento Occidental', 1),
(23205, 23205, 232, '', 0, 'Guayana', 1),
(23206, 23206, 232, '', 0, 'Insular', 1),
(23207, 23207, 232, '', 0, 'Los Llanos', 1),
(23208, 23208, 232, '', 0, 'Nor-Oriental', 1),
(23209, 23209, 232, '', 0, 'Zuliana', 1);

-- --------------------------------------------------------

--
-- Estructura de tabla para la tabla `b65362949_c_revenuestamp`
--

CREATE TABLE `b65362949_c_revenuestamp` (
  `rowid` int NOT NULL,
  `fk_pays` int NOT NULL,
  `taux` double NOT NULL,
  `note` varchar(128) DEFAULT NULL,
  `active` tinyint NOT NULL DEFAULT '1',
  `accountancy_code_sell` varchar(15) DEFAULT NULL,
  `accountancy_code_buy` varchar(15) DEFAULT NULL
) ENGINE=InnoDB DEFAULT CHARSET=utf8mb3;

--
-- Volcado de datos para la tabla `b65362949_c_revenuestamp`
--

INSERT INTO `b65362949_c_revenuestamp` (`rowid`, `fk_pays`, `taux`, `note`, `active`, `accountancy_code_sell`, `accountancy_code_buy`) VALUES
(101, 10, 0.4, 'Revenue stamp tunisia', 1, NULL, NULL);

-- --------------------------------------------------------

--
-- Estructura de tabla para la tabla `b65362949_c_shipment_mode`
--

CREATE TABLE `b65362949_c_shipment_mode` (
  `rowid` int NOT NULL,
  `tms` timestamp NOT NULL DEFAULT CURRENT_TIMESTAMP ON UPDATE CURRENT_TIMESTAMP,
  `code` varchar(30) NOT NULL,
  `libelle` varchar(50) NOT NULL,
  `description` text,
  `tracking` varchar(255) NOT NULL,
  `active` tinyint DEFAULT '0',
  `module` varchar(32) DEFAULT NULL
) ENGINE=InnoDB DEFAULT CHARSET=utf8mb3;

--
-- Volcado de datos para la tabla `b65362949_c_shipment_mode`
--

INSERT INTO `b65362949_c_shipment_mode` (`rowid`, `tms`, `code`, `libelle`, `description`, `tracking`, `active`, `module`) VALUES
(1, '2015-03-12 12:15:14', 'CATCH', 'Catch', 'Catch by client', '', 1, NULL),
(2, '2015-03-12 12:15:14', 'TRANS', 'Transporter', 'Generic transporter', '', 1, NULL),
(3, '2015-03-12 12:15:14', 'COLSUI', 'Colissimo Suivi', 'Colissimo Suivi', '', 0, NULL),
(4, '2015-03-12 12:15:14', 'LETTREMAX', 'Lettre Max', 'Courrier Suivi et Lettre Max', '', 0, NULL),
(5, '2015-03-12 12:15:14', 'UPS', 'UPS', 'United Parcel Service', 'http://wwwapps.ups.com/etracking/tracking.cgi?InquiryNumber2=&InquiryNumber3=&tracknums_displayed=3&loc=fr_FR&TypeOfInquiryNumber=T&HTMLVersion=4.0&InquiryNumber22=&InquiryNumber32=&track=Track&Suivi.x=64&Suivi.y=7&Suivi=Valider&InquiryNumber1={TRACKID}', 0, NULL),
(6, '2015-03-12 12:15:14', 'KIALA', 'KIALA', 'Relais Kiala', 'http://www.kiala.fr/tnt/delivery/{TRACKID}', 0, NULL),
(7, '2015-03-12 12:15:14', 'GLS', 'GLS', 'General Logistics Systems', 'http://www.gls-group.eu/276-I-PORTAL-WEB/content/GLS/FR01/FR/5004.htm?txtAction=71000&txtRefNo={TRACKID}', 0, NULL),
(8, '2015-03-12 12:15:14', 'CHRONO', 'Chronopost', 'Chronopost', 'http://www.chronopost.fr/expedier/inputLTNumbersNoJahia.do?listeNumeros={TRACKID}', 0, NULL);

-- --------------------------------------------------------

--
-- Estructura de tabla para la tabla `b65362949_c_stcomm`
--

CREATE TABLE `b65362949_c_stcomm` (
  `id` int NOT NULL,
  `code` varchar(12) NOT NULL,
  `libelle` varchar(30) DEFAULT NULL,
  `active` tinyint NOT NULL DEFAULT '1'
) ENGINE=InnoDB DEFAULT CHARSET=utf8mb3;

--
-- Volcado de datos para la tabla `b65362949_c_stcomm`
--

INSERT INTO `b65362949_c_stcomm` (`id`, `code`, `libelle`, `active`) VALUES
(-1, 'ST_NO', 'Ne pas contacter', 1),
(0, 'ST_NEVER', 'Jamais contacté', 1),
(1, 'ST_TODO', 'A contacter', 1),
(2, 'ST_PEND', 'Contact en cours', 1),
(3, 'ST_DONE', 'Contactée', 1);

-- --------------------------------------------------------

--
-- Estructura de tabla para la tabla `b65362949_c_tva`
--

CREATE TABLE `b65362949_c_tva` (
  `rowid` int NOT NULL,
  `fk_pays` int NOT NULL,
  `taux` double NOT NULL,
  `localtax1` double NOT NULL DEFAULT '0',
  `localtax1_type` varchar(10) NOT NULL DEFAULT '0',
  `localtax2` double NOT NULL DEFAULT '0',
  `localtax2_type` varchar(10) NOT NULL DEFAULT '0',
  `recuperableonly` int NOT NULL DEFAULT '0',
  `note` varchar(128) DEFAULT NULL,
  `active` tinyint NOT NULL DEFAULT '1',
  `accountancy_code_sell` varchar(15) DEFAULT NULL,
  `accountancy_code_buy` varchar(15) DEFAULT NULL
) ENGINE=InnoDB DEFAULT CHARSET=utf8mb3;

--
-- Volcado de datos para la tabla `b65362949_c_tva`
--

INSERT INTO `b65362949_c_tva` (`rowid`, `fk_pays`, `taux`, `localtax1`, `localtax1_type`, `localtax2`, `localtax2_type`, `recuperableonly`, `note`, `active`, `accountancy_code_sell`, `accountancy_code_buy`) VALUES
(11, 1, 20, 0, '0', 0, '0', 0, 'VAT standard rate (France hors DOM-TOM)', 1, NULL, NULL),
(12, 1, 8.5, 0, '0', 0, '0', 0, 'VAT standard rate (DOM sauf Guyane et Saint-Martin)', 0, NULL, NULL),
(13, 1, 8.5, 0, '0', 0, '0', 1, 'VAT standard rate (DOM sauf Guyane et Saint-Martin), non perçu par le vendeur mais récupérable par acheteur', 0, NULL, NULL),
(14, 1, 5.5, 0, '0', 0, '0', 0, 'VAT reduced rate (France hors DOM-TOM)', 1, NULL, NULL),
(15, 1, 0, 0, '0', 0, '0', 0, 'VAT Rate 0 ou non applicable', 1, NULL, NULL),
(16, 1, 2.1, 0, '0', 0, '0', 0, 'VAT super-reduced rate', 1, NULL, NULL),
(17, 1, 10, 0, '0', 0, '0', 0, 'VAT reduced rate', 1, NULL, NULL),
(21, 2, 21, 0, '0', 0, '0', 0, 'VAT standard rate', 1, NULL, NULL),
(22, 2, 6, 0, '0', 0, '0', 0, 'VAT reduced rate', 1, NULL, NULL),
(23, 2, 0, 0, '0', 0, '0', 0, 'VAT Rate 0 ou non applicable', 1, NULL, NULL),
(24, 2, 12, 0, '0', 0, '0', 0, 'VAT reduced rate', 1, NULL, NULL),
(31, 3, 21, 0, '0', 0, '0', 0, 'VAT standard rate', 1, NULL, NULL),
(32, 3, 10, 0, '0', 0, '0', 0, 'VAT reduced rate', 1, NULL, NULL),
(33, 3, 4, 0, '0', 0, '0', 0, 'VAT super-reduced rate', 1, NULL, NULL),
(34, 3, 0, 0, '0', 0, '0', 0, 'VAT Rate 0', 1, NULL, NULL),
(41, 4, 21, 5.2, '3', -15, '1', 0, 'VAT standard rate', 1, NULL, NULL),
(42, 4, 10, 1.4, '3', -19, '1', 0, 'VAT reduced rate', 1, NULL, NULL),
(43, 4, 4, 0.5, '3', -19, '1', 0, 'VAT super-reduced rate', 1, NULL, NULL),
(44, 4, 0, 0, '3', -19, '1', 0, 'VAT Rate 0', 1, NULL, NULL),
(51, 5, 19, 0, '0', 0, '0', 0, 'allgemeine Ust.', 1, NULL, NULL),
(52, 5, 7, 0, '0', 0, '0', 0, 'ermäßigte USt.', 1, NULL, NULL),
(53, 5, 0, 0, '0', 0, '0', 0, 'keine USt.', 1, NULL, NULL),
(54, 5, 5.5, 0, '0', 0, '0', 0, 'USt. Forst', 0, NULL, NULL),
(55, 5, 10.7, 0, '0', 0, '0', 0, 'USt. Landwirtschaft', 0, NULL, NULL),
(61, 6, 8, 0, '0', 0, '0', 0, 'VAT standard rate', 1, NULL, NULL),
(62, 6, 3.8, 0, '0', 0, '0', 0, 'VAT reduced rate', 1, NULL, NULL),
(63, 6, 2.5, 0, '0', 0, '0', 0, 'VAT super-reduced rate', 1, NULL, NULL),
(64, 6, 0, 0, '0', 0, '0', 0, 'VAT Rate 0', 1, NULL, NULL),
(71, 7, 20, 0, '0', 0, '0', 0, 'VAT standard rate', 1, NULL, NULL),
(72, 7, 17.5, 0, '0', 0, '0', 0, 'VAT standard rate before 2011', 1, NULL, NULL),
(73, 7, 5, 0, '0', 0, '0', 0, 'VAT reduced rate', 1, NULL, NULL),
(74, 7, 0, 0, '0', 0, '0', 0, 'VAT Rate 0', 1, NULL, NULL),
(91, 9, 17, 0, '0', 0, '0', 0, 'VAT standard rate', 1, NULL, NULL),
(92, 9, 13, 0, '0', 0, '0', 0, 'VAT reduced rate 0', 1, NULL, NULL),
(93, 9, 3, 0, '0', 0, '0', 0, 'VAT super reduced rate 0', 1, NULL, NULL),
(94, 9, 0, 0, '0', 0, '0', 0, 'VAT Rate 0', 1, NULL, NULL),
(101, 10, 6, 1, '4', 0, '0', 0, 'VAT 6%', 1, NULL, NULL),
(102, 10, 12, 1, '4', 0, '0', 0, 'VAT 12%', 1, NULL, NULL),
(103, 10, 18, 1, '4', 0, '0', 0, 'VAT 18%', 1, NULL, NULL),
(104, 10, 7.5, 1, '4', 0, '0', 0, 'VAT 6% Majoré à 25% (7.5%)', 1, NULL, NULL),
(105, 10, 15, 1, '4', 0, '0', 0, 'VAT 12% Majoré à 25% (15%)', 1, NULL, NULL),
(106, 10, 22.5, 1, '4', 0, '0', 0, 'VAT 18% Majoré à 25% (22.5%)', 1, NULL, NULL),
(107, 10, 0, 1, '4', 0, '0', 0, 'VAT Rate 0', 1, NULL, NULL),
(111, 11, 0, 0, '0', 0, '0', 0, 'No Sales Tax', 1, NULL, NULL),
(112, 11, 4, 0, '0', 0, '0', 0, 'Sales Tax 4%', 1, NULL, NULL),
(113, 11, 6, 0, '0', 0, '0', 0, 'Sales Tax 6%', 1, NULL, NULL),
(121, 12, 20, 0, '0', 0, '0', 0, 'VAT standard rate', 1, NULL, NULL),
(122, 12, 14, 0, '0', 0, '0', 0, 'VAT reduced rate', 1, NULL, NULL),
(123, 12, 10, 0, '0', 0, '0', 0, 'VAT reduced rate', 1, NULL, NULL),
(124, 12, 7, 0, '0', 0, '0', 0, 'VAT super-reduced rate', 1, NULL, NULL),
(125, 12, 0, 0, '0', 0, '0', 0, 'VAT Rate 0', 1, NULL, NULL),
(141, 14, 7, 0, '0', 0, '0', 0, 'VAT standard rate', 1, NULL, NULL),
(142, 14, 0, 0, '0', 0, '0', 0, 'VAT Rate 0', 1, NULL, NULL),
(143, 14, 5, 9.975, '1', 0, '0', 0, 'TPS and TVQ rate', 1, NULL, NULL),
(171, 17, 19, 0, '0', 0, '0', 0, 'Algemeen BTW tarief', 1, NULL, NULL),
(172, 17, 6, 0, '0', 0, '0', 0, 'Verlaagd BTW tarief', 1, NULL, NULL),
(173, 17, 0, 0, '0', 0, '0', 0, '0 BTW tarief', 1, NULL, NULL),
(174, 17, 21, 0, '0', 0, '0', 0, 'Algemeen BTW tarief (vanaf 1 oktober 2012)', 0, NULL, NULL),
(201, 20, 25, 0, '0', 0, '0', 0, 'VAT standard rate', 1, NULL, NULL),
(202, 20, 12, 0, '0', 0, '0', 0, 'VAT reduced rate', 1, NULL, NULL),
(203, 20, 6, 0, '0', 0, '0', 0, 'VAT super-reduced rate', 1, NULL, NULL),
(204, 20, 0, 0, '0', 0, '0', 0, 'VAT Rate 0', 1, NULL, NULL),
(231, 23, 21, 0, '0', 0, '0', 0, 'IVA standard rate', 1, NULL, NULL),
(232, 23, 10.5, 0, '0', 0, '0', 0, 'IVA reduced rate', 1, NULL, NULL),
(233, 23, 0, 0, '0', 0, '0', 0, 'IVA Rate 0', 1, NULL, NULL),
(241, 24, 19.25, 0, '0', 0, '0', 0, 'VAT standard rate', 1, NULL, NULL),
(242, 24, 0, 0, '0', 0, '0', 0, 'VAT Rate 0', 1, NULL, NULL),
(251, 25, 23, 0, '0', 0, '0', 0, 'VAT standard rate', 1, NULL, NULL),
(252, 25, 13, 0, '0', 0, '0', 0, 'VAT reduced rate', 1, NULL, NULL),
(253, 25, 0, 0, '0', 0, '0', 0, 'VAT Rate 0', 1, NULL, NULL),
(254, 25, 6, 0, '0', 0, '0', 0, 'VAT reduced rate', 1, NULL, NULL),
(261, 26, 0, 0, '0', 0, '0', 0, 'VAT Rate 0', 1, NULL, NULL),
(271, 27, 19.6, 0, '0', 0, '0', 0, 'VAT standard rate (France hors DOM-TOM)', 1, NULL, NULL),
(272, 27, 8.5, 0, '0', 0, '0', 0, 'VAT standard rate (DOM sauf Guyane et Saint-Martin)', 0, NULL, NULL),
(273, 27, 8.5, 0, '0', 0, '0', 1, 'VAT standard rate (DOM sauf Guyane et Saint-Martin), non perçu par le vendeur mais récupérable par acheteur', 0, NULL, NULL),
(274, 27, 5.5, 0, '0', 0, '0', 0, 'VAT reduced rate (France hors DOM-TOM)', 0, NULL, NULL),
(275, 27, 0, 0, '0', 0, '0', 0, 'VAT Rate 0 ou non applicable', 1, NULL, NULL),
(276, 27, 2.1, 0, '0', 0, '0', 0, 'VAT super-reduced rate', 1, NULL, NULL),
(277, 27, 7, 0, '0', 0, '0', 0, 'VAT reduced rate', 1, NULL, NULL),
(281, 28, 10, 0, '0', 0, '0', 0, 'VAT standard rate', 1, NULL, NULL),
(282, 28, 0, 0, '0', 0, '0', 0, 'VAT Rate 0', 1, NULL, NULL),
(411, 41, 20, 0, '0', 0, '0', 0, 'VAT standard rate', 1, NULL, NULL),
(412, 41, 10, 0, '0', 0, '0', 0, 'VAT reduced rate', 1, NULL, NULL),
(413, 41, 0, 0, '0', 0, '0', 0, 'VAT Rate 0', 1, NULL, NULL),
(461, 46, 0, 0, '0', 0, '0', 0, 'No VAT', 1, NULL, NULL),
(462, 46, 15, 0, '0', 0, '0', 0, 'VAT 15%', 1, NULL, NULL),
(463, 46, 7.5, 0, '0', 0, '0', 0, 'VAT 7.5%', 1, NULL, NULL),
(561, 56, 0, 0, '0', 0, '0', 0, 'VAT reduced rate', 1, NULL, NULL),
(591, 59, 20, 0, '0', 0, '0', 0, 'VAT standard rate', 1, NULL, NULL),
(592, 59, 7, 0, '0', 0, '0', 0, 'VAT reduced rate', 1, NULL, NULL),
(593, 59, 0, 0, '0', 0, '0', 0, 'VAT Rate 0', 1, NULL, NULL),
(671, 67, 19, 0, '0', 0, '0', 0, 'VAT standard rate', 1, NULL, NULL),
(672, 67, 0, 0, '0', 0, '0', 0, 'VAT Rate 0', 1, NULL, NULL),
(801, 80, 25, 0, '0', 0, '0', 0, 'VAT standard rate', 1, NULL, NULL),
(802, 80, 0, 0, '0', 0, '0', 0, 'VAT Rate 0', 1, NULL, NULL),
(861, 86, 13, 0, '0', 0, '0', 0, 'IVA 13', 1, NULL, NULL),
(862, 86, 0, 0, '0', 0, '0', 0, 'SIN IVA', 1, NULL, NULL),
(1141, 114, 0, 0, '0', 0, '0', 0, 'No ISV', 1, NULL, NULL),
(1142, 114, 12, 0, '0', 0, '0', 0, 'ISV 12%', 1, NULL, NULL),
(1161, 116, 25.5, 0, '0', 0, '0', 0, 'VAT standard rate', 1, NULL, NULL),
(1162, 116, 7, 0, '0', 0, '0', 0, 'VAT reduced rate', 1, NULL, NULL),
(1163, 116, 0, 0, '0', 0, '0', 0, 'VAT rate 0', 1, NULL, NULL),
(1171, 117, 12.5, 0, '0', 0, '0', 0, 'VAT standard rate', 1, NULL, NULL),
(1172, 117, 4, 0, '0', 0, '0', 0, 'VAT reduced rate', 1, NULL, NULL),
(1173, 117, 1, 0, '0', 0, '0', 0, 'VAT super-reduced rate', 1, NULL, NULL),
(1174, 117, 0, 0, '0', 0, '0', 0, 'VAT Rate 0', 1, NULL, NULL),
(1231, 123, 0, 0, '0', 0, '0', 0, 'VAT Rate 0', 1, NULL, NULL),
(1232, 123, 5, 0, '0', 0, '0', 0, 'VAT Rate 5', 1, NULL, NULL),
(1401, 140, 15, 0, '0', 0, '0', 0, 'VAT standard rate', 1, NULL, NULL),
(1402, 140, 12, 0, '0', 0, '0', 0, 'VAT reduced rate', 1, NULL, NULL),
(1403, 140, 6, 0, '0', 0, '0', 0, 'VAT reduced rate', 1, NULL, NULL),
(1404, 140, 3, 0, '0', 0, '0', 0, 'VAT super-reduced rate', 1, NULL, NULL),
(1405, 140, 0, 0, '0', 0, '0', 0, 'VAT Rate 0', 1, NULL, NULL),
(1511, 151, 0, 0, '0', 0, '0', 0, 'VAT Rate 0', 1, NULL, NULL),
(1512, 151, 14, 0, '0', 0, '0', 0, 'VAT Rate 14', 1, NULL, NULL),
(1521, 152, 0, 0, '0', 0, '0', 0, 'VAT Rate 0', 1, NULL, NULL),
(1522, 152, 15, 0, '0', 0, '0', 0, 'VAT Rate 15', 1, NULL, NULL),
(1541, 154, 0, 0, '0', 0, '0', 0, 'No VAT', 1, NULL, NULL),
(1542, 154, 16, 0, '0', 0, '0', 0, 'VAT 16%', 1, NULL, NULL),
(1543, 154, 10, 0, '0', 0, '0', 0, 'VAT Frontero', 1, NULL, NULL),
(1662, 166, 15, 0, '0', 0, '0', 0, 'VAT standard rate', 1, NULL, NULL),
(1663, 166, 0, 0, '0', 0, '0', 0, 'VAT Rate 0', 1, NULL, NULL),
(1692, 169, 5, 0, '0', 0, '0', 0, 'VAT standard rate', 1, NULL, NULL),
(1693, 169, 0, 0, '0', 0, '0', 0, 'VAT Rate 0', 1, NULL, NULL),
(1731, 173, 25, 0, '0', 0, '0', 0, 'VAT standard rate', 1, NULL, NULL),
(1732, 173, 14, 0, '0', 0, '0', 0, 'VAT reduced rate', 1, NULL, NULL),
(1733, 173, 8, 0, '0', 0, '0', 0, 'VAT reduced rate', 1, NULL, NULL),
(1734, 173, 0, 0, '0', 0, '0', 0, 'VAT Rate 0', 1, NULL, NULL),
(1841, 181, 18, 0, '0', 0, '0', 0, 'VAT standard rate', 1, NULL, NULL),
(1842, 184, 7, 0, '0', 0, '0', 0, 'VAT reduced rate', 1, NULL, NULL),
(1843, 181, 0, 0, '0', 0, '0', 0, 'VAT Rate 0', 1, NULL, NULL),
(1844, 184, 0, 0, '0', 0, '0', 0, 'VAT Rate 0', 1, NULL, NULL),
(1881, 188, 24, 0, '0', 0, '0', 0, 'VAT standard rate', 1, NULL, NULL),
(1882, 188, 9, 0, '0', 0, '0', 0, 'VAT reduced rate', 1, NULL, NULL),
(1883, 188, 0, 0, '0', 0, '0', 0, 'VAT Rate 0', 1, NULL, NULL),
(1884, 188, 5, 0, '0', 0, '0', 0, 'VAT reduced rate', 1, NULL, NULL),
(1931, 193, 0, 0, '0', 0, '0', 0, 'No VAT in SPM', 1, NULL, NULL),
(2011, 201, 19, 0, '0', 0, '0', 0, 'VAT standard rate', 1, NULL, NULL),
(2012, 201, 10, 0, '0', 0, '0', 0, 'VAT reduced rate', 1, NULL, NULL),
(2013, 201, 0, 0, '0', 0, '0', 0, 'VAT Rate 0', 1, NULL, NULL),
(2021, 202, 22, 0, '0', 0, '0', 0, 'VAT standard rate', 1, NULL, NULL),
(2022, 202, 9.5, 0, '0', 0, '0', 0, 'VAT reduced rate', 1, NULL, NULL),
(2023, 202, 0, 0, '0', 0, '0', 0, 'VAT Rate 0', 1, NULL, NULL),
(2051, 205, 0, 0, '0', 0, '0', 0, 'No VAT', 1, NULL, NULL),
(2052, 205, 14, 0, '0', 0, '0', 0, 'VAT 14%', 1, NULL, NULL),
(2261, 226, 20, 0, '0', 0, '0', 0, 'VAT standart rate', 1, NULL, NULL),
(2262, 226, 0, 0, '0', 0, '0', 0, 'VAT Rate 0', 1, NULL, NULL),
(2321, 232, 0, 0, '0', 0, '0', 0, 'No VAT', 1, NULL, NULL),
(2322, 232, 12, 0, '0', 0, '0', 0, 'VAT 12%', 1, NULL, NULL),
(2323, 232, 8, 0, '0', 0, '0', 0, 'VAT 8%', 1, NULL, NULL),
(2461, 246, 0, 0, '0', 0, '0', 0, 'VAT Rate 0', 1, NULL, NULL),
(2462, 102, 23, 0, '0', 0, '0', 0, 'Κανονικός Φ.Π.Α.', 1, NULL, NULL),
(2463, 102, 0, 0, '0', 0, '0', 0, 'Μηδενικό Φ.Π.Α.', 1, NULL, NULL),
(2464, 102, 13, 0, '0', 0, '0', 0, 'Μειωμένος Φ.Π.Α.', 1, NULL, NULL),
(2465, 102, 6.5, 0, '0', 0, '0', 0, 'Υπερμειωμένος Φ.Π.Α.', 1, NULL, NULL),
(2466, 102, 16, 0, '0', 0, '0', 0, 'Νήσων κανονικός Φ.Π.Α.', 1, NULL, NULL),
(2467, 102, 9, 0, '0', 0, '0', 0, 'Νήσων μειωμένος Φ.Π.Α.', 1, NULL, NULL),
(2468, 102, 5, 0, '0', 0, '0', 0, 'Νήσων υπερμειωμένος Φ.Π.Α.', 1, NULL, NULL);

-- --------------------------------------------------------

--
-- Estructura de tabla para la tabla `b65362949_c_typent`
--

CREATE TABLE `b65362949_c_typent` (
  `id` int NOT NULL,
  `code` varchar(12) NOT NULL,
  `libelle` varchar(30) DEFAULT NULL,
  `active` tinyint NOT NULL DEFAULT '1',
  `module` varchar(32) DEFAULT NULL
) ENGINE=InnoDB DEFAULT CHARSET=utf8mb3;

--
-- Volcado de datos para la tabla `b65362949_c_typent`
--

INSERT INTO `b65362949_c_typent` (`id`, `code`, `libelle`, `active`, `module`) VALUES
(0, 'TE_UNKNOWN', '-', 1, NULL),
(1, 'TE_STARTUP', 'Start-up', 0, NULL),
(2, 'TE_GROUP', 'Grand groupe', 1, NULL),
(3, 'TE_MEDIUM', 'PME/PMI', 1, NULL),
(4, 'TE_SMALL', 'TPE', 1, NULL),
(5, 'TE_ADMIN', 'Administration', 1, NULL),
(6, 'TE_WHOLE', 'Grossiste', 0, NULL),
(7, 'TE_RETAIL', 'Revendeur', 0, NULL),
(8, 'TE_PRIVATE', 'Particulier', 1, NULL),
(100, 'TE_OTHER', 'Autres', 1, NULL);

-- --------------------------------------------------------

--
-- Estructura de tabla para la tabla `b65362949_c_type_contact`
--

CREATE TABLE `b65362949_c_type_contact` (
  `rowid` int NOT NULL,
  `element` varchar(30) NOT NULL,
  `source` varchar(8) NOT NULL DEFAULT 'external',
  `code` varchar(32) NOT NULL,
  `libelle` varchar(64) NOT NULL,
  `active` tinyint NOT NULL DEFAULT '1',
  `module` varchar(32) DEFAULT NULL
) ENGINE=InnoDB DEFAULT CHARSET=utf8mb3;

--
-- Volcado de datos para la tabla `b65362949_c_type_contact`
--

INSERT INTO `b65362949_c_type_contact` (`rowid`, `element`, `source`, `code`, `libelle`, `active`, `module`) VALUES
(10, 'contrat', 'internal', 'SALESREPSIGN', 'Commercial signataire du contrat', 1, NULL),
(11, 'contrat', 'internal', 'SALESREPFOLL', 'Commercial suivi du contrat', 1, NULL),
(20, 'contrat', 'external', 'BILLING', 'Contact client facturation contrat', 1, NULL),
(21, 'contrat', 'external', 'CUSTOMER', 'Contact client suivi contrat', 1, NULL),
(22, 'contrat', 'external', 'SALESREPSIGN', 'Contact client signataire contrat', 1, NULL),
(31, 'propal', 'internal', 'SALESREPFOLL', 'Commercial à l\'origine de la propale', 1, NULL),
(40, 'propal', 'external', 'BILLING', 'Contact client facturation propale', 1, NULL),
(41, 'propal', 'external', 'CUSTOMER', 'Contact client suivi propale', 1, NULL),
(50, 'facture', 'internal', 'SALESREPFOLL', 'Responsable suivi du paiement', 1, NULL),
(60, 'facture', 'external', 'BILLING', 'Contact client facturation', 1, NULL),
(61, 'facture', 'external', 'SHIPPING', 'Contact client livraison', 1, NULL),
(62, 'facture', 'external', 'SERVICE', 'Contact client prestation', 1, NULL),
(70, 'invoice_supplier', 'internal', 'SALESREPFOLL', 'Responsable suivi du paiement', 1, NULL),
(71, 'invoice_supplier', 'external', 'BILLING', 'Contact fournisseur facturation', 1, NULL),
(72, 'invoice_supplier', 'external', 'SHIPPING', 'Contact fournisseur livraison', 1, NULL),
(73, 'invoice_supplier', 'external', 'SERVICE', 'Contact fournisseur prestation', 1, NULL),
(80, 'agenda', 'internal', 'ACTOR', 'Responsable', 1, NULL),
(81, 'agenda', 'internal', 'GUEST', 'Guest', 1, NULL),
(85, 'agenda', 'external', 'ACTOR', 'Responsable', 1, NULL),
(86, 'agenda', 'external', 'GUEST', 'Guest', 1, NULL),
(91, 'commande', 'internal', 'SALESREPFOLL', 'Responsable suivi de la commande', 1, NULL),
(100, 'commande', 'external', 'BILLING', 'Contact client facturation commande', 1, NULL),
(101, 'commande', 'external', 'CUSTOMER', 'Contact client suivi commande', 1, NULL),
(102, 'commande', 'external', 'SHIPPING', 'Contact client livraison commande', 1, NULL),
(120, 'fichinter', 'internal', 'INTERREPFOLL', 'Responsable suivi de l\'intervention', 1, NULL),
(121, 'fichinter', 'internal', 'INTERVENING', 'Intervenant', 1, NULL),
(130, 'fichinter', 'external', 'BILLING', 'Contact client facturation intervention', 1, NULL),
(131, 'fichinter', 'external', 'CUSTOMER', 'Contact client suivi de l\'intervention', 1, NULL),
(140, 'order_supplier', 'internal', 'SALESREPFOLL', 'Responsable suivi de la commande', 1, NULL),
(141, 'order_supplier', 'internal', 'SHIPPING', 'Responsable réception de la commande', 1, NULL),
(142, 'order_supplier', 'external', 'BILLING', 'Contact fournisseur facturation commande', 1, NULL),
(143, 'order_supplier', 'external', 'CUSTOMER', 'Contact fournisseur suivi commande', 1, NULL),
(145, 'order_supplier', 'external', 'SHIPPING', 'Contact fournisseur livraison commande', 1, NULL),
(160, 'project', 'internal', 'PROJECTLEADER', 'Chef de Projet', 1, NULL),
(161, 'project', 'internal', 'PROJECTCONTRIBUTOR', 'Intervenant', 1, NULL),
(170, 'project', 'external', 'PROJECTLEADER', 'Chef de Projet', 1, NULL),
(171, 'project', 'external', 'PROJECTCONTRIBUTOR', 'Intervenant', 1, NULL),
(180, 'project_task', 'internal', 'TASKEXECUTIVE', 'Responsable', 1, NULL),
(181, 'project_task', 'internal', 'TASKCONTRIBUTOR', 'Intervenant', 1, NULL),
(190, 'project_task', 'external', 'TASKEXECUTIVE', 'Responsable', 1, NULL),
(191, 'project_task', 'external', 'TASKCONTRIBUTOR', 'Intervenant', 1, NULL);

-- --------------------------------------------------------

--
-- Estructura de tabla para la tabla `b65362949_c_type_fees`
--

CREATE TABLE `b65362949_c_type_fees` (
  `id` int NOT NULL,
  `code` varchar(12) NOT NULL,
  `libelle` varchar(30) DEFAULT NULL,
  `active` tinyint NOT NULL DEFAULT '1',
  `module` varchar(32) DEFAULT NULL
) ENGINE=InnoDB DEFAULT CHARSET=utf8mb3;

--
-- Volcado de datos para la tabla `b65362949_c_type_fees`
--

INSERT INTO `b65362949_c_type_fees` (`id`, `code`, `libelle`, `active`, `module`) VALUES
(1, 'TF_OTHER', 'Other', 1, NULL),
(2, 'TF_TRIP', 'Trip', 1, NULL),
(3, 'TF_LUNCH', 'Lunch', 1, NULL);

-- --------------------------------------------------------

--
-- Estructura de tabla para la tabla `b65362949_c_type_resource`
--

CREATE TABLE `b65362949_c_type_resource` (
  `rowid` int NOT NULL,
  `code` varchar(32) NOT NULL,
  `label` varchar(64) NOT NULL,
  `active` tinyint NOT NULL DEFAULT '1'
) ENGINE=InnoDB DEFAULT CHARSET=utf8mb3;

-- --------------------------------------------------------

--
-- Estructura de tabla para la tabla `b65362949_c_ziptown`
--

CREATE TABLE `b65362949_c_ziptown` (
  `rowid` int NOT NULL,
  `code` varchar(5) DEFAULT NULL,
  `fk_county` int DEFAULT NULL,
  `fk_pays` int NOT NULL DEFAULT '0',
  `zip` varchar(10) NOT NULL,
  `town` varchar(255) NOT NULL,
  `active` tinyint NOT NULL DEFAULT '1'
) ENGINE=InnoDB DEFAULT CHARSET=utf8mb3;

-- --------------------------------------------------------

--
-- Estructura de tabla para la tabla `b65362949_deplacement`
--

CREATE TABLE `b65362949_deplacement` (
  `rowid` int NOT NULL,
  `ref` varchar(30) DEFAULT NULL,
  `entity` int NOT NULL DEFAULT '1',
  `datec` datetime NOT NULL,
  `tms` timestamp NOT NULL DEFAULT CURRENT_TIMESTAMP ON UPDATE CURRENT_TIMESTAMP,
  `dated` datetime DEFAULT NULL,
  `fk_user` int NOT NULL,
  `fk_user_author` int DEFAULT NULL,
  `fk_user_modif` int DEFAULT NULL,
  `type` varchar(12) NOT NULL,
  `fk_statut` int NOT NULL DEFAULT '1',
  `km` double DEFAULT NULL,
  `fk_soc` int DEFAULT NULL,
  `fk_projet` int DEFAULT '0',
  `note_private` text,
  `note_public` text,
  `extraparams` varchar(255) DEFAULT NULL
) ENGINE=InnoDB DEFAULT CHARSET=utf8mb3;

-- --------------------------------------------------------

--
-- Estructura de tabla para la tabla `b65362949_document_generator`
--

CREATE TABLE `b65362949_document_generator` (
  `rowid` int UNSIGNED NOT NULL,
  `name` varchar(255) NOT NULL,
  `classfile` varchar(255) NOT NULL,
  `class` varchar(255) NOT NULL
) ENGINE=InnoDB DEFAULT CHARSET=utf8mb3;

-- --------------------------------------------------------

--
-- Estructura de tabla para la tabla `b65362949_document_model`
--

CREATE TABLE `b65362949_document_model` (
  `rowid` int NOT NULL,
  `nom` varchar(50) DEFAULT NULL,
  `entity` int NOT NULL DEFAULT '1',
  `type` varchar(20) NOT NULL,
  `libelle` varchar(255) DEFAULT NULL,
  `description` text
) ENGINE=InnoDB DEFAULT CHARSET=utf8mb3;

--
-- Volcado de datos para la tabla `b65362949_document_model`
--

INSERT INTO `b65362949_document_model` (`rowid`, `nom`, `entity`, `type`, `libelle`, `description`) VALUES
(5, 'muscadet', 1, 'order_supplier', NULL, NULL),
(6, 'baleine', 1, 'project', NULL, NULL),
(8, 'addapta', 1, 'invoice', 'addapta', NULL),
(10, 'crabe', 1, 'invoice', 'crabe', NULL),
(11, 'rouget', 1, 'shipping', NULL, NULL),
(12, 'typhon', 1, 'delivery', NULL, NULL),
(13, 'einstein', 1, 'order', NULL, NULL),
(14, 'azur', 1, 'propal', NULL, NULL),
(15, 'soleil', 1, 'ficheinter', NULL, NULL);

-- --------------------------------------------------------

--
-- Estructura de tabla para la tabla `b65362949_don`
--

CREATE TABLE `b65362949_don` (
  `rowid` int NOT NULL,
  `ref` varchar(30) DEFAULT NULL,
  `entity` int NOT NULL DEFAULT '1',
  `tms` timestamp NOT NULL DEFAULT CURRENT_TIMESTAMP ON UPDATE CURRENT_TIMESTAMP,
  `fk_statut` smallint NOT NULL DEFAULT '0',
  `datec` datetime DEFAULT NULL,
  `datedon` datetime DEFAULT NULL,
  `amount` double DEFAULT '0',
  `fk_paiement` int DEFAULT NULL,
  `firstname` varchar(50) DEFAULT NULL,
  `lastname` varchar(50) DEFAULT NULL,
  `societe` varchar(50) DEFAULT NULL,
  `address` text,
  `zip` varchar(30) DEFAULT NULL,
  `town` varchar(50) DEFAULT NULL,
  `country` varchar(50) DEFAULT NULL,
  `email` varchar(255) DEFAULT NULL,
  `phone` varchar(24) DEFAULT NULL,
  `phone_mobile` varchar(24) DEFAULT NULL,
  `public` smallint NOT NULL DEFAULT '1',
  `fk_don_projet` int DEFAULT NULL,
  `fk_user_author` int NOT NULL,
  `fk_user_valid` int DEFAULT NULL,
  `note_private` text,
  `note_public` text,
  `model_pdf` varchar(255) DEFAULT NULL,
  `import_key` varchar(14) DEFAULT NULL
) ENGINE=InnoDB DEFAULT CHARSET=utf8mb3;

-- --------------------------------------------------------

--
-- Estructura de tabla para la tabla `b65362949_ecm_directories`
--

CREATE TABLE `b65362949_ecm_directories` (
  `rowid` int NOT NULL,
  `label` varchar(64) NOT NULL,
  `entity` int NOT NULL DEFAULT '1',
  `fk_parent` int DEFAULT NULL,
  `description` varchar(255) NOT NULL,
  `cachenbofdoc` int NOT NULL DEFAULT '0',
  `fullpath` varchar(255) DEFAULT NULL,
  `extraparams` varchar(255) DEFAULT NULL,
  `date_c` datetime DEFAULT NULL,
  `date_m` timestamp NOT NULL DEFAULT CURRENT_TIMESTAMP ON UPDATE CURRENT_TIMESTAMP,
  `fk_user_c` int DEFAULT NULL,
  `fk_user_m` int DEFAULT NULL,
  `acl` text
) ENGINE=InnoDB DEFAULT CHARSET=utf8mb3;

-- --------------------------------------------------------

--
-- Estructura de tabla para la tabla `b65362949_element_contact`
--

CREATE TABLE `b65362949_element_contact` (
  `rowid` int NOT NULL,
  `datecreate` datetime DEFAULT NULL,
  `statut` smallint DEFAULT '5',
  `element_id` int NOT NULL,
  `fk_c_type_contact` int NOT NULL,
  `fk_socpeople` int NOT NULL
) ENGINE=InnoDB DEFAULT CHARSET=utf8mb3;

--
-- Volcado de datos para la tabla `b65362949_element_contact`
--

INSERT INTO `b65362949_element_contact` (`rowid`, `datecreate`, `statut`, `element_id`, `fk_c_type_contact`, `fk_socpeople`) VALUES
(1, '2015-03-13 12:28:22', 4, 1, 10, 3),
(2, '2015-03-13 12:28:22', 4, 1, 11, 3),
(3, '2015-03-14 00:39:49', 4, 2, 10, 3),
(4, '2015-03-14 00:39:49', 4, 2, 11, 3),
(5, '2015-03-14 11:24:44', 4, 3, 10, 3),
(6, '2015-03-14 11:24:44', 4, 3, 11, 3),
(7, '2015-03-14 12:44:38', 4, 4, 10, 3),
(8, '2015-03-14 12:44:38', 4, 4, 11, 3),
(9, '2015-03-14 19:04:08', 4, 5, 10, 3),
(10, '2015-03-14 19:04:08', 4, 5, 11, 3),
(11, '2015-03-14 19:27:56', 4, 6, 10, 3),
(12, '2015-03-14 19:27:56', 4, 6, 11, 3),
(13, '2015-03-14 19:52:40', 4, 7, 10, 3),
(14, '2015-03-14 19:52:40', 4, 7, 11, 3),
(15, '2015-03-14 20:10:53', 4, 8, 10, 3),
(16, '2015-03-14 20:10:53', 4, 8, 11, 3),
(17, '2015-03-14 20:21:24', 4, 9, 10, 3),
(18, '2015-03-14 20:21:24', 4, 9, 11, 3),
(19, '2015-03-14 21:00:42', 4, 10, 10, 3),
(20, '2015-03-14 21:00:42', 4, 10, 11, 3),
(21, '2015-03-14 21:48:41', 4, 11, 10, 3),
(22, '2015-03-14 21:48:41', 4, 11, 11, 3),
(23, '2015-03-14 22:12:26', 4, 12, 10, 3),
(24, '2015-03-14 22:12:26', 4, 12, 11, 3),
(25, '2015-03-14 22:36:29', 4, 13, 10, 3),
(26, '2015-03-14 22:36:29', 4, 13, 11, 3),
(27, '2015-03-14 22:57:48', 4, 14, 10, 3),
(28, '2015-03-14 22:57:48', 4, 14, 11, 3),
(29, '2015-03-17 16:52:33', 4, 15, 10, 3),
(30, '2015-03-17 16:52:33', 4, 15, 11, 3),
(31, '2015-03-17 17:54:41', 4, 16, 10, 3),
(32, '2015-03-17 17:54:41', 4, 16, 11, 3),
(33, '2015-03-17 18:21:43', 4, 17, 10, 3),
(34, '2015-03-17 18:21:43', 4, 17, 11, 3),
(35, '2015-03-17 18:38:18', 4, 18, 10, 3),
(36, '2015-03-17 18:38:18', 4, 18, 11, 3),
(37, '2015-12-16 21:43:12', 4, 244, 50, 3),
(38, '2017-06-19 10:05:53', 4, 1, 160, 2);

-- --------------------------------------------------------

--
-- Estructura de tabla para la tabla `b65362949_element_element`
--

CREATE TABLE `b65362949_element_element` (
  `rowid` int NOT NULL,
  `fk_source` int NOT NULL,
  `sourcetype` varchar(32) NOT NULL,
  `fk_target` int NOT NULL,
  `targettype` varchar(32) NOT NULL
) ENGINE=InnoDB DEFAULT CHARSET=utf8mb3;

--
-- Volcado de datos para la tabla `b65362949_element_element`
--

INSERT INTO `b65362949_element_element` (`rowid`, `fk_source`, `sourcetype`, `fk_target`, `targettype`) VALUES
(1, 1, 'contrat', 2, 'facture'),
(34, 2, 'commande', 219, 'facture'),
(2, 2, 'contrat', 3, 'facture'),
(3, 3, 'contrat', 4, 'facture'),
(21, 3, 'propal', 80, 'facture'),
(14, 4, 'contrat', 16, 'facture'),
(35, 5, 'commande', 243, 'facture'),
(4, 5, 'contrat', 6, 'facture'),
(22, 5, 'propal', 82, 'facture'),
(38, 6, 'commande', 264, 'facture'),
(5, 6, 'contrat', 7, 'facture'),
(6, 7, 'contrat', 8, 'facture'),
(7, 8, 'contrat', 9, 'facture'),
(24, 8, 'propal', 103, 'facture'),
(8, 9, 'contrat', 10, 'facture'),
(45, 10, 'commande', 3, 'shipping'),
(46, 10, 'commande', 4, 'shipping'),
(44, 10, 'commande', 459, 'facture'),
(9, 10, 'contrat', 11, 'facture'),
(23, 10, 'propal', 83, 'facture'),
(47, 11, 'commande', 503, 'facture'),
(11, 11, 'contrat', 13, 'facture'),
(48, 12, 'commande', 504, 'facture'),
(12, 12, 'contrat', 14, 'facture'),
(50, 13, 'commande', 505, 'facture'),
(13, 13, 'contrat', 15, 'facture'),
(15, 14, 'contrat', 17, 'facture'),
(16, 15, 'contrat', 36, 'facture'),
(17, 16, 'contrat', 37, 'facture'),
(18, 17, 'contrat', 40, 'facture'),
(19, 18, 'contrat', 41, 'facture'),
(25, 20, 'propal', 107, 'facture'),
(26, 24, 'propal', 125, 'facture'),
(27, 25, 'propal', 128, 'facture'),
(28, 27, 'propal', 129, 'facture'),
(31, 29, 'propal', 168, 'facture'),
(30, 30, 'propal', 165, 'facture'),
(36, 30, 'propal', 257, 'facture'),
(29, 33, 'propal', 164, 'facture'),
(37, 33, 'propal', 258, 'facture'),
(32, 34, 'propal', 188, 'facture'),
(39, 47, 'propal', 276, 'facture'),
(40, 52, 'propal', 386, 'facture'),
(41, 53, 'propal', 404, 'facture'),
(49, 64, 'propal', 13, 'commande'),
(52, 68, 'propal', 577, 'facture'),
(51, 70, 'propal', 549, 'facture'),
(53, 88, 'propal', 653, 'facture'),
(54, 91, 'propal', 656, 'facture'),
(55, 104, 'propal', 751, 'facture'),
(56, 111, 'propal', 874, 'facture'),
(57, 113, 'propal', 954, 'facture'),
(58, 113, 'propal', 955, 'facture');

-- --------------------------------------------------------

--
-- Estructura de tabla para la tabla `b65362949_element_lock`
--

CREATE TABLE `b65362949_element_lock` (
  `rowid` int NOT NULL,
  `fk_element` int NOT NULL,
  `elementtype` varchar(32) NOT NULL,
  `datel` datetime DEFAULT NULL,
  `datem` datetime DEFAULT NULL,
  `sessionid` varchar(255) DEFAULT NULL
) ENGINE=InnoDB DEFAULT CHARSET=utf8mb3;

-- --------------------------------------------------------

--
-- Estructura de tabla para la tabla `b65362949_element_resources`
--

CREATE TABLE `b65362949_element_resources` (
  `rowid` int NOT NULL,
  `resource_id` int DEFAULT NULL,
  `resource_type` varchar(64) DEFAULT NULL,
  `element_id` int DEFAULT NULL,
  `element_type` varchar(64) DEFAULT NULL,
  `busy` int DEFAULT NULL,
  `mandatory` int DEFAULT NULL,
  `fk_user_create` int DEFAULT NULL,
  `tms` timestamp NOT NULL DEFAULT CURRENT_TIMESTAMP ON UPDATE CURRENT_TIMESTAMP
) ENGINE=InnoDB DEFAULT CHARSET=utf8mb3;

-- --------------------------------------------------------

--
-- Estructura de tabla para la tabla `b65362949_element_tag`
--

CREATE TABLE `b65362949_element_tag` (
  `rowid` int NOT NULL,
  `entity` int NOT NULL DEFAULT '1',
  `lang` varchar(5) NOT NULL,
  `tag` varchar(255) NOT NULL,
  `fk_element` int NOT NULL,
  `element` varchar(64) NOT NULL
) ENGINE=InnoDB DEFAULT CHARSET=utf8mb3;

-- --------------------------------------------------------

--
-- Estructura de tabla para la tabla `b65362949_entrepot`
--

CREATE TABLE `b65362949_entrepot` (
  `rowid` int NOT NULL,
  `datec` datetime DEFAULT NULL,
  `tms` timestamp NOT NULL DEFAULT CURRENT_TIMESTAMP ON UPDATE CURRENT_TIMESTAMP,
  `label` varchar(255) NOT NULL,
  `entity` int NOT NULL DEFAULT '1',
  `description` text,
  `lieu` varchar(64) DEFAULT NULL,
  `address` varchar(255) DEFAULT NULL,
  `zip` varchar(10) DEFAULT NULL,
  `town` varchar(50) DEFAULT NULL,
  `fk_departement` int DEFAULT NULL,
  `fk_pays` int DEFAULT '0',
  `statut` tinyint DEFAULT '1',
  `valo_pmp` float(12,4) DEFAULT NULL,
  `fk_user_author` int DEFAULT NULL,
  `import_key` varchar(14) DEFAULT NULL
) ENGINE=InnoDB DEFAULT CHARSET=utf8mb3;

-- --------------------------------------------------------

--
-- Estructura de tabla para la tabla `b65362949_events`
--

CREATE TABLE `b65362949_events` (
  `rowid` int NOT NULL,
  `tms` timestamp NOT NULL DEFAULT CURRENT_TIMESTAMP ON UPDATE CURRENT_TIMESTAMP,
  `type` varchar(32) NOT NULL,
  `entity` int NOT NULL DEFAULT '1',
  `dateevent` datetime DEFAULT NULL,
  `fk_user` int DEFAULT NULL,
  `description` varchar(250) NOT NULL,
  `ip` varchar(32) NOT NULL,
  `user_agent` varchar(255) DEFAULT NULL,
  `fk_object` int DEFAULT NULL
) ENGINE=InnoDB DEFAULT CHARSET=utf8mb3;

-- --------------------------------------------------------

--
-- Estructura de tabla para la tabla `b65362949_event_element`
--

CREATE TABLE `b65362949_event_element` (
  `rowid` int NOT NULL,
  `fk_source` int NOT NULL,
  `fk_target` int NOT NULL,
  `targettype` varchar(32) NOT NULL
) ENGINE=InnoDB DEFAULT CHARSET=utf8mb3;

-- --------------------------------------------------------

--
-- Estructura de tabla para la tabla `b65362949_expedition`
--

CREATE TABLE `b65362949_expedition` (
  `rowid` int NOT NULL,
  `tms` timestamp NOT NULL DEFAULT CURRENT_TIMESTAMP ON UPDATE CURRENT_TIMESTAMP,
  `ref` varchar(30) NOT NULL,
  `entity` int NOT NULL DEFAULT '1',
  `fk_soc` int NOT NULL,
  `ref_ext` varchar(30) DEFAULT NULL,
  `ref_int` varchar(30) DEFAULT NULL,
  `ref_customer` varchar(30) DEFAULT NULL,
  `date_creation` datetime DEFAULT NULL,
  `fk_user_author` int DEFAULT NULL,
  `date_valid` datetime DEFAULT NULL,
  `fk_user_valid` int DEFAULT NULL,
  `date_expedition` datetime DEFAULT NULL,
  `date_delivery` datetime DEFAULT NULL,
  `fk_address` int DEFAULT NULL,
  `fk_shipping_method` int DEFAULT NULL,
  `tracking_number` varchar(50) DEFAULT NULL,
  `fk_statut` smallint DEFAULT '0',
  `height` float DEFAULT NULL,
  `width` float DEFAULT NULL,
  `size_units` int DEFAULT NULL,
  `size` float DEFAULT NULL,
  `weight_units` int DEFAULT NULL,
  `weight` float DEFAULT NULL,
  `note_private` text,
  `note_public` text,
  `model_pdf` varchar(255) DEFAULT NULL
) ENGINE=InnoDB DEFAULT CHARSET=utf8mb3;

--
-- Volcado de datos para la tabla `b65362949_expedition`
--

INSERT INTO `b65362949_expedition` (`rowid`, `tms`, `ref`, `entity`, `fk_soc`, `ref_ext`, `ref_int`, `ref_customer`, `date_creation`, `fk_user_author`, `date_valid`, `fk_user_valid`, `date_expedition`, `date_delivery`, `fk_address`, `fk_shipping_method`, `tracking_number`, `fk_statut`, `height`, `width`, `size_units`, `size`, `weight_units`, `weight`, `note_private`, `note_public`, `model_pdf`) VALUES
(3, '2016-10-13 10:13:43', 'SH1610-0001', 1, 154, NULL, NULL, NULL, '2016-10-13 12:33:39', 2, '2016-10-13 12:33:48', 2, NULL, '2016-10-11 00:00:00', NULL, NULL, '', 1, NULL, NULL, 0, NULL, 0, NULL, NULL, NULL, 'rouget'),
(4, '2016-10-13 10:15:37', 'SH1610-0002', 1, 154, NULL, NULL, NULL, '2016-10-13 12:35:31', 2, '2016-10-13 12:35:42', 2, NULL, '2016-10-13 00:00:00', NULL, NULL, '', 1, NULL, NULL, 0, NULL, 0, NULL, NULL, NULL, 'rouget');

-- --------------------------------------------------------

--
-- Estructura de tabla para la tabla `b65362949_expeditiondet`
--

CREATE TABLE `b65362949_expeditiondet` (
  `rowid` int NOT NULL,
  `fk_expedition` int NOT NULL,
  `fk_origin_line` int DEFAULT NULL,
  `fk_entrepot` int DEFAULT NULL,
  `qty` double DEFAULT NULL,
  `rang` int DEFAULT '0'
) ENGINE=InnoDB DEFAULT CHARSET=utf8mb3;

--
-- Volcado de datos para la tabla `b65362949_expeditiondet`
--

INSERT INTO `b65362949_expeditiondet` (`rowid`, `fk_expedition`, `fk_origin_line`, `fk_entrepot`, `qty`, `rang`) VALUES
(3, 3, 21, NULL, 70000, 0),
(4, 4, 21, NULL, 37540, 0);

-- --------------------------------------------------------

--
-- Estructura de tabla para la tabla `b65362949_expeditiondet_batch`
--

CREATE TABLE `b65362949_expeditiondet_batch` (
  `rowid` int NOT NULL,
  `fk_expeditiondet` int NOT NULL,
  `eatby` date DEFAULT NULL,
  `sellby` date DEFAULT NULL,
  `batch` varchar(30) DEFAULT NULL,
  `qty` double NOT NULL DEFAULT '0',
  `fk_origin_stock` int NOT NULL
) ENGINE=InnoDB DEFAULT CHARSET=utf8mb3;

-- --------------------------------------------------------

--
-- Estructura de tabla para la tabla `b65362949_export_compta`
--

CREATE TABLE `b65362949_export_compta` (
  `rowid` int NOT NULL,
  `ref` varchar(12) NOT NULL,
  `date_export` datetime NOT NULL,
  `fk_user` int NOT NULL,
  `note` text
) ENGINE=InnoDB DEFAULT CHARSET=utf8mb3;

-- --------------------------------------------------------

--
-- Estructura de tabla para la tabla `b65362949_export_model`
--

CREATE TABLE `b65362949_export_model` (
  `rowid` int NOT NULL,
  `fk_user` int NOT NULL DEFAULT '0',
  `label` varchar(50) NOT NULL,
  `type` varchar(20) NOT NULL,
  `field` text NOT NULL,
  `filter` text
) ENGINE=InnoDB DEFAULT CHARSET=utf8mb3;

--
-- Volcado de datos para la tabla `b65362949_export_model`
--

INSERT INTO `b65362949_export_model` (`rowid`, `fk_user`, `label`, `type`, `field`, `filter`) VALUES
(2, 0, 'Clientes', 'societe_1', 's.rowid,s.nom,s.datec,s.tms,s.code_client,s.address,s.zip,s.town,p.libelle,p.code,s.phone,s.fax,s.email,s.siren,cfj.libelle,d.nom', NULL);

-- --------------------------------------------------------

--
-- Estructura de tabla para la tabla `b65362949_extrafields`
--

CREATE TABLE `b65362949_extrafields` (
  `rowid` int NOT NULL,
  `name` varchar(64) NOT NULL,
  `entity` int NOT NULL DEFAULT '1',
  `elementtype` varchar(64) NOT NULL DEFAULT 'member',
  `tms` timestamp NOT NULL DEFAULT CURRENT_TIMESTAMP ON UPDATE CURRENT_TIMESTAMP,
  `label` varchar(255) NOT NULL,
  `type` varchar(8) DEFAULT NULL,
  `size` varchar(8) DEFAULT NULL,
  `fieldunique` int DEFAULT '0',
  `fieldrequired` int DEFAULT '0',
  `pos` int DEFAULT '0',
  `param` text
) ENGINE=InnoDB DEFAULT CHARSET=utf8mb3;

-- --------------------------------------------------------

--
-- Estructura de tabla para la tabla `b65362949_facture`
--

CREATE TABLE `b65362949_facture` (
  `rowid` int NOT NULL,
  `facnumber` varchar(30) NOT NULL,
  `entity` int NOT NULL DEFAULT '1',
  `ref_ext` varchar(255) DEFAULT NULL,
  `ref_int` varchar(255) DEFAULT NULL,
  `ref_client` varchar(255) DEFAULT NULL,
  `type` smallint NOT NULL DEFAULT '0',
  `increment` varchar(10) DEFAULT NULL,
  `fk_soc` int NOT NULL,
  `datec` datetime DEFAULT NULL,
  `datef` date DEFAULT NULL,
  `date_valid` date DEFAULT NULL,
  `tms` timestamp NOT NULL DEFAULT CURRENT_TIMESTAMP ON UPDATE CURRENT_TIMESTAMP,
  `paye` smallint NOT NULL DEFAULT '0',
  `amount` double(24,8) NOT NULL DEFAULT '0.00000000',
  `remise_percent` double DEFAULT '0',
  `remise_absolue` double DEFAULT '0',
  `remise` double DEFAULT '0',
  `close_code` varchar(16) DEFAULT NULL,
  `close_note` varchar(128) DEFAULT NULL,
  `tva` double(24,8) DEFAULT '0.00000000',
  `localtax1` double(24,8) DEFAULT '0.00000000',
  `localtax2` double(24,8) DEFAULT '0.00000000',
  `revenuestamp` double(24,8) DEFAULT '0.00000000',
  `total` double(24,8) DEFAULT '0.00000000',
  `total_ttc` double(24,8) DEFAULT '0.00000000',
  `fk_statut` smallint NOT NULL DEFAULT '0',
  `fk_user_author` int DEFAULT NULL,
  `fk_user_valid` int DEFAULT NULL,
  `fk_facture_source` int DEFAULT NULL,
  `fk_projet` int DEFAULT NULL,
  `fk_account` int DEFAULT NULL,
  `fk_currency` varchar(3) DEFAULT NULL,
  `fk_cond_reglement` int NOT NULL DEFAULT '1',
  `fk_mode_reglement` int DEFAULT NULL,
  `date_lim_reglement` date DEFAULT NULL,
  `note_private` text,
  `note_public` text,
  `model_pdf` varchar(255) DEFAULT NULL,
  `import_key` varchar(14) DEFAULT NULL,
  `extraparams` varchar(255) DEFAULT NULL
) ENGINE=InnoDB DEFAULT CHARSET=utf8mb3;

--
-- Volcado de datos para la tabla `b65362949_facture`
--

INSERT INTO `b65362949_facture` (`rowid`, `facnumber`, `entity`, `ref_ext`, `ref_int`, `ref_client`, `type`, `increment`, `fk_soc`, `datec`, `datef`, `date_valid`, `tms`, `paye`, `amount`, `remise_percent`, `remise_absolue`, `remise`, `close_code`, `close_note`, `tva`, `localtax1`, `localtax2`, `revenuestamp`, `total`, `total_ttc`, `fk_statut`, `fk_user_author`, `fk_user_valid`, `fk_facture_source`, `fk_projet`, `fk_account`, `fk_currency`, `fk_cond_reglement`, `fk_mode_reglement`, `date_lim_reglement`, `note_private`, `note_public`, `model_pdf`, `import_key`, `extraparams`) VALUES
(2, '15/0001', 1, NULL, NULL, NULL, 0, NULL, 1, '2015-03-13 12:32:10', '2015-01-01', '2015-03-13', '2015-03-18 16:54:43', 1, 0.00000000, NULL, NULL, 0, NULL, NULL, 36.23000000, 0.00000000, 0.00000000, 0.00000000, 172.50000000, 208.73000000, 2, 3, 3, NULL, NULL, NULL, NULL, 1, 3, '2015-01-01', NULL, NULL, 'addapta', NULL, NULL),
(3, '15/0002', 1, NULL, NULL, NULL, 0, NULL, 2, '2015-03-14 00:56:43', '2015-01-01', '2015-03-14', '2015-03-18 16:54:38', 1, 0.00000000, NULL, NULL, 0, NULL, NULL, 96.39000000, 0.00000000, 0.00000000, 0.00000000, 459.00000000, 555.39000000, 2, 3, 3, NULL, NULL, NULL, NULL, 1, 3, '2015-01-01', NULL, NULL, 'addapta', NULL, NULL),
(4, '15/0003', 1, NULL, NULL, NULL, 0, NULL, 3, '2015-03-14 17:42:27', '2015-01-01', '2015-03-14', '2015-03-18 16:54:33', 1, 0.00000000, NULL, NULL, 0, NULL, NULL, 614.88000000, 0.00000000, 0.00000000, 0.00000000, 2928.00000000, 3542.88000000, 2, 3, 3, NULL, NULL, NULL, NULL, 1, 3, '2015-01-01', NULL, NULL, 'addapta', NULL, NULL),
(6, '15/0004', 1, NULL, NULL, NULL, 0, NULL, 4, '2015-03-14 19:05:45', '2015-01-01', '2015-03-14', '2015-03-18 16:54:28', 1, 0.00000000, NULL, NULL, 0, NULL, NULL, 77.55000000, 0.00000000, 0.00000000, 0.00000000, 369.30000000, 446.85000000, 2, 3, 3, NULL, NULL, NULL, NULL, 1, 3, '2015-01-01', NULL, NULL, 'addapta', NULL, NULL),
(7, '15/0005', 1, NULL, NULL, NULL, 0, NULL, 5, '2015-03-14 19:37:28', '2015-01-01', '2015-03-14', '2015-04-17 10:20:52', 1, 0.00000000, NULL, NULL, 0, NULL, NULL, 22.63000000, 0.00000000, 0.00000000, 0.00000000, 107.75000000, 130.38000000, 2, 3, 3, NULL, NULL, NULL, NULL, 1, 2, '2015-01-01', NULL, NULL, 'addapta', NULL, NULL),
(8, '15/0006', 1, NULL, NULL, NULL, 0, NULL, 6, '2015-03-14 19:56:44', '2015-01-01', '2015-03-14', '2015-03-23 13:02:44', 1, 0.00000000, NULL, NULL, 0, NULL, NULL, 45.39000000, 0.00000000, 0.00000000, 0.00000000, 216.15000000, 261.54000000, 2, 3, 3, NULL, NULL, NULL, NULL, 4, 2, '2015-03-02', NULL, NULL, 'addapta', NULL, NULL),
(9, '15/0007', 1, NULL, NULL, NULL, 0, NULL, 7, '2015-03-14 20:12:33', '2015-01-01', '2015-11-24', '2015-11-24 11:51:23', 1, 0.00000000, NULL, NULL, 0, NULL, NULL, 20.95000000, 0.00000000, 0.00000000, 0.00000000, 99.75000000, 120.70000000, 2, 3, 3, NULL, NULL, NULL, NULL, 1, 7, '2015-01-01', NULL, NULL, 'addapta', NULL, NULL),
(10, '15/0008', 1, NULL, NULL, NULL, 0, NULL, 8, '2015-03-14 20:28:15', '2015-01-01', '2015-11-24', '2015-11-24 11:25:45', 1, 0.00000000, NULL, NULL, 0, NULL, NULL, 257.62000000, 0.00000000, 0.00000000, 0.00000000, 1226.75000000, 1484.37000000, 2, 3, 3, NULL, NULL, NULL, NULL, 2, 2, '2015-01-31', NULL, NULL, 'addapta', NULL, NULL),
(11, '15/0009', 1, NULL, NULL, NULL, 0, NULL, 9, '2015-03-14 21:02:00', '2015-01-01', '2015-03-14', '2015-03-18 16:54:04', 1, 0.00000000, NULL, NULL, 0, NULL, NULL, 58.20000000, 0.00000000, 0.00000000, 0.00000000, 277.15000000, 335.35000000, 2, 3, 3, NULL, NULL, NULL, NULL, 1, 2, '2015-01-01', NULL, NULL, 'addapta', NULL, NULL),
(13, '15/0010', 1, NULL, NULL, NULL, 0, NULL, 10, '2015-03-14 22:19:50', '2015-01-01', '2015-03-14', '2015-03-20 11:33:47', 1, 0.00000000, NULL, NULL, 0, NULL, NULL, 856.80000000, 0.00000000, 0.00000000, 0.00000000, 4080.00000000, 4936.80000000, 2, 3, 3, NULL, NULL, NULL, NULL, 4, 2, '2015-03-02', NULL, NULL, 'addapta', NULL, NULL),
(14, '15/0011', 1, NULL, NULL, NULL, 0, NULL, 10, '2015-03-14 22:24:17', '2015-01-01', '2015-03-14', '2015-03-18 16:53:53', 1, 0.00000000, NULL, NULL, 0, NULL, NULL, 819.00000000, 0.00000000, 0.00000000, 0.00000000, 3900.00000000, 4719.00000000, 2, 3, 3, NULL, NULL, NULL, NULL, 4, 2, '2015-03-02', NULL, NULL, 'addapta', NULL, NULL),
(15, '15/0012', 1, NULL, NULL, NULL, 0, NULL, 11, '2015-03-14 22:38:31', '2015-01-01', '2015-03-14', '2015-03-18 16:53:49', 1, 0.00000000, NULL, NULL, 0, NULL, NULL, 146.21000000, 0.00000000, 0.00000000, 0.00000000, 696.25000000, 842.46000000, 2, 3, 3, NULL, NULL, NULL, NULL, 1, 2, '2015-01-01', NULL, NULL, 'addapta', NULL, NULL),
(16, '15/0013', 1, NULL, NULL, NULL, 0, NULL, 3, '2015-03-14 22:43:20', '2015-01-01', '2015-03-14', '2015-03-18 16:53:43', 1, 0.00000000, NULL, NULL, 0, NULL, NULL, 76.44000000, 0.00000000, 0.00000000, 0.00000000, 364.00000000, 440.44000000, 2, 3, 3, NULL, NULL, NULL, NULL, 1, 3, '2015-01-01', NULL, NULL, 'addapta', NULL, NULL),
(17, '15/0014', 1, NULL, NULL, NULL, 0, NULL, 12, '2015-03-14 23:12:58', '2015-01-01', '2015-03-14', '2015-03-18 16:53:39', 1, 0.00000000, NULL, NULL, 0, NULL, NULL, 36.75000000, 0.00000000, 0.00000000, 0.00000000, 175.00000000, 211.75000000, 2, 3, 3, NULL, NULL, NULL, NULL, 1, 3, '2015-01-01', NULL, NULL, 'addapta', NULL, NULL),
(18, '15/0015', 1, NULL, NULL, NULL, 0, NULL, 3, '2015-03-14 23:17:48', '2015-01-01', '2015-03-14', '2015-03-18 16:53:33', 1, 0.00000000, NULL, NULL, 0, NULL, NULL, 37.80000000, 0.00000000, 0.00000000, 0.00000000, 180.00000000, 217.80000000, 2, 3, 3, NULL, NULL, NULL, NULL, 1, 3, '2015-01-01', NULL, NULL, 'addapta', NULL, NULL),
(19, '15/0016', 1, NULL, NULL, NULL, 0, NULL, 6, '2015-03-14 23:23:10', '2015-01-01', '2015-03-14', '2015-04-20 09:40:09', 1, 0.00000000, NULL, NULL, 0, NULL, NULL, 20.79000000, 0.00000000, 0.00000000, 0.00000000, 99.00000000, 119.79000000, 2, 3, 3, NULL, NULL, NULL, NULL, 4, 2, '2015-03-02', NULL, NULL, 'addapta', NULL, NULL),
(20, '15/0017', 1, NULL, NULL, NULL, 0, NULL, 9, '2015-03-14 23:26:26', '2015-01-01', '2015-03-14', '2015-03-18 16:53:23', 1, 0.00000000, NULL, NULL, 0, NULL, NULL, 19.32000000, 0.00000000, 0.00000000, 0.00000000, 92.00000000, 111.32000000, 2, 3, 3, NULL, NULL, NULL, NULL, 1, 2, '2015-01-01', NULL, NULL, 'addapta', NULL, NULL),
(21, '15/0018', 1, NULL, NULL, NULL, 0, NULL, 1, '2015-03-17 14:48:27', '2015-02-01', '2015-03-17', '2015-03-18 16:53:18', 1, 0.00000000, NULL, NULL, 0, NULL, NULL, 36.23000000, 0.00000000, 0.00000000, 0.00000000, 172.50000000, 208.73000000, 2, 3, 3, NULL, NULL, NULL, NULL, 1, 3, '2015-02-01', NULL, NULL, 'addapta', NULL, NULL),
(22, '15/0019', 1, NULL, NULL, NULL, 0, NULL, 2, '2015-03-17 14:53:37', '2015-02-01', '2015-03-17', '2015-03-18 16:53:14', 1, 0.00000000, NULL, NULL, 0, NULL, NULL, 135.03000000, 0.00000000, 0.00000000, 0.00000000, 643.00000000, 778.03000000, 2, 3, 3, NULL, NULL, NULL, NULL, 1, 3, '2015-02-01', NULL, NULL, 'addapta', NULL, NULL),
(23, '15/0020', 1, NULL, NULL, NULL, 0, NULL, 3, '2015-03-17 15:01:48', '2015-02-01', '2015-03-17', '2015-03-18 16:53:08', 1, 0.00000000, NULL, NULL, 0, NULL, NULL, 500.64000000, 0.00000000, 0.00000000, 0.00000000, 2384.00000000, 2884.64000000, 2, 3, 3, NULL, NULL, NULL, NULL, 1, 3, '2015-02-01', NULL, NULL, 'addapta', NULL, NULL),
(24, '15/0021', 1, NULL, NULL, NULL, 0, NULL, 4, '2015-03-17 15:26:42', '2015-02-01', '2015-03-17', '2015-03-18 16:53:01', 1, 0.00000000, NULL, NULL, 0, NULL, NULL, 77.55000000, 0.00000000, 0.00000000, 0.00000000, 369.30000000, 446.85000000, 2, 3, 3, NULL, NULL, NULL, NULL, 1, 3, '2015-02-01', NULL, NULL, 'addapta', NULL, NULL),
(25, '15/0022', 1, NULL, NULL, NULL, 0, NULL, 5, '2015-03-17 15:33:08', '2015-02-01', '2015-03-17', '2015-04-17 10:20:52', 1, 0.00000000, NULL, NULL, 0, NULL, NULL, 22.63000000, 0.00000000, 0.00000000, 0.00000000, 107.75000000, 130.38000000, 2, 3, 3, NULL, NULL, NULL, NULL, 1, 2, '2015-02-01', NULL, NULL, 'crabe', NULL, NULL),
(26, '15/0023', 1, NULL, NULL, NULL, 0, NULL, 6, '2015-03-17 15:36:45', '2015-02-01', '2015-03-17', '2015-04-20 09:48:23', 1, 0.00000000, NULL, NULL, 0, NULL, NULL, 45.39000000, 0.00000000, 0.00000000, 0.00000000, 216.15000000, 261.54000000, 2, 3, 3, NULL, NULL, NULL, NULL, 4, 2, '2015-04-20', NULL, NULL, 'addapta', NULL, NULL),
(27, '15/0024', 1, NULL, NULL, NULL, 0, NULL, 7, '2015-03-17 16:01:41', '2015-02-01', '2015-11-24', '2015-11-24 11:53:36', 1, 0.00000000, NULL, NULL, 0, NULL, NULL, 20.95000000, 0.00000000, 0.00000000, 0.00000000, 99.75000000, 120.70000000, 2, 3, 3, NULL, NULL, NULL, NULL, 1, 7, '2015-02-01', NULL, NULL, 'addapta', NULL, NULL),
(28, '15/0025', 1, NULL, NULL, NULL, 0, NULL, 8, '2015-03-17 16:06:37', '2015-02-01', '2015-11-24', '2015-11-24 11:29:18', 1, 0.00000000, NULL, NULL, 0, NULL, NULL, 257.62000000, 0.00000000, 0.00000000, 0.00000000, 1226.75000000, 1484.37000000, 2, 3, 3, NULL, NULL, NULL, NULL, 2, 2, '2015-03-01', NULL, NULL, 'addapta', NULL, NULL),
(29, '15/0026', 1, NULL, NULL, NULL, 0, NULL, 9, '2015-03-17 16:11:46', '2015-02-01', '2015-03-17', '2015-03-18 16:52:19', 1, 0.00000000, NULL, NULL, 0, NULL, NULL, 58.20000000, 0.00000000, 0.00000000, 0.00000000, 277.15000000, 335.35000000, 2, 3, 3, NULL, NULL, NULL, NULL, 1, 2, '2015-02-01', NULL, NULL, 'addapta', NULL, NULL),
(30, '15/0027', 1, NULL, NULL, NULL, 0, NULL, 10, '2015-03-17 16:15:02', '2015-02-01', '2015-03-17', '2015-04-15 09:19:04', 1, 0.00000000, NULL, NULL, 0, NULL, NULL, 907.20000000, 0.00000000, 0.00000000, 0.00000000, 4320.00000000, 5227.20000000, 2, 3, 3, NULL, NULL, NULL, NULL, 4, 2, '2015-04-01', NULL, NULL, 'addapta', NULL, NULL),
(31, '15/0028', 1, NULL, NULL, NULL, 0, NULL, 10, '2015-03-17 16:17:24', '2015-02-01', '2015-03-17', '2015-04-15 09:19:04', 1, 0.00000000, NULL, NULL, 0, NULL, NULL, 866.25000000, 0.00000000, 0.00000000, 0.00000000, 4125.00000000, 4991.25000000, 2, 3, 3, NULL, NULL, NULL, NULL, 4, 2, '2015-04-01', NULL, NULL, 'addapta', NULL, NULL),
(32, '15/0029', 1, NULL, NULL, NULL, 0, NULL, 11, '2015-03-17 16:20:37', '2015-02-01', '2015-03-17', '2015-03-18 16:51:55', 1, 0.00000000, NULL, NULL, 0, NULL, NULL, 146.21000000, 0.00000000, 0.00000000, 0.00000000, 696.25000000, 842.46000000, 2, 3, 3, NULL, NULL, NULL, NULL, 1, 2, '2015-02-01', NULL, NULL, 'addapta', NULL, NULL),
(33, '15/0030', 1, NULL, NULL, NULL, 0, NULL, 3, '2015-03-17 16:26:06', '2015-02-01', '2015-03-17', '2015-03-18 16:47:52', 1, 0.00000000, NULL, NULL, 0, NULL, NULL, 76.44000000, 0.00000000, 0.00000000, 0.00000000, 364.00000000, 440.44000000, 2, 3, 3, NULL, NULL, NULL, NULL, 1, 3, '2015-02-01', NULL, NULL, 'addapta', NULL, NULL),
(34, '15/0031', 1, NULL, NULL, NULL, 0, NULL, 3, '2015-03-17 16:35:08', '2015-02-01', '2015-03-17', '2015-03-18 16:47:45', 1, 0.00000000, NULL, NULL, 0, NULL, NULL, 520.80000000, 0.00000000, 0.00000000, 0.00000000, 2480.00000000, 3000.80000000, 2, 3, 3, NULL, NULL, NULL, NULL, 1, 3, '2015-03-01', NULL, NULL, 'addapta', NULL, NULL),
(35, '15/0032', 1, NULL, NULL, NULL, 0, NULL, 3, '2015-03-17 16:43:46', '2015-02-01', '2015-03-17', '2015-03-18 16:47:36', 1, 0.00000000, NULL, NULL, 0, NULL, NULL, 231.00000000, 0.00000000, 0.00000000, 0.00000000, 1100.00000000, 1331.00000000, 2, 3, 3, NULL, NULL, NULL, NULL, 1, 3, '2015-03-01', NULL, NULL, 'addapta', NULL, NULL),
(36, '15/0033', 1, NULL, NULL, NULL, 0, NULL, 25, '2015-03-17 17:00:02', '2015-02-05', '2015-03-17', '2015-03-18 16:47:29', 1, 0.00000000, NULL, NULL, 0, NULL, NULL, 36.75000000, 0.00000000, 0.00000000, 0.00000000, 175.00000000, 211.75000000, 2, 3, 3, NULL, NULL, NULL, NULL, 1, 3, '2015-02-05', NULL, NULL, 'addapta', NULL, NULL),
(37, '15/0034', 1, NULL, NULL, NULL, 0, NULL, 26, '2015-03-17 18:00:33', '2015-02-05', '2015-03-17', '2015-03-18 16:47:11', 1, 0.00000000, NULL, NULL, 0, NULL, NULL, 115.50000000, 0.00000000, 0.00000000, 0.00000000, 550.00000000, 665.50000000, 2, 3, 3, NULL, NULL, NULL, NULL, 1, 3, '2015-02-05', NULL, NULL, 'addapta', NULL, NULL),
(38, '15/0035', 1, NULL, NULL, NULL, 0, NULL, 4, '2015-03-17 18:03:01', '2015-02-15', '2015-03-17', '2015-03-18 16:47:07', 1, 0.00000000, NULL, NULL, 0, NULL, NULL, 57.96000000, 0.00000000, 0.00000000, 0.00000000, 276.00000000, 333.96000000, 2, 3, 3, NULL, NULL, NULL, NULL, 1, 3, '2015-02-15', NULL, NULL, 'addapta', NULL, NULL),
(39, '15/0036', 1, NULL, NULL, NULL, 0, NULL, 3, '2015-03-17 18:10:41', '2015-02-20', '2015-03-17', '2015-03-18 16:47:02', 1, 0.00000000, NULL, NULL, 0, NULL, NULL, 100.80000000, 0.00000000, 0.00000000, 0.00000000, 480.00000000, 580.80000000, 2, 3, 3, NULL, NULL, NULL, NULL, 1, 3, '2015-02-20', NULL, NULL, 'addapta', NULL, NULL),
(40, '15/0037', 1, NULL, NULL, NULL, 0, NULL, 27, '2015-03-17 18:26:15', '2015-02-28', '2015-03-30', '2015-03-30 15:19:46', 1, 0.00000000, NULL, NULL, 0, NULL, NULL, 29.82000000, 0.00000000, 0.00000000, 0.00000000, 142.00000000, 171.82000000, 2, 3, 3, NULL, NULL, NULL, NULL, 1, 2, '2015-02-28', NULL, NULL, 'addapta', NULL, NULL),
(41, '15/0038', 1, NULL, NULL, NULL, 0, NULL, 28, '2015-03-17 18:40:19', '2015-02-28', '2015-03-17', '2015-04-09 08:25:20', 1, 0.00000000, NULL, NULL, 0, NULL, NULL, 105.00000000, 0.00000000, 0.00000000, 0.00000000, 500.00000000, 605.00000000, 2, 3, 3, NULL, NULL, NULL, NULL, 1, 2, '2015-02-28', NULL, NULL, 'addapta', NULL, NULL),
(42, '15/0039', 1, NULL, NULL, NULL, 0, NULL, 3, '2015-03-18 09:33:02', '2015-03-01', '2015-03-18', '2015-03-18 16:46:47', 1, 0.00000000, NULL, NULL, 0, NULL, NULL, 388.50000000, 0.00000000, 0.00000000, 0.00000000, 1850.00000000, 2238.50000000, 2, 3, 3, NULL, NULL, NULL, NULL, 1, 3, '2015-03-01', NULL, NULL, 'addapta', NULL, NULL),
(43, '15/0040', 1, NULL, NULL, NULL, 0, NULL, 3, '2015-03-18 09:35:42', '2015-03-01', '2015-03-18', '2015-03-18 16:46:42', 1, 0.00000000, NULL, NULL, 0, NULL, NULL, 76.44000000, 0.00000000, 0.00000000, 0.00000000, 364.00000000, 440.44000000, 2, 3, 3, NULL, NULL, NULL, NULL, 1, 3, '2015-03-01', NULL, NULL, 'addapta', NULL, NULL),
(44, '15/0041', 1, NULL, NULL, NULL, 0, NULL, 1, '2015-03-18 09:38:13', '2015-03-01', '2015-03-18', '2015-03-18 16:46:37', 1, 0.00000000, NULL, NULL, 0, NULL, NULL, 36.23000000, 0.00000000, 0.00000000, 0.00000000, 172.50000000, 208.73000000, 2, 3, 3, NULL, NULL, NULL, NULL, 1, 3, '2015-03-01', NULL, NULL, 'addapta', NULL, NULL),
(45, '15/0042', 1, NULL, NULL, NULL, 0, NULL, 3, '2015-03-18 09:40:18', '2015-03-01', '2015-03-18', '2015-04-07 07:43:44', 1, 0.00000000, NULL, NULL, 0, NULL, NULL, 168.00000000, 0.00000000, 0.00000000, 0.00000000, 800.00000000, 968.00000000, 2, 3, 3, NULL, NULL, NULL, NULL, 1, 3, '2015-04-01', NULL, NULL, 'addapta', NULL, NULL),
(46, '15/0043', 1, NULL, NULL, NULL, 0, NULL, 3, '2015-03-18 09:43:37', '2015-03-01', '2015-03-18', '2015-04-07 07:43:44', 1, 0.00000000, NULL, NULL, 0, NULL, NULL, 231.00000000, 0.00000000, 0.00000000, 0.00000000, 1100.00000000, 1331.00000000, 2, 3, 3, NULL, NULL, NULL, NULL, 1, 3, '2015-04-01', NULL, NULL, 'addapta', NULL, NULL),
(47, '15/0044', 1, NULL, NULL, NULL, 0, NULL, 2, '2015-03-18 09:45:28', '2015-03-01', '2015-03-18', '2015-04-10 09:49:52', 1, 0.00000000, NULL, NULL, 0, NULL, NULL, 96.39000000, 0.00000000, 0.00000000, 0.00000000, 459.00000000, 555.39000000, 2, 3, 3, NULL, NULL, NULL, NULL, 1, 3, '2015-03-25', NULL, NULL, 'addapta', NULL, NULL),
(48, '15/0045', 1, NULL, NULL, NULL, 0, NULL, 4, '2015-03-18 09:48:57', '2015-03-01', '2015-03-18', '2015-03-18 16:46:18', 1, 0.00000000, NULL, NULL, 0, NULL, NULL, 77.55000000, 0.00000000, 0.00000000, 0.00000000, 369.30000000, 446.85000000, 2, 3, 3, NULL, NULL, NULL, NULL, 1, 3, '2015-03-05', NULL, NULL, 'addapta', NULL, NULL),
(49, '15/0046', 1, NULL, NULL, NULL, 0, NULL, 5, '2015-03-18 09:52:24', '2015-03-01', '2015-03-18', '2015-04-17 10:20:52', 1, 0.00000000, NULL, NULL, 0, NULL, NULL, 22.63000000, 0.00000000, 0.00000000, 0.00000000, 107.75000000, 130.38000000, 2, 3, 3, NULL, NULL, NULL, NULL, 1, 2, '2015-03-01', NULL, NULL, 'addapta', NULL, NULL),
(50, '15/0047', 1, NULL, NULL, NULL, 0, NULL, 6, '2015-03-18 09:54:04', '2015-03-01', '2015-03-18', '2015-05-26 12:33:36', 1, 0.00000000, NULL, NULL, 0, NULL, NULL, 45.39000000, 0.00000000, 0.00000000, 0.00000000, 216.15000000, 261.54000000, 2, 3, 3, NULL, NULL, NULL, NULL, 4, 2, '2015-05-20', NULL, NULL, 'addapta', NULL, NULL),
(51, '15/0048', 1, NULL, NULL, NULL, 0, NULL, 7, '2015-03-18 09:55:41', '2015-03-01', '2015-11-24', '2015-11-24 11:55:42', 1, 0.00000000, NULL, NULL, 0, NULL, NULL, 20.95000000, 0.00000000, 0.00000000, 0.00000000, 99.75000000, 120.70000000, 2, 3, 3, NULL, NULL, NULL, NULL, 1, 7, '2015-03-01', NULL, NULL, 'addapta', NULL, NULL),
(52, '15/0049', 1, NULL, NULL, NULL, 0, NULL, 8, '2015-03-18 09:56:51', '2015-03-01', '2015-11-24', '2015-11-24 11:31:24', 1, 0.00000000, NULL, NULL, 0, NULL, NULL, 257.62000000, 0.00000000, 0.00000000, 0.00000000, 1226.75000000, 1484.37000000, 2, 3, 3, NULL, NULL, NULL, NULL, 2, 2, '2015-04-01', NULL, NULL, 'addapta', NULL, NULL),
(53, '15/0050', 1, NULL, NULL, NULL, 0, NULL, 9, '2015-03-18 09:58:27', '2015-03-01', '2015-03-18', '2015-03-18 16:45:52', 1, 0.00000000, NULL, NULL, 0, NULL, NULL, 58.20000000, 0.00000000, 0.00000000, 0.00000000, 277.15000000, 335.35000000, 2, 3, 3, NULL, NULL, NULL, NULL, 1, 2, '2015-03-01', NULL, NULL, 'addapta', NULL, NULL),
(54, '15/0051', 1, NULL, NULL, NULL, 0, NULL, 10, '2015-03-18 10:00:11', '2015-03-01', '2015-03-18', '2015-05-29 16:00:13', 1, 0.00000000, NULL, NULL, 0, NULL, NULL, 1008.00000000, 0.00000000, 0.00000000, 0.00000000, 4800.00000000, 5808.00000000, 2, 3, 3, NULL, NULL, NULL, NULL, 4, 2, '2015-05-01', NULL, NULL, 'addapta', NULL, NULL),
(55, '15/0052', 1, NULL, NULL, NULL, 0, NULL, 10, '2015-03-18 10:02:12', '2015-03-01', '2015-03-18', '2015-05-29 16:00:13', 1, 0.00000000, NULL, NULL, 0, NULL, NULL, 955.50000000, 0.00000000, 0.00000000, 0.00000000, 4550.00000000, 5505.50000000, 2, 3, 3, NULL, NULL, NULL, NULL, 4, 2, '2015-05-01', NULL, NULL, 'addapta', NULL, NULL),
(56, '15/0053', 1, NULL, NULL, NULL, 0, NULL, 11, '2015-03-18 10:04:02', '2015-03-01', '2015-03-18', '2015-04-10 08:27:50', 1, 0.00000000, NULL, NULL, 0, NULL, NULL, 146.21000000, 0.00000000, 0.00000000, 0.00000000, 696.25000000, 842.46000000, 2, 3, 3, NULL, NULL, NULL, NULL, 1, 2, '2015-03-01', NULL, NULL, 'addapta', NULL, NULL),
(57, '15/0054', 1, NULL, NULL, NULL, 0, NULL, 3, '2015-03-18 10:36:23', '2015-03-01', '2015-03-18', '2015-04-07 07:43:44', 1, 0.00000000, NULL, NULL, 0, NULL, NULL, 80.64000000, 0.00000000, 0.00000000, 0.00000000, 384.00000000, 464.64000000, 2, 3, 3, NULL, NULL, NULL, NULL, 1, 3, '2015-03-01', NULL, NULL, 'addapta', NULL, NULL),
(60, '15/0055', 1, NULL, NULL, NULL, 0, NULL, 27, '2015-03-23 19:02:28', '2015-03-31', '2015-03-30', '2015-03-31 08:34:49', 1, 0.00000000, NULL, NULL, 0, NULL, NULL, 29.82000000, 0.00000000, 0.00000000, 0.00000000, 142.00000000, 171.82000000, 2, 3, 3, NULL, NULL, NULL, NULL, 1, 2, '2015-03-31', NULL, NULL, 'addapta', NULL, NULL),
(61, '15/0056', 1, NULL, NULL, NULL, 0, NULL, 28, '2015-03-23 19:03:35', '2015-03-31', '2015-04-07', '2015-05-13 09:08:57', 1, 0.00000000, NULL, NULL, 0, NULL, NULL, 105.00000000, 0.00000000, 0.00000000, 0.00000000, 500.00000000, 605.00000000, 2, 3, 3, NULL, NULL, NULL, NULL, 1, 2, '2015-03-31', NULL, NULL, 'addapta', NULL, NULL),
(63, '15/0057', 1, NULL, NULL, NULL, 0, NULL, 3, '2015-03-27 14:43:31', '2015-04-01', '2015-03-27', '2015-04-07 07:43:44', 1, 0.00000000, NULL, NULL, 0, NULL, NULL, 388.50000000, 0.00000000, 0.00000000, 0.00000000, 1850.00000000, 2238.50000000, 2, 3, 3, NULL, NULL, NULL, NULL, 1, 3, '2015-04-01', NULL, NULL, 'addapta', NULL, NULL),
(64, '15/0058', 1, NULL, NULL, NULL, 0, NULL, 3, '2015-03-27 14:45:08', '2015-04-01', '2015-03-27', '2015-04-07 07:43:44', 1, 0.00000000, NULL, NULL, 0, NULL, NULL, 76.44000000, 0.00000000, 0.00000000, 0.00000000, 364.00000000, 440.44000000, 2, 3, 3, NULL, NULL, NULL, NULL, 1, 3, '2015-04-01', NULL, NULL, 'addapta', NULL, NULL),
(65, '15/0059', 1, NULL, NULL, NULL, 0, NULL, 1, '2015-03-27 14:51:05', '2015-04-01', '2015-03-27', '2015-04-07 07:43:44', 1, 0.00000000, NULL, NULL, 0, NULL, NULL, 36.23000000, 0.00000000, 0.00000000, 0.00000000, 172.50000000, 208.73000000, 2, 3, 3, NULL, NULL, NULL, NULL, 1, 3, '2015-04-01', NULL, NULL, 'addapta', NULL, NULL),
(66, '15/0060', 1, NULL, NULL, NULL, 0, NULL, 2, '2015-03-27 14:54:37', '2015-04-01', '2015-03-30', '2015-04-30 11:45:19', 1, 0.00000000, NULL, NULL, 0, NULL, NULL, 144.69000000, 0.00000000, 0.00000000, 0.00000000, 689.00000000, 833.69000000, 2, 3, 3, NULL, NULL, NULL, NULL, 1, 3, '2015-04-25', NULL, NULL, 'addapta', NULL, NULL),
(67, '15/0061', 1, NULL, NULL, NULL, 0, NULL, 4, '2015-03-27 14:58:39', '2015-04-01', '2015-03-27', '2015-04-08 14:59:43', 1, 0.00000000, NULL, NULL, 0, NULL, NULL, 77.55000000, 0.00000000, 0.00000000, 0.00000000, 369.30000000, 446.85000000, 2, 3, 3, NULL, NULL, NULL, NULL, 1, 3, '2015-04-05', NULL, NULL, 'addapta', NULL, NULL),
(68, '15/0062', 1, NULL, NULL, NULL, 0, NULL, 5, '2015-03-27 15:00:18', '2015-04-01', '2015-03-27', '2015-11-27 13:10:51', 1, 0.00000000, NULL, NULL, 0, NULL, NULL, 22.63000000, 0.00000000, 0.00000000, 0.00000000, 107.75000000, 130.38000000, 2, 3, 3, NULL, NULL, NULL, NULL, 1, 2, '2015-04-01', NULL, NULL, 'addapta', NULL, NULL),
(69, '15/0063', 1, NULL, NULL, NULL, 0, NULL, 6, '2015-03-27 15:07:14', '2015-04-01', '2015-03-27', '2015-06-22 12:31:54', 1, 0.00000000, NULL, NULL, 0, NULL, NULL, 45.39000000, 0.00000000, 0.00000000, 0.00000000, 216.15000000, 261.54000000, 2, 3, 3, NULL, NULL, NULL, NULL, 4, 2, '2015-06-20', NULL, NULL, 'addapta', NULL, NULL),
(70, '15/0064', 1, NULL, NULL, NULL, 0, NULL, 7, '2015-03-27 15:09:41', '2015-04-01', '2015-11-24', '2015-11-24 11:57:36', 1, 0.00000000, NULL, NULL, 0, NULL, NULL, 20.95000000, 0.00000000, 0.00000000, 0.00000000, 99.75000000, 120.70000000, 2, 3, 3, NULL, NULL, NULL, NULL, 1, 7, '2015-04-01', NULL, NULL, 'addapta', NULL, NULL),
(71, '15/0065', 1, NULL, NULL, NULL, 0, NULL, 8, '2015-03-27 15:11:54', '2015-04-01', '2015-11-24', '2015-11-24 11:33:26', 1, 0.00000000, NULL, NULL, 0, NULL, NULL, 257.62000000, 0.00000000, 0.00000000, 0.00000000, 1226.75000000, 1484.37000000, 2, 3, 3, NULL, NULL, NULL, NULL, 2, 2, '2015-05-01', NULL, NULL, 'addapta', NULL, NULL),
(72, '15/0066', 1, NULL, NULL, NULL, 0, NULL, 9, '2015-03-27 15:14:02', '2015-04-01', '2015-03-27', '2015-04-07 07:41:42', 1, 0.00000000, NULL, NULL, 0, NULL, NULL, 58.20000000, 0.00000000, 0.00000000, 0.00000000, 277.15000000, 335.35000000, 2, 3, 3, NULL, NULL, NULL, NULL, 1, 2, '2015-04-01', NULL, NULL, 'addapta', NULL, NULL),
(73, '15/0067', 1, NULL, NULL, NULL, 0, NULL, 11, '2015-03-27 15:43:10', '2015-04-01', '2015-03-27', '2015-04-10 08:29:58', 1, 0.00000000, NULL, NULL, 0, NULL, NULL, 146.21000000, 0.00000000, 0.00000000, 0.00000000, 696.25000000, 842.46000000, 2, 3, 3, NULL, NULL, NULL, NULL, 1, 2, '2015-04-01', NULL, NULL, 'addapta', NULL, NULL),
(74, '15/0068', 1, NULL, NULL, NULL, 0, NULL, 3, '2015-03-31 11:45:35', '2015-04-01', '2015-03-31', '2015-05-04 07:00:36', 1, 0.00000000, NULL, NULL, 0, NULL, NULL, 169.68000000, 0.00000000, 0.00000000, 0.00000000, 808.00000000, 977.68000000, 2, 3, 3, NULL, NULL, NULL, NULL, 1, 3, '2015-05-01', NULL, NULL, 'addapta', NULL, NULL),
(75, '15/0069', 1, NULL, NULL, NULL, 0, NULL, 3, '2015-03-31 11:49:13', '2015-04-01', '2015-03-31', '2015-05-04 07:00:37', 1, 0.00000000, NULL, NULL, 0, NULL, NULL, 231.00000000, 0.00000000, 0.00000000, 0.00000000, 1100.00000000, 1331.00000000, 2, 3, 3, NULL, NULL, NULL, NULL, 1, 3, '2015-05-01', NULL, NULL, 'addapta', NULL, NULL),
(76, '15/0070', 1, NULL, NULL, NULL, 0, NULL, 10, '2015-03-31 12:34:00', '2015-04-01', '2015-03-31', '2015-06-12 09:17:05', 1, 0.00000000, NULL, NULL, 0, NULL, NULL, 1002.75000000, 0.00000000, 0.00000000, 0.00000000, 4775.00000000, 5777.75000000, 2, 3, 3, NULL, NULL, NULL, NULL, 4, 2, '2015-05-31', NULL, NULL, 'addapta', NULL, NULL),
(77, '15/0076', 1, NULL, NULL, NULL, 0, NULL, 27, '2015-04-07 11:20:10', '2015-04-30', '2015-04-24', '2015-05-05 12:11:06', 1, 0.00000000, NULL, NULL, 0, NULL, NULL, 29.82000000, 0.00000000, 0.00000000, 0.00000000, 142.00000000, 171.82000000, 2, 3, 3, NULL, NULL, NULL, NULL, 1, 2, '2015-04-30', NULL, NULL, 'addapta', NULL, NULL),
(78, '15/0077', 1, NULL, NULL, NULL, 0, NULL, 28, '2015-04-07 11:22:21', '2015-04-30', '2015-04-24', '2015-05-13 09:08:57', 1, 0.00000000, NULL, NULL, 0, NULL, NULL, 105.00000000, 0.00000000, 0.00000000, 0.00000000, 500.00000000, 605.00000000, 2, 3, 3, NULL, NULL, NULL, NULL, 1, 2, '2015-04-30', NULL, NULL, 'addapta', NULL, NULL),
(79, '15/0071', 1, NULL, NULL, NULL, 0, NULL, 35, '2015-04-07 13:19:20', '2015-04-07', '2015-04-07', '2015-04-10 08:37:14', 1, 0.00000000, NULL, NULL, 0, NULL, NULL, 36.75000000, 0.00000000, 0.00000000, 0.00000000, 175.00000000, 211.75000000, 2, 3, 3, NULL, NULL, NULL, NULL, 1, 3, '2015-04-07', NULL, NULL, 'addapta', NULL, NULL),
(80, '15/0072', 1, NULL, NULL, NULL, 0, NULL, 3, '2015-04-09 10:51:53', '2015-04-09', '2015-04-09', '2015-04-15 09:19:50', 1, 0.00000000, NULL, NULL, 0, NULL, NULL, 75.60000000, 0.00000000, 0.00000000, 0.00000000, 360.00000000, 435.60000000, 2, 3, 3, NULL, NULL, NULL, NULL, 1, 3, '2015-04-09', NULL, NULL, 'addapta', NULL, NULL),
(81, '15/0073', 1, NULL, NULL, NULL, 0, NULL, 3, '2015-04-09 12:14:55', '2015-04-09', '2015-04-09', '2015-04-15 09:20:06', 1, 0.00000000, NULL, NULL, 0, NULL, NULL, 94.50000000, 0.00000000, 0.00000000, 0.00000000, 450.00000000, 544.50000000, 2, 3, 3, NULL, NULL, NULL, NULL, 1, 3, '2015-04-09', NULL, NULL, 'addapta', NULL, NULL),
(82, '15/0074', 1, NULL, NULL, NULL, 0, NULL, 36, '2015-04-10 12:04:25', '2015-04-13', '2015-04-16', '2015-04-30 11:46:44', 1, 0.00000000, NULL, NULL, 0, NULL, NULL, 29.40000000, 0.00000000, 0.00000000, 0.00000000, 140.00000000, 169.40000000, 2, 3, 3, NULL, NULL, NULL, NULL, 1, 2, '2015-04-13', 'Aceptado en correo del día 10/4/2015 a las 11:46', NULL, 'addapta', NULL, NULL),
(83, '15/0075', 1, NULL, NULL, NULL, 0, NULL, 3, '2015-04-24 14:42:22', '2015-04-24', '2015-04-24', '2015-05-04 06:56:48', 1, 0.00000000, NULL, NULL, 0, NULL, NULL, 31.50000000, 0.00000000, 0.00000000, 0.00000000, 150.00000000, 181.50000000, 2, 3, 3, NULL, NULL, NULL, NULL, 1, 3, '2015-05-01', NULL, NULL, 'addapta', NULL, NULL),
(85, '15/0078', 1, NULL, NULL, NULL, 0, NULL, 3, '2015-04-24 14:46:58', '2015-05-01', '2015-04-24', '2015-05-04 06:56:48', 1, 0.00000000, NULL, NULL, 0, NULL, NULL, 388.50000000, 0.00000000, 0.00000000, 0.00000000, 1850.00000000, 2238.50000000, 2, 3, 3, NULL, NULL, NULL, NULL, 1, 3, '2015-05-01', NULL, NULL, 'addapta', NULL, NULL),
(86, '15/0079', 1, NULL, NULL, NULL, 0, NULL, 3, '2015-04-24 14:50:12', '2015-05-01', '2015-04-24', '2015-05-04 06:56:48', 1, 0.00000000, NULL, NULL, 0, NULL, NULL, 76.44000000, 0.00000000, 0.00000000, 0.00000000, 364.00000000, 440.44000000, 2, 3, 3, NULL, NULL, NULL, NULL, 1, 3, '2015-05-01', NULL, NULL, 'addapta', NULL, NULL),
(87, '15/0080', 1, NULL, NULL, NULL, 0, NULL, 1, '2015-04-24 14:51:29', '2015-05-01', '2015-04-24', '2015-05-04 06:56:48', 1, 0.00000000, NULL, NULL, 0, NULL, NULL, 36.23000000, 0.00000000, 0.00000000, 0.00000000, 172.50000000, 208.73000000, 2, 3, 3, NULL, NULL, NULL, NULL, 1, 3, '2015-05-01', NULL, NULL, 'addapta', NULL, NULL),
(88, '15/0081', 1, NULL, NULL, NULL, 0, NULL, 2, '2015-04-24 14:52:13', '2015-05-01', '2015-05-04', '2015-05-29 15:36:22', 1, 0.00000000, NULL, NULL, 0, NULL, NULL, 96.39000000, 0.00000000, 0.00000000, 0.00000000, 459.00000000, 555.39000000, 2, 3, 3, NULL, NULL, NULL, NULL, 1, 3, '2015-05-01', NULL, NULL, 'addapta', NULL, NULL),
(89, '15/0082', 1, NULL, NULL, NULL, 0, NULL, 4, '2015-04-24 14:54:40', '2015-05-01', '2015-05-04', '2015-05-12 04:23:45', 1, 0.00000000, NULL, NULL, 0, NULL, NULL, 77.55000000, 0.00000000, 0.00000000, 0.00000000, 369.30000000, 446.85000000, 2, 3, 3, NULL, NULL, NULL, NULL, 1, 3, '2015-05-01', NULL, NULL, 'addapta', NULL, NULL),
(90, '15/0083', 1, NULL, NULL, NULL, 0, NULL, 5, '2015-04-24 15:03:55', '2015-05-01', '2015-05-04', '2015-11-27 13:10:51', 1, 0.00000000, NULL, NULL, 0, NULL, NULL, 22.63000000, 0.00000000, 0.00000000, 0.00000000, 107.75000000, 130.38000000, 2, 3, 3, NULL, NULL, NULL, NULL, 1, 2, '2015-05-01', NULL, NULL, 'addapta', NULL, NULL),
(91, '15/0084', 1, NULL, NULL, NULL, 0, NULL, 6, '2015-04-24 15:31:36', '2015-05-01', '2015-05-29', '2015-07-20 10:00:37', 1, 0.00000000, NULL, NULL, 0, NULL, NULL, 45.39000000, 0.00000000, 0.00000000, 0.00000000, 216.15000000, 261.54000000, 2, 3, 3, NULL, NULL, NULL, NULL, 4, 2, '2015-07-20', NULL, NULL, 'addapta', NULL, NULL),
(92, '15/0085', 1, NULL, NULL, NULL, 0, NULL, 7, '2015-04-24 15:32:36', '2015-05-01', '2015-11-24', '2015-11-24 12:03:31', 1, 0.00000000, NULL, NULL, 0, NULL, NULL, 20.95000000, 0.00000000, 0.00000000, 0.00000000, 99.75000000, 120.70000000, 2, 3, 3, NULL, NULL, NULL, NULL, 1, 7, '2015-05-01', NULL, NULL, 'addapta', NULL, NULL),
(93, '15/0086', 1, NULL, NULL, NULL, 0, NULL, 8, '2015-04-24 15:33:36', '2015-05-01', '2015-11-24', '2015-11-24 11:35:43', 1, 0.00000000, NULL, NULL, 0, NULL, NULL, 257.62000000, 0.00000000, 0.00000000, 0.00000000, 1226.75000000, 1484.37000000, 2, 3, 3, NULL, NULL, NULL, NULL, 2, 2, '2015-05-31', NULL, NULL, 'addapta', NULL, NULL),
(94, '15/0087', 1, NULL, NULL, NULL, 0, NULL, 9, '2015-04-24 15:47:32', '2015-05-01', '2015-05-04', '2015-05-05 12:10:27', 1, 0.00000000, NULL, NULL, 0, NULL, NULL, 58.20000000, 0.00000000, 0.00000000, 0.00000000, 277.15000000, 335.35000000, 2, 3, 3, NULL, NULL, NULL, NULL, 1, 2, '2015-05-01', NULL, NULL, 'addapta', NULL, NULL),
(95, '15/0088', 1, NULL, NULL, NULL, 0, NULL, 11, '2015-04-24 15:48:32', '2015-05-01', '2015-05-04', '2015-07-06 10:04:39', 1, 0.00000000, NULL, NULL, 0, NULL, NULL, 146.21000000, 0.00000000, 0.00000000, 0.00000000, 696.25000000, 842.46000000, 2, 3, 3, NULL, NULL, NULL, NULL, 1, 2, '2015-05-01', NULL, NULL, 'addapta', NULL, NULL),
(96, '15/0090', 1, NULL, NULL, NULL, 0, NULL, 3, '2015-04-24 15:49:42', '2015-05-01', '2015-05-04', '2015-06-08 12:34:18', 1, 0.00000000, NULL, NULL, 0, NULL, NULL, 169.68000000, 0.00000000, 0.00000000, 0.00000000, 808.00000000, 977.68000000, 2, 3, 3, NULL, NULL, NULL, NULL, 1, 3, '2015-06-01', NULL, NULL, 'addapta', NULL, NULL),
(97, '15/0089', 1, NULL, NULL, NULL, 0, NULL, 3, '2015-04-24 15:51:16', '2015-05-01', '2015-05-04', '2015-06-08 12:34:18', 1, 0.00000000, NULL, NULL, 0, NULL, NULL, 231.00000000, 0.00000000, 0.00000000, 0.00000000, 1100.00000000, 1331.00000000, 2, 3, 3, NULL, NULL, NULL, NULL, 1, 3, '2015-06-01', NULL, NULL, 'addapta', NULL, NULL),
(98, '15/0092', 1, NULL, NULL, NULL, 0, NULL, 10, '2015-04-24 15:52:16', '2015-05-01', '2015-05-07', '2015-07-28 09:41:55', 1, 0.00000000, NULL, NULL, 0, NULL, NULL, 824.25000000, 0.00000000, 0.00000000, 0.00000000, 3925.00000000, 4749.25000000, 2, 3, 3, NULL, NULL, NULL, NULL, 4, 2, '2015-06-30', NULL, NULL, 'addapta', NULL, NULL),
(99, '15/0093', 1, NULL, NULL, NULL, 0, NULL, 10, '2015-04-24 15:53:19', '2015-05-01', '2015-05-07', '2015-07-28 09:41:55', 1, 0.00000000, NULL, NULL, 0, NULL, NULL, 997.92000000, 0.00000000, 0.00000000, 0.00000000, 4752.00000000, 5749.92000000, 2, 3, 3, NULL, NULL, NULL, NULL, 4, 2, '2015-06-30', NULL, NULL, 'addapta', NULL, NULL),
(100, '15/0098', 1, NULL, NULL, NULL, 0, NULL, 27, '2015-04-24 15:55:51', '2015-05-31', '2015-05-29', '2015-06-03 09:18:08', 1, 0.00000000, NULL, NULL, 0, NULL, NULL, 29.82000000, 0.00000000, 0.00000000, 0.00000000, 142.00000000, 171.82000000, 2, 3, 3, NULL, NULL, NULL, NULL, 1, 2, '2015-05-31', NULL, NULL, 'addapta', NULL, NULL),
(101, '15/0099', 1, NULL, NULL, NULL, 0, NULL, 28, '2015-04-24 15:57:21', '2015-05-31', '2015-05-29', '2015-06-17 09:06:29', 1, 0.00000000, NULL, NULL, 0, NULL, NULL, 105.00000000, 0.00000000, 0.00000000, 0.00000000, 500.00000000, 605.00000000, 2, 3, 3, NULL, NULL, NULL, NULL, 1, 2, '2015-05-31', NULL, NULL, 'addapta', NULL, NULL),
(102, '15/0091', 1, NULL, NULL, NULL, 0, NULL, 51, '2015-05-05 14:20:17', '2015-05-01', '2015-06-08', '2015-06-15 08:40:57', 1, 0.00000000, NULL, NULL, 0, NULL, NULL, 40.95000000, 0.00000000, 0.00000000, 0.00000000, 195.00000000, 235.95000000, 2, 3, 3, NULL, NULL, NULL, NULL, 1, 2, '2015-06-15', NULL, NULL, 'addapta', NULL, NULL),
(103, '15/0094', 1, NULL, NULL, NULL, 0, NULL, 3, '2015-05-12 06:39:10', '2015-05-12', '2015-05-12', '2015-05-15 12:07:06', 1, 0.00000000, NULL, NULL, 0, NULL, NULL, 50.40000000, 0.00000000, 0.00000000, 0.00000000, 240.00000000, 290.40000000, 2, 2, 3, NULL, NULL, NULL, NULL, 1, 3, '2015-05-12', NULL, NULL, 'addapta', NULL, NULL),
(105, '15/0097', 1, NULL, NULL, NULL, 0, NULL, 54, '2015-05-17 11:41:28', '2015-05-17', '2015-05-29', '2015-06-08 12:33:07', 1, 0.00000000, NULL, NULL, 0, NULL, NULL, 63.00000000, 0.00000000, 0.00000000, 0.00000000, 300.00000000, 363.00000000, 2, 2, 3, NULL, NULL, NULL, NULL, 1, 2, '2015-05-17', NULL, NULL, 'addapta', NULL, NULL),
(106, '15/0095', 1, NULL, NULL, NULL, 0, NULL, 53, '2015-05-28 19:07:47', '2015-05-28', '2015-05-29', '2015-06-11 11:58:31', 1, 0.00000000, NULL, NULL, 0, NULL, NULL, 405.72000000, 0.00000000, 0.00000000, 0.00000000, 1932.00000000, 2337.72000000, 2, 2, 2, NULL, NULL, NULL, NULL, 1, 2, '2015-05-28', NULL, NULL, 'addapta', NULL, NULL),
(107, '15/0096', 1, NULL, NULL, NULL, 0, NULL, 51, '2015-05-29 10:39:44', '2015-05-29', '2015-06-08', '2015-07-16 08:27:09', 1, 0.00000000, NULL, NULL, 0, NULL, NULL, 317.35000000, 0.00000000, 0.00000000, 0.00000000, 1511.26000000, 1828.61000000, 2, 3, 3, NULL, NULL, NULL, NULL, 1, 2, '2015-07-15', NULL, NULL, 'addapta', NULL, NULL),
(109, '15/0100', 1, NULL, NULL, NULL, 0, NULL, 3, '2015-05-29 15:37:53', '2015-06-01', '2015-05-29', '2015-06-08 12:34:18', 1, 0.00000000, NULL, NULL, 0, NULL, NULL, 388.50000000, 0.00000000, 0.00000000, 0.00000000, 1850.00000000, 2238.50000000, 2, 3, 3, NULL, NULL, NULL, NULL, 1, 3, '2015-06-01', NULL, NULL, 'addapta', NULL, NULL),
(110, '15/0101', 1, NULL, NULL, NULL, 0, NULL, 3, '2015-05-29 15:40:49', '2015-06-01', '2015-05-29', '2015-06-08 12:34:18', 1, 0.00000000, NULL, NULL, 0, NULL, NULL, 76.44000000, 0.00000000, 0.00000000, 0.00000000, 364.00000000, 440.44000000, 2, 3, 3, NULL, NULL, NULL, NULL, 1, 3, '2015-06-01', NULL, NULL, 'addapta', NULL, NULL),
(111, '15/0102', 1, NULL, NULL, NULL, 0, NULL, 1, '2015-05-29 15:42:22', '2015-06-01', '2015-05-29', '2015-06-08 12:34:18', 1, 0.00000000, NULL, NULL, 0, NULL, NULL, 36.23000000, 0.00000000, 0.00000000, 0.00000000, 172.50000000, 208.73000000, 2, 3, 3, NULL, NULL, NULL, NULL, 1, 3, '2015-06-01', NULL, NULL, 'addapta', NULL, NULL),
(112, '15/0103', 1, NULL, NULL, NULL, 0, NULL, 2, '2015-05-29 15:43:21', '2015-06-01', '2015-05-29', '2015-06-30 05:51:39', 1, 0.00000000, NULL, NULL, 0, NULL, NULL, 96.39000000, 0.00000000, 0.00000000, 0.00000000, 459.00000000, 555.39000000, 2, 3, 3, NULL, NULL, NULL, NULL, 1, 3, '2015-06-25', NULL, NULL, 'addapta', NULL, NULL),
(113, '15/0104', 1, NULL, NULL, NULL, 0, NULL, 4, '2015-05-29 15:44:50', '2015-06-01', '2015-05-29', '2015-06-08 12:34:47', 1, 0.00000000, NULL, NULL, 0, NULL, NULL, 77.55000000, 0.00000000, 0.00000000, 0.00000000, 369.30000000, 446.85000000, 2, 3, 3, NULL, NULL, NULL, NULL, 1, 3, '2015-06-05', NULL, NULL, 'addapta', NULL, NULL),
(114, '15/0105', 1, NULL, NULL, NULL, 0, NULL, 5, '2015-05-29 15:46:27', '2015-06-01', '2015-05-29', '2015-11-27 13:10:51', 1, 0.00000000, NULL, NULL, 0, NULL, NULL, 22.63000000, 0.00000000, 0.00000000, 0.00000000, 107.75000000, 130.38000000, 2, 3, 3, NULL, NULL, NULL, NULL, 1, 2, '2015-06-01', NULL, NULL, 'addapta', NULL, NULL),
(115, '15/0106', 1, NULL, NULL, NULL, 0, NULL, 6, '2015-05-29 15:48:26', '2015-06-01', '2015-09-29', '2015-10-21 08:12:40', 1, 0.00000000, NULL, NULL, 0, NULL, NULL, 45.39000000, 0.00000000, 0.00000000, 0.00000000, 216.15000000, 261.54000000, 2, 3, 3, NULL, NULL, NULL, NULL, 4, 2, '2015-10-20', NULL, NULL, 'addapta', NULL, NULL),
(116, '15/0107', 1, NULL, NULL, NULL, 0, NULL, 7, '2015-05-29 16:05:38', '2015-06-01', '2015-11-24', '2016-01-14 18:21:43', 1, 0.00000000, NULL, NULL, 0, NULL, NULL, 20.95000000, 0.00000000, 0.00000000, 0.00000000, 99.75000000, 120.70000000, 2, 3, 3, NULL, NULL, NULL, NULL, 1, 7, '2015-06-01', NULL, NULL, 'addapta', NULL, NULL),
(117, '15/0108', 1, NULL, NULL, NULL, 0, NULL, 8, '2015-05-29 16:07:44', '2015-06-01', '2015-11-24', '2015-11-24 11:37:25', 1, 0.00000000, NULL, NULL, 0, NULL, NULL, 257.62000000, 0.00000000, 0.00000000, 0.00000000, 1226.75000000, 1484.37000000, 2, 3, 3, NULL, NULL, NULL, NULL, 2, 2, '2015-07-01', NULL, NULL, 'addapta', NULL, NULL),
(118, '15/0109', 1, NULL, NULL, NULL, 0, NULL, 9, '2015-05-29 16:09:36', '2015-06-01', '2015-05-29', '2015-06-16 09:17:32', 1, 0.00000000, NULL, NULL, 0, NULL, NULL, 58.20000000, 0.00000000, 0.00000000, 0.00000000, 277.15000000, 335.35000000, 2, 3, 3, NULL, NULL, NULL, NULL, 1, 2, '2015-06-01', NULL, NULL, 'addapta', NULL, NULL),
(119, '15/0110', 1, NULL, NULL, NULL, 0, NULL, 11, '2015-05-29 16:14:15', '2015-06-01', '2015-05-29', '2015-07-06 10:04:39', 1, 0.00000000, NULL, NULL, 0, NULL, NULL, 146.21000000, 0.00000000, 0.00000000, 0.00000000, 696.25000000, 842.46000000, 2, 3, 3, NULL, NULL, NULL, NULL, 1, 2, '2015-06-01', NULL, NULL, 'addapta', NULL, NULL),
(120, '15/0111', 1, NULL, NULL, NULL, 0, NULL, 3, '2015-05-29 16:15:23', '2015-06-01', '2015-05-29', '2015-07-06 10:02:52', 1, 0.00000000, NULL, NULL, 0, NULL, NULL, 169.68000000, 0.00000000, 0.00000000, 0.00000000, 808.00000000, 977.68000000, 2, 3, 3, NULL, NULL, NULL, NULL, 1, 3, '2015-07-01', NULL, NULL, 'addapta', NULL, NULL),
(121, '15/0112', 1, NULL, NULL, NULL, 0, NULL, 3, '2015-05-29 16:17:01', '2015-06-01', '2015-05-29', '2015-07-06 10:02:52', 1, 0.00000000, NULL, NULL, 0, NULL, NULL, 231.00000000, 0.00000000, 0.00000000, 0.00000000, 1100.00000000, 1331.00000000, 2, 3, 3, NULL, NULL, NULL, NULL, 1, 3, '2015-07-01', NULL, NULL, 'addapta', NULL, NULL),
(122, '15/0113', 1, NULL, NULL, NULL, 0, NULL, 10, '2015-05-29 16:18:16', '2015-06-01', '2015-05-29', '2015-08-12 18:11:34', 1, 0.00000000, NULL, NULL, 0, NULL, NULL, 897.75000000, 0.00000000, 0.00000000, 0.00000000, 4275.00000000, 5172.75000000, 2, 3, 3, NULL, NULL, NULL, NULL, 4, 2, '2015-07-31', NULL, NULL, 'addapta', NULL, NULL),
(123, '15/0114', 1, NULL, NULL, NULL, 0, NULL, 10, '2015-05-29 16:20:49', '2015-06-01', '2015-05-29', '2015-08-12 18:11:34', 1, 0.00000000, NULL, NULL, 0, NULL, NULL, 907.20000000, 0.00000000, 0.00000000, 0.00000000, 4320.00000000, 5227.20000000, 2, 3, 3, NULL, NULL, NULL, NULL, 4, 2, '2015-07-31', NULL, NULL, 'addapta', NULL, NULL),
(124, '15/0125', 1, NULL, NULL, NULL, 0, NULL, 2, '2015-06-15 11:21:28', '2015-07-01', '2015-06-30', '2015-07-27 10:08:44', 1, 0.00000000, NULL, NULL, 0, NULL, NULL, 144.69000000, 0.00000000, 0.00000000, 0.00000000, 689.00000000, 833.69000000, 2, 3, 3, NULL, NULL, NULL, NULL, 1, 3, '2015-07-01', NULL, NULL, 'addapta', NULL, NULL),
(125, '15/0115', 1, NULL, NULL, NULL, 0, NULL, 51, '2015-06-15 17:19:46', '2015-06-15', '2015-06-15', '2015-08-14 16:31:23', 1, 0.00000000, NULL, NULL, 0, NULL, NULL, 511.88000000, 0.00000000, 0.00000000, 0.00000000, 2437.50000000, 2949.38000000, 2, 3, 3, NULL, NULL, NULL, NULL, 1, 2, '2015-06-15', NULL, NULL, 'addapta', NULL, NULL),
(126, '15/0116', 1, NULL, NULL, NULL, 0, NULL, 51, '2015-06-16 14:49:09', '2015-06-15', '2015-06-16', '2015-07-16 08:26:19', 1, 0.00000000, NULL, NULL, 0, NULL, NULL, 26.44000000, 0.00000000, 0.00000000, 0.00000000, 125.90000000, 152.34000000, 2, 3, 3, NULL, NULL, NULL, NULL, 1, 2, '2015-06-15', NULL, NULL, 'addapta', NULL, NULL),
(128, '15/0117', 1, NULL, NULL, NULL, 0, NULL, 7, '2015-06-22 12:43:15', '2015-06-22', '2015-11-24', '2016-01-14 18:21:43', 1, 0.00000000, NULL, NULL, 0, NULL, NULL, 58.80000000, 0.00000000, 0.00000000, 0.00000000, 280.00000000, 338.80000000, 2, 2, 3, NULL, NULL, NULL, NULL, 1, 2, '2015-06-22', NULL, NULL, 'addapta', NULL, NULL),
(129, '15/0118', 1, NULL, NULL, NULL, 0, NULL, 51, '2015-06-22 16:28:28', '2015-06-23', '2015-06-23', '2015-08-14 16:32:11', 1, 0.00000000, NULL, NULL, 0, NULL, NULL, 102.62000000, 0.00000000, 0.00000000, 0.00000000, 488.66000000, 591.28000000, 2, 3, 3, NULL, NULL, NULL, NULL, 1, 2, '2015-07-15', NULL, NULL, 'addapta', NULL, NULL),
(130, '15/0121', 1, NULL, NULL, NULL, 0, NULL, 55, '2015-06-29 10:16:39', '2015-06-30', '2015-06-30', '2015-10-16 07:53:24', 1, 0.00000000, NULL, NULL, 0, NULL, NULL, 84.00000000, 0.00000000, 0.00000000, 0.00000000, 400.00000000, 484.00000000, 2, 2, 3, NULL, NULL, NULL, NULL, 1, 2, '2015-06-30', NULL, NULL, 'addapta', NULL, NULL),
(131, '15/0119', 1, NULL, NULL, NULL, 0, NULL, 27, '2015-06-30 07:57:19', '2015-06-30', '2015-06-30', '2015-07-02 13:23:32', 1, 0.00000000, NULL, NULL, 0, NULL, NULL, 29.82000000, 0.00000000, 0.00000000, 0.00000000, 142.00000000, 171.82000000, 2, 3, 3, NULL, NULL, NULL, NULL, 1, 2, '2015-06-30', NULL, NULL, 'addapta', NULL, NULL),
(132, '15/0120', 1, NULL, NULL, NULL, 0, NULL, 28, '2015-06-30 07:58:50', '2015-06-30', '2015-06-30', '2015-07-20 07:31:31', 1, 0.00000000, NULL, NULL, 0, NULL, NULL, 105.00000000, 0.00000000, 0.00000000, 0.00000000, 500.00000000, 605.00000000, 2, 3, 3, NULL, NULL, NULL, NULL, 1, 2, '2015-06-30', NULL, NULL, 'addapta', NULL, NULL),
(133, '15/0122', 1, NULL, NULL, NULL, 0, NULL, 3, '2015-06-30 08:03:03', '2015-07-01', '2015-06-30', '2015-07-06 10:02:52', 1, 0.00000000, NULL, NULL, 0, NULL, NULL, 388.50000000, 0.00000000, 0.00000000, 0.00000000, 1850.00000000, 2238.50000000, 2, 3, 3, NULL, NULL, NULL, NULL, 1, 3, '2015-07-01', NULL, NULL, 'addapta', NULL, NULL),
(134, '15/0123', 1, NULL, NULL, NULL, 0, NULL, 3, '2015-06-30 08:05:30', '2015-07-01', '2015-06-30', '2015-07-06 10:02:52', 1, 0.00000000, NULL, NULL, 0, NULL, NULL, 76.44000000, 0.00000000, 0.00000000, 0.00000000, 364.00000000, 440.44000000, 2, 3, 3, NULL, NULL, NULL, NULL, 1, 3, '2015-07-01', NULL, NULL, 'addapta', NULL, NULL),
(135, '15/0124', 1, NULL, NULL, NULL, 0, NULL, 1, '2015-06-30 08:06:57', '2015-07-01', '2015-06-30', '2015-07-06 10:02:52', 1, 0.00000000, NULL, NULL, 0, NULL, NULL, 36.23000000, 0.00000000, 0.00000000, 0.00000000, 172.50000000, 208.73000000, 2, 3, 3, NULL, NULL, NULL, NULL, 1, 3, '2015-07-01', NULL, NULL, 'addapta', NULL, NULL),
(136, '15/0126', 1, NULL, NULL, NULL, 0, NULL, 4, '2015-06-30 09:08:50', '2015-07-01', '2015-06-30', '2015-07-07 14:26:46', 1, 0.00000000, NULL, NULL, 0, NULL, NULL, 120.18000000, 0.00000000, 0.00000000, 0.00000000, 572.30000000, 692.48000000, 2, 3, 3, NULL, NULL, NULL, NULL, 1, 3, '2015-07-01', NULL, NULL, 'addapta', NULL, NULL),
(137, '15/0127', 1, NULL, NULL, NULL, 0, NULL, 5, '2015-06-30 09:14:45', '2015-07-01', '2015-06-30', '2016-02-03 10:53:57', 1, 0.00000000, NULL, NULL, 0, NULL, NULL, 22.63000000, 0.00000000, 0.00000000, 0.00000000, 107.75000000, 130.38000000, 2, 3, 3, NULL, NULL, NULL, NULL, 1, 2, '2015-07-01', NULL, NULL, 'addapta', NULL, NULL),
(138, '15/0128', 1, NULL, NULL, NULL, 0, NULL, 6, '2015-06-30 09:26:27', '2015-07-01', '2015-07-20', '2015-09-29 09:04:53', 1, 0.00000000, NULL, NULL, 0, NULL, NULL, 45.39000000, 0.00000000, 0.00000000, 0.00000000, 216.15000000, 261.54000000, 2, 3, 3, NULL, NULL, NULL, NULL, 4, 2, '2015-09-20', NULL, NULL, 'addapta', NULL, NULL),
(139, '15/0129', 1, NULL, NULL, NULL, 0, NULL, 8, '2015-06-30 09:32:07', '2015-07-01', '2015-11-24', '2015-11-24 11:41:01', 1, 0.00000000, NULL, NULL, 0, NULL, NULL, 257.62000000, 0.00000000, 0.00000000, 0.00000000, 1226.75000000, 1484.37000000, 2, 3, 3, NULL, NULL, NULL, NULL, 2, 2, '2015-07-31', NULL, NULL, 'addapta', NULL, NULL),
(140, '15/0130', 1, NULL, NULL, NULL, 0, NULL, 9, '2015-06-30 09:33:28', '2015-07-01', '2015-07-01', '2015-07-07 14:27:32', 1, 0.00000000, NULL, NULL, 0, NULL, NULL, 69.32000000, 0.00000000, 0.00000000, 0.00000000, 330.10000000, 399.42000000, 2, 3, 3, NULL, NULL, NULL, NULL, 1, 2, '2015-07-01', NULL, NULL, 'addapta', NULL, NULL),
(141, '15/0131', 1, NULL, NULL, NULL, 0, NULL, 11, '2015-06-30 09:34:24', '2015-07-01', '2015-06-30', '2015-09-08 07:48:33', 1, 0.00000000, NULL, NULL, 0, NULL, NULL, 146.21000000, 0.00000000, 0.00000000, 0.00000000, 696.25000000, 842.46000000, 2, 3, 3, NULL, NULL, NULL, NULL, 1, 2, '2015-07-01', NULL, NULL, 'addapta', NULL, NULL),
(142, '15/0132', 1, NULL, NULL, NULL, 0, NULL, 3, '2015-06-30 09:38:54', '2015-07-01', '2015-06-30', '2015-08-04 16:02:16', 1, 0.00000000, NULL, NULL, 0, NULL, NULL, 169.68000000, 0.00000000, 0.00000000, 0.00000000, 808.00000000, 977.68000000, 2, 3, 3, NULL, NULL, NULL, NULL, 2, 3, '2015-07-31', NULL, NULL, 'addapta', NULL, NULL),
(143, '15/0133', 1, NULL, NULL, NULL, 0, NULL, 3, '2015-06-30 09:40:42', '2015-07-01', '2015-06-30', '2015-08-04 16:02:16', 1, 0.00000000, NULL, NULL, 0, NULL, NULL, 231.00000000, 0.00000000, 0.00000000, 0.00000000, 1100.00000000, 1331.00000000, 2, 3, 3, NULL, NULL, NULL, NULL, 2, 3, '2015-07-31', NULL, NULL, 'addapta', NULL, NULL),
(144, '15/0134', 1, NULL, NULL, NULL, 0, NULL, 10, '2015-06-30 09:42:35', '2015-07-01', '2015-07-02', '2015-09-14 13:07:42', 1, 0.00000000, NULL, NULL, 0, NULL, NULL, 871.50000000, 0.00000000, 0.00000000, 0.00000000, 4150.00000000, 5021.50000000, 2, 3, 3, NULL, NULL, NULL, NULL, 4, 2, '2015-08-30', NULL, NULL, 'addapta', NULL, NULL),
(145, '15/0135', 1, NULL, NULL, NULL, 0, NULL, 10, '2015-06-30 09:43:46', '2015-07-01', '2015-06-30', '2015-09-14 13:07:42', 1, 0.00000000, NULL, NULL, 0, NULL, NULL, 907.20000000, 0.00000000, 0.00000000, 0.00000000, 4320.00000000, 5227.20000000, 2, 3, 3, NULL, NULL, NULL, NULL, 4, 2, '2015-08-30', NULL, NULL, 'addapta', NULL, NULL),
(146, '15/0136', 1, NULL, NULL, NULL, 0, NULL, 56, '2015-06-30 12:36:29', '2015-07-01', '2015-06-30', '2015-07-07 14:26:30', 1, 0.00000000, NULL, NULL, 0, NULL, NULL, 36.75000000, 0.00000000, 0.00000000, 0.00000000, 175.00000000, 211.75000000, 2, 3, 3, NULL, NULL, NULL, NULL, 1, 3, '2015-07-01', NULL, NULL, 'addapta', NULL, NULL),
(147, '15/0137', 1, NULL, NULL, NULL, 0, NULL, 7, '2015-07-20 12:06:04', '2015-07-01', '2015-11-24', '2016-01-14 18:21:43', 1, 0.00000000, NULL, NULL, 0, NULL, NULL, 20.95000000, 0.00000000, 0.00000000, 0.00000000, 99.75000000, 120.70000000, 2, 3, 3, NULL, NULL, NULL, NULL, 1, 7, '2015-07-01', NULL, NULL, 'addapta', NULL, NULL),
(148, '15/0141', 1, NULL, NULL, NULL, 0, NULL, 1, '2015-07-20 12:08:26', '2015-08-01', '2015-07-24', '2015-09-02 16:14:11', 1, 0.00000000, NULL, NULL, 0, NULL, NULL, 65.63000000, 0.00000000, 0.00000000, 0.00000000, 312.50000000, 378.13000000, 2, 3, 3, NULL, NULL, NULL, NULL, 1, 3, '2015-08-01', NULL, NULL, 'addapta', NULL, NULL),
(149, '15/0142', 1, NULL, NULL, NULL, 0, NULL, 2, '2015-07-20 17:23:39', '2015-08-01', '2015-07-24', '2015-09-09 08:59:50', 1, 0.00000000, NULL, NULL, 0, NULL, NULL, 439.39000000, 0.00000000, 0.00000000, 0.00000000, 2092.30000000, 2531.69000000, 2, 3, 3, NULL, NULL, NULL, NULL, 1, 3, '2015-08-01', NULL, NULL, 'addapta', NULL, NULL),
(150, '15/0147', 1, NULL, NULL, NULL, 0, NULL, 9, '2015-07-22 14:19:53', '2015-08-01', '2015-07-24', '2015-11-03 16:46:16', 1, 0.00000000, NULL, NULL, 0, NULL, NULL, 361.44000000, 0.00000000, 0.00000000, 0.00000000, 1721.15000000, 2082.59000000, 2, 3, 3, NULL, NULL, NULL, NULL, 1, 2, '2015-08-01', NULL, NULL, 'addapta', NULL, NULL),
(151, '15/0138', 1, NULL, NULL, NULL, 0, NULL, 28, '2015-07-22 14:40:48', '2015-07-31', '2015-07-22', '2015-09-17 11:28:22', 1, 0.00000000, NULL, NULL, 0, NULL, NULL, 105.00000000, 0.00000000, 0.00000000, 0.00000000, 500.00000000, 605.00000000, 2, 3, 3, NULL, NULL, NULL, NULL, 1, 2, '2015-07-31', NULL, NULL, 'addapta', NULL, NULL),
(152, '15/0139', 1, NULL, NULL, NULL, 0, NULL, 3, '2015-07-24 15:59:29', '2015-08-01', '2015-07-24', '2015-08-04 16:03:03', 1, 0.00000000, NULL, NULL, 0, NULL, NULL, 388.50000000, 0.00000000, 0.00000000, 0.00000000, 1850.00000000, 2238.50000000, 2, 3, 3, NULL, NULL, NULL, NULL, 1, 3, '2015-08-01', NULL, NULL, 'addapta', NULL, NULL),
(153, '15/0140', 1, NULL, NULL, NULL, 0, NULL, 3, '2015-07-24 16:02:14', '2015-08-01', '2015-07-24', '2015-08-04 16:03:03', 1, 0.00000000, NULL, NULL, 0, NULL, NULL, 76.44000000, 0.00000000, 0.00000000, 0.00000000, 364.00000000, 440.44000000, 2, 3, 3, NULL, NULL, NULL, NULL, 1, 3, '2015-08-01', NULL, NULL, 'addapta', NULL, NULL),
(154, '15/0143', 1, NULL, NULL, NULL, 0, NULL, 4, '2015-07-24 16:05:05', '2015-08-01', '2015-07-24', '2015-08-05 12:37:19', 1, 0.00000000, NULL, NULL, 0, NULL, NULL, 77.55000000, 0.00000000, 0.00000000, 0.00000000, 369.30000000, 446.85000000, 2, 3, 3, NULL, NULL, NULL, NULL, 1, 3, '2015-08-01', NULL, NULL, 'addapta', NULL, NULL),
(155, '15/0144', 1, NULL, NULL, NULL, 0, NULL, 5, '2015-07-24 16:07:46', '2015-08-01', '2015-07-24', '2016-02-03 10:53:57', 1, 0.00000000, NULL, NULL, 0, NULL, NULL, 22.63000000, 0.00000000, 0.00000000, 0.00000000, 107.75000000, 130.38000000, 2, 3, 3, NULL, NULL, NULL, NULL, 1, 2, '2015-08-01', NULL, NULL, 'addapta', NULL, NULL),
(156, '15/0145', 1, NULL, NULL, NULL, 0, NULL, 6, '2015-07-24 16:09:23', '2015-08-01', '2015-07-28', '2015-10-20 12:56:57', 1, 0.00000000, NULL, NULL, 0, NULL, NULL, 45.39000000, 0.00000000, 0.00000000, 0.00000000, 216.15000000, 261.54000000, 2, 3, 3, NULL, NULL, NULL, NULL, 4, 2, '2015-10-20', NULL, NULL, 'addapta', NULL, NULL),
(157, '15/0146', 1, NULL, NULL, NULL, 0, NULL, 8, '2015-07-24 16:10:41', '2015-08-01', '2015-11-24', '2015-11-24 11:41:01', 1, 0.00000000, NULL, NULL, 0, NULL, NULL, 257.62000000, 0.00000000, 0.00000000, 0.00000000, 1226.75000000, 1484.37000000, 2, 3, 3, NULL, NULL, NULL, NULL, 2, 2, '2015-08-31', NULL, NULL, 'addapta', NULL, NULL),
(158, '15/0148', 1, NULL, NULL, NULL, 0, NULL, 11, '2015-07-24 16:14:38', '2015-08-01', '2015-07-24', '2015-10-15 09:03:19', 1, 0.00000000, NULL, NULL, 0, NULL, NULL, 146.21000000, 0.00000000, 0.00000000, 0.00000000, 696.25000000, 842.46000000, 2, 3, 3, NULL, NULL, NULL, NULL, 1, 2, '2015-08-01', NULL, NULL, 'addapta', NULL, NULL),
(159, '15/0149', 1, NULL, NULL, NULL, 0, NULL, 3, '2015-07-24 16:17:07', '2015-08-01', '2015-08-27', '2015-09-02 16:14:11', 1, 0.00000000, NULL, NULL, 0, NULL, NULL, 127.68000000, 0.00000000, 0.00000000, 0.00000000, 608.00000000, 735.68000000, 2, 3, 3, NULL, NULL, NULL, NULL, 2, 3, '2015-08-31', NULL, NULL, 'addapta', NULL, NULL);
INSERT INTO `b65362949_facture` (`rowid`, `facnumber`, `entity`, `ref_ext`, `ref_int`, `ref_client`, `type`, `increment`, `fk_soc`, `datec`, `datef`, `date_valid`, `tms`, `paye`, `amount`, `remise_percent`, `remise_absolue`, `remise`, `close_code`, `close_note`, `tva`, `localtax1`, `localtax2`, `revenuestamp`, `total`, `total_ttc`, `fk_statut`, `fk_user_author`, `fk_user_valid`, `fk_facture_source`, `fk_projet`, `fk_account`, `fk_currency`, `fk_cond_reglement`, `fk_mode_reglement`, `date_lim_reglement`, `note_private`, `note_public`, `model_pdf`, `import_key`, `extraparams`) VALUES
(160, '15/0150', 1, NULL, NULL, NULL, 0, NULL, 3, '2015-07-24 16:18:50', '2015-08-01', '2015-08-27', '2015-08-27 10:02:09', 1, 0.00000000, NULL, NULL, 0, NULL, NULL, 231.00000000, 0.00000000, 0.00000000, 0.00000000, 1100.00000000, 1331.00000000, 2, 3, 3, NULL, NULL, NULL, NULL, 2, 3, '2015-08-31', NULL, NULL, 'addapta', NULL, NULL),
(161, '15/0151', 1, NULL, NULL, NULL, 0, NULL, 10, '2015-07-24 16:23:06', '2015-08-01', '2015-07-31', '2015-10-16 07:54:26', 1, 0.00000000, NULL, NULL, 0, NULL, NULL, 981.75000000, 0.00000000, 0.00000000, 0.00000000, 4675.00000000, 5656.75000000, 2, 3, 3, NULL, NULL, NULL, NULL, 4, 2, '2015-09-30', NULL, NULL, 'addapta', NULL, NULL),
(162, '15/0152', 1, NULL, NULL, NULL, 0, NULL, 10, '2015-07-24 16:24:22', '2015-08-01', '2015-07-31', '2015-10-16 07:54:26', 1, 0.00000000, NULL, NULL, 0, NULL, NULL, 1043.28000000, 0.00000000, 0.00000000, 0.00000000, 4968.00000000, 6011.28000000, 2, 3, 3, NULL, NULL, NULL, NULL, 4, 2, '2015-09-30', NULL, NULL, 'addapta', NULL, NULL),
(163, '15/0153', 1, NULL, NULL, NULL, 0, NULL, 7, '2015-07-24 16:25:27', '2015-08-01', '2015-11-24', '2016-01-27 12:25:26', 1, 0.00000000, NULL, NULL, 0, NULL, NULL, 20.95000000, 0.00000000, 0.00000000, 0.00000000, 99.75000000, 120.70000000, 2, 3, 3, NULL, NULL, NULL, NULL, 1, 7, '2015-08-01', NULL, NULL, 'addapta', NULL, NULL),
(164, '15/0154', 1, NULL, NULL, NULL, 0, NULL, 3, '2015-08-04 18:07:09', '2015-08-01', '2015-08-05', '2015-08-18 21:40:55', 1, 0.00000000, NULL, NULL, 0, NULL, NULL, 173.88000000, 0.00000000, 0.00000000, 0.00000000, 828.00000000, 1001.88000000, 2, 2, 3, NULL, NULL, NULL, NULL, 1, 3, '2015-08-01', 'Aceptado el presupuesto por el cliente', 'Modo de pago:\r\nSe requerirá el pago del 40% al inicio del proyecto. Otro 40% en el momento del inicio de las pruebas y un 20% en el momento de la aceptación.', 'addapta', NULL, NULL),
(165, '15/0155', 1, NULL, NULL, NULL, 0, NULL, 3, '2015-08-04 18:13:22', '2015-08-01', '2015-08-05', '2015-08-18 21:40:55', 1, 0.00000000, NULL, NULL, 0, NULL, NULL, 214.20000000, 0.00000000, 0.00000000, 0.00000000, 1020.00000000, 1234.20000000, 2, 2, 3, NULL, NULL, NULL, NULL, 1, 3, '2015-08-01', 'https://developers.google.com/speed/pagespeed/insights/?url=www.generaloptica.es&tab=mobile', NULL, 'addapta', NULL, NULL),
(166, '15/0156', 1, NULL, NULL, NULL, 0, NULL, 54, '2015-08-06 14:03:23', '2015-08-01', '2015-08-06', '2015-09-08 07:47:29', 1, 0.00000000, NULL, NULL, 0, NULL, NULL, 100.80000000, 0.00000000, 0.00000000, 0.00000000, 480.00000000, 580.80000000, 2, 3, 3, NULL, NULL, NULL, NULL, 1, 2, '2015-08-01', NULL, NULL, 'addapta', NULL, NULL),
(168, '15/0157', 1, NULL, NULL, NULL, 0, NULL, 52, '2015-08-06 14:26:31', '2015-08-01', '2015-08-06', '2015-10-01 08:40:39', 1, 0.00000000, NULL, NULL, 0, NULL, NULL, 176.40000000, 0.00000000, 0.00000000, 0.00000000, 840.00000000, 1016.40000000, 2, 3, 3, NULL, NULL, NULL, NULL, 1, 2, '2015-08-01', NULL, NULL, 'addapta', NULL, NULL),
(169, '15/0158', 1, NULL, NULL, NULL, 0, NULL, 18, '2015-08-20 09:35:03', '2015-08-15', '2015-08-20', '2016-04-06 11:02:10', 1, 0.00000000, NULL, NULL, 0, NULL, NULL, 208.74000000, 0.00000000, 0.00000000, 0.00000000, 994.00000000, 1202.74000000, 2, 3, 3, NULL, NULL, NULL, NULL, 1, 2, '2015-08-15', NULL, NULL, 'addapta', NULL, NULL),
(172, '15/0159', 1, NULL, NULL, NULL, 2, NULL, 3, '2015-08-27 11:59:20', '2015-08-01', '2015-08-27', '2015-08-27 10:01:27', 1, 0.00000000, NULL, NULL, 0, NULL, NULL, -231.00000000, 0.00000000, 0.00000000, 0.00000000, -1100.00000000, -1331.00000000, 2, 3, 3, 160, NULL, NULL, NULL, 0, 3, '2015-08-01', NULL, NULL, 'addapta', NULL, NULL),
(173, '15/0160', 1, NULL, NULL, NULL, 0, NULL, 28, '2015-08-27 13:21:30', '2015-08-31', '2015-08-27', '2015-10-26 09:07:52', 1, 0.00000000, NULL, NULL, 0, NULL, NULL, 105.00000000, 0.00000000, 0.00000000, 0.00000000, 500.00000000, 605.00000000, 2, 3, 3, NULL, NULL, NULL, NULL, 1, 2, '2015-08-31', NULL, NULL, 'addapta', NULL, NULL),
(174, '15/0161', 1, NULL, NULL, NULL, 0, NULL, 3, '2015-08-27 14:47:23', '2015-09-01', '2015-08-27', '2015-09-02 16:14:11', 1, 0.00000000, NULL, NULL, 0, NULL, NULL, 388.50000000, 0.00000000, 0.00000000, 0.00000000, 1850.00000000, 2238.50000000, 2, 3, 3, NULL, NULL, NULL, NULL, 1, 3, '2015-09-01', NULL, NULL, 'addapta', NULL, NULL),
(175, '15/0162', 1, NULL, NULL, NULL, 0, NULL, 3, '2015-08-27 14:48:40', '2015-09-01', '2015-08-27', '2015-09-02 16:14:11', 1, 0.00000000, NULL, NULL, 0, NULL, NULL, 76.44000000, 0.00000000, 0.00000000, 0.00000000, 364.00000000, 440.44000000, 2, 3, 3, NULL, NULL, NULL, NULL, 1, 3, '2015-09-01', NULL, NULL, 'addapta', NULL, NULL),
(176, '15/0163', 1, NULL, NULL, NULL, 0, NULL, 1, '2015-08-27 14:49:38', '2015-09-01', '2015-08-27', '2015-09-02 16:14:11', 1, 0.00000000, NULL, NULL, 0, NULL, NULL, 36.23000000, 0.00000000, 0.00000000, 0.00000000, 172.50000000, 208.73000000, 2, 3, 3, NULL, NULL, NULL, NULL, 1, 3, '2015-09-01', NULL, NULL, 'addapta', NULL, NULL),
(177, '15/0164', 1, NULL, NULL, NULL, 0, NULL, 4, '2015-08-27 14:51:43', '2015-09-01', '2015-08-27', '2015-09-15 08:23:24', 1, 0.00000000, NULL, NULL, 0, NULL, NULL, 77.55000000, 0.00000000, 0.00000000, 0.00000000, 369.30000000, 446.85000000, 2, 3, 3, NULL, NULL, NULL, NULL, 1, 3, '2015-09-01', NULL, NULL, 'addapta', NULL, NULL),
(178, '15/0165', 1, NULL, NULL, NULL, 0, NULL, 5, '2015-08-27 14:52:59', '2015-09-01', '2015-08-27', '2016-02-03 10:53:57', 1, 0.00000000, NULL, NULL, 0, NULL, NULL, 22.63000000, 0.00000000, 0.00000000, 0.00000000, 107.75000000, 130.38000000, 2, 3, 3, NULL, NULL, NULL, NULL, 1, 2, '2015-09-01', NULL, NULL, 'addapta', NULL, NULL),
(179, '15/0166', 1, NULL, NULL, NULL, 0, NULL, 6, '2015-08-27 14:54:34', '2015-09-01', '2015-09-29', '2015-11-20 10:02:39', 1, 0.00000000, NULL, NULL, 0, NULL, NULL, 45.39000000, 0.00000000, 0.00000000, 0.00000000, 216.15000000, 261.54000000, 2, 3, 3, NULL, NULL, NULL, NULL, 4, 2, '2015-11-20', NULL, NULL, 'addapta', NULL, NULL),
(180, '15/0167', 1, NULL, NULL, NULL, 0, NULL, 8, '2015-08-27 14:56:01', '2015-09-01', '2015-11-24', '2015-11-24 11:43:07', 1, 0.00000000, NULL, NULL, 0, NULL, NULL, 257.62000000, 0.00000000, 0.00000000, 0.00000000, 1226.75000000, 1484.37000000, 2, 3, 3, NULL, NULL, NULL, NULL, 2, 2, '2015-10-01', NULL, NULL, 'addapta', NULL, NULL),
(181, '15/0168', 1, NULL, NULL, NULL, 0, NULL, 9, '2015-08-27 14:57:31', '2015-09-01', '2015-08-27', '2015-09-08 07:46:34', 1, 0.00000000, NULL, NULL, 0, NULL, NULL, 58.20000000, 0.00000000, 0.00000000, 0.00000000, 277.15000000, 335.35000000, 2, 3, 3, NULL, NULL, NULL, NULL, 1, 2, '2015-09-01', NULL, NULL, 'addapta', NULL, NULL),
(182, '15/0169', 1, NULL, NULL, NULL, 0, NULL, 11, '2015-08-27 15:00:02', '2015-09-01', '2015-08-27', '2015-10-15 09:03:19', 1, 0.00000000, NULL, NULL, 0, NULL, NULL, 146.21000000, 0.00000000, 0.00000000, 0.00000000, 696.25000000, 842.46000000, 2, 3, 3, NULL, NULL, NULL, NULL, 1, 2, '2015-09-01', NULL, NULL, 'addapta', NULL, NULL),
(183, '15/0170', 1, NULL, NULL, NULL, 0, NULL, 3, '2015-08-27 15:01:44', '2015-09-01', '2015-09-01', '2015-10-02 09:51:16', 1, 0.00000000, NULL, NULL, 0, NULL, NULL, 186.48000000, 0.00000000, 0.00000000, 0.00000000, 888.00000000, 1074.48000000, 2, 3, 3, NULL, NULL, NULL, NULL, 2, 3, '2015-10-01', NULL, NULL, 'addapta', NULL, NULL),
(184, '15/0171', 1, NULL, NULL, NULL, 0, NULL, 3, '2015-08-27 15:03:16', '2015-09-01', '2015-08-27', '2015-10-02 09:51:16', 1, 0.00000000, NULL, NULL, 0, NULL, NULL, 231.00000000, 0.00000000, 0.00000000, 0.00000000, 1100.00000000, 1331.00000000, 2, 3, 3, NULL, NULL, NULL, NULL, 2, 3, '2015-10-01', NULL, NULL, 'addapta', NULL, NULL),
(185, '15/0172', 1, NULL, NULL, NULL, 0, NULL, 10, '2015-08-27 15:04:29', '2015-09-01', '2015-09-02', '2015-11-12 09:09:07', 1, 0.00000000, NULL, NULL, 0, NULL, NULL, 467.25000000, 0.00000000, 0.00000000, 0.00000000, 2225.00000000, 2692.25000000, 2, 3, 3, NULL, NULL, NULL, NULL, 4, 2, '2015-10-31', NULL, NULL, 'addapta', NULL, NULL),
(186, '15/0173', 1, NULL, NULL, NULL, 0, NULL, 10, '2015-08-27 15:05:18', '2015-09-01', '2015-08-27', '2015-11-12 09:09:07', 1, 0.00000000, NULL, NULL, 0, NULL, NULL, 272.16000000, 0.00000000, 0.00000000, 0.00000000, 1296.00000000, 1568.16000000, 2, 3, 3, NULL, NULL, NULL, NULL, 4, 2, '2015-10-31', NULL, NULL, 'addapta', NULL, NULL),
(187, '15/0174', 1, NULL, NULL, NULL, 0, NULL, 7, '2015-08-27 15:06:30', '2015-09-01', '2015-11-24', '2015-12-02 10:02:33', 1, 0.00000000, NULL, NULL, 0, NULL, NULL, 20.95000000, 0.00000000, 0.00000000, 0.00000000, 99.75000000, 120.70000000, 2, 3, 3, NULL, NULL, NULL, NULL, 1, 7, '2015-09-01', NULL, NULL, 'addapta', NULL, NULL),
(188, '15/0175', 1, NULL, NULL, NULL, 0, NULL, 3, '2015-09-01 15:28:42', '2015-09-01', '2015-09-01', '2015-09-08 07:49:36', 1, 0.00000000, NULL, NULL, 0, NULL, NULL, 113.40000000, 0.00000000, 0.00000000, 0.00000000, 540.00000000, 653.40000000, 2, 3, 3, NULL, NULL, NULL, NULL, 1, 3, '2015-09-01', NULL, NULL, 'addapta', NULL, NULL),
(189, '15/0176', 1, NULL, NULL, NULL, 0, NULL, 2, '2015-09-01 16:30:54', '2015-09-05', '2015-09-09', '2015-09-25 09:56:34', 1, 0.00000000, NULL, NULL, 0, NULL, NULL, 91.77000000, 0.00000000, 0.00000000, 0.00000000, 437.00000000, 528.77000000, 2, 3, 3, NULL, NULL, NULL, NULL, 1, 3, '2015-09-25', NULL, NULL, 'addapta', NULL, NULL),
(190, '15/0191', 1, NULL, NULL, NULL, 0, NULL, 2, '2015-09-15 09:52:57', '2015-10-01', '2015-10-02', '2015-10-26 09:03:59', 1, 0.00000000, NULL, NULL, 0, NULL, NULL, 48.30000000, 0.00000000, 0.00000000, 0.00000000, 230.00000000, 278.30000000, 2, 3, 3, NULL, NULL, NULL, NULL, 1, 3, '2015-10-25', NULL, NULL, 'addapta', NULL, NULL),
(191, '15/0182', 1, NULL, NULL, NULL, 0, NULL, 4, '2015-09-17 17:25:37', '2015-10-01', '2015-10-02', '2015-10-05 09:24:24', 1, 0.00000000, NULL, NULL, 0, NULL, NULL, 112.94000000, 0.00000000, 0.00000000, 0.00000000, 537.80000000, 650.74000000, 2, 3, 3, NULL, NULL, NULL, NULL, 1, 3, '2015-10-01', NULL, NULL, 'addapta', NULL, NULL),
(192, '15/0178', 1, NULL, NULL, NULL, 0, NULL, 27, '2015-09-17 17:30:34', '2015-09-30', '2015-09-28', '2015-09-30 06:04:49', 1, 0.00000000, NULL, NULL, 0, NULL, NULL, 29.82000000, 0.00000000, 0.00000000, 0.00000000, 142.00000000, 171.82000000, 2, 3, 3, NULL, NULL, NULL, NULL, 1, 2, '2015-09-30', NULL, NULL, 'addapta', NULL, NULL),
(195, '15/0177', 1, NULL, NULL, NULL, 0, NULL, 53, '2015-09-17 18:03:34', '2015-09-17', '2015-09-17', '2016-04-27 06:15:54', 1, 0.00000000, NULL, NULL, 0, NULL, NULL, 406.98000000, 0.00000000, 0.00000000, 0.00000000, 1938.00000000, 2344.98000000, 2, 3, 3, NULL, NULL, NULL, NULL, 1, 2, '2015-09-17', NULL, NULL, 'addapta', NULL, NULL),
(196, '15/0179', 1, NULL, NULL, NULL, 0, NULL, 3, '2015-09-28 13:12:31', '2015-10-01', '2015-09-28', '2015-10-05 09:24:24', 1, 0.00000000, NULL, NULL, 0, NULL, NULL, 602.88000000, 0.00000000, 0.00000000, 0.00000000, 2870.80000000, 3473.68000000, 2, 3, 3, NULL, NULL, NULL, NULL, 1, 3, '2015-10-01', NULL, NULL, 'addapta', NULL, NULL),
(197, '15/0180', 1, NULL, NULL, NULL, 0, NULL, 3, '2015-09-28 13:32:44', '2015-10-01', '2015-09-28', '2015-10-02 09:51:16', 1, 0.00000000, NULL, NULL, 0, NULL, NULL, 76.44000000, 0.00000000, 0.00000000, 0.00000000, 364.00000000, 440.44000000, 2, 3, 3, NULL, NULL, NULL, NULL, 1, 3, '2015-10-01', NULL, NULL, 'addapta', NULL, NULL),
(198, '15/0181', 1, NULL, NULL, NULL, 0, NULL, 1, '2015-09-28 13:39:07', '2015-10-01', '2015-09-28', '2015-10-02 09:51:16', 1, 0.00000000, NULL, NULL, 0, NULL, NULL, 36.23000000, 0.00000000, 0.00000000, 0.00000000, 172.50000000, 208.73000000, 2, 3, 3, NULL, NULL, NULL, NULL, 1, 3, '2015-10-01', NULL, NULL, 'addapta', NULL, NULL),
(199, '15/0183', 1, NULL, NULL, NULL, 0, NULL, 5, '2015-09-28 15:16:31', '2015-10-01', '2015-09-28', '2016-03-18 10:11:17', 1, 0.00000000, NULL, NULL, 0, NULL, NULL, 22.63000000, 0.00000000, 0.00000000, 0.00000000, 107.75000000, 130.38000000, 2, 3, 3, NULL, NULL, NULL, NULL, 1, 2, '2015-10-01', NULL, NULL, 'addapta', NULL, NULL),
(200, '15/0184', 1, NULL, NULL, NULL, 0, NULL, 6, '2015-09-28 15:17:44', '2015-10-01', '2016-01-25', '2016-03-03 16:46:28', 1, 0.00000000, NULL, NULL, 0, NULL, NULL, 45.39000000, 0.00000000, 0.00000000, 0.00000000, 216.15000000, 261.54000000, 2, 3, 3, NULL, NULL, NULL, NULL, 4, 2, '2016-02-20', NULL, NULL, 'addapta', NULL, NULL),
(201, '15/0185', 1, NULL, NULL, NULL, 0, NULL, 8, '2015-09-28 15:18:45', '2015-10-01', '2015-11-24', '2015-11-24 11:45:04', 1, 0.00000000, NULL, NULL, 0, NULL, NULL, 257.62000000, 0.00000000, 0.00000000, 0.00000000, 1226.75000000, 1484.37000000, 2, 3, 3, NULL, NULL, NULL, NULL, 2, 2, '2015-10-31', NULL, NULL, 'addapta', NULL, NULL),
(202, '15/0186', 1, NULL, NULL, NULL, 0, NULL, 9, '2015-09-28 15:20:23', '2015-10-01', '2015-09-28', '2015-10-06 07:47:35', 1, 0.00000000, NULL, NULL, 0, NULL, NULL, 58.20000000, 0.00000000, 0.00000000, 0.00000000, 277.15000000, 335.35000000, 2, 3, 3, NULL, NULL, NULL, NULL, 1, 2, '2015-10-01', NULL, NULL, 'addapta', NULL, NULL),
(203, '15/0187', 1, NULL, NULL, NULL, 0, NULL, 11, '2015-09-28 15:22:11', '2015-10-01', '2015-09-28', '2016-02-04 10:26:24', 1, 0.00000000, NULL, NULL, 0, NULL, NULL, 146.21000000, 0.00000000, 0.00000000, 0.00000000, 696.25000000, 842.46000000, 2, 3, 3, NULL, NULL, NULL, NULL, 1, 2, '2015-10-01', NULL, NULL, 'addapta', NULL, NULL),
(204, '15/0188', 1, NULL, NULL, NULL, 0, NULL, 10, '2015-09-28 17:08:00', '2015-10-01', '2015-10-02', '2015-12-14 11:25:34', 1, 0.00000000, NULL, NULL, 0, NULL, NULL, 939.75000000, 0.00000000, 0.00000000, 0.00000000, 4475.00000000, 5414.75000000, 2, 3, 3, NULL, NULL, NULL, NULL, 4, 2, '2015-11-30', NULL, NULL, 'addapta', NULL, NULL),
(205, '15/0189', 1, NULL, NULL, NULL, 0, NULL, 10, '2015-09-28 17:08:18', '2015-10-01', '2015-09-29', '2015-12-14 11:25:34', 1, 0.00000000, NULL, NULL, 0, NULL, NULL, 907.20000000, 0.00000000, 0.00000000, 0.00000000, 4320.00000000, 5227.20000000, 2, 3, 3, NULL, NULL, NULL, NULL, 4, 2, '2015-11-30', NULL, NULL, 'addapta', NULL, NULL),
(206, '15/0190', 1, NULL, NULL, NULL, 0, NULL, 7, '2015-09-28 17:08:42', '2015-10-01', '2015-11-24', '2016-03-03 16:40:21', 1, 0.00000000, NULL, NULL, 0, NULL, NULL, 20.95000000, 0.00000000, 0.00000000, 0.00000000, 99.75000000, 120.70000000, 2, 3, 3, NULL, NULL, NULL, NULL, 1, 7, '2015-10-01', NULL, NULL, 'addapta', NULL, NULL),
(207, '15/0197', 1, NULL, NULL, NULL, 0, NULL, 27, '2015-09-28 17:11:09', '2015-10-31', '2015-10-30', '2015-11-03 15:21:02', 1, 0.00000000, NULL, NULL, 0, NULL, NULL, 79.46000000, 0.00000000, 0.00000000, 0.00000000, 378.38000000, 457.84000000, 2, 3, 3, NULL, NULL, NULL, NULL, 1, 2, '2015-10-31', NULL, NULL, 'addapta', NULL, NULL),
(208, '15/0192', 1, NULL, NULL, NULL, 0, NULL, 3, '2015-09-28 18:23:44', '2015-10-01', '2015-10-02', '2015-11-02 13:11:49', 1, 0.00000000, NULL, NULL, 0, NULL, NULL, 231.00000000, 0.00000000, 0.00000000, 0.00000000, 1100.00000000, 1331.00000000, 2, 3, 3, NULL, NULL, NULL, NULL, 2, 3, '2015-10-31', NULL, NULL, 'addapta', NULL, NULL),
(209, '15/0193', 1, NULL, NULL, NULL, 0, NULL, 3, '2015-09-28 18:49:01', '2015-10-01', '2015-10-02', '2015-11-02 13:11:49', 1, 0.00000000, NULL, NULL, 0, NULL, NULL, 169.68000000, 0.00000000, 0.00000000, 0.00000000, 808.00000000, 977.68000000, 2, 3, 3, NULL, NULL, NULL, NULL, 2, 3, '2015-10-31', NULL, NULL, 'addapta', NULL, NULL),
(210, '15/0194', 1, NULL, NULL, NULL, 0, NULL, 28, '2015-09-29 10:40:43', '2015-09-30', '2015-09-29', '2015-11-09 10:46:11', 1, 0.00000000, NULL, NULL, 0, NULL, NULL, 105.00000000, 0.00000000, 0.00000000, 0.00000000, 500.00000000, 605.00000000, 2, 3, 3, NULL, NULL, NULL, NULL, 1, 2, '2015-09-30', NULL, NULL, 'addapta', NULL, NULL),
(211, '15/0198', 1, NULL, NULL, NULL, 0, NULL, 28, '2015-09-29 10:43:07', '2015-10-31', '2015-10-26', '2015-12-14 11:11:29', 1, 0.00000000, NULL, NULL, 0, NULL, NULL, 105.00000000, 0.00000000, 0.00000000, 0.00000000, 500.00000000, 605.00000000, 2, 3, 3, NULL, NULL, NULL, NULL, 1, 2, '2015-10-31', NULL, NULL, 'addapta', NULL, NULL),
(212, '15/0195', 1, NULL, NULL, NULL, 0, NULL, 3, '2015-10-01 17:33:29', '2015-10-01', '2015-10-02', '2015-10-19 09:55:11', 1, 0.00000000, NULL, NULL, 0, NULL, NULL, 204.75000000, 0.00000000, 0.00000000, 0.00000000, 975.00000000, 1179.75000000, 2, 3, 3, NULL, NULL, NULL, NULL, 1, 3, '2015-10-01', NULL, NULL, 'addapta', NULL, NULL),
(213, '15/0196', 1, NULL, NULL, NULL, 0, NULL, 3, '2015-10-22 11:29:19', '2015-10-20', '2015-10-22', '2015-11-02 13:11:49', 1, 0.00000000, NULL, NULL, 0, NULL, NULL, 204.75000000, 0.00000000, 0.00000000, 0.00000000, 975.00000000, 1179.75000000, 2, 3, 3, NULL, NULL, NULL, NULL, 1, 3, '2015-10-20', NULL, NULL, 'addapta', NULL, NULL),
(215, '15/0199', 1, NULL, NULL, NULL, 0, NULL, 3, '2015-10-26 18:29:17', '2015-11-01', '2015-10-26', '2015-11-05 16:43:32', 1, 0.00000000, NULL, NULL, 0, NULL, NULL, 1127.70000000, 0.00000000, 0.00000000, 0.00000000, 5370.00000000, 6497.70000000, 2, 3, 3, NULL, NULL, NULL, NULL, 1, 3, '2015-11-01', NULL, NULL, 'addapta', NULL, NULL),
(216, '15/0200', 1, NULL, NULL, NULL, 0, NULL, 3, '2015-10-26 18:30:04', '2015-11-01', '2015-10-26', '2015-11-02 13:40:33', 1, 0.00000000, NULL, NULL, 0, NULL, NULL, 76.44000000, 0.00000000, 0.00000000, 0.00000000, 364.00000000, 440.44000000, 2, 3, 3, NULL, NULL, NULL, NULL, 1, 3, '2015-11-01', NULL, NULL, 'addapta', NULL, NULL),
(217, '15/0201', 1, NULL, NULL, NULL, 0, NULL, 3, '2015-10-26 18:31:04', '2015-11-01', '2015-11-02', '2015-12-09 10:47:42', 1, 0.00000000, NULL, NULL, 0, NULL, NULL, 231.00000000, 0.00000000, 0.00000000, 0.00000000, 1100.00000000, 1331.00000000, 2, 3, 3, NULL, NULL, NULL, NULL, 2, 3, '2015-12-01', NULL, NULL, 'addapta', NULL, NULL),
(218, '15/0202', 1, NULL, NULL, NULL, 0, NULL, 3, '2015-10-26 18:31:42', '2015-11-01', '2015-11-03', '2015-12-09 10:47:42', 1, 0.00000000, NULL, NULL, 0, NULL, NULL, 334.53000000, 0.00000000, 0.00000000, 0.00000000, 1593.00000000, 1927.53000000, 2, 3, 3, NULL, NULL, NULL, NULL, 2, 3, '2015-12-01', NULL, NULL, 'addapta', NULL, NULL),
(219, '15/0203', 1, NULL, NULL, NULL, 0, NULL, 2, '2015-10-28 16:14:37', '2015-11-01', '2015-11-13', '2015-11-25 10:54:01', 1, 0.00000000, NULL, NULL, 0, NULL, NULL, 100.45000000, 0.00000000, 0.00000000, 0.00000000, 478.35000000, 578.80000000, 2, 3, 3, NULL, NULL, NULL, NULL, 1, 3, '2015-11-01', NULL, NULL, 'addapta', NULL, NULL),
(220, '15/0205', 1, NULL, NULL, NULL, 0, NULL, 4, '2015-10-30 10:45:48', '2015-11-01', '2015-10-30', '2015-11-05 16:43:43', 1, 0.00000000, NULL, NULL, 0, NULL, NULL, 77.55000000, 0.00000000, 0.00000000, 0.00000000, 369.30000000, 446.85000000, 2, 3, 3, NULL, NULL, NULL, NULL, 1, 3, '2015-11-01', NULL, NULL, 'addapta', NULL, NULL),
(221, '15/0204', 1, NULL, NULL, NULL, 0, NULL, 1, '2015-10-30 10:47:50', '2015-11-01', '2015-10-30', '2015-11-05 16:43:43', 1, 0.00000000, NULL, NULL, 0, NULL, NULL, 36.23000000, 0.00000000, 0.00000000, 0.00000000, 172.50000000, 208.73000000, 2, 3, 3, NULL, NULL, NULL, NULL, 1, 3, '2015-11-01', NULL, NULL, 'addapta', NULL, NULL),
(222, '15/0206', 1, NULL, NULL, NULL, 0, NULL, 5, '2015-10-30 10:49:09', '2015-11-01', '2015-10-30', '2016-03-18 10:11:17', 1, 0.00000000, NULL, NULL, 0, NULL, NULL, 22.63000000, 0.00000000, 0.00000000, 0.00000000, 107.75000000, 130.38000000, 2, 3, 3, NULL, NULL, NULL, NULL, 1, 2, '2015-11-01', NULL, NULL, 'addapta', NULL, NULL),
(223, '15/0207', 1, NULL, NULL, NULL, 0, NULL, 6, '2015-10-30 10:51:01', '2015-11-01', '2015-11-16', '2016-01-25 11:26:25', 1, 0.00000000, NULL, NULL, 0, NULL, NULL, 45.39000000, 0.00000000, 0.00000000, 0.00000000, 216.15000000, 261.54000000, 2, 3, 3, NULL, NULL, NULL, NULL, 4, 2, '2016-01-20', NULL, NULL, 'addapta', NULL, NULL),
(224, '15/0208', 1, NULL, NULL, NULL, 0, NULL, 8, '2015-10-30 10:51:56', '2015-11-01', '2015-11-24', '2015-12-09 10:48:57', 1, 0.00000000, NULL, NULL, 0, NULL, NULL, 257.62000000, 0.00000000, 0.00000000, 0.00000000, 1226.75000000, 1484.37000000, 2, 3, 3, NULL, NULL, NULL, NULL, 2, 2, '2015-12-01', NULL, NULL, 'addapta', NULL, NULL),
(225, '15/0209', 1, NULL, NULL, NULL, 0, NULL, 9, '2015-10-30 10:53:21', '2015-11-01', '2015-10-30', '2015-11-03 11:34:30', 1, 0.00000000, NULL, NULL, 0, NULL, NULL, 58.20000000, 0.00000000, 0.00000000, 0.00000000, 277.15000000, 335.35000000, 2, 3, 3, NULL, NULL, NULL, NULL, 1, 2, '2015-11-01', NULL, NULL, 'addapta', NULL, NULL),
(226, '15/0210', 1, NULL, NULL, NULL, 0, NULL, 11, '2015-10-30 11:00:14', '2015-11-01', '2015-10-30', '2016-02-04 10:26:24', 1, 0.00000000, NULL, NULL, 0, NULL, NULL, 146.21000000, 0.00000000, 0.00000000, 0.00000000, 696.25000000, 842.46000000, 2, 3, 3, NULL, NULL, NULL, NULL, 1, 2, '2015-11-01', NULL, NULL, 'addapta', NULL, NULL),
(227, '15/0211', 1, NULL, NULL, NULL, 0, NULL, 10, '2015-10-30 11:01:13', '2015-11-01', '2015-11-05', '2016-01-13 14:52:39', 1, 0.00000000, NULL, NULL, 0, NULL, NULL, 882.00000000, 0.00000000, 0.00000000, 0.00000000, 4200.00000000, 5082.00000000, 2, 3, 3, NULL, NULL, NULL, NULL, 4, 2, '2015-12-31', NULL, NULL, 'addapta', NULL, NULL),
(228, '15/0212', 1, NULL, NULL, NULL, 0, NULL, 10, '2015-10-30 11:03:16', '2015-11-01', '2015-10-30', '2016-01-13 14:52:39', 1, 0.00000000, NULL, NULL, 0, NULL, NULL, 952.56000000, 0.00000000, 0.00000000, 0.00000000, 4536.00000000, 5488.56000000, 2, 3, 3, NULL, NULL, NULL, NULL, 4, 2, '2015-12-31', NULL, NULL, 'addapta', NULL, NULL),
(229, '15/0213', 1, NULL, NULL, NULL, 0, NULL, 7, '2015-10-30 11:03:52', '2015-11-01', '2015-11-24', '2016-01-27 12:25:26', 1, 0.00000000, NULL, NULL, 0, NULL, NULL, 20.95000000, 0.00000000, 0.00000000, 0.00000000, 99.75000000, 120.70000000, 2, 3, 3, NULL, NULL, NULL, NULL, 1, 7, '2015-11-01', NULL, NULL, 'addapta', NULL, NULL),
(230, '15/0214', 1, NULL, NULL, NULL, 0, NULL, 3, '2015-10-30 11:04:56', '2015-12-01', '2015-12-01', '2016-01-05 11:43:48', 1, 0.00000000, NULL, NULL, 0, NULL, NULL, 231.00000000, 0.00000000, 0.00000000, 0.00000000, 1100.00000000, 1331.00000000, 2, 3, 3, NULL, NULL, NULL, NULL, 2, 3, '2015-12-31', NULL, NULL, 'addapta', NULL, NULL),
(231, '15/0215', 1, NULL, NULL, NULL, 0, NULL, 3, '2015-10-30 11:06:01', '2015-12-01', '2015-12-01', '2016-01-05 11:43:48', 1, 0.00000000, NULL, NULL, 0, NULL, NULL, 186.48000000, 0.00000000, 0.00000000, 0.00000000, 888.00000000, 1074.48000000, 2, 3, 3, NULL, NULL, NULL, NULL, 2, 3, '2015-12-31', NULL, NULL, 'addapta', NULL, NULL),
(232, '15/0217', 1, NULL, NULL, NULL, 0, NULL, 27, '2015-10-30 11:07:47', '2015-11-30', '2015-11-30', '2015-12-04 09:36:13', 1, 0.00000000, NULL, NULL, 0, NULL, NULL, 29.82000000, 0.00000000, 0.00000000, 0.00000000, 142.00000000, 171.82000000, 2, 3, 3, NULL, NULL, NULL, NULL, 1, 2, '2015-11-30', NULL, NULL, 'addapta', NULL, NULL),
(233, '15/0218', 1, NULL, NULL, NULL, 0, NULL, 28, '2015-10-30 11:08:31', '2015-11-30', '2015-11-30', '2016-02-10 15:45:48', 1, 0.00000000, NULL, NULL, 0, NULL, NULL, 105.00000000, 0.00000000, 0.00000000, 0.00000000, 500.00000000, 605.00000000, 2, 3, 3, NULL, NULL, NULL, NULL, 1, 2, '2015-11-30', NULL, NULL, 'addapta', NULL, NULL),
(234, '15/0229', 1, NULL, NULL, NULL, 0, NULL, 10, '2015-11-16 13:48:32', '2015-12-01', '2015-12-01', '2016-02-16 18:30:16', 1, 0.00000000, NULL, NULL, 0, NULL, NULL, 913.50000000, 0.00000000, 0.00000000, 0.00000000, 4350.00000000, 5263.50000000, 2, 3, 3, NULL, NULL, NULL, NULL, 4, 2, '2016-01-30', NULL, NULL, 'addapta', NULL, NULL),
(235, '15/0230', 1, NULL, NULL, NULL, 0, NULL, 10, '2015-11-16 13:48:54', '2015-12-01', '2015-11-30', '2016-02-16 18:30:16', 1, 0.00000000, NULL, NULL, 0, NULL, NULL, 952.56000000, 0.00000000, 0.00000000, 0.00000000, 4536.00000000, 5488.56000000, 2, 3, 3, NULL, NULL, NULL, NULL, 4, 2, '2016-01-30', NULL, NULL, 'addapta', NULL, NULL),
(236, '15/0231', 1, NULL, NULL, NULL, 0, NULL, 10, '2015-11-16 13:49:19', '2015-12-01', '2015-12-01', '2016-02-16 18:30:16', 1, 0.00000000, NULL, NULL, 0, NULL, NULL, 462.00000000, 0.00000000, 0.00000000, 0.00000000, 2200.00000000, 2662.00000000, 2, 3, 3, NULL, NULL, NULL, NULL, 4, 2, '2016-01-30', NULL, NULL, 'addapta', NULL, NULL),
(237, '15/0216', 1, NULL, NULL, NULL, 0, NULL, 113, '2015-11-18 11:45:55', '2015-11-01', '2015-11-18', '2015-11-24 13:35:01', 1, 0.00000000, NULL, NULL, 0, NULL, NULL, 36.75000000, 0.00000000, 0.00000000, 0.00000000, 175.00000000, 211.75000000, 2, 3, 3, NULL, NULL, NULL, NULL, 1, 0, '2015-11-01', NULL, NULL, 'addapta', NULL, NULL),
(238, '15/0232', 1, NULL, NULL, NULL, 0, NULL, 7, '2015-11-24 12:20:02', '2015-12-01', '2015-11-30', '2016-03-03 16:40:21', 1, 0.00000000, NULL, NULL, 0, NULL, NULL, 20.95000000, 0.00000000, 0.00000000, 0.00000000, 99.75000000, 120.70000000, 2, 3, 3, NULL, NULL, NULL, NULL, 1, 7, '2015-12-01', NULL, NULL, 'addapta', NULL, NULL),
(239, '15/0226', 1, NULL, NULL, NULL, 0, NULL, 8, '2015-11-24 12:22:43', '2015-12-01', '2015-11-30', '2015-12-28 09:50:22', 1, 0.00000000, NULL, NULL, 0, NULL, NULL, 257.62000000, 0.00000000, 0.00000000, 0.00000000, 1226.75000000, 1484.37000000, 2, 3, 3, NULL, NULL, NULL, NULL, 2, 2, '2015-12-31', NULL, NULL, 'addapta', NULL, NULL),
(240, '15/0219', 1, NULL, NULL, NULL, 0, NULL, 3, '2015-11-30 17:04:54', '2015-12-01', '2015-11-30', '2015-12-09 10:47:42', 1, 0.00000000, NULL, NULL, 0, NULL, NULL, 739.20000000, 0.00000000, 0.00000000, 0.00000000, 3520.00000000, 4259.20000000, 2, 3, 3, NULL, NULL, NULL, NULL, 1, 3, '2015-12-01', NULL, NULL, 'addapta', NULL, NULL),
(241, '15/0220', 1, NULL, NULL, NULL, 0, NULL, 3, '2015-11-30 17:18:34', '2015-12-01', '2015-11-30', '2015-12-09 10:47:42', 1, 0.00000000, NULL, NULL, 0, NULL, NULL, 76.44000000, 0.00000000, 0.00000000, 0.00000000, 364.00000000, 440.44000000, 2, 3, 3, NULL, NULL, NULL, NULL, 1, 3, '2015-12-01', NULL, NULL, 'addapta', NULL, NULL),
(243, '15/0221', 1, NULL, NULL, NULL, 0, NULL, 2, '2015-11-30 17:43:32', '2015-12-01', '2015-11-30', '2016-01-13 14:50:00', 1, 0.00000000, NULL, NULL, 0, NULL, NULL, 9.66000000, 0.00000000, 0.00000000, 0.00000000, 46.00000000, 55.66000000, 2, 3, 3, NULL, NULL, NULL, NULL, 1, 3, '2015-12-25', NULL, NULL, 'addapta', NULL, NULL),
(244, '15/0222', 1, NULL, NULL, NULL, 0, NULL, 4, '2015-11-30 17:46:54', '2015-12-01', '2015-12-16', '2015-12-16 20:58:06', 1, 0.00000000, NULL, NULL, 0, NULL, NULL, 77.55000000, 0.00000000, 0.00000000, 0.00000000, 369.30000000, 446.85000000, 2, 3, 3, NULL, NULL, NULL, NULL, 1, 3, '2015-12-05', NULL, NULL, 'addapta', NULL, NULL),
(246, '15/0223', 1, NULL, NULL, NULL, 0, NULL, 1, '2015-11-30 17:58:49', '2015-12-01', '2015-11-30', '2015-12-09 10:47:42', 1, 0.00000000, NULL, NULL, 0, NULL, NULL, 36.23000000, 0.00000000, 0.00000000, 0.00000000, 172.50000000, 208.73000000, 2, 3, 3, NULL, NULL, NULL, NULL, 1, 3, '2015-12-01', NULL, NULL, 'addapta', NULL, NULL),
(247, '15/0224', 1, NULL, NULL, NULL, 0, NULL, 5, '2015-11-30 18:01:57', '2015-12-01', '2015-11-30', '2016-03-18 10:11:17', 1, 0.00000000, NULL, NULL, 0, NULL, NULL, 22.63000000, 0.00000000, 0.00000000, 0.00000000, 107.75000000, 130.38000000, 2, 3, 3, NULL, NULL, NULL, NULL, 1, 2, '2015-12-01', NULL, NULL, 'addapta', NULL, NULL),
(248, '15/0225', 1, NULL, NULL, NULL, 0, NULL, 6, '2015-11-30 18:03:11', '2015-12-01', '2015-11-30', '2016-03-03 16:47:51', 1, 0.00000000, NULL, NULL, 0, NULL, NULL, 45.39000000, 0.00000000, 0.00000000, 0.00000000, 216.15000000, 261.54000000, 2, 3, 3, NULL, NULL, NULL, NULL, 4, 2, '2016-01-30', NULL, NULL, 'addapta', NULL, NULL),
(249, '15/0227', 1, NULL, NULL, NULL, 0, NULL, 9, '2015-11-30 18:07:44', '2015-12-01', '2015-11-30', '2015-12-04 09:41:38', 1, 0.00000000, NULL, NULL, 0, NULL, NULL, 58.20000000, 0.00000000, 0.00000000, 0.00000000, 277.15000000, 335.35000000, 2, 3, 3, NULL, NULL, NULL, NULL, 1, 2, '2015-12-01', NULL, NULL, 'addapta', NULL, NULL),
(250, '15/0228', 1, NULL, NULL, NULL, 0, NULL, 11, '2015-11-30 18:10:34', '2015-12-01', '2015-11-30', '2016-02-04 10:26:24', 1, 0.00000000, NULL, NULL, 0, NULL, NULL, 146.21000000, 0.00000000, 0.00000000, 0.00000000, 696.25000000, 842.46000000, 2, 3, 3, NULL, NULL, NULL, NULL, 1, 2, '2015-12-01', NULL, NULL, 'addapta', NULL, NULL),
(252, '15/0239', 1, NULL, NULL, NULL, 0, NULL, 28, '2015-11-30 18:15:15', '2015-12-31', '2015-12-30', '2016-02-10 15:45:48', 1, 0.00000000, NULL, NULL, 0, NULL, NULL, 105.00000000, 0.00000000, 0.00000000, 0.00000000, 500.00000000, 605.00000000, 2, 3, 3, NULL, NULL, NULL, NULL, 1, 2, '2015-12-31', NULL, NULL, 'addapta', NULL, NULL),
(253, '15/0238', 1, NULL, NULL, NULL, 0, NULL, 3, '2015-12-07 12:20:41', '2015-12-29', '2015-12-29', '2016-01-08 11:14:29', 1, 0.00000000, NULL, NULL, 0, NULL, NULL, 149.10000000, 0.00000000, 0.00000000, 0.00000000, 710.00000000, 859.10000000, 2, 2, 3, NULL, NULL, NULL, NULL, 1, 3, '2015-12-29', 'Factura de trabajos extras que se han ido haciendo en el mes', NULL, 'addapta', NULL, NULL),
(254, '15/0234', 1, NULL, NULL, NULL, 0, NULL, 117, '2015-12-16 21:51:49', '2015-12-01', '2015-12-16', '2016-08-04 16:33:30', 1, 0.00000000, NULL, NULL, 0, NULL, NULL, 77.55000000, 0.00000000, 0.00000000, 0.00000000, 369.30000000, 446.85000000, 2, 3, 3, NULL, NULL, NULL, NULL, 1, 3, '2015-12-05', NULL, NULL, 'addapta', NULL, NULL),
(255, '15/0233', 1, NULL, NULL, NULL, 2, NULL, 4, '2015-12-16 21:57:42', '2015-12-01', '2015-12-16', '2015-12-28 16:21:09', 1, 0.00000000, NULL, NULL, 0, NULL, NULL, -77.55000000, 0.00000000, 0.00000000, 0.00000000, -369.30000000, -446.85000000, 2, 3, 3, 244, NULL, NULL, NULL, 0, 3, '2015-12-01', 'Devolución cliente por cambio de sociedad a fra. 15/0234', NULL, 'addapta', NULL, NULL),
(256, '15/0235', 1, NULL, NULL, NULL, 0, NULL, 118, '2015-12-24 12:05:56', '2015-12-01', '2015-12-24', '2016-02-01 14:54:49', 1, 0.00000000, NULL, NULL, 0, NULL, NULL, 37.80000000, 0.00000000, 0.00000000, 0.00000000, 180.00000000, 217.80000000, 2, 3, 3, NULL, NULL, NULL, NULL, 1, 3, '2015-12-01', NULL, NULL, 'addapta', NULL, NULL),
(257, '15/0236', 1, NULL, NULL, NULL, 0, NULL, 3, '2015-12-28 17:18:33', '2015-12-28', '2015-12-28', '2016-01-08 11:14:29', 1, 0.00000000, NULL, NULL, 0, NULL, NULL, 321.30000000, 0.00000000, 0.00000000, 0.00000000, 1530.00000000, 1851.30000000, 2, 3, 3, NULL, NULL, NULL, NULL, 1, 3, '2015-12-28', NULL, NULL, 'addapta', NULL, NULL),
(258, '15/0237', 1, NULL, NULL, NULL, 0, NULL, 3, '2015-12-28 17:26:54', '2015-12-28', '2015-12-28', '2016-01-08 11:14:29', 1, 0.00000000, NULL, NULL, 0, NULL, NULL, 260.82000000, 0.00000000, 0.00000000, 0.00000000, 1242.00000000, 1502.82000000, 2, 3, 3, NULL, NULL, NULL, NULL, 1, 3, '2015-12-28', 'Aceptado el presupuesto por el cliente', 'Modo de pago:\r\nSe requerirá el pago del 40% al inicio del proyecto. Otro 40% en el momento del inicio de las pruebas y un 20% en el momento de la aceptación.', 'addapta', NULL, NULL),
(259, '16/0001', 1, NULL, NULL, NULL, 0, NULL, 1, '2015-12-28 17:59:50', '2016-01-01', '2016-01-04', '2016-01-13 14:50:00', 1, 0.00000000, NULL, NULL, 0, NULL, NULL, 36.23000000, 0.00000000, 0.00000000, 0.00000000, 172.50000000, 208.73000000, 2, 3, 3, NULL, NULL, NULL, NULL, 1, 3, '2016-01-01', NULL, NULL, 'addapta', NULL, NULL),
(260, '16/0002', 1, NULL, NULL, NULL, 0, NULL, 3, '2016-01-05 11:56:32', '2016-01-01', '2016-01-05', '2017-01-03 07:48:55', 1, 0.00000000, NULL, NULL, 0, NULL, NULL, 231.00000000, 0.00000000, 0.00000000, 0.00000000, 1100.00000000, 1331.00000000, 2, 3, 3, NULL, NULL, NULL, NULL, 2, 3, '2016-02-01', NULL, NULL, 'addapta', NULL, NULL),
(261, '16/0003', 1, NULL, NULL, NULL, 0, NULL, 3, '2016-01-05 11:59:26', '2016-01-01', '2016-01-05', '2016-02-01 11:21:23', 1, 0.00000000, NULL, NULL, 0, NULL, NULL, 186.48000000, 0.00000000, 0.00000000, 0.00000000, 888.00000000, 1074.48000000, 2, 3, 3, NULL, NULL, NULL, NULL, 2, 3, '2016-02-01', NULL, NULL, 'addapta', NULL, NULL),
(262, '16/0004', 1, NULL, NULL, NULL, 0, NULL, 7, '2016-01-05 12:00:42', '2016-01-01', '2016-01-05', '2016-04-01 15:48:19', 1, 0.00000000, NULL, NULL, 0, NULL, NULL, 20.95000000, 0.00000000, 0.00000000, 0.00000000, 99.75000000, 120.70000000, 2, 3, 3, NULL, NULL, NULL, NULL, 1, 7, '2016-01-01', NULL, NULL, 'addapta', NULL, NULL),
(263, '16/0005', 1, NULL, NULL, NULL, 0, NULL, 8, '2016-01-05 12:06:12', '2016-01-01', '2016-01-05', '2016-02-01 11:15:41', 1, 0.00000000, NULL, NULL, 0, NULL, NULL, 257.62000000, 0.00000000, 0.00000000, 0.00000000, 1226.75000000, 1484.37000000, 2, 3, 3, NULL, NULL, NULL, NULL, 2, 2, '2016-02-01', NULL, NULL, 'addapta', NULL, NULL),
(264, '16/0006', 1, NULL, NULL, NULL, 0, NULL, 2, '2016-01-05 12:39:38', '2016-01-01', '2016-01-05', '2016-01-28 13:50:28', 1, 0.00000000, NULL, NULL, 0, NULL, NULL, 42.63000000, 0.00000000, 0.00000000, 0.00000000, 203.00000000, 245.63000000, 2, 3, 3, NULL, NULL, NULL, NULL, 1, 3, '2016-01-01', NULL, NULL, 'addapta', NULL, NULL),
(265, '16/0007', 1, NULL, NULL, NULL, 0, NULL, 5, '2016-01-05 12:44:57', '2016-01-01', '2016-01-05', '2016-06-03 08:54:23', 1, 0.00000000, NULL, NULL, 0, NULL, NULL, 22.63000000, 0.00000000, 0.00000000, 0.00000000, 107.75000000, 130.38000000, 2, 3, 3, NULL, NULL, NULL, NULL, 1, 2, '2016-01-01', NULL, NULL, 'addapta', NULL, NULL),
(266, '16/0008', 1, NULL, NULL, NULL, 0, NULL, 6, '2016-01-05 12:46:27', '2016-01-01', '2016-01-05', '2016-05-20 08:44:16', 1, 0.00000000, NULL, NULL, 0, NULL, NULL, 45.39000000, 0.00000000, 0.00000000, 0.00000000, 216.15000000, 261.54000000, 2, 3, 3, NULL, NULL, NULL, NULL, 4, 2, '2016-03-01', NULL, NULL, 'addapta', NULL, NULL),
(267, '16/0009', 1, NULL, NULL, NULL, 0, NULL, 9, '2016-01-05 12:48:08', '2016-01-01', '2016-01-05', '2016-01-13 14:50:45', 1, 0.00000000, NULL, NULL, 0, NULL, NULL, 58.20000000, 0.00000000, 0.00000000, 0.00000000, 277.15000000, 335.35000000, 2, 3, 3, NULL, NULL, NULL, NULL, 1, 2, '2016-01-01', NULL, NULL, 'addapta', NULL, NULL),
(268, '16/0010', 1, NULL, NULL, NULL, 0, NULL, 11, '2016-01-05 12:49:46', '2016-01-01', '2016-01-05', '2016-06-21 10:05:35', 1, 0.00000000, NULL, NULL, 0, NULL, NULL, 146.21000000, 0.00000000, 0.00000000, 0.00000000, 696.25000000, 842.46000000, 2, 3, 3, NULL, NULL, NULL, NULL, 1, 2, '2016-01-01', NULL, NULL, 'addapta', NULL, NULL),
(269, '16/0011', 1, NULL, NULL, NULL, 0, NULL, 117, '2016-01-05 12:50:57', '2016-01-01', '2016-01-05', '2016-08-04 16:33:30', 1, 0.00000000, NULL, NULL, 0, NULL, NULL, 77.55000000, 0.00000000, 0.00000000, 0.00000000, 369.30000000, 446.85000000, 2, 3, 3, NULL, NULL, NULL, NULL, 1, 3, '2016-01-01', NULL, NULL, 'addapta', NULL, NULL),
(270, '16/0012', 1, NULL, NULL, NULL, 0, NULL, 10, '2016-01-05 13:03:14', '2016-01-01', '2016-01-05', '2017-01-03 10:09:02', 1, 0.00000000, NULL, NULL, 0, NULL, NULL, 698.25000000, 0.00000000, 0.00000000, 0.00000000, 3325.00000000, 4023.25000000, 2, 3, 3, NULL, NULL, NULL, NULL, 4, 2, '2016-03-01', NULL, NULL, 'addapta', NULL, NULL),
(271, '16/0013', 1, NULL, NULL, NULL, 0, NULL, 10, '2016-01-05 13:05:20', '2016-01-01', '2016-01-05', '2016-03-14 09:18:37', 1, 0.00000000, NULL, NULL, 0, NULL, NULL, 725.76000000, 0.00000000, 0.00000000, 0.00000000, 3456.00000000, 4181.76000000, 2, 3, 3, NULL, NULL, NULL, NULL, 4, 2, '2016-03-01', NULL, NULL, 'addapta', NULL, NULL),
(272, '16/0014', 1, NULL, NULL, NULL, 0, NULL, 10, '2016-01-05 13:08:14', '2016-01-01', '2016-01-05', '2016-03-14 09:18:37', 1, 0.00000000, NULL, NULL, 0, NULL, NULL, 882.00000000, 0.00000000, 0.00000000, 0.00000000, 4200.00000000, 5082.00000000, 2, 3, 3, NULL, NULL, NULL, NULL, 4, 2, '2016-03-01', NULL, NULL, 'addapta', NULL, NULL),
(273, '16/0015', 1, NULL, NULL, NULL, 0, NULL, 12, '2016-01-05 13:25:26', '2016-01-01', '2016-01-05', '2016-03-03 16:48:50', 1, 0.00000000, NULL, NULL, 0, NULL, NULL, 36.75000000, 0.00000000, 0.00000000, 0.00000000, 175.00000000, 211.75000000, 2, 3, 3, NULL, NULL, NULL, NULL, 1, 3, '2016-01-01', NULL, NULL, 'addapta', NULL, NULL),
(274, '16/0038', 1, NULL, NULL, NULL, 0, NULL, 3, '2016-01-19 18:45:31', '2016-02-01', '2016-02-04', '2016-03-14 09:20:34', 1, 0.00000000, NULL, NULL, 0, NULL, NULL, 25.20000000, 0.00000000, 0.00000000, 0.00000000, 120.00000000, 145.20000000, 2, 2, 3, NULL, NULL, NULL, NULL, 1, 3, '2016-02-01', NULL, NULL, 'addapta', NULL, NULL),
(275, '16/0016', 1, NULL, NULL, NULL, 0, NULL, 28, '2016-01-25 10:36:48', '2016-01-25', '2016-01-25', '2016-02-10 15:45:48', 1, 0.00000000, NULL, NULL, 0, NULL, NULL, 72.24000000, 0.00000000, 0.00000000, 0.00000000, 343.98000000, 416.22000000, 2, 3, 3, NULL, NULL, NULL, NULL, 1, 2, '2016-01-25', NULL, NULL, 'addapta', NULL, NULL),
(276, '16/0017', 1, NULL, NULL, NULL, 0, NULL, 51, '2016-01-25 13:23:10', '2016-01-25', '2016-01-27', '2016-02-16 18:28:54', 1, 0.00000000, NULL, NULL, 0, NULL, NULL, 322.35000000, 0.00000000, 0.00000000, 0.00000000, 1535.00000000, 1857.35000000, 2, 3, 3, NULL, NULL, NULL, NULL, 1, 2, '2016-03-15', NULL, NULL, 'addapta', NULL, NULL),
(277, '16/0018', 1, NULL, NULL, NULL, 0, NULL, 3, '2016-01-25 15:17:23', '2016-01-25', '2016-01-25', '2016-02-01 11:21:13', 1, 0.00000000, NULL, NULL, 0, NULL, NULL, 739.20000000, 0.00000000, 0.00000000, 0.00000000, 3520.00000000, 4259.20000000, 2, 3, 3, NULL, NULL, NULL, NULL, 1, 3, '2016-01-25', NULL, NULL, 'addapta', NULL, NULL),
(278, '16/0021', 1, NULL, NULL, NULL, 0, NULL, 3, '2016-01-25 15:26:21', '2016-02-01', '2016-02-01', '2016-02-05 07:29:30', 1, 0.00000000, NULL, NULL, 0, NULL, NULL, 915.20000000, 0.00000000, 0.00000000, 0.00000000, 4358.10000000, 5273.30000000, 2, 3, 3, NULL, NULL, NULL, NULL, 1, 3, '2016-02-01', NULL, NULL, 'addapta', NULL, NULL),
(279, '16/0019', 1, NULL, NULL, NULL, 0, NULL, 25, '2016-01-27 14:44:57', '2016-01-24', '2016-01-27', '2016-02-01 11:21:38', 1, 0.00000000, NULL, NULL, 0, NULL, NULL, 36.75000000, 0.00000000, 0.00000000, 0.00000000, 175.00000000, 211.75000000, 2, 3, 3, NULL, NULL, NULL, NULL, 1, 3, '2016-01-24', NULL, NULL, 'addapta', NULL, NULL),
(281, '16/0020', 1, NULL, NULL, NULL, 2, NULL, 2, '2016-01-28 15:04:18', '2016-01-28', '2016-01-28', '2016-01-28 14:06:29', 1, 0.00000000, NULL, NULL, 0, NULL, NULL, -9.66000000, 0.00000000, 0.00000000, 0.00000000, -46.00000000, -55.66000000, 2, 3, 3, 264, NULL, NULL, NULL, 0, 2, '2016-01-28', NULL, NULL, 'addapta', NULL, NULL),
(282, '16/0022', 1, NULL, NULL, NULL, 0, NULL, 1, '2016-02-01 13:25:24', '2016-02-01', '2016-02-01', '2016-02-05 07:29:30', 1, 0.00000000, NULL, NULL, 0, NULL, NULL, 36.23000000, 0.00000000, 0.00000000, 0.00000000, 172.50000000, 208.73000000, 2, 3, 3, NULL, NULL, NULL, NULL, 1, 3, '2016-02-01', NULL, NULL, 'addapta', NULL, NULL),
(283, '16/0023', 1, NULL, NULL, NULL, 0, NULL, 3, '2016-02-01 13:26:29', '2016-02-01', '2016-02-01', '2016-03-14 09:20:35', 1, 0.00000000, NULL, NULL, 0, NULL, NULL, 231.00000000, 0.00000000, 0.00000000, 0.00000000, 1100.00000000, 1331.00000000, 2, 3, 3, NULL, NULL, NULL, NULL, 2, 3, '2016-03-02', NULL, NULL, 'addapta', NULL, NULL),
(284, '16/0024', 1, NULL, NULL, NULL, 0, NULL, 3, '2016-02-01 13:27:40', '2016-02-01', '2016-02-01', '2016-03-14 09:20:35', 1, 0.00000000, NULL, NULL, 0, NULL, NULL, 186.48000000, 0.00000000, 0.00000000, 0.00000000, 888.00000000, 1074.48000000, 2, 3, 3, NULL, NULL, NULL, NULL, 2, 3, '2016-03-02', NULL, NULL, 'addapta', NULL, NULL),
(285, '16/0025', 1, NULL, NULL, NULL, 0, NULL, 8, '2016-02-01 13:29:21', '2016-02-01', '2016-02-01', '2016-03-03 16:51:36', 1, 0.00000000, NULL, NULL, 0, NULL, NULL, 257.62000000, 0.00000000, 0.00000000, 0.00000000, 1226.75000000, 1484.37000000, 2, 3, 3, NULL, NULL, NULL, NULL, 2, 2, '2016-03-02', NULL, NULL, 'addapta', NULL, NULL),
(286, '16/0026', 1, NULL, NULL, NULL, 0, NULL, 5, '2016-02-01 13:32:04', '2016-02-01', '2016-02-01', '2016-06-03 08:54:23', 1, 0.00000000, NULL, NULL, 0, NULL, NULL, 22.63000000, 0.00000000, 0.00000000, 0.00000000, 107.75000000, 130.38000000, 2, 3, 3, NULL, NULL, NULL, NULL, 1, 2, '2016-02-01', NULL, NULL, 'addapta', NULL, NULL),
(287, '16/0027', 1, NULL, NULL, NULL, 0, NULL, 6, '2016-02-01 13:33:43', '2016-02-01', '2016-02-01', '2016-04-21 09:53:16', 1, 0.00000000, NULL, NULL, 0, NULL, NULL, 45.39000000, 0.00000000, 0.00000000, 0.00000000, 216.15000000, 261.54000000, 2, 3, 3, NULL, NULL, NULL, NULL, 4, 2, '2016-04-01', NULL, NULL, 'addapta', NULL, NULL),
(288, '16/0028', 1, NULL, NULL, NULL, 0, NULL, 9, '2016-02-01 13:36:02', '2016-02-01', '2016-02-01', '2016-02-10 15:50:28', 1, 0.00000000, NULL, NULL, 0, NULL, NULL, 58.20000000, 0.00000000, 0.00000000, 0.00000000, 277.15000000, 335.35000000, 2, 3, 3, NULL, NULL, NULL, NULL, 1, 2, '2016-02-01', NULL, NULL, 'addapta', NULL, NULL),
(289, '16/0029', 1, NULL, NULL, NULL, 0, NULL, 11, '2016-02-01 13:36:55', '2016-02-01', '2016-02-01', '2016-06-21 10:12:02', 1, 0.00000000, NULL, NULL, 0, NULL, NULL, 146.21000000, 0.00000000, 0.00000000, 0.00000000, 696.25000000, 842.46000000, 2, 3, 3, NULL, NULL, NULL, NULL, 1, 2, '2016-02-01', NULL, NULL, 'addapta', NULL, NULL),
(290, '16/0030', 1, NULL, NULL, NULL, 0, NULL, 3, '2016-02-01 13:42:01', '2016-02-01', '2016-02-01', '2016-02-05 07:29:30', 1, 0.00000000, NULL, NULL, 0, NULL, NULL, 152.88000000, 0.00000000, 0.00000000, 0.00000000, 728.00000000, 880.88000000, 2, 3, 3, NULL, NULL, NULL, NULL, 1, 3, '2016-02-01', NULL, NULL, 'addapta', NULL, NULL),
(291, '16/0031', 1, NULL, NULL, NULL, 0, NULL, 117, '2016-02-01 14:04:20', '2016-02-01', '2016-02-01', '2016-08-04 16:33:30', 1, 0.00000000, NULL, NULL, 0, NULL, NULL, 77.55000000, 0.00000000, 0.00000000, 0.00000000, 369.30000000, 446.85000000, 2, 3, 3, NULL, NULL, NULL, NULL, 1, 3, '2016-02-01', NULL, NULL, 'addapta', NULL, NULL),
(292, '16/0032', 1, NULL, NULL, NULL, 0, NULL, 3, '2016-02-01 14:06:05', '2016-02-01', '2016-02-01', '2016-02-05 07:29:30', 1, 0.00000000, NULL, NULL, 0, NULL, NULL, 23.52000000, 0.00000000, 0.00000000, 0.00000000, 112.00000000, 135.52000000, 2, 3, 3, NULL, NULL, NULL, NULL, 1, 3, '2016-02-01', NULL, NULL, 'addapta', NULL, NULL),
(293, '16/0033', 1, NULL, NULL, NULL, 0, NULL, 10, '2016-02-01 14:10:27', '2016-02-01', '2016-02-01', '2016-04-13 13:27:22', 1, 0.00000000, NULL, NULL, 0, NULL, NULL, 682.50000000, 0.00000000, 0.00000000, 0.00000000, 3250.00000000, 3932.50000000, 2, 3, 3, NULL, NULL, NULL, NULL, 4, 2, '2016-04-01', NULL, NULL, 'addapta', NULL, NULL),
(294, '16/0034', 1, NULL, NULL, NULL, 0, NULL, 10, '2016-02-01 14:11:11', '2016-02-01', '2016-02-01', '2016-04-13 13:27:22', 1, 0.00000000, NULL, NULL, 0, NULL, NULL, 861.84000000, 0.00000000, 0.00000000, 0.00000000, 4104.00000000, 4965.84000000, 2, 3, 3, NULL, NULL, NULL, NULL, 4, 2, '2016-04-01', NULL, NULL, 'addapta', NULL, NULL),
(295, '16/0035', 1, NULL, NULL, NULL, 0, NULL, 10, '2016-02-01 14:11:38', '2016-02-01', '2016-02-01', '2016-04-13 13:27:22', 1, 0.00000000, NULL, NULL, 0, NULL, NULL, 798.00000000, 0.00000000, 0.00000000, 0.00000000, 3800.00000000, 4598.00000000, 2, 3, 3, NULL, NULL, NULL, NULL, 4, 2, '2016-04-01', NULL, NULL, 'addapta', NULL, NULL),
(296, '16/0037', 1, NULL, NULL, NULL, 0, NULL, 139, '2016-02-02 09:30:27', '2016-02-01', '2016-02-03', '2016-03-18 10:00:49', 1, 0.00000000, NULL, NULL, 0, NULL, NULL, 453.60000000, 0.00000000, 0.00000000, 0.00000000, 2160.00000000, 2613.60000000, 2, 3, 3, NULL, NULL, NULL, NULL, 1, 7, '2016-07-01', NULL, NULL, 'addapta', NULL, NULL),
(297, '16/0036', 1, NULL, NULL, NULL, 0, NULL, 6, '2016-02-02 15:35:47', '2016-02-01', '2016-02-02', '2016-04-21 09:53:16', 1, 0.00000000, NULL, NULL, 0, NULL, NULL, 20.79000000, 0.00000000, 0.00000000, 0.00000000, 99.00000000, 119.79000000, 2, 3, 3, NULL, NULL, NULL, NULL, 4, 2, '2016-04-02', NULL, NULL, 'addapta', NULL, NULL),
(298, '14/0001', 1, NULL, NULL, NULL, 0, NULL, 140, '2016-02-04 19:39:36', '2014-01-31', '2016-02-04', '2016-02-05 07:34:23', 1, 0.00000000, NULL, NULL, 0, NULL, NULL, 5360.74000000, 0.00000000, 0.00000000, 0.00000000, 25527.32000000, 30888.06000000, 2, 3, 3, NULL, NULL, NULL, NULL, 1, 1, '2014-01-31', NULL, NULL, 'addapta', NULL, NULL),
(299, '14/0002', 1, NULL, NULL, NULL, 0, NULL, 140, '2016-02-04 19:43:04', '2014-02-28', '2016-02-04', '2016-02-05 07:34:23', 1, 0.00000000, NULL, NULL, 0, NULL, NULL, 2287.08000000, 0.00000000, 0.00000000, 0.00000000, 10890.87000000, 13177.95000000, 2, 3, 3, NULL, NULL, NULL, NULL, 1, 1, '2014-02-28', NULL, NULL, 'addapta', NULL, NULL),
(300, '14/0003', 1, NULL, NULL, NULL, 0, NULL, 140, '2016-02-04 19:43:54', '2014-03-31', '2016-02-04', '2016-02-05 07:34:23', 1, 0.00000000, NULL, NULL, 0, NULL, NULL, 2220.84000000, 0.00000000, 0.00000000, 0.00000000, 10575.45000000, 12796.29000000, 2, 3, 3, NULL, NULL, NULL, NULL, 1, 1, '2014-03-31', NULL, NULL, 'addapta', NULL, NULL),
(301, '14/0004', 1, NULL, NULL, NULL, 0, NULL, 140, '2016-02-04 19:45:57', '2014-04-30', '2016-02-04', '2016-02-05 07:34:23', 1, 0.00000000, NULL, NULL, 0, NULL, NULL, 1627.63000000, 0.00000000, 0.00000000, 0.00000000, 7750.63000000, 9378.26000000, 2, 3, 3, NULL, NULL, NULL, NULL, 1, 1, '2014-04-30', NULL, NULL, 'addapta', NULL, NULL),
(302, '14/0005', 1, NULL, NULL, NULL, 0, NULL, 140, '2016-02-04 19:47:43', '2014-05-31', '2016-02-04', '2016-02-05 07:34:23', 1, 0.00000000, NULL, NULL, 0, NULL, NULL, 2631.52000000, 0.00000000, 0.00000000, 0.00000000, 12531.05000000, 15162.57000000, 2, 3, 3, NULL, NULL, NULL, NULL, 1, 1, '2014-05-31', NULL, NULL, 'addapta', NULL, NULL),
(303, '14/0006', 1, NULL, NULL, NULL, 0, NULL, 140, '2016-02-04 19:52:42', '2014-06-30', '2016-02-04', '2016-02-05 07:34:23', 1, 0.00000000, NULL, NULL, 0, NULL, NULL, 3064.61000000, 0.00000000, 0.00000000, 0.00000000, 14593.40000000, 17658.01000000, 2, 3, 3, NULL, NULL, NULL, NULL, 1, 1, '2014-06-30', NULL, NULL, 'addapta', NULL, NULL),
(304, '14/0007', 1, NULL, NULL, NULL, 0, NULL, 140, '2016-02-04 19:53:39', '2014-07-31', '2016-02-04', '2016-02-05 07:34:23', 1, 0.00000000, NULL, NULL, 0, NULL, NULL, 3129.97000000, 0.00000000, 0.00000000, 0.00000000, 14904.60000000, 18034.57000000, 2, 3, 3, NULL, NULL, NULL, NULL, 1, 1, '2014-07-31', NULL, NULL, 'addapta', NULL, NULL),
(305, '14/0008', 1, NULL, NULL, NULL, 0, NULL, 140, '2016-02-04 19:54:36', '2014-08-31', '2016-02-04', '2016-02-05 07:34:23', 1, 0.00000000, NULL, NULL, 0, NULL, NULL, 2417.48000000, 0.00000000, 0.00000000, 0.00000000, 11511.80000000, 13929.28000000, 2, 3, 3, NULL, NULL, NULL, NULL, 1, 1, '2014-08-31', NULL, NULL, 'addapta', NULL, NULL),
(306, '14/0009', 1, NULL, NULL, NULL, 0, NULL, 140, '2016-02-04 19:55:32', '2014-09-30', '2016-02-04', '2016-02-05 07:34:23', 1, 0.00000000, NULL, NULL, 0, NULL, NULL, 1674.50000000, 0.00000000, 0.00000000, 0.00000000, 7973.80000000, 9648.30000000, 2, 3, 3, NULL, NULL, NULL, NULL, 1, 1, '2014-09-30', NULL, NULL, 'addapta', NULL, NULL),
(307, '14/0010', 1, NULL, NULL, NULL, 0, NULL, 140, '2016-02-04 19:56:20', '2014-10-31', '2016-02-04', '2016-02-05 07:34:23', 1, 0.00000000, NULL, NULL, 0, NULL, NULL, 3379.72000000, 0.00000000, 0.00000000, 0.00000000, 16093.91000000, 19473.63000000, 2, 3, 3, NULL, NULL, NULL, NULL, 1, 1, '2014-10-31', NULL, NULL, 'addapta', NULL, NULL),
(308, '14/0011', 1, NULL, NULL, NULL, 0, NULL, 140, '2016-02-04 19:57:19', '2014-11-30', '2016-02-04', '2016-02-05 07:34:23', 1, 0.00000000, NULL, NULL, 0, NULL, NULL, 3305.63000000, 0.00000000, 0.00000000, 0.00000000, 15741.10000000, 19046.73000000, 2, 3, 3, NULL, NULL, NULL, NULL, 1, 1, '2014-11-30', NULL, NULL, 'addapta', NULL, NULL),
(309, '14/0012', 1, NULL, NULL, NULL, 0, NULL, 140, '2016-02-04 19:58:11', '2014-12-31', '2016-02-04', '2016-02-05 07:34:23', 1, 0.00000000, NULL, NULL, 0, NULL, NULL, 3483.43000000, 0.00000000, 0.00000000, 0.00000000, 16587.75000000, 20071.18000000, 2, 3, 3, NULL, NULL, NULL, NULL, 1, 1, '2014-12-31', NULL, NULL, 'addapta', NULL, NULL),
(310, '12/0001', 1, NULL, NULL, NULL, 0, NULL, 140, '2016-02-04 20:03:05', '2012-01-31', '2016-02-04', '2016-02-05 07:34:23', 1, 0.00000000, NULL, NULL, 0, NULL, NULL, 10190.84000000, 0.00000000, 0.00000000, 0.00000000, 48527.80000000, 58718.64000000, 2, 3, 3, NULL, NULL, NULL, NULL, 1, 1, '2012-01-31', NULL, NULL, 'addapta', NULL, NULL),
(311, '12/0002', 1, NULL, NULL, NULL, 0, NULL, 140, '2016-02-04 20:03:50', '2012-02-28', '2016-02-04', '2016-02-05 07:41:50', 1, 0.00000000, NULL, NULL, 0, NULL, NULL, 14954.56000000, 0.00000000, 0.00000000, 0.00000000, 71212.21000000, 86166.77000000, 2, 3, 3, NULL, NULL, NULL, NULL, 1, 1, '2012-02-28', NULL, NULL, 'addapta', NULL, NULL),
(312, '12/0003', 1, NULL, NULL, NULL, 0, NULL, 140, '2016-02-04 20:04:30', '2012-03-31', '2016-02-04', '2016-02-05 07:34:23', 1, 0.00000000, NULL, NULL, 0, NULL, NULL, 3828.92000000, 0.00000000, 0.00000000, 0.00000000, 18232.95000000, 22061.87000000, 2, 3, 3, NULL, NULL, NULL, NULL, 1, 1, '2012-03-31', NULL, NULL, 'addapta', NULL, NULL),
(313, '12/0004', 1, NULL, NULL, NULL, 0, NULL, 140, '2016-02-04 20:05:03', '2012-04-30', '2016-02-04', '2016-02-05 07:34:23', 1, 0.00000000, NULL, NULL, 0, NULL, NULL, 5410.85000000, 0.00000000, 0.00000000, 0.00000000, 25765.94000000, 31176.79000000, 2, 3, 3, NULL, NULL, NULL, NULL, 1, 1, '2012-04-30', NULL, NULL, 'addapta', NULL, NULL),
(314, '12/0005', 1, NULL, NULL, NULL, 0, NULL, 140, '2016-02-04 20:06:31', '2012-05-31', '2016-02-04', '2016-02-05 07:34:23', 1, 0.00000000, NULL, NULL, 0, NULL, NULL, 11814.95000000, 0.00000000, 0.00000000, 0.00000000, 56261.65000000, 68076.60000000, 2, 3, 3, NULL, NULL, NULL, NULL, 1, 1, '2012-05-31', NULL, NULL, 'addapta', NULL, NULL),
(315, '12/0006', 1, NULL, NULL, NULL, 0, NULL, 140, '2016-02-04 20:07:02', '2012-06-30', '2016-02-04', '2016-02-05 07:34:23', 1, 0.00000000, NULL, NULL, 0, NULL, NULL, 2095.22000000, 0.00000000, 0.00000000, 0.00000000, 9977.25000000, 12072.47000000, 2, 3, 3, NULL, NULL, NULL, NULL, 1, 1, '2012-06-30', NULL, NULL, 'addapta', NULL, NULL);
INSERT INTO `b65362949_facture` (`rowid`, `facnumber`, `entity`, `ref_ext`, `ref_int`, `ref_client`, `type`, `increment`, `fk_soc`, `datec`, `datef`, `date_valid`, `tms`, `paye`, `amount`, `remise_percent`, `remise_absolue`, `remise`, `close_code`, `close_note`, `tva`, `localtax1`, `localtax2`, `revenuestamp`, `total`, `total_ttc`, `fk_statut`, `fk_user_author`, `fk_user_valid`, `fk_facture_source`, `fk_projet`, `fk_account`, `fk_currency`, `fk_cond_reglement`, `fk_mode_reglement`, `date_lim_reglement`, `note_private`, `note_public`, `model_pdf`, `import_key`, `extraparams`) VALUES
(316, '12/0007', 1, NULL, NULL, NULL, 0, NULL, 140, '2016-02-04 20:07:35', '2012-07-31', '2016-02-04', '2016-02-05 07:34:23', 1, 0.00000000, NULL, NULL, 0, NULL, NULL, 10991.15000000, 0.00000000, 0.00000000, 0.00000000, 52338.79000000, 63329.94000000, 2, 3, 3, NULL, NULL, NULL, NULL, 1, 1, '2012-07-31', NULL, NULL, 'addapta', NULL, NULL),
(317, '12/0008', 1, NULL, NULL, NULL, 0, NULL, 140, '2016-02-04 20:08:13', '2012-08-31', '2016-02-04', '2016-02-05 07:34:23', 1, 0.00000000, NULL, NULL, 0, NULL, NULL, 8171.28000000, 0.00000000, 0.00000000, 0.00000000, 38910.87000000, 47082.15000000, 2, 3, 3, NULL, NULL, NULL, NULL, 1, 1, '2012-08-31', NULL, NULL, 'addapta', NULL, NULL),
(318, '12/0009', 1, NULL, NULL, NULL, 0, NULL, 140, '2016-02-04 20:08:49', '2012-09-30', '2016-02-04', '2016-02-05 07:34:23', 1, 0.00000000, NULL, NULL, 0, NULL, NULL, 1561.72000000, 0.00000000, 0.00000000, 0.00000000, 7436.75000000, 8998.47000000, 2, 3, 3, NULL, NULL, NULL, NULL, 1, 1, '2012-09-30', NULL, NULL, 'addapta', NULL, NULL),
(319, '12/0010', 1, NULL, NULL, NULL, 0, NULL, 140, '2016-02-04 20:09:21', '2012-10-31', '2016-02-04', '2016-02-05 07:34:23', 1, 0.00000000, NULL, NULL, 0, NULL, NULL, 3322.43000000, 0.00000000, 0.00000000, 0.00000000, 15821.11000000, 19143.54000000, 2, 3, 3, NULL, NULL, NULL, NULL, 1, 1, '2012-10-31', NULL, NULL, 'addapta', NULL, NULL),
(320, '12/0011', 1, NULL, NULL, NULL, 0, NULL, 140, '2016-02-04 20:10:03', '2012-11-30', '2016-02-04', '2016-02-05 07:34:23', 1, 0.00000000, NULL, NULL, 0, NULL, NULL, 2088.36000000, 0.00000000, 0.00000000, 0.00000000, 9944.55000000, 12032.91000000, 2, 3, 3, NULL, NULL, NULL, NULL, 1, 1, '2012-11-30', NULL, NULL, 'addapta', NULL, NULL),
(321, '12/0012', 1, NULL, NULL, NULL, 0, NULL, 140, '2016-02-04 20:10:39', '2012-12-31', '2016-02-04', '2016-02-05 07:34:23', 1, 0.00000000, NULL, NULL, 0, NULL, NULL, 7392.98000000, 0.00000000, 0.00000000, 0.00000000, 35204.65000000, 42597.63000000, 2, 3, 3, NULL, NULL, NULL, NULL, 1, 1, '2012-12-31', NULL, NULL, 'addapta', NULL, NULL),
(322, '13/0001', 1, NULL, NULL, NULL, 0, NULL, 140, '2016-02-04 20:27:04', '2013-01-31', '2016-02-04', '2016-02-05 07:34:23', 1, 0.00000000, NULL, NULL, 0, NULL, NULL, 2721.72000000, 0.00000000, 0.00000000, 0.00000000, 12960.55000000, 15682.27000000, 2, 3, 3, NULL, NULL, NULL, NULL, 1, 1, '2013-01-31', NULL, NULL, 'addapta', NULL, NULL),
(323, '13/0002', 1, NULL, NULL, NULL, 0, NULL, 140, '2016-02-04 20:29:43', '2013-02-28', '2016-02-04', '2016-02-05 07:34:23', 1, 0.00000000, NULL, NULL, 0, NULL, NULL, 2495.38000000, 0.00000000, 0.00000000, 0.00000000, 11882.76000000, 14378.14000000, 2, 3, 3, NULL, NULL, NULL, NULL, 1, 1, '2013-02-28', NULL, NULL, 'addapta', NULL, NULL),
(324, '13/0003', 1, NULL, NULL, NULL, 0, NULL, 140, '2016-02-04 20:31:15', '2013-03-31', '2016-02-04', '2016-02-05 07:34:23', 1, 0.00000000, NULL, NULL, 0, NULL, NULL, 1945.40000000, 0.00000000, 0.00000000, 0.00000000, 9263.81000000, 11209.21000000, 2, 3, 3, NULL, NULL, NULL, NULL, 1, 1, '2013-03-31', NULL, NULL, 'addapta', NULL, NULL),
(325, '13/0004', 1, NULL, NULL, NULL, 0, NULL, 140, '2016-02-04 20:32:52', '2013-04-30', '2016-02-04', '2016-02-05 07:34:23', 1, 0.00000000, NULL, NULL, 0, NULL, NULL, 2982.31000000, 0.00000000, 0.00000000, 0.00000000, 14201.49000000, 17183.80000000, 2, 3, 3, NULL, NULL, NULL, NULL, 1, 1, '2013-04-30', NULL, NULL, 'addapta', NULL, NULL),
(326, '13/0005', 1, NULL, NULL, NULL, 0, NULL, 140, '2016-02-04 20:33:55', '2013-05-31', '2016-02-04', '2016-02-05 07:34:23', 1, 0.00000000, NULL, NULL, 0, NULL, NULL, 3069.30000000, 0.00000000, 0.00000000, 0.00000000, 14615.73000000, 17685.03000000, 2, 3, 3, NULL, NULL, NULL, NULL, 1, 1, '2013-05-31', NULL, NULL, 'addapta', NULL, NULL),
(327, '13/0006', 1, NULL, NULL, NULL, 0, NULL, 140, '2016-02-04 20:35:03', '2013-06-30', '2016-02-04', '2016-02-05 07:34:23', 1, 0.00000000, NULL, NULL, 0, NULL, NULL, 1409.21000000, 0.00000000, 0.00000000, 0.00000000, 6710.51000000, 8119.72000000, 2, 3, 3, NULL, NULL, NULL, NULL, 1, 1, '2013-06-30', NULL, NULL, 'addapta', NULL, NULL),
(328, '13/0007', 1, NULL, NULL, NULL, 0, NULL, 140, '2016-02-04 20:36:05', '2013-07-31', '2016-02-04', '2016-02-05 07:34:23', 1, 0.00000000, NULL, NULL, 0, NULL, NULL, 3720.54000000, 0.00000000, 0.00000000, 0.00000000, 17716.87000000, 21437.41000000, 2, 3, 3, NULL, NULL, NULL, NULL, 1, 1, '2013-07-31', NULL, NULL, 'addapta', NULL, NULL),
(329, '13/0008', 1, NULL, NULL, NULL, 0, NULL, 140, '2016-02-04 20:37:10', '2013-08-31', '2016-02-04', '2016-02-05 07:34:23', 1, 0.00000000, NULL, NULL, 0, NULL, NULL, 1012.56000000, 0.00000000, 0.00000000, 0.00000000, 4821.72000000, 5834.28000000, 2, 3, 3, NULL, NULL, NULL, NULL, 1, 1, '2013-08-31', NULL, NULL, 'addapta', NULL, NULL),
(330, '13/0009', 1, NULL, NULL, NULL, 0, NULL, 140, '2016-02-04 20:38:05', '2013-09-30', '2016-02-04', '2016-02-05 07:34:23', 1, 0.00000000, NULL, NULL, 0, NULL, NULL, 940.20000000, 0.00000000, 0.00000000, 0.00000000, 4477.16000000, 5417.36000000, 2, 3, 3, NULL, NULL, NULL, NULL, 1, 1, '2013-09-30', NULL, NULL, 'addapta', NULL, NULL),
(331, '13/0010', 1, NULL, NULL, NULL, 0, NULL, 140, '2016-02-04 20:40:31', '2013-10-31', '2016-02-04', '2016-02-05 07:34:23', 1, 0.00000000, NULL, NULL, 0, NULL, NULL, 6190.30000000, 0.00000000, 0.00000000, 0.00000000, 29477.64000000, 35667.94000000, 2, 3, 3, NULL, NULL, NULL, NULL, 1, 1, '2013-10-31', NULL, NULL, 'addapta', NULL, NULL),
(332, '13/0011', 1, NULL, NULL, NULL, 0, NULL, 140, '2016-02-04 20:41:34', '2013-11-30', '2016-02-04', '2016-02-05 07:34:23', 1, 0.00000000, NULL, NULL, 0, NULL, NULL, 2240.45000000, 0.00000000, 0.00000000, 0.00000000, 10668.79000000, 12909.24000000, 2, 3, 3, NULL, NULL, NULL, NULL, 1, 1, '2013-11-30', NULL, NULL, 'addapta', NULL, NULL),
(333, '13/0012', 1, NULL, NULL, NULL, 0, NULL, 140, '2016-02-04 20:42:37', '2013-12-31', '2016-02-04', '2016-02-05 07:34:23', 1, 0.00000000, NULL, NULL, 0, NULL, NULL, 4024.62000000, 0.00000000, 0.00000000, 0.00000000, 19164.87000000, 23189.49000000, 2, 3, 3, NULL, NULL, NULL, NULL, 1, 1, '2013-12-31', NULL, NULL, 'addapta', NULL, NULL),
(334, '16/0039', 1, NULL, NULL, NULL, 0, NULL, 6, '2016-02-08 15:56:16', '2016-02-08', '2016-02-11', '2016-04-21 09:53:16', 1, 0.00000000, NULL, NULL, 0, NULL, NULL, 604.80000000, 0.00000000, 0.00000000, 0.00000000, 2880.00000000, 3484.80000000, 2, 2, 3, NULL, NULL, NULL, NULL, 4, 3, '2016-04-08', NULL, NULL, 'addapta', NULL, NULL),
(335, '16/0042', 1, NULL, NULL, NULL, 0, NULL, 3, '2016-02-17 20:02:46', '2016-03-01', '2016-03-04', '2016-03-14 09:20:35', 1, 0.00000000, NULL, NULL, 0, NULL, NULL, 25.20000000, 0.00000000, 0.00000000, 0.00000000, 120.00000000, 145.20000000, 2, 2, 3, NULL, NULL, NULL, NULL, 1, 3, '2016-03-01', NULL, NULL, 'addapta', NULL, NULL),
(336, '16/0040', 1, NULL, NULL, NULL, 0, NULL, 1, '2016-03-04 15:33:16', '2016-03-01', '2016-03-04', '2016-03-14 09:20:35', 1, 0.00000000, NULL, NULL, 0, NULL, NULL, 36.23000000, 0.00000000, 0.00000000, 0.00000000, 172.50000000, 208.73000000, 2, 3, 3, NULL, NULL, NULL, NULL, 1, 3, '2016-03-01', NULL, NULL, 'addapta', NULL, NULL),
(337, '16/0041', 1, NULL, NULL, NULL, 0, NULL, 3, '2016-03-04 15:35:12', '2016-03-01', '2016-03-04', '2016-03-14 09:20:35', 1, 0.00000000, NULL, NULL, 0, NULL, NULL, 1478.40000000, 0.00000000, 0.00000000, 0.00000000, 7040.00000000, 8518.40000000, 2, 3, 3, NULL, NULL, NULL, NULL, 1, 3, '2016-03-01', NULL, NULL, 'addapta', NULL, NULL),
(338, '16/0043', 1, NULL, NULL, NULL, 0, NULL, 3, '2016-03-04 15:41:15', '2016-03-01', '2016-03-04', '2016-04-13 14:21:53', 1, 0.00000000, NULL, NULL, 0, NULL, NULL, 231.00000000, 0.00000000, 0.00000000, 0.00000000, 1100.00000000, 1331.00000000, 2, 3, 3, NULL, NULL, NULL, NULL, 2, 3, '2016-04-01', NULL, NULL, 'addapta', NULL, NULL),
(340, '16/0044', 1, NULL, NULL, NULL, 0, NULL, 3, '2016-03-04 15:51:48', '2016-03-01', '2016-03-04', '2016-04-13 14:21:53', 1, 0.00000000, NULL, NULL, 0, NULL, NULL, 206.64000000, 0.00000000, 0.00000000, 0.00000000, 984.00000000, 1190.64000000, 2, 3, 3, NULL, NULL, NULL, NULL, 2, 3, '2016-04-01', NULL, NULL, 'addapta', NULL, NULL),
(341, '16/0045', 1, NULL, NULL, NULL, 0, NULL, 3, '2016-03-04 15:59:06', '2016-03-01', '2016-03-04', '2016-03-14 09:20:35', 1, 0.00000000, NULL, NULL, 0, NULL, NULL, 76.44000000, 0.00000000, 0.00000000, 0.00000000, 364.00000000, 440.44000000, 2, 3, 3, NULL, NULL, NULL, NULL, 1, 3, '2016-03-01', NULL, NULL, 'addapta', NULL, NULL),
(342, '16/0046', 1, NULL, NULL, NULL, 0, NULL, 3, '2016-03-04 16:04:23', '2016-03-01', '2016-04-08', '2016-04-08 08:19:03', 1, 0.00000000, NULL, NULL, 0, NULL, NULL, 104.16000000, 0.00000000, 0.00000000, 0.00000000, 496.00000000, 600.16000000, 2, 3, 3, NULL, NULL, NULL, NULL, 1, 3, '2016-03-01', NULL, NULL, 'addapta', NULL, NULL),
(343, '16/0047', 1, NULL, NULL, NULL, 0, NULL, 27, '2016-03-04 16:52:57', '2016-03-01', '2016-03-04', '2016-03-09 10:21:57', 1, 0.00000000, NULL, NULL, 0, NULL, NULL, 29.82000000, 0.00000000, 0.00000000, 0.00000000, 142.00000000, 171.82000000, 2, 3, 3, NULL, NULL, NULL, NULL, 1, 2, '2016-03-01', NULL, NULL, 'addapta', NULL, NULL),
(344, '16/0048', 1, NULL, NULL, NULL, 0, NULL, 8, '2016-03-04 17:14:37', '2016-03-01', '2016-03-04', '2016-04-04 10:28:56', 1, 0.00000000, NULL, NULL, 0, NULL, NULL, 257.62000000, 0.00000000, 0.00000000, 0.00000000, 1226.75000000, 1484.37000000, 2, 3, 3, NULL, NULL, NULL, NULL, 2, 2, '2016-04-01', NULL, NULL, 'addapta', NULL, NULL),
(345, '16/0049', 1, NULL, NULL, NULL, 0, NULL, 5, '2016-03-04 17:17:56', '2016-03-01', '2016-03-04', '2016-06-03 08:54:23', 1, 0.00000000, NULL, NULL, 0, NULL, NULL, 22.63000000, 0.00000000, 0.00000000, 0.00000000, 107.75000000, 130.38000000, 2, 3, 3, NULL, NULL, NULL, NULL, 1, 2, '2016-03-01', NULL, NULL, 'addapta', NULL, NULL),
(346, '16/0050', 1, NULL, NULL, NULL, 0, NULL, 6, '2016-03-04 17:33:52', '2016-03-01', '2016-03-04', '2016-05-20 08:42:38', 1, 0.00000000, NULL, NULL, 0, NULL, NULL, 45.39000000, 0.00000000, 0.00000000, 0.00000000, 216.15000000, 261.54000000, 2, 3, 3, NULL, NULL, NULL, NULL, 4, 2, '2016-05-01', NULL, NULL, 'addapta', NULL, NULL),
(347, '16/0051', 1, NULL, NULL, NULL, 0, NULL, 9, '2016-03-04 17:35:25', '2016-03-01', '2016-03-04', '2016-03-09 10:22:32', 1, 0.00000000, NULL, NULL, 0, NULL, NULL, 58.20000000, 0.00000000, 0.00000000, 0.00000000, 277.15000000, 335.35000000, 2, 3, 3, NULL, NULL, NULL, NULL, 1, 2, '2016-03-01', NULL, NULL, 'addapta', NULL, NULL),
(348, '16/0052', 1, NULL, NULL, NULL, 0, NULL, 11, '2016-03-04 18:52:25', '2016-03-01', '2016-03-04', '2016-06-21 10:10:27', 1, 0.00000000, NULL, NULL, 0, NULL, NULL, 146.21000000, 0.00000000, 0.00000000, 0.00000000, 696.25000000, 842.46000000, 2, 3, 3, NULL, NULL, NULL, NULL, 1, 2, '2016-03-01', NULL, NULL, 'addapta', NULL, NULL),
(349, '16/0053', 1, NULL, NULL, NULL, 0, NULL, 4, '2016-03-04 18:53:35', '2016-03-01', '2016-03-07', '2016-03-07 10:22:03', 1, 0.00000000, NULL, NULL, 0, NULL, NULL, 0.00000000, 0.00000000, 0.00000000, 0.00000000, 0.00000000, 0.00000000, 2, 3, 3, NULL, NULL, NULL, NULL, 1, 2, '2016-03-01', NULL, NULL, 'addapta', NULL, NULL),
(350, '16/0054', 1, NULL, NULL, NULL, 0, NULL, 10, '2016-03-04 18:56:01', '2016-03-01', '2016-03-04', '2016-05-11 10:19:05', 1, 0.00000000, NULL, NULL, 0, NULL, NULL, 409.50000000, 0.00000000, 0.00000000, 0.00000000, 1950.00000000, 2359.50000000, 2, 3, 3, NULL, NULL, NULL, NULL, 4, 2, '2016-05-01', NULL, NULL, 'addapta', NULL, NULL),
(351, '16/0055', 1, NULL, NULL, NULL, 0, NULL, 10, '2016-03-04 18:58:41', '2016-03-01', '2016-03-04', '2016-05-11 10:19:05', 1, 0.00000000, NULL, NULL, 0, NULL, NULL, 907.20000000, 0.00000000, 0.00000000, 0.00000000, 4320.00000000, 5227.20000000, 2, 3, 3, NULL, NULL, NULL, NULL, 4, 2, '2016-05-01', NULL, NULL, 'addapta', NULL, NULL),
(352, '16/0056', 1, NULL, NULL, NULL, 0, NULL, 10, '2016-03-04 19:00:27', '2016-03-01', '2016-03-08', '2016-05-11 10:19:05', 1, 0.00000000, NULL, NULL, 0, NULL, NULL, 840.00000000, 0.00000000, 0.00000000, 0.00000000, 4000.00000000, 4840.00000000, 2, 3, 3, NULL, NULL, NULL, NULL, 4, 2, '2016-05-01', NULL, NULL, 'addapta', NULL, NULL),
(353, '16/0057', 1, NULL, NULL, NULL, 0, NULL, 117, '2016-03-07 11:10:27', '2016-03-01', '2016-03-08', '2016-08-04 16:33:30', 1, 0.00000000, NULL, NULL, 0, NULL, NULL, 77.55000000, 0.00000000, 0.00000000, 0.00000000, 369.30000000, 446.85000000, 2, 3, 3, NULL, NULL, NULL, NULL, 1, 3, '2016-03-01', NULL, NULL, 'addapta', NULL, NULL),
(354, '16/0058', 1, NULL, NULL, NULL, 0, NULL, 26, '2016-03-07 11:38:48', '2016-03-01', '2016-03-07', '2016-03-14 09:20:07', 1, 0.00000000, NULL, NULL, 0, NULL, NULL, 36.75000000, 0.00000000, 0.00000000, 0.00000000, 175.00000000, 211.75000000, 2, 3, 3, NULL, NULL, NULL, NULL, 1, 3, '2016-03-01', NULL, NULL, 'addapta', NULL, NULL),
(357, '16/0059', 1, NULL, NULL, NULL, 0, NULL, 91, '2016-03-08 12:24:33', '2016-03-01', '2016-05-23', '2016-06-07 11:48:01', 1, 0.00000000, NULL, NULL, 0, NULL, NULL, 307.13000000, 0.00000000, 0.00000000, 0.00000000, 1462.50000000, 1769.63000000, 2, 3, 3, NULL, NULL, NULL, NULL, 1, 2, '2016-03-01', NULL, NULL, 'addapta', NULL, NULL),
(358, '16/0079', 1, NULL, NULL, NULL, 0, NULL, 91, '2016-03-08 15:04:34', '2016-04-01', '2016-05-23', '2016-06-15 11:15:57', 1, 0.00000000, NULL, NULL, 0, NULL, NULL, 1097.27000000, 0.00000000, 0.00000000, 0.00000000, 5225.10000000, 6322.37000000, 2, 3, 3, NULL, NULL, NULL, NULL, 1, 2, '2016-04-01', NULL, NULL, 'addapta', NULL, NULL),
(359, '16/0060', 1, NULL, NULL, NULL, 0, NULL, 54, '2016-03-09 10:38:32', '2016-03-09', '2016-03-12', '2016-03-17 11:39:51', 1, 0.00000000, NULL, NULL, 0, NULL, NULL, 44.10000000, 0.00000000, 0.00000000, 0.00000000, 210.00000000, 254.10000000, 2, 2, 2, NULL, NULL, NULL, NULL, 1, 2, '2016-03-09', NULL, NULL, 'addapta', NULL, NULL),
(360, '16/0061', 1, NULL, NULL, NULL, 0, NULL, 54, '2016-03-12 09:06:43', '2016-03-12', '2016-03-12', '2016-03-17 11:39:51', 1, 0.00000000, NULL, NULL, 0, NULL, NULL, 18.90000000, 0.00000000, 0.00000000, 0.00000000, 90.00000000, 108.90000000, 2, 2, 2, NULL, NULL, NULL, NULL, 1, 2, '2016-03-12', NULL, NULL, 'addapta', NULL, NULL),
(361, '16/0077', 1, NULL, NULL, NULL, 0, NULL, 11, '2016-03-20 12:48:46', '2016-04-01', '2016-04-04', '2016-06-21 10:10:27', 1, 0.00000000, NULL, NULL, 0, NULL, NULL, 58.49000000, 0.00000000, 0.00000000, 0.00000000, 278.50000000, 336.99000000, 2, 2, 3, NULL, NULL, NULL, NULL, 1, 2, '2016-04-01', NULL, NULL, 'addapta', NULL, NULL),
(362, '16/0076', 1, NULL, NULL, NULL, 0, NULL, 3, '2016-03-22 12:52:42', '2016-04-01', '2016-04-04', '2016-04-13 14:21:53', 1, 0.00000000, NULL, NULL, 0, NULL, NULL, 126.00000000, 0.00000000, 0.00000000, 0.00000000, 600.00000000, 726.00000000, 2, 2, 3, NULL, NULL, NULL, NULL, 1, 3, '2017-04-01', NULL, NULL, 'addapta', NULL, NULL),
(363, '16/0062', 1, NULL, NULL, NULL, 0, NULL, 1, '2016-04-04 12:43:37', '2016-04-01', '2016-04-04', '2016-04-13 14:21:53', 1, 0.00000000, NULL, NULL, 0, NULL, NULL, 36.23000000, 0.00000000, 0.00000000, 0.00000000, 172.50000000, 208.73000000, 2, 3, 3, NULL, NULL, NULL, NULL, 1, 3, '2016-04-01', NULL, NULL, 'addapta', NULL, NULL),
(364, '16/0063', 1, NULL, NULL, NULL, 0, NULL, 27, '2016-04-04 12:45:42', '2016-04-01', '2016-04-04', '2016-04-05 16:45:28', 1, 0.00000000, NULL, NULL, 0, NULL, NULL, 29.82000000, 0.00000000, 0.00000000, 0.00000000, 142.00000000, 171.82000000, 2, 3, 3, NULL, NULL, NULL, NULL, 1, 2, '2016-04-01', NULL, NULL, 'addapta', NULL, NULL),
(365, '16/0064', 1, NULL, NULL, NULL, 0, NULL, 8, '2016-04-04 12:47:30', '2016-04-01', '2016-04-04', '2016-05-09 10:29:52', 1, 0.00000000, NULL, NULL, 0, NULL, NULL, 257.62000000, 0.00000000, 0.00000000, 0.00000000, 1226.75000000, 1484.37000000, 2, 3, 3, NULL, NULL, NULL, NULL, 2, 2, '2016-05-01', NULL, NULL, 'addapta', NULL, NULL),
(366, '16/0065', 1, NULL, NULL, NULL, 0, NULL, 5, '2016-04-04 12:49:08', '2016-04-01', '2016-04-04', '2016-06-03 08:54:23', 1, 0.00000000, NULL, NULL, 0, NULL, NULL, 22.63000000, 0.00000000, 0.00000000, 0.00000000, 107.75000000, 130.38000000, 2, 3, 3, NULL, NULL, NULL, NULL, 1, 2, '2016-04-01', NULL, NULL, 'addapta', NULL, NULL),
(367, '16/0066', 1, NULL, NULL, NULL, 0, NULL, 6, '2016-04-04 12:50:27', '2016-04-01', '2016-04-04', '2016-06-22 07:36:43', 1, 0.00000000, NULL, NULL, 0, NULL, NULL, 45.39000000, 0.00000000, 0.00000000, 0.00000000, 216.15000000, 261.54000000, 2, 3, 3, NULL, NULL, NULL, NULL, 4, 2, '2016-06-01', NULL, NULL, 'addapta', NULL, NULL),
(368, '16/0067', 1, NULL, NULL, NULL, 0, NULL, 9, '2016-04-04 12:51:40', '2016-04-01', '2016-04-04', '2016-04-04 10:38:42', 1, 0.00000000, NULL, NULL, 0, NULL, NULL, 58.20000000, 0.00000000, 0.00000000, 0.00000000, 277.15000000, 335.35000000, 2, 3, 3, NULL, NULL, NULL, NULL, 1, 2, '2016-04-01', NULL, NULL, 'addapta', NULL, NULL),
(369, '16/0068', 1, NULL, NULL, NULL, 0, NULL, 11, '2016-04-04 12:54:03', '2016-04-01', '2016-04-04', '2016-07-06 09:17:53', 1, 0.00000000, NULL, NULL, 0, NULL, NULL, 146.21000000, 0.00000000, 0.00000000, 0.00000000, 696.25000000, 842.46000000, 2, 3, 3, NULL, NULL, NULL, NULL, 1, 2, '2016-04-01', NULL, NULL, 'addapta', NULL, NULL),
(370, '16/0069', 1, NULL, NULL, NULL, 0, NULL, 117, '2016-04-04 12:55:37', '2016-04-01', '2016-04-04', '2016-08-04 16:33:30', 1, 0.00000000, NULL, NULL, 0, NULL, NULL, 77.55000000, 0.00000000, 0.00000000, 0.00000000, 369.30000000, 446.85000000, 2, 3, 3, NULL, NULL, NULL, NULL, 1, 3, '2016-04-01', NULL, NULL, 'addapta', NULL, NULL),
(371, '16/0070', 1, NULL, NULL, NULL, 0, NULL, 10, '2016-04-04 12:59:04', '2016-04-01', '2016-04-04', '2016-06-13 08:36:33', 1, 0.00000000, NULL, NULL, 0, NULL, NULL, 952.56000000, 0.00000000, 0.00000000, 0.00000000, 4536.00000000, 5488.56000000, 2, 3, 3, NULL, NULL, NULL, NULL, 4, 2, '2016-06-01', NULL, NULL, 'addapta', NULL, NULL),
(372, '16/0071', 1, NULL, NULL, NULL, 0, NULL, 10, '2016-04-04 13:17:45', '2016-04-01', '2016-04-04', '2016-06-13 08:36:33', 1, 0.00000000, NULL, NULL, 0, NULL, NULL, 840.00000000, 0.00000000, 0.00000000, 0.00000000, 4000.00000000, 4840.00000000, 2, 3, 3, NULL, NULL, NULL, NULL, 4, 2, '2016-06-01', NULL, NULL, 'addapta', NULL, NULL),
(373, '16/0072', 1, NULL, NULL, NULL, 0, NULL, 3, '2016-04-04 13:29:28', '2016-04-01', '2016-04-04', '2016-04-13 14:21:53', 1, 0.00000000, NULL, NULL, 0, NULL, NULL, 1478.40000000, 0.00000000, 0.00000000, 0.00000000, 7040.00000000, 8518.40000000, 2, 3, 3, NULL, NULL, NULL, NULL, 1, 3, '2016-04-01', NULL, NULL, 'addapta', NULL, NULL),
(374, '16/0073', 1, NULL, NULL, NULL, 0, NULL, 3, '2016-04-04 13:32:11', '2016-04-01', '2016-04-07', '2016-04-07 21:24:23', 1, 0.00000000, NULL, NULL, 0, NULL, NULL, 0.00000000, 0.00000000, 0.00000000, 0.00000000, 0.00000000, 0.00000000, 2, 3, 3, NULL, NULL, NULL, NULL, 2, 3, '2016-05-01', NULL, NULL, 'addapta', NULL, NULL),
(375, '16/0074', 1, NULL, NULL, NULL, 0, NULL, 3, '2016-04-04 13:34:23', '2016-04-01', '2016-04-07', '2016-04-07 21:24:48', 1, 0.00000000, NULL, NULL, 0, NULL, NULL, 0.00000000, 0.00000000, 0.00000000, 0.00000000, 0.00000000, 0.00000000, 2, 3, 3, NULL, NULL, NULL, NULL, 2, 3, '2016-05-01', NULL, NULL, 'addapta', NULL, NULL),
(376, '16/0075', 1, NULL, NULL, NULL, 0, NULL, 3, '2016-04-04 13:37:52', '2016-04-01', '2016-04-04', '2016-04-13 14:21:53', 1, 0.00000000, NULL, NULL, 0, NULL, NULL, 76.44000000, 0.00000000, 0.00000000, 0.00000000, 364.00000000, 440.44000000, 2, 3, 3, NULL, NULL, NULL, NULL, 1, 3, '2016-04-01', NULL, NULL, 'addapta', NULL, NULL),
(377, '16/0078', 1, NULL, NULL, NULL, 0, NULL, 8, '2016-04-05 10:54:23', '2016-04-05', '2016-04-05', '2016-05-09 10:29:52', 1, 0.00000000, NULL, NULL, 0, NULL, NULL, 151.20000000, 0.00000000, 0.00000000, 0.00000000, 720.00000000, 871.20000000, 2, 2, 2, NULL, NULL, NULL, NULL, 1, 2, '2016-04-05', NULL, NULL, 'addapta', NULL, NULL),
(378, '16/0080', 1, NULL, NULL, NULL, 0, NULL, 91, '2016-04-06 12:02:18', '2016-04-01', '2016-05-23', '2016-06-15 11:15:57', 1, 0.00000000, NULL, NULL, 0, NULL, NULL, 430.92000000, 0.00000000, 0.00000000, 0.00000000, 2052.00000000, 2482.92000000, 2, 3, 3, NULL, NULL, NULL, NULL, 1, 2, '2016-04-01', 'La información sobre el proyecto del Tablón de Anuncios es el siguiente para realizar la facturación.\r\ngenerali_code para el “Tablón de anuncios”: AUT2016001308\r\n\r\nLos códigos de hitos en el caso de ADDAPTA para el Tablón de Anuncios son los hitos siguientes, que corresponderán a los diferentes pagos:\r\n\r\nCODIGO DE HITOS     FECHA ESTIMADA\r\ninicioproyecto                31/03/2016\r\niniciopruebasusuario     30/04/2016\r\nfinproyecto	             31/05/2016', NULL, 'addapta', NULL, NULL),
(379, '16/0081', 1, NULL, NULL, NULL, 0, NULL, 18, '2016-04-06 13:00:31', '2016-04-01', '2016-04-06', '2016-05-10 07:56:16', 1, 0.00000000, NULL, NULL, 0, NULL, NULL, 100.80000000, 0.00000000, 0.00000000, 0.00000000, 480.00000000, 580.80000000, 2, 3, 3, NULL, NULL, NULL, NULL, 1, 2, '2016-04-01', NULL, NULL, 'addapta', NULL, NULL),
(383, '16/0082', 1, NULL, NULL, NULL, 2, NULL, 18, '2016-04-06 13:10:09', '2016-04-01', '2016-04-06', '2016-04-06 11:02:57', 1, 0.00000000, NULL, NULL, 0, NULL, NULL, -208.74000000, 0.00000000, 0.00000000, 0.00000000, -994.00000000, -1202.74000000, 2, 3, 3, 169, NULL, NULL, NULL, 0, 2, '2016-04-01', NULL, NULL, 'addapta', NULL, NULL),
(384, '16/0083', 1, NULL, NULL, NULL, 2, NULL, 3, '2016-04-07 23:31:17', '2016-04-01', '2016-04-07', '2016-04-07 21:57:09', 1, 0.00000000, NULL, NULL, 0, NULL, NULL, -23.52000000, 0.00000000, 0.00000000, 0.00000000, -112.00000000, -135.52000000, 2, 3, 3, 292, NULL, NULL, NULL, 0, 2, '2016-04-01', NULL, NULL, 'addapta', NULL, NULL),
(385, '16/0084', 1, NULL, NULL, NULL, 2, NULL, 3, '2016-04-08 10:29:35', '2016-04-01', '2016-04-08', '2016-04-08 08:19:38', 1, 0.00000000, NULL, NULL, 0, NULL, NULL, -104.16000000, 0.00000000, 0.00000000, 0.00000000, -496.00000000, -600.16000000, 2, 3, 3, 342, NULL, NULL, NULL, 0, 3, '2016-04-01', NULL, NULL, 'addapta', NULL, NULL),
(386, '16/0085', 1, NULL, NULL, NULL, 0, NULL, 147, '2016-04-25 07:13:30', '2016-04-25', '2016-05-03', '2016-06-16 12:34:14', 1, 0.00000000, NULL, NULL, 0, NULL, NULL, 665.28000000, 0.00000000, 0.00000000, 0.00000000, 3168.00000000, 3833.28000000, 2, 2, 3, NULL, NULL, NULL, NULL, 1, 2, '2016-04-25', NULL, NULL, 'addapta', NULL, NULL),
(387, '16/0086', 1, NULL, NULL, NULL, 0, NULL, 3, '2016-05-02 12:23:42', '2016-05-01', '2016-05-02', '2016-05-05 09:48:15', 1, 0.00000000, NULL, NULL, 0, NULL, NULL, 983.14000000, 0.00000000, 0.00000000, 0.00000000, 4681.60000000, 5664.74000000, 2, 3, 3, NULL, NULL, NULL, NULL, 1, 3, '2016-05-01', NULL, NULL, 'addapta', NULL, NULL),
(388, '16/0087', 1, NULL, NULL, NULL, 0, NULL, 3, '2016-05-02 12:33:52', '2016-05-01', '2016-05-02', '2016-05-05 09:48:15', 1, 0.00000000, NULL, NULL, 0, NULL, NULL, 76.44000000, 0.00000000, 0.00000000, 0.00000000, 364.00000000, 440.44000000, 2, 3, 3, NULL, NULL, NULL, NULL, 1, 3, '2016-05-01', NULL, NULL, 'addapta', NULL, NULL),
(389, '16/0088', 1, NULL, NULL, NULL, 0, NULL, 1, '2016-05-02 12:40:28', '2016-05-01', '2016-05-02', '2016-06-27 06:52:14', 1, 0.00000000, NULL, NULL, 0, NULL, NULL, 36.23000000, 0.00000000, 0.00000000, 0.00000000, 172.50000000, 208.73000000, 2, 3, 3, NULL, NULL, NULL, NULL, 1, 3, '2016-05-01', NULL, NULL, 'addapta', NULL, NULL),
(390, '16/0089', 1, NULL, NULL, NULL, 0, NULL, 9, '2016-05-02 12:42:18', '2016-05-01', '2016-05-02', '2016-05-05 09:47:38', 1, 0.00000000, NULL, NULL, 0, NULL, NULL, 58.20000000, 0.00000000, 0.00000000, 0.00000000, 277.15000000, 335.35000000, 2, 3, 3, NULL, NULL, NULL, NULL, 1, 2, '2016-05-01', NULL, NULL, 'addapta', NULL, NULL),
(391, '16/0090', 1, NULL, NULL, NULL, 0, NULL, 11, '2016-05-03 14:45:21', '2016-05-01', '2016-05-03', '2016-07-06 09:17:53', 1, 0.00000000, NULL, NULL, 0, NULL, NULL, 146.21000000, 0.00000000, 0.00000000, 0.00000000, 696.25000000, 842.46000000, 2, 3, 3, NULL, NULL, NULL, NULL, 1, 2, '2016-05-01', NULL, NULL, 'addapta', NULL, NULL),
(392, '16/0091', 1, NULL, NULL, NULL, 0, NULL, 11, '2016-05-03 14:46:16', '2016-05-01', '2016-05-03', '2016-07-06 09:17:53', 1, 0.00000000, NULL, NULL, 0, NULL, NULL, 58.49000000, 0.00000000, 0.00000000, 0.00000000, 278.50000000, 336.99000000, 2, 3, 3, NULL, NULL, NULL, NULL, 1, 2, '2016-05-01', NULL, NULL, 'addapta', NULL, NULL),
(393, '16/0092', 1, NULL, NULL, NULL, 0, NULL, 8, '2016-05-03 14:47:55', '2016-05-01', '2016-05-03', '2016-06-30 07:36:17', 1, 0.00000000, NULL, NULL, 0, NULL, NULL, 257.62000000, 0.00000000, 0.00000000, 0.00000000, 1226.75000000, 1484.37000000, 2, 3, 3, NULL, NULL, NULL, NULL, 2, 2, '2016-06-01', NULL, NULL, 'addapta', NULL, NULL),
(394, '16/0093', 1, NULL, NULL, NULL, 0, NULL, 5, '2016-05-03 14:49:11', '2016-05-01', '2016-05-03', '2019-05-07 09:25:53', 1, 0.00000000, NULL, NULL, 0, NULL, NULL, 22.63000000, 0.00000000, 0.00000000, 0.00000000, 107.75000000, 130.38000000, 2, 3, 3, NULL, NULL, NULL, NULL, 1, 2, '2016-05-01', NULL, NULL, 'addapta', NULL, NULL),
(395, '16/0094', 1, NULL, NULL, NULL, 0, NULL, 6, '2016-05-03 14:51:19', '2016-05-01', '2016-05-03', '2016-08-01 13:00:53', 1, 0.00000000, NULL, NULL, 0, NULL, NULL, 45.39000000, 0.00000000, 0.00000000, 0.00000000, 216.15000000, 261.54000000, 2, 3, 3, NULL, NULL, NULL, NULL, 4, 2, '2016-07-01', NULL, NULL, 'addapta', NULL, NULL),
(396, '16/0095', 1, NULL, NULL, NULL, 0, NULL, 117, '2016-05-03 14:56:19', '2016-05-01', '2016-05-03', '2016-08-04 16:33:30', 1, 0.00000000, NULL, NULL, 0, NULL, NULL, 77.55000000, 0.00000000, 0.00000000, 0.00000000, 369.30000000, 446.85000000, 2, 3, 3, NULL, NULL, NULL, NULL, 1, 3, '2016-05-01', NULL, NULL, 'addapta', NULL, NULL),
(397, '16/0096', 1, NULL, NULL, NULL, 0, NULL, 10, '2016-05-03 15:04:58', '2016-05-01', '2016-05-03', '2016-07-13 11:13:59', 1, 0.00000000, NULL, NULL, 0, NULL, NULL, 952.56000000, 0.00000000, 0.00000000, 0.00000000, 4536.00000000, 5488.56000000, 2, 3, 3, NULL, NULL, NULL, NULL, 4, 2, '2016-07-01', NULL, NULL, 'addapta', NULL, NULL),
(398, '16/0097', 1, NULL, NULL, NULL, 0, NULL, 10, '2016-05-03 15:10:53', '2016-05-01', '2016-05-03', '2016-07-13 11:13:59', 1, 0.00000000, NULL, NULL, 0, NULL, NULL, 939.75000000, 0.00000000, 0.00000000, 0.00000000, 4475.00000000, 5414.75000000, 2, 3, 3, NULL, NULL, NULL, NULL, 4, 2, '2016-07-01', NULL, NULL, 'addapta', NULL, NULL),
(399, '16/0098', 1, NULL, NULL, NULL, 0, NULL, 91, '2016-05-03 15:22:02', '2016-05-01', '2016-05-23', '2016-06-15 11:15:57', 1, 0.00000000, NULL, NULL, 0, NULL, NULL, 725.57000000, 0.00000000, 0.00000000, 0.00000000, 3455.10000000, 4180.67000000, 2, 3, 3, NULL, NULL, NULL, NULL, 1, 2, '2016-05-01', NULL, NULL, 'addapta', NULL, NULL),
(400, '16/0099', 1, NULL, NULL, NULL, 0, NULL, 35, '2016-05-10 14:16:12', '2016-05-01', '2016-05-10', '2016-05-19 10:54:05', 1, 0.00000000, NULL, NULL, 0, NULL, NULL, 36.75000000, 0.00000000, 0.00000000, 0.00000000, 175.00000000, 211.75000000, 2, 3, 3, NULL, NULL, NULL, NULL, 1, 3, '2016-05-01', NULL, NULL, 'addapta', NULL, NULL),
(401, '16/0102', 1, NULL, NULL, NULL, 0, NULL, 139, '2016-05-12 11:01:03', '2016-05-12', '2016-05-17', '2016-08-01 13:02:54', 1, 0.00000000, NULL, NULL, 0, NULL, NULL, 743.40000000, 0.00000000, 0.00000000, 0.00000000, 3540.00000000, 4283.40000000, 2, 3, 2, NULL, NULL, NULL, NULL, 1, 7, '2016-05-12', NULL, NULL, 'addapta', NULL, NULL),
(402, '16/0112', 1, NULL, NULL, NULL, 0, NULL, 5, '2016-05-12 13:29:14', '2016-06-01', '2016-05-31', '2019-06-04 07:19:07', 1, 0.00000000, NULL, NULL, 0, NULL, NULL, 25.13000000, 0.00000000, 0.00000000, 0.00000000, 119.65000000, 144.78000000, 2, 3, 3, NULL, NULL, NULL, NULL, 1, 2, '2016-06-01', NULL, NULL, 'addapta', NULL, NULL),
(403, '16/0100', 1, NULL, NULL, NULL, 0, NULL, 56, '2016-05-12 16:10:27', '2016-05-01', '2016-05-12', '2016-05-19 10:54:05', 1, 0.00000000, NULL, NULL, 0, NULL, NULL, 36.75000000, 0.00000000, 0.00000000, 0.00000000, 175.00000000, 211.75000000, 2, 3, 3, NULL, NULL, NULL, NULL, 1, 3, '2016-05-12', NULL, NULL, 'addapta', NULL, NULL),
(404, '16/0101', 1, NULL, NULL, NULL, 0, NULL, 8, '2016-05-13 13:00:24', '2016-05-13', '2016-05-13', '2016-06-15 11:16:41', 1, 0.00000000, NULL, NULL, 0, NULL, NULL, 50.40000000, 0.00000000, 0.00000000, 0.00000000, 240.00000000, 290.40000000, 2, 2, 2, NULL, NULL, NULL, NULL, 1, 2, '2016-05-13', NULL, NULL, 'addapta', NULL, NULL),
(408, '16/0103', 1, NULL, NULL, NULL, 0, NULL, 10, '2016-05-31 15:46:44', '2016-06-01', '2016-05-31', '2016-08-12 10:58:44', 1, 0.00000000, NULL, NULL, 0, NULL, NULL, 952.56000000, 0.00000000, 0.00000000, 0.00000000, 4536.00000000, 5488.56000000, 2, 3, 3, NULL, NULL, NULL, NULL, 4, 2, '2016-08-01', NULL, NULL, 'addapta', NULL, NULL),
(409, '16/0104', 1, NULL, NULL, NULL, 0, NULL, 10, '2016-05-31 15:49:16', '2016-06-01', '2016-05-31', '2016-08-12 10:58:44', 1, 0.00000000, NULL, NULL, 0, NULL, NULL, 882.00000000, 0.00000000, 0.00000000, 0.00000000, 4200.00000000, 5082.00000000, 2, 3, 3, NULL, NULL, NULL, NULL, 4, 2, '2016-08-01', NULL, NULL, 'addapta', NULL, NULL),
(410, '16/0105', 1, NULL, NULL, NULL, 0, NULL, 10, '2016-05-31 15:53:23', '2016-06-01', '2016-05-31', '2016-08-12 10:58:44', 1, 0.00000000, NULL, NULL, 0, NULL, NULL, 204.98000000, 0.00000000, 0.00000000, 0.00000000, 976.08000000, 1181.06000000, 2, 3, 3, NULL, NULL, NULL, NULL, 4, 2, '2016-08-01', NULL, NULL, 'addapta', NULL, NULL),
(411, '16/0120', 1, NULL, NULL, NULL, 0, NULL, 10, '2016-05-31 16:22:14', '2016-07-01', '2016-06-27', '2016-09-13 15:59:05', 1, 0.00000000, NULL, NULL, 0, NULL, NULL, 952.56000000, 0.00000000, 0.00000000, 0.00000000, 4536.00000000, 5488.56000000, 2, 3, 3, NULL, NULL, NULL, NULL, 4, 2, '2016-09-01', NULL, NULL, 'addapta', NULL, NULL),
(412, '16/0124', 1, NULL, NULL, NULL, 0, NULL, 10, '2016-05-31 16:23:17', '2016-07-01', '2016-06-30', '2016-09-13 15:59:05', 1, 0.00000000, NULL, NULL, 0, NULL, NULL, 944.58000000, 0.00000000, 0.00000000, 0.00000000, 4498.00000000, 5442.58000000, 2, 3, 3, NULL, NULL, NULL, NULL, 4, 2, '2016-09-01', NULL, NULL, 'addapta', NULL, NULL),
(413, '16/0125', 1, NULL, NULL, NULL, 0, NULL, 10, '2016-05-31 16:24:02', '2016-07-01', '2016-06-30', '2016-09-13 15:59:05', 1, 0.00000000, NULL, NULL, 0, NULL, NULL, 644.21000000, 0.00000000, 0.00000000, 0.00000000, 3067.68000000, 3711.89000000, 2, 3, 3, NULL, NULL, NULL, NULL, 4, 2, '2016-09-01', NULL, NULL, 'addapta', NULL, NULL),
(414, '16/0106', 1, NULL, NULL, NULL, 0, NULL, 3, '2016-05-31 18:46:24', '2016-06-01', '2016-05-31', '2016-06-06 09:22:07', 1, 0.00000000, NULL, NULL, 0, NULL, NULL, 1249.25000000, 0.00000000, 0.00000000, 0.00000000, 5948.80000000, 7198.05000000, 2, 3, 3, NULL, NULL, NULL, NULL, 1, 3, '2016-06-01', NULL, NULL, 'addapta', NULL, NULL),
(415, '16/0107', 1, NULL, NULL, NULL, 0, NULL, 3, '2016-05-31 18:51:43', '2016-06-01', '2016-05-31', '2016-06-06 09:22:07', 1, 0.00000000, NULL, NULL, 0, NULL, NULL, 76.44000000, 0.00000000, 0.00000000, 0.00000000, 364.00000000, 440.44000000, 2, 3, 3, NULL, NULL, NULL, NULL, 1, 3, '2016-06-01', NULL, NULL, 'addapta', NULL, NULL),
(416, '16/0108', 1, NULL, NULL, NULL, 0, NULL, 1, '2016-05-31 18:53:09', '2016-06-01', '2016-05-31', '2016-06-27 06:52:14', 1, 0.00000000, NULL, NULL, 0, NULL, NULL, 36.23000000, 0.00000000, 0.00000000, 0.00000000, 172.50000000, 208.73000000, 2, 3, 3, NULL, NULL, NULL, NULL, 1, 3, '2016-06-01', NULL, NULL, 'addapta', NULL, NULL),
(417, '16/0109', 1, NULL, NULL, NULL, 0, NULL, 9, '2016-05-31 19:00:04', '2016-06-01', '2016-05-31', '2016-06-03 08:53:10', 1, 0.00000000, NULL, NULL, 0, NULL, NULL, 58.20000000, 0.00000000, 0.00000000, 0.00000000, 277.15000000, 335.35000000, 2, 3, 3, NULL, NULL, NULL, NULL, 1, 2, '2016-06-01', NULL, NULL, 'addapta', NULL, NULL),
(418, '16/0110', 1, NULL, NULL, NULL, 0, NULL, 11, '2016-05-31 19:06:55', '2016-06-01', '2016-05-31', '2016-08-08 07:40:06', 1, 0.00000000, NULL, NULL, 0, NULL, NULL, 146.21000000, 0.00000000, 0.00000000, 0.00000000, 696.25000000, 842.46000000, 2, 3, 3, NULL, NULL, NULL, NULL, 1, 2, '2016-06-01', NULL, NULL, 'addapta', NULL, NULL),
(419, '16/0111', 1, NULL, NULL, NULL, 0, NULL, 8, '2016-05-31 19:22:15', '2016-06-01', '2016-05-31', '2016-07-06 09:21:11', 1, 0.00000000, NULL, NULL, 0, NULL, NULL, 257.62000000, 0.00000000, 0.00000000, 0.00000000, 1226.75000000, 1484.37000000, 2, 3, 3, NULL, NULL, NULL, NULL, 2, 2, '2016-07-01', NULL, NULL, 'addapta', NULL, NULL),
(420, '16/0113', 1, NULL, NULL, NULL, 0, NULL, 6, '2016-05-31 19:29:23', '2016-06-01', '2016-05-31', '2016-08-22 09:05:41', 1, 0.00000000, NULL, NULL, 0, NULL, NULL, 45.39000000, 0.00000000, 0.00000000, 0.00000000, 216.15000000, 261.54000000, 2, 3, 3, NULL, NULL, NULL, NULL, 4, 2, '2016-08-01', NULL, NULL, 'addapta', NULL, NULL),
(421, '16/0114', 1, NULL, NULL, NULL, 0, NULL, 117, '2016-05-31 19:31:19', '2016-06-01', '2016-05-31', '2016-08-04 16:33:30', 1, 0.00000000, NULL, NULL, 0, NULL, NULL, 77.55000000, 0.00000000, 0.00000000, 0.00000000, 369.30000000, 446.85000000, 2, 3, 3, NULL, NULL, NULL, NULL, 1, 3, '2016-06-01', NULL, NULL, 'addapta', NULL, NULL),
(422, '16/0115', 1, NULL, NULL, NULL, 0, NULL, 91, '2016-05-31 19:39:02', '2016-06-01', '2016-05-31', '2016-08-01 13:16:15', 1, 0.00000000, NULL, NULL, 0, NULL, NULL, 751.78000000, 0.00000000, 0.00000000, 0.00000000, 3579.90000000, 4331.68000000, 2, 3, 3, NULL, NULL, NULL, NULL, 1, 2, '2016-06-01', NULL, NULL, 'addapta', NULL, NULL),
(423, '16/0116', 1, NULL, NULL, NULL, 2, NULL, 91, '2016-06-07 14:01:01', '2016-04-01', '2016-06-07', '2016-06-14 13:17:16', 1, 0.00000000, NULL, NULL, 0, NULL, NULL, -307.13000000, 0.00000000, 0.00000000, 0.00000000, -1462.50000000, -1769.63000000, 2, 3, 3, 357, NULL, NULL, NULL, 0, 2, '2016-04-01', NULL, NULL, 'addapta', NULL, NULL),
(424, '16/0117', 1, NULL, NULL, NULL, 0, NULL, 91, '2016-06-10 14:45:10', '2016-06-01', '2016-06-10', '2016-08-01 13:16:15', 1, 0.00000000, NULL, NULL, 0, NULL, NULL, 430.92000000, 0.00000000, 0.00000000, 0.00000000, 2052.00000000, 2482.92000000, 2, 3, 3, NULL, NULL, NULL, NULL, 1, 2, '2016-06-01', 'La información sobre el proyecto del Tablón de Anuncios es el siguiente para realizar la facturación.\r\ngenerali_code para el “Tablón de anuncios”: AUT2016001308\r\n\r\nLos códigos de hitos en el caso de ADDAPTA para el Tablón de Anuncios son los hitos siguientes, que corresponderán a los diferentes pagos:\r\n\r\nCODIGO DE HITOS     FECHA ESTIMADA\r\ninicioproyecto                31/03/2016\r\niniciopruebasusuario     30/04/2016\r\nfinproyecto	             31/05/2016', NULL, 'addapta', NULL, NULL),
(425, '16/0118', 1, NULL, NULL, NULL, 0, NULL, 149, '2016-06-14 15:05:27', '2016-06-15', '2016-06-14', '2016-06-23 08:36:04', 1, 0.00000000, NULL, NULL, 0, NULL, NULL, 1353.35000000, 0.00000000, 0.00000000, 0.00000000, 6444.50000000, 7797.85000000, 2, 3, 3, NULL, NULL, NULL, NULL, 1, 2, '2016-06-15', NULL, NULL, 'addapta', NULL, NULL),
(427, '16/0119', 1, NULL, NULL, NULL, 2, NULL, 147, '2016-06-16 14:47:05', '2016-04-25', '2016-06-16', '2016-06-16 12:33:33', 1, 0.00000000, NULL, NULL, 0, NULL, NULL, -665.28000000, 0.00000000, 0.00000000, 0.00000000, -3168.00000000, -3833.28000000, 2, 3, 3, 386, NULL, NULL, NULL, 0, 2, '2016-04-25', NULL, NULL, 'addapta', NULL, NULL),
(428, '16/0121', 1, NULL, NULL, NULL, 0, NULL, 3, '2016-06-29 14:19:43', '2016-07-01', '2016-06-29', '2016-07-06 09:18:24', 1, 0.00000000, NULL, NULL, 0, NULL, NULL, 76.44000000, 0.00000000, 0.00000000, 0.00000000, 364.00000000, 440.44000000, 2, 3, 3, NULL, NULL, NULL, NULL, 1, 3, '2016-07-01', NULL, NULL, 'addapta', NULL, NULL),
(429, '16/0122', 1, NULL, NULL, NULL, 0, NULL, 3, '2016-06-29 14:20:59', '2016-07-01', '2016-06-29', '2016-07-06 09:18:24', 1, 0.00000000, NULL, NULL, 0, NULL, NULL, 1160.55000000, 0.00000000, 0.00000000, 0.00000000, 5526.40000000, 6686.95000000, 2, 3, 3, NULL, NULL, NULL, NULL, 1, 3, '2016-07-01', NULL, NULL, 'addapta', NULL, NULL),
(430, '16/0123', 1, NULL, NULL, NULL, 0, NULL, 1, '2016-06-29 14:33:03', '2016-07-01', '2016-07-05', '2016-07-06 09:18:24', 1, 0.00000000, NULL, NULL, 0, NULL, NULL, 65.63000000, 0.00000000, 0.00000000, 0.00000000, 312.50000000, 378.13000000, 2, 3, 3, NULL, NULL, NULL, NULL, 1, 3, '2016-07-01', NULL, NULL, 'addapta', NULL, NULL),
(431, '16/0126', 1, NULL, NULL, NULL, 0, NULL, 9, '2016-06-30 11:37:01', '2016-07-01', '2016-06-30', '2016-07-06 09:10:38', 1, 0.00000000, NULL, NULL, 0, NULL, NULL, 58.20000000, 0.00000000, 0.00000000, 0.00000000, 277.15000000, 335.35000000, 2, 3, 3, NULL, NULL, NULL, NULL, 1, 2, '2016-07-01', NULL, NULL, 'addapta', NULL, NULL),
(432, '16/0127', 1, NULL, NULL, NULL, 0, NULL, 11, '2016-06-30 11:38:31', '2016-06-30', '2016-07-01', '2016-09-13 15:55:59', 1, 0.00000000, NULL, NULL, 0, NULL, NULL, 146.21000000, 0.00000000, 0.00000000, 0.00000000, 696.25000000, 842.46000000, 2, 3, 3, NULL, NULL, NULL, NULL, 1, 2, '2016-06-30', NULL, NULL, 'addapta', NULL, NULL),
(433, '16/0128', 1, NULL, NULL, NULL, 0, NULL, 8, '2016-06-30 11:39:31', '2016-07-01', '2016-06-30', '2016-08-03 16:00:56', 1, 0.00000000, NULL, NULL, 0, NULL, NULL, 257.62000000, 0.00000000, 0.00000000, 0.00000000, 1226.75000000, 1484.37000000, 2, 3, 3, NULL, NULL, NULL, NULL, 2, 2, '2016-08-01', NULL, NULL, 'addapta', NULL, NULL),
(434, '16/0129', 1, NULL, NULL, NULL, 0, NULL, 5, '2016-06-30 11:44:27', '2016-07-01', '2016-07-01', '2019-07-09 09:12:39', 1, 0.00000000, NULL, NULL, 0, NULL, NULL, 22.63000000, 0.00000000, 0.00000000, 0.00000000, 107.75000000, 130.38000000, 2, 3, 3, NULL, NULL, NULL, NULL, 1, 2, '2016-07-01', NULL, NULL, 'addapta', NULL, NULL),
(435, '16/0130', 1, NULL, NULL, NULL, 0, NULL, 6, '2016-06-30 11:45:34', '2016-07-01', '2016-06-30', '2016-09-27 15:17:34', 1, 0.00000000, NULL, NULL, 0, NULL, NULL, 45.39000000, 0.00000000, 0.00000000, 0.00000000, 216.15000000, 261.54000000, 2, 3, 3, NULL, NULL, NULL, NULL, 4, 2, '2016-08-30', NULL, NULL, 'addapta', NULL, NULL),
(436, '16/0131', 1, NULL, NULL, NULL, 0, NULL, 117, '2016-06-30 11:46:40', '2016-07-01', '2016-06-30', '2016-08-04 16:33:30', 1, 0.00000000, NULL, NULL, 0, NULL, NULL, 77.55000000, 0.00000000, 0.00000000, 0.00000000, 369.30000000, 446.85000000, 2, 3, 3, NULL, NULL, NULL, NULL, 1, 3, '2016-07-01', NULL, NULL, 'addapta', NULL, NULL),
(437, '16/0132', 1, NULL, NULL, NULL, 0, NULL, 91, '2016-06-30 11:47:36', '2016-07-01', '2016-06-30', '2016-10-02 14:58:53', 1, 0.00000000, NULL, NULL, 0, NULL, NULL, 1059.98000000, 0.00000000, 0.00000000, 0.00000000, 5047.50000000, 6107.48000000, 2, 3, 3, NULL, NULL, NULL, NULL, 1, 2, '2016-07-01', NULL, NULL, 'addapta', NULL, NULL),
(438, '16/0134', 1, NULL, NULL, NULL, 0, NULL, 11, '2016-07-01 19:25:22', '2016-07-31', '2016-08-01', '2016-10-06 08:16:00', 1, 0.00000000, NULL, NULL, 0, NULL, NULL, 146.21000000, 0.00000000, 0.00000000, 0.00000000, 696.25000000, 842.46000000, 2, 3, 3, NULL, NULL, NULL, NULL, 1, 2, '2016-07-31', NULL, NULL, 'addapta', NULL, NULL),
(439, '16/0138', 1, NULL, NULL, NULL, 0, NULL, 3, '2016-07-05 13:18:02', '2016-08-01', '2016-08-03', '2016-08-09 08:46:17', 1, 0.00000000, NULL, NULL, 0, NULL, NULL, 76.44000000, 0.00000000, 0.00000000, 0.00000000, 364.00000000, 440.44000000, 2, 3, 3, NULL, NULL, NULL, NULL, 1, 3, '2016-08-01', NULL, NULL, 'addapta', NULL, NULL),
(440, '16/0137', 1, NULL, NULL, NULL, 0, NULL, 3, '2016-07-05 13:18:36', '2016-08-01', '2016-08-03', '2016-08-09 08:46:17', 1, 0.00000000, NULL, NULL, 0, NULL, NULL, 1005.31000000, 0.00000000, 0.00000000, 0.00000000, 4787.20000000, 5792.51000000, 2, 3, 3, NULL, NULL, NULL, NULL, 1, 3, '2016-08-01', NULL, NULL, 'addapta', NULL, NULL),
(441, '16/0140', 1, NULL, NULL, NULL, 0, NULL, 10, '2016-07-05 13:44:24', '2016-08-01', '2016-08-04', '2016-10-17 16:06:20', 1, 0.00000000, NULL, NULL, 0, NULL, NULL, 277.83000000, 0.00000000, 0.00000000, 0.00000000, 1323.00000000, 1600.83000000, 2, 3, 3, NULL, NULL, NULL, NULL, 4, 2, '2016-09-30', NULL, NULL, 'addapta', NULL, NULL),
(442, '16/0141', 1, NULL, NULL, NULL, 0, NULL, 10, '2016-07-05 14:04:27', '2016-08-01', '2016-08-04', '2016-10-17 16:07:13', 1, 0.00000000, NULL, NULL, 0, NULL, NULL, 917.28000000, 0.00000000, 0.00000000, 0.00000000, 4368.00000000, 5285.28000000, 2, 3, 3, NULL, NULL, NULL, NULL, 4, 2, '2016-09-30', NULL, NULL, 'addapta', NULL, NULL),
(443, '16/0142', 1, NULL, NULL, NULL, 0, NULL, 10, '2016-07-05 14:04:59', '2016-08-01', '2016-08-04', '2016-10-17 16:07:13', 1, 0.00000000, NULL, NULL, 0, NULL, NULL, 614.93000000, 0.00000000, 0.00000000, 0.00000000, 2928.24000000, 3543.17000000, 2, 3, 3, NULL, NULL, NULL, NULL, 4, 2, '2016-09-30', NULL, NULL, 'addapta', NULL, NULL),
(444, '16/0139', 1, NULL, NULL, NULL, 0, NULL, 1, '2016-07-05 14:06:02', '2016-08-01', '2016-08-03', '2016-08-09 08:46:17', 1, 0.00000000, NULL, NULL, 0, NULL, NULL, 36.23000000, 0.00000000, 0.00000000, 0.00000000, 172.50000000, 208.73000000, 2, 3, 3, NULL, NULL, NULL, NULL, 1, 3, '2016-08-01', NULL, NULL, 'addapta', NULL, NULL),
(445, '16/0143', 1, NULL, NULL, NULL, 0, NULL, 9, '2016-07-05 14:08:39', '2016-08-01', '2016-08-04', '2016-08-08 07:37:58', 1, 0.00000000, NULL, NULL, 0, NULL, NULL, 58.20000000, 0.00000000, 0.00000000, 0.00000000, 277.15000000, 335.35000000, 2, 3, 3, NULL, NULL, NULL, NULL, 1, 2, '2016-08-01', NULL, NULL, 'addapta', NULL, NULL),
(446, '16/0144', 1, NULL, NULL, NULL, 0, NULL, 8, '2016-07-05 14:09:12', '2016-08-01', '2016-08-04', '2016-09-13 15:57:56', 1, 0.00000000, NULL, NULL, 0, NULL, NULL, 257.62000000, 0.00000000, 0.00000000, 0.00000000, 1226.75000000, 1484.37000000, 2, 3, 3, NULL, NULL, NULL, NULL, 2, 2, '2016-08-31', NULL, NULL, 'addapta', NULL, NULL),
(447, '16/0145', 1, NULL, NULL, NULL, 0, NULL, 5, '2016-07-05 14:09:38', '2016-08-01', '2016-08-04', '2019-08-05 22:31:54', 1, 0.00000000, NULL, NULL, 0, NULL, NULL, 22.63000000, 0.00000000, 0.00000000, 0.00000000, 107.75000000, 130.38000000, 2, 3, 3, NULL, NULL, NULL, NULL, 1, 2, '2016-08-01', NULL, NULL, 'addapta', NULL, NULL),
(448, '16/0146', 1, NULL, NULL, NULL, 0, NULL, 6, '2016-07-05 14:10:11', '2016-08-01', '2016-08-04', '2016-10-24 17:46:09', 1, 0.00000000, NULL, NULL, 0, NULL, NULL, 45.39000000, 0.00000000, 0.00000000, 0.00000000, 216.15000000, 261.54000000, 2, 3, 3, NULL, NULL, NULL, NULL, 4, 2, '2016-09-30', NULL, NULL, 'addapta', NULL, NULL),
(450, '16/0147', 1, NULL, NULL, NULL, 0, NULL, 91, '2016-07-05 14:11:18', '2016-08-01', '2016-08-04', '2016-10-02 14:58:53', 1, 0.00000000, NULL, NULL, 0, NULL, NULL, 289.80000000, 0.00000000, 0.00000000, 0.00000000, 1380.00000000, 1669.80000000, 2, 3, 3, NULL, NULL, NULL, NULL, 1, 2, '2016-08-01', NULL, NULL, 'addapta', NULL, NULL),
(451, '16/0164', 1, NULL, NULL, NULL, 0, NULL, 91, '2016-07-05 14:11:41', '2016-09-01', '2016-09-02', '2016-10-24 17:35:54', 1, 0.00000000, NULL, NULL, 0, NULL, NULL, 252.00000000, 0.00000000, 0.00000000, 0.00000000, 1200.00000000, 1452.00000000, 2, 3, 3, NULL, NULL, NULL, NULL, 1, 2, '2016-09-01', NULL, NULL, 'addapta', NULL, NULL),
(452, '16/0153', 1, NULL, NULL, NULL, 0, NULL, 11, '2016-07-05 14:12:21', '2016-08-31', '2016-08-26', '2017-03-15 09:21:01', 1, 0.00000000, NULL, NULL, 0, NULL, NULL, 146.21000000, 0.00000000, 0.00000000, 0.00000000, 696.25000000, 842.46000000, 2, 3, 3, NULL, NULL, NULL, NULL, 1, 2, '2016-08-31', NULL, NULL, 'addapta', NULL, NULL),
(453, '16/0135', 1, NULL, NULL, NULL, 0, NULL, 91, '2016-07-05 14:30:20', '2016-07-31', '2016-08-01', '2016-10-24 17:35:54', 1, 0.00000000, NULL, NULL, 0, NULL, NULL, 215.46000000, 0.00000000, 0.00000000, 0.00000000, 1026.00000000, 1241.46000000, 2, 3, 3, NULL, NULL, NULL, NULL, 1, 2, '2016-07-31', 'La información sobre el proyecto del Tablón de Anuncios es el siguiente para realizar la facturación.\r\ngenerali_code para el “Tablón de anuncios”: AUT2016001308\r\n\r\nLos códigos de hitos en el caso de ADDAPTA para el Tablón de Anuncios son los hitos siguientes, que corresponderán a los diferentes pagos:\r\n\r\nCODIGO DE HITOS     FECHA ESTIMADA\r\ninicioproyecto                31/03/2016\r\niniciopruebasusuario     30/04/2016\r\nfinproyecto	             31/05/2016', NULL, 'addapta', NULL, NULL),
(454, '16/0133', 1, NULL, NULL, NULL, 0, NULL, 154, '2016-07-11 13:25:45', '2016-07-11', '2016-08-03', '2016-08-03 15:57:00', 1, 0.00000000, NULL, NULL, 0, NULL, NULL, 3715.95000000, 0.00000000, 0.00000000, 0.00000000, 17695.00000000, 21410.95000000, 2, 2, 2, NULL, NULL, NULL, NULL, 1, 2, '2016-07-11', NULL, NULL, 'addapta', NULL, NULL),
(455, '16/0136', 1, NULL, NULL, NULL, 0, NULL, 27, '2016-08-01 18:06:46', '2016-07-31', '2016-08-03', '2016-12-09 08:57:42', 1, 0.00000000, NULL, NULL, 0, NULL, NULL, 51.87000000, 0.00000000, 0.00000000, 0.00000000, 247.00000000, 298.87000000, 2, 3, 3, NULL, NULL, NULL, NULL, 1, 2, '2016-07-31', NULL, NULL, 'addapta', NULL, NULL),
(457, '16/0152', 1, NULL, NULL, NULL, 0, NULL, 27, '2016-08-03 15:20:27', '2016-08-31', '2016-08-24', '2016-10-03 16:01:10', 1, 0.00000000, NULL, NULL, 0, NULL, NULL, 313.46000000, 0.00000000, 0.00000000, 0.00000000, 1492.64000000, 1806.10000000, 2, 3, 3, NULL, NULL, NULL, NULL, 1, 2, '2016-08-31', NULL, NULL, 'addapta', NULL, NULL),
(458, '16/0148', 1, NULL, NULL, NULL, 2, NULL, 117, '2016-08-04 18:37:41', '2016-08-01', '2016-08-04', '2016-08-04 16:31:40', 1, 0.00000000, NULL, NULL, 0, NULL, NULL, -620.40000000, 0.00000000, 0.00000000, 0.00000000, -2954.30000000, -3574.70000000, 2, 3, 3, 254, NULL, NULL, NULL, 0, 3, '2016-08-01', NULL, NULL, 'addapta', NULL, NULL),
(459, '16/0149', 1, NULL, NULL, NULL, 0, NULL, 154, '2016-08-05 10:08:47', '2016-08-05', '2016-08-05', '2016-09-19 17:08:58', 1, 0.00000000, NULL, NULL, 0, NULL, NULL, 3715.95000000, 0.00000000, 0.00000000, 0.00000000, 17695.00000000, 21410.95000000, 2, 2, 2, NULL, NULL, NULL, NULL, 1, 2, '2016-08-05', NULL, NULL, 'addapta', NULL, NULL),
(460, '16/0150', 1, NULL, NULL, NULL, 0, NULL, 154, '2016-08-09 12:23:51', '2016-08-08', '2016-08-09', '2016-10-06 08:02:02', 1, 0.00000000, NULL, NULL, 0, NULL, NULL, 812.01000000, 0.00000000, 0.00000000, 0.00000000, 3866.70000000, 4678.71000000, 2, 3, 3, NULL, NULL, NULL, NULL, 1, 2, '2016-08-09', NULL, NULL, 'addapta', NULL, NULL),
(461, '16/0165', 1, NULL, NULL, NULL, 0, NULL, 91, '2016-08-09 17:49:03', '2016-09-01', '2016-09-02', '2016-10-24 17:35:54', 1, 0.00000000, NULL, NULL, 0, NULL, NULL, 623.70000000, 0.00000000, 0.00000000, 0.00000000, 2970.00000000, 3593.70000000, 2, 3, 3, NULL, NULL, NULL, NULL, 1, 2, '2016-09-01', NULL, NULL, 'addapta', NULL, NULL),
(462, '16/0151', 1, NULL, NULL, NULL, 0, NULL, 154, '2016-08-17 20:46:32', '2016-08-17', '2016-08-31', '2016-10-06 08:02:02', 1, 0.00000000, NULL, NULL, 0, NULL, NULL, 302.40000000, 0.00000000, 0.00000000, 0.00000000, 1440.00000000, 1742.40000000, 2, 2, 3, NULL, NULL, NULL, NULL, 1, 2, '2016-08-17', NULL, NULL, 'addapta', NULL, NULL),
(463, '16/0154', 1, NULL, NULL, NULL, 0, NULL, 3, '2016-08-26 13:47:10', '2016-09-01', '2016-08-26', '2016-09-02 13:28:42', 1, 0.00000000, NULL, NULL, 0, NULL, NULL, 76.44000000, 0.00000000, 0.00000000, 0.00000000, 364.00000000, 440.44000000, 2, 3, 3, NULL, NULL, NULL, NULL, 1, 3, '2016-09-01', NULL, NULL, 'addapta', NULL, NULL),
(464, '16/0155', 1, NULL, NULL, NULL, 0, NULL, 3, '2016-08-26 13:49:13', '2016-09-01', '2016-08-26', '2016-09-02 13:28:42', 1, 0.00000000, NULL, NULL, 0, NULL, NULL, 1249.25000000, 0.00000000, 0.00000000, 0.00000000, 5948.80000000, 7198.05000000, 2, 3, 3, NULL, NULL, NULL, NULL, 1, 3, '2016-09-01', NULL, NULL, 'addapta', NULL, NULL),
(465, '16/0156', 1, NULL, NULL, NULL, 0, NULL, 1, '2016-08-26 13:50:54', '2016-09-01', '2016-08-26', '2016-09-02 13:28:42', 1, 0.00000000, NULL, NULL, 0, NULL, NULL, 36.23000000, 0.00000000, 0.00000000, 0.00000000, 172.50000000, 208.73000000, 2, 3, 3, NULL, NULL, NULL, NULL, 1, 3, '2016-09-01', NULL, NULL, 'addapta', NULL, NULL),
(466, '16/0157', 1, NULL, NULL, NULL, 0, NULL, 10, '2016-08-26 13:52:15', '2016-09-01', '2016-09-07', '2016-11-15 19:05:01', 1, 0.00000000, NULL, NULL, 0, NULL, NULL, 829.92000000, 0.00000000, 0.00000000, 0.00000000, 3952.00000000, 4781.92000000, 2, 3, 3, NULL, NULL, NULL, NULL, 4, 2, '2016-10-31', NULL, NULL, 'addapta', NULL, NULL),
(467, '16/0158', 1, NULL, NULL, NULL, 0, NULL, 10, '2016-08-26 14:41:08', '2016-09-01', '2016-09-02', '2016-11-15 19:04:23', 1, 0.00000000, NULL, NULL, 0, NULL, NULL, 585.65000000, 0.00000000, 0.00000000, 0.00000000, 2788.80000000, 3374.45000000, 2, 3, 3, NULL, NULL, NULL, NULL, 4, 2, '2016-10-31', NULL, NULL, 'addapta', NULL, NULL),
(468, '16/0159', 1, NULL, NULL, NULL, 0, NULL, 9, '2016-08-26 14:43:41', '2016-09-01', '2016-08-26', '2016-09-13 15:54:43', 1, 0.00000000, NULL, NULL, 0, NULL, NULL, 58.20000000, 0.00000000, 0.00000000, 0.00000000, 277.15000000, 335.35000000, 2, 3, 3, NULL, NULL, NULL, NULL, 1, 2, '2016-09-01', NULL, NULL, 'addapta', NULL, NULL),
(469, '16/0160', 1, NULL, NULL, NULL, 0, NULL, 8, '2016-08-26 15:11:11', '2016-09-01', '2016-08-26', '2016-10-04 16:18:40', 1, 0.00000000, NULL, NULL, 0, NULL, NULL, 257.62000000, 0.00000000, 0.00000000, 0.00000000, 1226.75000000, 1484.37000000, 2, 3, 3, NULL, NULL, NULL, NULL, 2, 2, '2016-10-01', NULL, NULL, 'addapta', NULL, NULL),
(470, '16/0161', 1, NULL, NULL, NULL, 0, NULL, 5, '2016-08-29 17:36:19', '2016-09-01', '2016-08-29', '2019-09-06 12:30:08', 1, 0.00000000, NULL, NULL, 0, NULL, NULL, 22.63000000, 0.00000000, 0.00000000, 0.00000000, 107.75000000, 130.38000000, 2, 3, 3, NULL, NULL, NULL, NULL, 1, 2, '2016-09-01', NULL, NULL, 'addapta', NULL, NULL),
(471, '16/0162', 1, NULL, NULL, NULL, 0, NULL, 6, '2016-08-29 17:37:58', '2016-09-01', '2016-08-29', '2016-11-21 11:07:51', 1, 0.00000000, NULL, NULL, 0, NULL, NULL, 45.39000000, 0.00000000, 0.00000000, 0.00000000, 216.15000000, 261.54000000, 2, 3, 3, NULL, NULL, NULL, NULL, 4, 2, '2016-10-31', NULL, NULL, 'addapta', NULL, NULL);
INSERT INTO `b65362949_facture` (`rowid`, `facnumber`, `entity`, `ref_ext`, `ref_int`, `ref_client`, `type`, `increment`, `fk_soc`, `datec`, `datef`, `date_valid`, `tms`, `paye`, `amount`, `remise_percent`, `remise_absolue`, `remise`, `close_code`, `close_note`, `tva`, `localtax1`, `localtax2`, `revenuestamp`, `total`, `total_ttc`, `fk_statut`, `fk_user_author`, `fk_user_valid`, `fk_facture_source`, `fk_projet`, `fk_account`, `fk_currency`, `fk_cond_reglement`, `fk_mode_reglement`, `date_lim_reglement`, `note_private`, `note_public`, `model_pdf`, `import_key`, `extraparams`) VALUES
(472, '16/0167', 1, NULL, NULL, NULL, 0, NULL, 11, '2016-08-29 17:39:14', '2016-09-30', '2016-09-27', '2016-12-09 09:07:00', 1, 0.00000000, NULL, NULL, 0, NULL, NULL, 146.21000000, 0.00000000, 0.00000000, 0.00000000, 696.25000000, 842.46000000, 2, 3, 3, NULL, NULL, NULL, NULL, 1, 2, '2016-09-30', NULL, NULL, 'addapta', NULL, NULL),
(473, '16/0163', 1, NULL, NULL, NULL, 0, NULL, 3, '2016-08-30 16:15:18', '2016-09-01', '2016-08-30', '2016-09-19 17:10:42', 1, 0.00000000, NULL, NULL, 0, NULL, NULL, 99.96000000, 0.00000000, 0.00000000, 0.00000000, 476.00000000, 575.96000000, 2, 3, 3, NULL, NULL, NULL, NULL, 1, 3, '2016-09-01', NULL, NULL, 'addapta', NULL, NULL),
(474, '16/0166', 1, NULL, NULL, NULL, 0, NULL, 27, '2016-09-27 17:48:52', '2016-09-30', '2016-09-27', '2016-10-13 18:24:21', 1, 0.00000000, NULL, NULL, 0, NULL, NULL, 12.92000000, 0.00000000, 0.00000000, 0.00000000, 61.50000000, 74.42000000, 2, 3, 3, NULL, NULL, NULL, NULL, 1, 2, '2016-09-30', NULL, NULL, 'addapta', NULL, NULL),
(475, '16/0173', 1, NULL, NULL, NULL, 0, NULL, 91, '2016-09-27 18:01:53', '2016-10-01', '2016-10-02', '2016-10-24 17:35:54', 1, 0.00000000, NULL, NULL, 0, NULL, NULL, 1160.78000000, 0.00000000, 0.00000000, 0.00000000, 5527.50000000, 6688.28000000, 2, 3, 3, NULL, NULL, NULL, NULL, 1, 2, '2016-10-01', NULL, NULL, 'addapta', NULL, NULL),
(476, '16/0168', 1, NULL, NULL, NULL, 0, NULL, 3, '2016-09-28 18:30:14', '2016-10-01', '2016-09-28', '2016-10-04 16:19:14', 1, 0.00000000, NULL, NULL, 0, NULL, NULL, 76.44000000, 0.00000000, 0.00000000, 0.00000000, 364.00000000, 440.44000000, 2, 3, 3, NULL, NULL, NULL, NULL, 1, 3, '2016-10-01', NULL, NULL, 'addapta', NULL, NULL),
(477, '16/0169', 1, NULL, NULL, NULL, 0, NULL, 3, '2016-09-28 18:31:52', '2016-10-01', '2016-09-28', '2016-10-04 16:19:14', 1, 0.00000000, NULL, NULL, 0, NULL, NULL, 1249.25000000, 0.00000000, 0.00000000, 0.00000000, 5948.80000000, 7198.05000000, 2, 3, 3, NULL, NULL, NULL, NULL, 1, 3, '2016-10-01', NULL, NULL, 'addapta', NULL, NULL),
(478, '16/0170', 1, NULL, NULL, NULL, 0, NULL, 1, '2016-09-28 18:34:59', '2016-10-01', '2016-09-28', '2016-11-23 10:26:48', 1, 0.00000000, NULL, NULL, 0, NULL, NULL, 36.23000000, 0.00000000, 0.00000000, 0.00000000, 172.50000000, 208.73000000, 2, 3, 3, NULL, NULL, NULL, NULL, 1, 3, '2016-10-01', NULL, NULL, 'addapta', NULL, NULL),
(479, '16/0171', 1, NULL, NULL, NULL, 0, NULL, 10, '2016-09-28 18:36:27', '2016-10-01', '2016-09-28', '2016-12-15 10:09:14', 1, 0.00000000, NULL, NULL, 0, NULL, NULL, 655.20000000, 0.00000000, 0.00000000, 0.00000000, 3120.00000000, 3775.20000000, 2, 3, 3, NULL, NULL, NULL, NULL, 4, 2, '2016-11-30', NULL, NULL, 'addapta', NULL, NULL),
(480, '16/0172', 1, NULL, NULL, NULL, 0, NULL, 10, '2016-09-28 18:38:36', '2016-10-01', '2016-10-02', '2016-12-15 10:09:52', 1, 0.00000000, NULL, NULL, 0, NULL, NULL, 644.21000000, 0.00000000, 0.00000000, 0.00000000, 3067.68000000, 3711.89000000, 2, 3, 3, NULL, NULL, NULL, NULL, 4, 2, '2016-11-30', NULL, NULL, 'addapta', NULL, NULL),
(482, '16/0174', 1, NULL, NULL, NULL, 0, NULL, 91, '2016-10-02 20:59:07', '2016-10-01', '2016-10-02', '2016-10-24 17:35:54', 1, 0.00000000, NULL, NULL, 0, NULL, NULL, 893.03000000, 0.00000000, 0.00000000, 0.00000000, 4252.50000000, 5145.53000000, 2, 3, 3, NULL, NULL, NULL, NULL, 1, 2, '2016-10-01', NULL, NULL, 'addapta', NULL, NULL),
(483, '16/0175', 1, NULL, NULL, NULL, 0, NULL, 9, '2016-10-02 22:24:39', '2016-10-01', '2016-10-02', '2016-10-06 08:03:11', 1, 0.00000000, NULL, NULL, 0, NULL, NULL, 58.20000000, 0.00000000, 0.00000000, 0.00000000, 277.15000000, 335.35000000, 2, 3, 3, NULL, NULL, NULL, NULL, 1, 2, '2016-10-01', NULL, NULL, 'addapta', NULL, NULL),
(484, '16/0176', 1, NULL, NULL, NULL, 0, NULL, 8, '2016-10-02 22:26:57', '2016-10-01', '2016-10-02', '2016-10-31 15:17:08', 1, 0.00000000, NULL, NULL, 0, NULL, NULL, 257.62000000, 0.00000000, 0.00000000, 0.00000000, 1226.75000000, 1484.37000000, 2, 3, 3, NULL, NULL, NULL, NULL, 2, 2, '2016-11-01', NULL, NULL, 'addapta', NULL, NULL),
(485, '16/0177', 1, NULL, NULL, NULL, 0, NULL, 5, '2016-10-02 22:28:43', '2016-10-01', '2024-03-27', '2024-03-27 11:26:53', 1, 0.00000000, NULL, NULL, 0, NULL, NULL, 22.63000000, 0.00000000, 0.00000000, 0.00000000, 107.75000000, 130.38000000, 2, 3, 3, NULL, NULL, NULL, NULL, 1, 2, '2016-10-01', NULL, NULL, 'addapta', NULL, NULL),
(486, '16/0178', 1, NULL, NULL, NULL, 0, NULL, 6, '2016-10-02 22:33:08', '2016-10-01', '2016-10-02', '2016-12-20 10:15:48', 1, 0.00000000, NULL, NULL, 0, NULL, NULL, 45.39000000, 0.00000000, 0.00000000, 0.00000000, 216.15000000, 261.54000000, 2, 3, 3, NULL, NULL, NULL, NULL, 4, 2, '2016-12-01', NULL, NULL, 'addapta', NULL, NULL),
(487, '16/0181', 1, NULL, NULL, NULL, 0, NULL, 11, '2016-10-02 22:37:56', '2016-10-31', '2016-11-01', '2016-12-09 09:07:33', 1, 0.00000000, NULL, NULL, 0, NULL, NULL, 146.21000000, 0.00000000, 0.00000000, 0.00000000, 696.25000000, 842.46000000, 2, 3, 3, NULL, NULL, NULL, NULL, 1, 2, '2016-10-31', NULL, NULL, 'addapta', NULL, NULL),
(488, '16/0180', 1, NULL, NULL, NULL, 0, NULL, 154, '2016-10-28 20:05:24', '2016-10-28', '2016-11-01', '2016-11-16 15:10:01', 1, 0.00000000, NULL, NULL, 0, NULL, NULL, 541.34000000, 0.00000000, 0.00000000, 0.00000000, 2577.80000000, 3119.14000000, 2, 2, 3, NULL, NULL, NULL, NULL, 1, 2, '2016-10-28', NULL, NULL, 'addapta', NULL, NULL),
(489, '16/0179', 1, NULL, NULL, NULL, 0, NULL, 154, '2016-10-28 20:07:27', '2016-10-28', '2016-11-01', '2016-11-16 15:10:01', 1, 0.00000000, NULL, NULL, 0, NULL, NULL, 302.40000000, 0.00000000, 0.00000000, 0.00000000, 1440.00000000, 1742.40000000, 2, 2, 3, NULL, NULL, NULL, NULL, 1, 2, '2016-10-28', NULL, NULL, 'addapta', NULL, NULL),
(490, '16/0182', 1, NULL, NULL, NULL, 0, NULL, 3, '2016-11-01 12:07:05', '2016-11-01', '2016-11-01', '2016-11-07 17:59:56', 1, 0.00000000, NULL, NULL, 0, NULL, NULL, 76.44000000, 0.00000000, 0.00000000, 0.00000000, 364.00000000, 440.44000000, 2, 3, 3, NULL, NULL, NULL, NULL, 1, 3, '2016-11-01', NULL, NULL, 'addapta', NULL, NULL),
(491, '16/0183', 1, NULL, NULL, NULL, 0, NULL, 3, '2016-11-01 12:07:54', '2016-11-01', '2016-11-01', '2016-11-07 17:59:57', 1, 0.00000000, NULL, NULL, 0, NULL, NULL, 1249.25000000, 0.00000000, 0.00000000, 0.00000000, 5948.80000000, 7198.05000000, 2, 3, 3, NULL, NULL, NULL, NULL, 1, 3, '2016-11-01', NULL, NULL, 'addapta', NULL, NULL),
(492, '16/0184', 1, NULL, NULL, NULL, 0, NULL, 1, '2016-11-01 12:13:24', '2016-11-01', '2016-11-01', '2016-11-23 10:26:48', 1, 0.00000000, NULL, NULL, 0, NULL, NULL, 36.23000000, 0.00000000, 0.00000000, 0.00000000, 172.50000000, 208.73000000, 2, 3, 3, NULL, NULL, NULL, NULL, 1, 3, '2016-11-01', NULL, NULL, 'addapta', NULL, NULL),
(493, '16/0185', 1, NULL, NULL, NULL, 0, NULL, 10, '2016-11-01 12:14:40', '2016-11-01', '2016-11-03', '2017-01-12 12:40:19', 1, 0.00000000, NULL, NULL, 0, NULL, NULL, 873.60000000, 0.00000000, 0.00000000, 0.00000000, 4160.00000000, 5033.60000000, 2, 3, 3, NULL, NULL, NULL, NULL, 4, 2, '2016-12-31', NULL, NULL, 'addapta', NULL, NULL),
(494, '16/0186', 1, NULL, NULL, NULL, 0, NULL, 10, '2016-11-01 12:24:39', '2016-11-01', '2016-11-01', '2017-01-12 12:40:19', 1, 0.00000000, NULL, NULL, 0, NULL, NULL, 377.01000000, 0.00000000, 0.00000000, 0.00000000, 1795.29000000, 2172.30000000, 2, 3, 3, NULL, NULL, NULL, NULL, 4, 2, '2016-12-31', NULL, NULL, 'addapta', NULL, NULL),
(495, '16/0187', 1, NULL, NULL, NULL, 0, NULL, 91, '2016-11-01 13:00:38', '2016-11-01', '2016-11-01', '2016-12-30 09:46:02', 1, 0.00000000, NULL, NULL, 0, NULL, NULL, 1100.93000000, 0.00000000, 0.00000000, 0.00000000, 5242.50000000, 6343.43000000, 2, 3, 3, NULL, NULL, NULL, NULL, 1, 2, '2016-11-01', NULL, NULL, 'addapta', NULL, NULL),
(496, '16/0188', 1, NULL, NULL, NULL, 0, NULL, 91, '2016-11-01 13:02:19', '2016-11-01', '2016-11-01', '2016-12-30 09:46:02', 1, 0.00000000, NULL, NULL, 0, NULL, NULL, 935.55000000, 0.00000000, 0.00000000, 0.00000000, 4455.00000000, 5390.55000000, 2, 3, 3, NULL, NULL, NULL, NULL, 1, 2, '2016-11-01', NULL, NULL, 'addapta', NULL, NULL),
(497, '16/0189', 1, NULL, NULL, NULL, 0, NULL, 91, '2016-11-01 13:15:40', '2016-11-01', '2016-11-01', '2016-12-30 09:46:02', 1, 0.00000000, NULL, NULL, 0, NULL, NULL, 110.25000000, 0.00000000, 0.00000000, 0.00000000, 525.00000000, 635.25000000, 2, 3, 3, NULL, NULL, NULL, NULL, 1, 2, '2016-11-01', NULL, NULL, 'addapta', NULL, NULL),
(498, '16/0190', 1, NULL, NULL, NULL, 0, NULL, 9, '2016-11-01 13:23:56', '2016-11-01', '2016-11-01', '2016-11-03 17:31:29', 1, 0.00000000, NULL, NULL, 0, NULL, NULL, 58.20000000, 0.00000000, 0.00000000, 0.00000000, 277.15000000, 335.35000000, 2, 3, 3, NULL, NULL, NULL, NULL, 1, 2, '2016-11-01', NULL, NULL, 'addapta', NULL, NULL),
(499, '16/0191', 1, NULL, NULL, NULL, 0, NULL, 8, '2016-11-01 13:26:48', '2016-11-01', '2016-11-01', '2016-12-02 12:35:02', 1, 0.00000000, NULL, NULL, 0, NULL, NULL, 264.61000000, 0.00000000, 0.00000000, 0.00000000, 1260.00000000, 1524.61000000, 2, 3, 3, NULL, NULL, NULL, NULL, 2, 2, '2016-12-01', NULL, NULL, 'addapta', NULL, NULL),
(500, '16/0192', 1, NULL, NULL, NULL, 0, NULL, 5, '2016-11-01 13:36:33', '2016-11-01', '2016-11-01', '2024-03-27 11:26:53', 1, 0.00000000, NULL, NULL, 0, NULL, NULL, 22.63000000, 0.00000000, 0.00000000, 0.00000000, 107.75000000, 130.38000000, 2, 3, 3, NULL, NULL, NULL, NULL, 1, 2, '2016-11-01', NULL, NULL, 'addapta', NULL, NULL),
(501, '16/0193', 1, NULL, NULL, NULL, 0, NULL, 6, '2016-11-01 13:39:40', '2016-11-01', '2016-11-01', '2017-01-23 11:03:17', 1, 0.00000000, NULL, NULL, 0, NULL, NULL, 45.39000000, 0.00000000, 0.00000000, 0.00000000, 216.15000000, 261.54000000, 2, 3, 3, NULL, NULL, NULL, NULL, 4, 2, '2016-12-31', NULL, NULL, 'addapta', NULL, NULL),
(502, '16/0199', 1, NULL, NULL, NULL, 0, NULL, 11, '2016-11-01 13:41:18', '2016-11-30', '2016-11-24', '2017-03-15 09:19:25', 1, 0.00000000, NULL, NULL, 0, NULL, NULL, 146.21000000, 0.00000000, 0.00000000, 0.00000000, 696.25000000, 842.46000000, 2, 3, 3, NULL, NULL, NULL, NULL, 1, 2, '2016-11-30', NULL, NULL, 'addapta', NULL, NULL),
(503, '16/0194', 1, NULL, NULL, NULL, 0, NULL, 154, '2016-11-08 12:57:35', '2016-11-08', '2016-11-08', '2016-11-24 19:05:49', 1, 0.00000000, NULL, NULL, 0, NULL, NULL, 3100.86000000, 0.00000000, 0.00000000, 0.00000000, 14766.00000000, 17866.86000000, 2, 2, 2, NULL, NULL, NULL, NULL, 1, 2, '2016-11-08', NULL, NULL, 'addapta', NULL, NULL),
(504, '16/0195', 1, NULL, NULL, NULL, 0, NULL, 154, '2016-11-15 10:23:50', '2016-11-15', '2016-11-15', '2016-11-24 19:07:08', 1, 0.00000000, NULL, NULL, 0, NULL, NULL, 3100.86000000, 0.00000000, 0.00000000, 0.00000000, 14766.00000000, 17866.86000000, 2, 2, 2, NULL, NULL, NULL, NULL, 1, 2, '2016-11-15', NULL, NULL, 'addapta', NULL, NULL),
(505, '16/0196', 1, NULL, NULL, NULL, 0, NULL, 159, '2016-11-16 15:19:50', '2016-11-16', '2016-12-20', '2017-03-23 17:27:02', 1, 0.00000000, NULL, NULL, 0, NULL, NULL, 323.40000000, 0.00000000, 0.00000000, 0.00000000, 1540.00000000, 1863.40000000, 2, 2, 2, NULL, NULL, NULL, NULL, 1, 2, '2017-01-16', 'Validado correo del día 16/11/2016', 'VENCIMIENTOS:\r\n1 VTO 50%: FF\r\n2 VTO 50%: 30/11/2016 \r\nEl entorno de desarrollo se entregará 1 semana y media después de disponer de la maquina vitual correcta, y las mejoras solicitadas 2 días más tarde si se dispone del servicio y la información necesaria para su acceso y uso.', 'addapta', NULL, NULL),
(506, '16/0197', 1, NULL, NULL, NULL, 2, NULL, 154, '2016-11-23 14:13:19', '2016-11-25', '2016-11-23', '2016-11-24 19:06:34', 1, 0.00000000, NULL, NULL, 0, NULL, NULL, -3100.86000000, 0.00000000, 0.00000000, 0.00000000, -14766.00000000, -17866.86000000, 2, 3, 3, 503, NULL, NULL, NULL, 0, 2, '2016-11-25', NULL, NULL, 'addapta', NULL, NULL),
(507, '16/0198', 1, NULL, NULL, NULL, 2, NULL, 154, '2016-11-23 14:14:24', '2016-11-25', '2016-11-23', '2016-11-24 19:07:46', 1, 0.00000000, NULL, NULL, 0, NULL, NULL, -3100.86000000, 0.00000000, 0.00000000, 0.00000000, -14766.00000000, -17866.86000000, 2, 3, 3, 504, NULL, NULL, NULL, 0, 2, '2016-11-25', NULL, NULL, 'addapta', NULL, NULL),
(508, '16/0200', 1, NULL, NULL, NULL, 0, NULL, 27, '2016-11-24 20:34:33', '2016-11-30', '2016-11-24', '2016-12-09 08:58:12', 1, 0.00000000, NULL, NULL, 0, NULL, NULL, 29.82000000, 0.00000000, 0.00000000, 0.00000000, 142.00000000, 171.82000000, 2, 3, 3, NULL, NULL, NULL, NULL, 1, 2, '2016-11-30', NULL, NULL, 'addapta', NULL, NULL),
(509, '16/0201', 1, NULL, NULL, NULL, 0, NULL, 113, '2016-11-24 22:04:37', '2016-11-30', '2016-11-25', '2016-11-29 12:08:36', 1, 0.00000000, NULL, NULL, 0, NULL, NULL, 36.75000000, 0.00000000, 0.00000000, 0.00000000, 175.00000000, 211.75000000, 2, 3, 3, NULL, NULL, NULL, NULL, 1, 3, '2016-11-30', NULL, NULL, 'addapta', NULL, NULL),
(510, '16/0202', 1, NULL, NULL, NULL, 0, NULL, 118, '2016-11-24 22:07:16', '2016-11-30', '2016-11-25', '2017-01-03 09:25:23', 1, 0.00000000, NULL, NULL, 0, NULL, NULL, 36.75000000, 0.00000000, 0.00000000, 0.00000000, 175.00000000, 211.75000000, 2, 3, 3, NULL, NULL, NULL, NULL, 1, 3, '2016-12-01', NULL, NULL, 'addapta', NULL, NULL),
(511, '16/0203', 1, NULL, NULL, NULL, 0, NULL, 3, '2016-11-25 21:43:38', '2016-12-01', '2016-11-28', '2016-12-02 20:56:37', 1, 0.00000000, NULL, NULL, 0, NULL, NULL, 76.44000000, 0.00000000, 0.00000000, 0.00000000, 364.00000000, 440.44000000, 2, 3, 3, NULL, NULL, NULL, NULL, 1, 3, '2016-12-01', NULL, NULL, 'addapta', NULL, NULL),
(512, '16/0204', 1, NULL, NULL, NULL, 0, NULL, 3, '2016-11-25 21:44:41', '2016-12-01', '2016-11-28', '2016-12-02 20:56:37', 1, 0.00000000, NULL, NULL, 0, NULL, NULL, 1249.25000000, 0.00000000, 0.00000000, 0.00000000, 5948.80000000, 7198.05000000, 2, 3, 3, NULL, NULL, NULL, NULL, 1, 3, '2016-12-01', NULL, NULL, 'addapta', NULL, NULL),
(513, '16/0205', 1, NULL, NULL, NULL, 0, NULL, 1, '2016-11-25 21:46:01', '2016-12-01', '2016-11-28', '2016-12-16 12:33:23', 1, 0.00000000, NULL, NULL, 0, NULL, NULL, 36.23000000, 0.00000000, 0.00000000, 0.00000000, 172.50000000, 208.73000000, 2, 3, 3, NULL, NULL, NULL, NULL, 1, 3, '2016-12-01', NULL, NULL, 'addapta', NULL, NULL),
(514, '16/0206', 1, NULL, NULL, NULL, 0, NULL, 10, '2016-11-25 21:46:53', '2016-12-01', '2016-11-28', '2017-02-13 09:43:53', 1, 0.00000000, NULL, NULL, 0, NULL, NULL, 349.44000000, 0.00000000, 0.00000000, 0.00000000, 1664.00000000, 2013.44000000, 2, 3, 3, NULL, NULL, NULL, NULL, 4, 2, '2017-01-30', NULL, NULL, 'addapta', NULL, NULL),
(515, '16/0207', 1, NULL, NULL, NULL, 0, NULL, 91, '2016-11-28 18:10:15', '2016-12-01', '2016-11-28', '2017-02-22 10:45:03', 1, 0.00000000, NULL, NULL, 0, NULL, NULL, 305.55000000, 0.00000000, 0.00000000, 0.00000000, 1455.00000000, 1760.55000000, 2, 3, 3, NULL, NULL, NULL, NULL, 1, 2, '2016-12-01', NULL, NULL, 'addapta', NULL, NULL),
(516, '16/0208', 1, NULL, NULL, NULL, 0, NULL, 91, '2016-11-28 18:11:58', '2016-12-01', '2016-11-28', '2017-01-10 13:37:10', 1, 0.00000000, NULL, NULL, 0, NULL, NULL, 904.05000000, 0.00000000, 0.00000000, 0.00000000, 4305.00000000, 5209.05000000, 2, 3, 3, NULL, NULL, NULL, NULL, 1, 2, '2016-12-01', NULL, NULL, 'addapta', NULL, NULL),
(517, '16/0209', 1, NULL, NULL, NULL, 0, NULL, 91, '2016-11-28 18:14:21', '2016-12-01', '2016-12-01', '2017-02-22 10:45:03', 1, 0.00000000, NULL, NULL, 0, NULL, NULL, 1264.73000000, 0.00000000, 0.00000000, 0.00000000, 6022.50000000, 7287.23000000, 2, 3, 3, NULL, NULL, NULL, NULL, 1, 2, '2016-12-01', NULL, NULL, 'addapta', NULL, NULL),
(518, '16/0210', 1, NULL, NULL, NULL, 0, NULL, 9, '2016-11-28 18:17:06', '2016-12-01', '2016-11-28', '2016-12-02 10:58:43', 1, 0.00000000, NULL, NULL, 0, NULL, NULL, 58.20000000, 0.00000000, 0.00000000, 0.00000000, 277.15000000, 335.35000000, 2, 3, 3, NULL, NULL, NULL, NULL, 1, 2, '2016-12-01', NULL, NULL, 'addapta', NULL, NULL),
(519, '16/0211', 1, NULL, NULL, NULL, 0, NULL, 8, '2016-11-28 18:20:23', '2016-12-01', '2016-11-28', '2016-12-27 09:59:28', 1, 0.00000000, NULL, NULL, 0, NULL, NULL, 264.61000000, 0.00000000, 0.00000000, 0.00000000, 1260.00000000, 1524.61000000, 2, 3, 3, NULL, NULL, NULL, NULL, 2, 2, '2016-12-31', NULL, NULL, 'addapta', NULL, NULL),
(520, '16/0212', 1, NULL, NULL, NULL, 0, NULL, 5, '2016-11-28 18:24:43', '2016-12-01', '2016-11-28', '2024-03-27 11:26:53', 1, 0.00000000, NULL, NULL, 0, NULL, NULL, 22.63000000, 0.00000000, 0.00000000, 0.00000000, 107.75000000, 130.38000000, 2, 3, 3, NULL, NULL, NULL, NULL, 1, 2, '2016-12-01', NULL, NULL, 'addapta', NULL, NULL),
(521, '16/0213', 1, NULL, NULL, NULL, 0, NULL, 6, '2016-11-28 18:25:41', '2016-12-01', '2016-11-28', '2017-02-21 16:37:59', 1, 0.00000000, NULL, NULL, 0, NULL, NULL, 45.39000000, 0.00000000, 0.00000000, 0.00000000, 216.15000000, 261.54000000, 2, 3, 3, NULL, NULL, NULL, NULL, 4, 2, '2017-01-30', NULL, NULL, 'addapta', NULL, NULL),
(522, '16/0215', 1, NULL, NULL, NULL, 0, NULL, 11, '2016-11-28 18:27:55', '2016-12-31', '2016-12-28', '2017-03-15 09:16:15', 1, 0.00000000, NULL, NULL, 0, NULL, NULL, 146.21000000, 0.00000000, 0.00000000, 0.00000000, 696.25000000, 842.46000000, 2, 3, 3, NULL, NULL, NULL, NULL, 1, 2, '2016-12-31', NULL, NULL, 'addapta', NULL, NULL),
(523, '16/0214', 1, NULL, NULL, NULL, 0, NULL, 27, '2016-12-15 14:33:41', '2016-12-31', '2016-12-28', '2017-01-09 10:30:56', 1, 0.00000000, NULL, NULL, 0, NULL, NULL, 29.82000000, 0.00000000, 0.00000000, 0.00000000, 142.00000000, 171.82000000, 2, 3, 3, NULL, NULL, NULL, NULL, 1, 2, '2016-12-31', NULL, NULL, 'addapta', NULL, NULL),
(524, '17/0025', 1, NULL, NULL, NULL, 0, NULL, 166, '2016-12-27 11:55:21', '2017-02-01', '2017-02-14', '2017-02-14 15:38:53', 1, 0.00000000, NULL, NULL, 0, NULL, NULL, 39.25000000, 0.00000000, 0.00000000, 0.00000000, 186.90000000, 226.15000000, 2, 3, 3, NULL, NULL, NULL, NULL, 1, 2, '2017-02-01', NULL, NULL, 'addapta', NULL, NULL),
(525, '17/0001', 1, NULL, NULL, NULL, 0, NULL, 3, '2016-12-27 14:24:11', '2017-01-01', '2016-12-28', '2017-03-23 14:49:13', 1, 0.00000000, NULL, NULL, 0, NULL, NULL, 76.44000000, 0.00000000, 0.00000000, 0.00000000, 364.00000000, 440.44000000, 2, 3, 3, NULL, NULL, NULL, NULL, 1, 3, '2017-01-01', NULL, NULL, 'addapta', NULL, NULL),
(526, '17/0002', 1, NULL, NULL, NULL, 0, NULL, 3, '2016-12-27 14:26:49', '2017-01-01', '2016-12-28', '2017-01-03 11:47:46', 1, 0.00000000, NULL, NULL, 0, NULL, NULL, 1249.25000000, 0.00000000, 0.00000000, 0.00000000, 5948.80000000, 7198.05000000, 2, 3, 3, NULL, NULL, NULL, NULL, 1, 3, '2017-01-01', NULL, NULL, 'addapta', NULL, NULL),
(527, '17/0003', 1, NULL, NULL, NULL, 0, NULL, 1, '2016-12-27 14:29:33', '2017-01-01', '2016-12-28', '2017-01-10 09:15:31', 1, 0.00000000, NULL, NULL, 0, NULL, NULL, 36.23000000, 0.00000000, 0.00000000, 0.00000000, 172.50000000, 208.73000000, 2, 3, 3, NULL, NULL, NULL, NULL, 1, 3, '2017-01-01', NULL, NULL, 'addapta', NULL, NULL),
(528, '17/0004', 1, NULL, NULL, NULL, 0, NULL, 91, '2016-12-27 14:33:56', '2017-01-01', '2017-01-03', '2017-02-22 10:45:03', 1, 0.00000000, NULL, NULL, 0, NULL, NULL, 176.40000000, 0.00000000, 0.00000000, 0.00000000, 840.00000000, 1016.40000000, 2, 3, 2, NULL, NULL, NULL, NULL, 1, 2, '2017-01-01', NULL, NULL, 'addapta', NULL, NULL),
(529, '17/0005', 1, NULL, NULL, NULL, 0, NULL, 91, '2016-12-27 14:37:37', '2017-01-01', '2017-01-03', '2017-04-19 10:54:37', 1, 0.00000000, NULL, NULL, 0, NULL, NULL, 921.38000000, 0.00000000, 0.00000000, 0.00000000, 4387.50000000, 5308.88000000, 2, 3, 3, NULL, NULL, NULL, NULL, 1, 2, '2017-01-01', NULL, NULL, 'addapta', NULL, NULL),
(530, '17/0006', 1, NULL, NULL, NULL, 0, NULL, 91, '2016-12-27 14:39:47', '2017-01-01', '2017-01-03', '2017-02-22 10:45:03', 1, 0.00000000, NULL, NULL, 0, NULL, NULL, 700.88000000, 0.00000000, 0.00000000, 0.00000000, 3337.50000000, 4038.38000000, 2, 3, 3, NULL, NULL, NULL, NULL, 1, 2, '2017-01-01', NULL, NULL, 'addapta', NULL, NULL),
(531, '17/0007', 1, NULL, NULL, NULL, 0, NULL, 9, '2016-12-27 14:41:05', '2017-01-01', '2016-12-30', '2017-01-10 09:15:03', 1, 0.00000000, NULL, NULL, 0, NULL, NULL, 58.20000000, 0.00000000, 0.00000000, 0.00000000, 277.15000000, 335.35000000, 2, 3, 3, NULL, NULL, NULL, NULL, 1, 2, '2017-01-01', NULL, NULL, 'addapta', NULL, NULL),
(532, '17/0008', 1, NULL, NULL, NULL, 0, NULL, 8, '2016-12-27 14:44:22', '2017-01-01', '2016-12-30', '2017-02-07 09:15:15', 1, 0.00000000, NULL, NULL, 0, NULL, NULL, 264.61000000, 0.00000000, 0.00000000, 0.00000000, 1260.00000000, 1524.61000000, 2, 3, 3, NULL, NULL, NULL, NULL, 2, 2, '2017-01-31', NULL, NULL, 'addapta', NULL, NULL),
(533, '17/0009', 1, NULL, NULL, NULL, 0, NULL, 5, '2016-12-27 14:45:49', '2017-01-01', '2016-12-30', '2024-03-27 11:26:53', 1, 0.00000000, NULL, NULL, 0, NULL, NULL, 22.63000000, 0.00000000, 0.00000000, 0.00000000, 107.75000000, 130.38000000, 2, 3, 3, NULL, NULL, NULL, NULL, 1, 2, '2017-01-01', NULL, NULL, 'addapta', NULL, NULL),
(534, '17/0010', 1, NULL, NULL, NULL, 0, NULL, 6, '2016-12-27 14:46:46', '2017-01-01', '2016-12-30', '2017-03-20 10:48:38', 1, 0.00000000, NULL, NULL, 0, NULL, NULL, 45.39000000, 0.00000000, 0.00000000, 0.00000000, 216.15000000, 261.54000000, 2, 3, 3, NULL, NULL, NULL, NULL, 4, 2, '2017-03-02', NULL, NULL, 'addapta', NULL, NULL),
(535, '16/0217', 1, NULL, NULL, NULL, 0, NULL, 91, '2017-01-10 14:54:14', '2016-12-01', '2017-01-10', '2017-02-22 10:45:03', 1, 0.00000000, NULL, NULL, 0, NULL, NULL, 652.05000000, 0.00000000, 0.00000000, 0.00000000, 3105.00000000, 3757.05000000, 2, 3, 3, NULL, NULL, NULL, NULL, 1, 2, '2016-12-01', NULL, NULL, 'addapta', NULL, NULL),
(536, '16/0218', 1, NULL, NULL, NULL, 0, NULL, 91, '2017-01-10 14:54:33', '2016-12-01', '2017-01-10', '2017-02-22 10:45:03', 1, 0.00000000, NULL, NULL, 0, NULL, NULL, 252.00000000, 0.00000000, 0.00000000, 0.00000000, 1200.00000000, 1452.00000000, 2, 3, 3, NULL, NULL, NULL, NULL, 1, 2, '2016-12-01', NULL, NULL, 'addapta', NULL, NULL),
(537, '16/0216', 1, NULL, NULL, NULL, 2, NULL, 91, '2017-01-10 14:55:47', '2016-12-01', '2017-01-10', '2017-01-10 13:36:26', 1, 0.00000000, NULL, NULL, 0, NULL, NULL, -904.05000000, 0.00000000, 0.00000000, 0.00000000, -4305.00000000, -5209.05000000, 2, 3, 3, 516, NULL, NULL, NULL, 0, 2, '2016-12-01', NULL, NULL, 'addapta', NULL, NULL),
(538, '17/0014', 1, NULL, NULL, NULL, 0, NULL, 6, '2017-01-16 14:26:57', '2017-02-01', '2017-01-31', '2017-06-20 08:52:45', 1, 0.00000000, NULL, NULL, 0, NULL, NULL, 20.79000000, 0.00000000, 0.00000000, 0.00000000, 99.00000000, 119.79000000, 2, 3, 3, NULL, NULL, NULL, NULL, 4, 2, '2017-04-02', NULL, NULL, 'addapta', NULL, NULL),
(539, '17/0011', 1, NULL, NULL, NULL, 0, NULL, 3, '2017-01-30 13:53:37', '2017-02-01', '2017-01-30', '2017-02-07 12:38:32', 1, 0.00000000, NULL, NULL, 0, NULL, NULL, 76.44000000, 0.00000000, 0.00000000, 0.00000000, 364.00000000, 440.44000000, 2, 3, 3, NULL, NULL, NULL, NULL, 1, 3, '2017-02-01', NULL, NULL, 'addapta', NULL, NULL),
(540, '17/0012', 1, NULL, NULL, NULL, 0, NULL, 3, '2017-01-30 13:54:10', '2017-02-01', '2017-01-31', '2017-02-07 12:38:32', 1, 0.00000000, NULL, NULL, 0, NULL, NULL, 1128.16000000, 0.00000000, 0.00000000, 0.00000000, 5372.20000000, 6500.36000000, 2, 3, 3, NULL, NULL, NULL, NULL, 1, 3, '2017-02-01', NULL, NULL, 'addapta', NULL, NULL),
(541, '17/0018', 1, NULL, NULL, NULL, 0, NULL, 1, '2017-01-30 14:45:53', '2017-02-01', '2017-02-03', '2017-02-08 17:12:27', 1, 0.00000000, NULL, NULL, 0, NULL, NULL, 36.23000000, 0.00000000, 0.00000000, 0.00000000, 172.50000000, 208.73000000, 2, 3, 3, NULL, NULL, NULL, NULL, 1, 3, '2017-02-01', NULL, NULL, 'addapta', NULL, NULL),
(542, '17/0015', 1, NULL, NULL, NULL, 0, NULL, 91, '2017-01-30 14:46:30', '2017-02-01', '2017-01-31', '2017-03-27 10:36:55', 1, 0.00000000, NULL, NULL, 0, NULL, NULL, 787.50000000, 0.00000000, 0.00000000, 0.00000000, 3750.00000000, 4537.50000000, 2, 3, 3, NULL, NULL, NULL, NULL, 1, 2, '2017-02-01', NULL, NULL, 'addapta', NULL, NULL),
(543, '17/0016', 1, NULL, NULL, NULL, 0, NULL, 91, '2017-01-30 14:47:05', '2017-02-01', '2017-02-03', '2017-04-20 10:25:40', 1, 0.00000000, NULL, NULL, 0, NULL, NULL, 390.60000000, 0.00000000, 0.00000000, 0.00000000, 1860.00000000, 2250.60000000, 2, 3, 3, NULL, NULL, NULL, NULL, 1, 2, '2017-02-01', NULL, NULL, 'addapta', NULL, NULL),
(544, '17/0017', 1, NULL, NULL, NULL, 0, NULL, 91, '2017-01-30 14:47:35', '2017-02-01', '2017-02-03', '2017-04-20 10:25:40', 1, 0.00000000, NULL, NULL, 0, NULL, NULL, 866.25000000, 0.00000000, 0.00000000, 0.00000000, 4125.00000000, 4991.25000000, 2, 3, 3, NULL, NULL, NULL, NULL, 1, 2, '2017-02-01', NULL, NULL, 'addapta', NULL, NULL),
(545, '17/0019', 1, NULL, NULL, NULL, 0, NULL, 9, '2017-01-30 14:48:05', '2017-02-01', '2017-02-03', '2017-02-07 09:13:34', 1, 0.00000000, NULL, NULL, 0, NULL, NULL, 58.20000000, 0.00000000, 0.00000000, 0.00000000, 277.15000000, 335.35000000, 2, 3, 3, NULL, NULL, NULL, NULL, 1, 2, '2017-02-01', NULL, NULL, 'addapta', NULL, NULL),
(546, '17/0020', 1, NULL, NULL, NULL, 0, NULL, 8, '2017-01-30 14:48:40', '2017-02-01', '2017-02-03', '2017-03-01 14:17:19', 1, 0.00000000, NULL, NULL, 0, NULL, NULL, 264.61000000, 0.00000000, 0.00000000, 0.00000000, 1260.00000000, 1524.61000000, 2, 3, 3, NULL, NULL, NULL, NULL, 2, 2, '2017-03-03', NULL, NULL, 'addapta', NULL, NULL),
(547, '17/0021', 1, NULL, NULL, NULL, 0, NULL, 5, '2017-01-30 14:49:15', '2017-02-01', '2017-02-03', '2024-03-27 11:26:53', 1, 0.00000000, NULL, NULL, 0, NULL, NULL, 22.63000000, 0.00000000, 0.00000000, 0.00000000, 107.75000000, 130.38000000, 2, 3, 3, NULL, NULL, NULL, NULL, 1, 2, '2017-02-01', NULL, NULL, 'addapta', NULL, NULL),
(548, '17/0013', 1, NULL, NULL, NULL, 0, NULL, 6, '2017-01-30 14:49:45', '2017-02-01', '2017-01-31', '2017-06-20 08:52:45', 1, 0.00000000, NULL, NULL, 0, NULL, NULL, 45.39000000, 0.00000000, 0.00000000, 0.00000000, 216.15000000, 261.54000000, 2, 3, 3, NULL, NULL, NULL, NULL, 4, 2, '2017-04-02', NULL, NULL, 'addapta', NULL, NULL),
(549, '17/0022', 1, NULL, NULL, NULL, 0, NULL, 11, '2017-01-31 11:45:11', '2017-02-01', '2017-02-03', '2017-04-04 09:55:07', 1, 0.00000000, NULL, NULL, 0, NULL, NULL, 199.50000000, 0.00000000, 0.00000000, 0.00000000, 950.00000000, 1149.50000000, 2, 2, 3, NULL, NULL, NULL, NULL, 1, 2, '2017-02-01', NULL, NULL, 'addapta', NULL, NULL),
(550, '17/0023', 1, NULL, NULL, NULL, 0, NULL, 91, '2017-02-03 10:20:34', '2017-02-01', '2017-02-07', '2017-03-27 10:36:55', 1, 0.00000000, NULL, NULL, 0, NULL, NULL, 530.78000000, 0.00000000, 0.00000000, 0.00000000, 2527.50000000, 3058.28000000, 2, 3, 3, NULL, NULL, NULL, NULL, 1, 2, '2017-02-01', NULL, NULL, 'addapta', NULL, NULL),
(552, '17/0024', 1, NULL, NULL, NULL, 0, NULL, 25, '2017-02-07 12:06:58', '2017-02-01', '2017-02-07', '2017-02-08 17:12:40', 1, 0.00000000, NULL, NULL, 0, NULL, NULL, 36.75000000, 0.00000000, 0.00000000, 0.00000000, 175.00000000, 211.75000000, 2, 3, 3, NULL, NULL, NULL, NULL, 1, 3, '2017-02-01', NULL, NULL, 'addapta', NULL, NULL),
(553, '17/0027', 1, NULL, NULL, NULL, 0, NULL, 26, '2017-02-14 16:44:48', '2017-02-20', '2017-02-24', '2017-02-27 12:54:17', 1, 0.00000000, NULL, NULL, 0, NULL, NULL, 17.64000000, 0.00000000, 0.00000000, 0.00000000, 84.00000000, 101.64000000, 2, 3, 3, NULL, NULL, NULL, NULL, 1, 3, '2017-02-20', NULL, NULL, 'addapta', NULL, NULL),
(554, '17/0026', 1, NULL, NULL, NULL, 0, NULL, 54, '2017-02-20 12:19:23', '2017-02-20', '2017-02-24', '2017-03-20 10:47:49', 1, 0.00000000, NULL, NULL, 0, NULL, NULL, 332.91000000, 0.00000000, 0.00000000, 0.00000000, 1585.26000000, 1918.17000000, 2, 3, 3, NULL, NULL, NULL, NULL, 1, 2, '2017-02-20', NULL, NULL, 'addapta', NULL, NULL),
(555, '17/0028', 1, NULL, NULL, NULL, 0, NULL, 35, '2017-02-27 14:21:14', '2017-02-28', '2017-02-27', '2017-03-09 14:39:19', 1, 0.00000000, NULL, NULL, 0, NULL, NULL, 220.50000000, 0.00000000, 0.00000000, 0.00000000, 1050.00000000, 1270.50000000, 2, 3, 3, NULL, NULL, NULL, NULL, 1, 3, '2017-02-28', NULL, NULL, 'addapta', NULL, NULL),
(556, '17/0029', 1, NULL, NULL, NULL, 0, NULL, 3, '2017-02-27 14:38:21', '2017-03-01', '2017-02-27', '2017-03-01 14:16:09', 1, 0.00000000, NULL, NULL, 0, NULL, NULL, 76.44000000, 0.00000000, 0.00000000, 0.00000000, 364.00000000, 440.44000000, 2, 3, 3, NULL, NULL, NULL, NULL, 1, 3, '2017-03-01', NULL, NULL, 'addapta', NULL, NULL),
(557, '17/0030', 1, NULL, NULL, NULL, 0, NULL, 3, '2017-02-27 14:45:13', '2017-03-01', '2017-02-27', '2017-03-13 12:15:47', 1, 0.00000000, NULL, NULL, 0, NULL, NULL, 1232.00000000, 0.00000000, 0.00000000, 0.00000000, 5866.67000000, 7098.67000000, 2, 3, 3, NULL, NULL, NULL, NULL, 1, 3, '2017-03-01', NULL, NULL, 'addapta', NULL, NULL),
(558, '17/0031', 1, NULL, NULL, NULL, 0, NULL, 1, '2017-02-27 15:05:32', '2017-03-01', '2017-03-01', '2017-03-03 10:24:14', 1, 0.00000000, NULL, NULL, 0, NULL, NULL, 36.23000000, 0.00000000, 0.00000000, 0.00000000, 172.50000000, 208.73000000, 2, 3, 3, NULL, NULL, NULL, NULL, 1, 3, '2017-03-01', NULL, NULL, 'addapta', NULL, NULL),
(559, '17/0034', 1, NULL, NULL, NULL, 0, NULL, 91, '2017-02-27 15:08:52', '2017-03-01', '2017-03-01', '2017-03-27 10:36:55', 1, 0.00000000, NULL, NULL, 0, NULL, NULL, 500.85000000, 0.00000000, 0.00000000, 0.00000000, 2385.00000000, 2885.85000000, 2, 3, 3, NULL, NULL, NULL, NULL, 1, 2, '2017-03-01', NULL, NULL, 'addapta', NULL, NULL),
(560, '17/0036', 1, NULL, NULL, NULL, 0, NULL, 91, '2017-02-27 15:09:11', '2017-03-01', '2017-03-01', '2017-03-27 10:36:55', 1, 0.00000000, NULL, NULL, 0, NULL, NULL, 245.70000000, 0.00000000, 0.00000000, 0.00000000, 1170.00000000, 1415.70000000, 2, 3, 3, NULL, NULL, NULL, NULL, 1, 2, '2017-03-01', NULL, NULL, 'addapta', NULL, NULL),
(561, '17/0038', 1, NULL, NULL, NULL, 0, NULL, 91, '2017-02-27 15:09:30', '2017-03-01', '2017-03-01', '2017-04-20 10:25:40', 1, 0.00000000, NULL, NULL, 0, NULL, NULL, 1025.33000000, 0.00000000, 0.00000000, 0.00000000, 4882.50000000, 5907.83000000, 2, 3, 3, NULL, NULL, NULL, NULL, 1, 2, '2017-03-01', NULL, NULL, 'addapta', NULL, NULL),
(563, '17/0032', 1, NULL, NULL, NULL, 0, NULL, 9, '2017-02-27 15:11:40', '2017-03-01', '2017-03-01', '2017-03-07 11:46:14', 1, 0.00000000, NULL, NULL, 0, NULL, NULL, 58.20000000, 0.00000000, 0.00000000, 0.00000000, 277.15000000, 335.35000000, 2, 3, 3, NULL, NULL, NULL, NULL, 1, 2, '2017-03-01', NULL, NULL, 'addapta', NULL, NULL),
(564, '17/0033', 1, NULL, NULL, NULL, 0, NULL, 8, '2017-02-27 15:12:45', '2017-03-01', '2017-03-01', '2017-03-30 15:59:31', 1, 0.00000000, NULL, NULL, 0, NULL, NULL, 264.61000000, 0.00000000, 0.00000000, 0.00000000, 1260.00000000, 1524.61000000, 2, 3, 3, NULL, NULL, NULL, NULL, 2, 2, '2017-03-31', NULL, NULL, 'addapta', NULL, NULL),
(565, '17/0035', 1, NULL, NULL, NULL, 0, NULL, 91, '2017-03-01 16:09:15', '2017-03-01', '2017-03-01', '2017-04-20 10:25:40', 1, 0.00000000, NULL, NULL, 0, NULL, NULL, 1171.80000000, 0.00000000, 0.00000000, 0.00000000, 5580.00000000, 6751.80000000, 2, 3, 3, NULL, NULL, NULL, NULL, 1, 2, '2017-03-01', NULL, NULL, 'addapta', NULL, NULL),
(566, '17/0037', 1, NULL, NULL, NULL, 0, NULL, 91, '2017-03-01 16:14:57', '2017-03-01', '2017-03-01', '2017-04-20 10:25:40', 1, 0.00000000, NULL, NULL, 0, NULL, NULL, 445.73000000, 0.00000000, 0.00000000, 0.00000000, 2122.50000000, 2568.23000000, 2, 3, 3, NULL, NULL, NULL, NULL, 1, 2, '2017-03-01', NULL, NULL, 'addapta', NULL, NULL),
(567, '17/0039', 1, NULL, NULL, NULL, 0, NULL, 5, '2017-03-01 16:23:32', '2017-03-01', '2017-03-01', '2024-03-27 11:26:53', 1, 0.00000000, NULL, NULL, 0, NULL, NULL, 22.63000000, 0.00000000, 0.00000000, 0.00000000, 107.75000000, 130.38000000, 2, 3, 3, NULL, NULL, NULL, NULL, 1, 2, '2017-03-01', NULL, NULL, 'addapta', NULL, NULL),
(568, '17/0040', 1, NULL, NULL, NULL, 0, NULL, 6, '2017-03-01 16:25:20', '2017-03-01', '2017-03-01', '2017-05-22 12:47:06', 1, 0.00000000, NULL, NULL, 0, NULL, NULL, 45.39000000, 0.00000000, 0.00000000, 0.00000000, 216.15000000, 261.54000000, 2, 3, 3, NULL, NULL, NULL, NULL, 4, 2, '2017-04-30', NULL, NULL, 'addapta', NULL, NULL),
(570, '17/0041', 1, NULL, NULL, NULL, 0, NULL, 26, '2017-03-06 17:24:21', '2017-03-01', '2017-03-06', '2017-03-23 17:19:18', 1, 0.00000000, NULL, NULL, 0, NULL, NULL, 36.75000000, 0.00000000, 0.00000000, 0.00000000, 175.00000000, 211.75000000, 2, 3, 3, NULL, NULL, NULL, NULL, 1, 3, '2017-03-01', '', NULL, 'addapta', NULL, NULL),
(573, '17/0043', 1, NULL, NULL, NULL, 0, NULL, 3, '2017-03-13 13:33:50', '2017-04-01', '2017-03-29', '2017-04-03 11:26:43', 1, 0.00000000, NULL, NULL, 0, NULL, NULL, 1564.65000000, 0.00000000, 0.00000000, 0.00000000, 7450.71000000, 9015.36000000, 2, 3, 3, NULL, NULL, NULL, NULL, 1, 3, '2017-04-01', NULL, NULL, 'addapta', NULL, NULL),
(574, '17/0044', 1, NULL, NULL, NULL, 0, NULL, 3, '2017-03-13 13:42:36', '2017-04-01', '2017-03-29', '2017-04-03 11:26:43', 1, 0.00000000, NULL, NULL, 0, NULL, NULL, 76.44000000, 0.00000000, 0.00000000, 0.00000000, 364.00000000, 440.44000000, 2, 3, 3, NULL, NULL, NULL, NULL, 1, 3, '2017-04-01', NULL, NULL, 'addapta', NULL, NULL),
(575, '17/0046', 1, NULL, NULL, NULL, 0, NULL, 5, '2017-03-13 13:44:30', '2017-04-01', '2017-03-29', '2024-03-27 11:26:53', 1, 0.00000000, NULL, NULL, 0, NULL, NULL, 25.13000000, 0.00000000, 0.00000000, 0.00000000, 119.65000000, 144.78000000, 2, 3, 3, NULL, NULL, NULL, NULL, 1, 2, '2017-04-01', NULL, NULL, 'addapta', NULL, NULL),
(576, '17/0042', 1, NULL, NULL, NULL, 0, NULL, 54, '2017-03-20 11:52:01', '2017-03-20', '2017-03-23', '2017-04-06 13:19:59', 1, 0.00000000, NULL, NULL, 0, NULL, NULL, 117.23000000, 0.00000000, 0.00000000, 0.00000000, 558.24000000, 675.47000000, 2, 3, 3, NULL, NULL, NULL, NULL, 1, 2, '2017-03-20', NULL, NULL, 'addapta', NULL, NULL),
(577, '17/0045', 1, NULL, NULL, 'NN7NSI3875', 0, NULL, 159, '2017-03-23 18:57:16', '2017-04-01', '2017-06-27', '2017-07-17 09:35:16', 1, 0.00000000, NULL, NULL, 0, NULL, NULL, 1161.30000000, 0.00000000, 0.00000000, 0.00000000, 5530.00000000, 6691.30000000, 2, 3, 2, NULL, NULL, NULL, NULL, 2, 2, '2017-05-01', 'Aceptado 22/03/2017 mediante correo de Borja Delgado Amor.', NULL, 'addapta', NULL, NULL),
(578, '17/0047', 1, NULL, NULL, NULL, 0, NULL, 1, '2017-03-29 14:54:11', '2017-04-01', '2017-03-31', '2017-04-06 13:21:35', 1, 0.00000000, NULL, NULL, 0, NULL, NULL, 36.23000000, 0.00000000, 0.00000000, 0.00000000, 172.50000000, 208.73000000, 2, 3, 3, NULL, NULL, NULL, NULL, 1, 3, '2017-04-01', NULL, NULL, 'addapta', NULL, NULL),
(579, '17/0048', 1, NULL, NULL, NULL, 0, NULL, 9, '2017-03-29 14:55:01', '2017-04-01', '2017-03-31', '2017-04-07 10:27:47', 1, 0.00000000, NULL, NULL, 0, NULL, NULL, 58.20000000, 0.00000000, 0.00000000, 0.00000000, 277.15000000, 335.35000000, 2, 3, 3, NULL, NULL, NULL, NULL, 1, 2, '2017-04-01', NULL, NULL, 'addapta', NULL, NULL),
(580, '17/0049', 1, NULL, NULL, NULL, 0, NULL, 8, '2017-03-29 14:56:40', '2017-04-01', '2017-03-31', '2017-05-02 13:25:28', 1, 0.00000000, NULL, NULL, 0, NULL, NULL, 264.61000000, 0.00000000, 0.00000000, 0.00000000, 1260.00000000, 1524.61000000, 2, 3, 3, NULL, NULL, NULL, NULL, 2, 2, '2017-05-01', NULL, NULL, 'addapta', NULL, NULL),
(581, '17/0050', 1, NULL, NULL, NULL, 0, NULL, 6, '2017-03-29 14:59:14', '2017-04-01', '2017-03-31', '2017-06-20 08:53:21', 1, 0.00000000, NULL, NULL, 0, NULL, NULL, 45.39000000, 0.00000000, 0.00000000, 0.00000000, 216.15000000, 261.54000000, 2, 3, 3, NULL, NULL, NULL, NULL, 4, 2, '2017-05-31', NULL, NULL, 'addapta', NULL, NULL),
(582, '17/0053', 1, NULL, NULL, NULL, 0, NULL, 91, '2017-03-29 15:02:32', '2017-04-01', '2017-04-03', '2017-05-15 13:21:32', 1, 0.00000000, NULL, NULL, 0, NULL, NULL, 648.90000000, 0.00000000, 0.00000000, 0.00000000, 3090.00000000, 3738.90000000, 2, 3, 3, NULL, NULL, NULL, NULL, 1, 2, '2017-04-01', NULL, NULL, 'addapta', NULL, NULL),
(583, '17/0054', 1, NULL, NULL, NULL, 0, NULL, 91, '2017-03-29 15:03:39', '2017-04-01', '2017-04-03', '2017-05-22 07:57:49', 1, 0.00000000, NULL, NULL, 0, NULL, NULL, 801.68000000, 0.00000000, 0.00000000, 0.00000000, 3817.50000000, 4619.18000000, 2, 3, 3, NULL, NULL, NULL, NULL, 1, 2, '2017-04-01', NULL, NULL, 'addapta', NULL, NULL),
(584, '17/0055', 1, NULL, NULL, NULL, 0, NULL, 91, '2017-03-29 15:06:06', '2017-04-01', '2017-04-03', '2017-05-15 13:22:14', 1, 0.00000000, NULL, NULL, 0, NULL, NULL, 962.33000000, 0.00000000, 0.00000000, 0.00000000, 4582.50000000, 5544.83000000, 2, 3, 3, NULL, NULL, NULL, NULL, 1, 2, '2017-04-01', NULL, NULL, 'addapta', NULL, NULL),
(585, '17/0051', 1, NULL, NULL, NULL, 0, NULL, 91, '2017-04-03 19:03:16', '2017-04-01', '2017-04-03', '2017-05-22 07:57:49', 1, 0.00000000, NULL, NULL, 0, NULL, NULL, 75.60000000, 0.00000000, 0.00000000, 0.00000000, 360.00000000, 435.60000000, 2, 3, 3, NULL, NULL, NULL, NULL, 1, 2, '2017-04-01', NULL, NULL, 'addapta', NULL, NULL),
(586, '17/0052', 1, NULL, NULL, NULL, 0, NULL, 91, '2017-04-03 19:05:20', '2017-04-01', '2017-04-03', '2017-05-22 07:57:49', 1, 0.00000000, NULL, NULL, 0, NULL, NULL, 37.80000000, 0.00000000, 0.00000000, 0.00000000, 180.00000000, 217.80000000, 2, 3, 3, NULL, NULL, NULL, NULL, 1, 2, '2017-04-01', NULL, NULL, 'addapta', NULL, NULL),
(587, '17/0056', 1, NULL, NULL, NULL, 0, NULL, 91, '2017-04-06 15:10:30', '2017-04-01', '2017-04-06', '2017-07-31 10:28:44', 1, 0.00000000, NULL, NULL, 0, NULL, NULL, 731.33000000, 0.00000000, 0.00000000, 0.00000000, 3482.50000000, 4213.83000000, 2, 3, 3, NULL, NULL, NULL, NULL, 1, 2, '2017-04-01', NULL, NULL, 'addapta', NULL, NULL),
(588, '17/0065', 1, NULL, NULL, NULL, 0, NULL, 9, '2017-04-07 12:54:16', '2017-05-01', '2017-04-27', '2017-05-11 07:50:03', 1, 0.00000000, NULL, NULL, 0, NULL, NULL, 67.02000000, 0.00000000, 0.00000000, 0.00000000, 319.15000000, 386.17000000, 2, 3, 3, NULL, NULL, NULL, NULL, 1, 2, '2017-05-01', NULL, NULL, 'addapta', NULL, NULL),
(589, '17/0057', 1, NULL, NULL, NULL, 0, NULL, 178, '2017-04-19 15:56:19', '2017-04-15', '2017-04-19', '2017-05-22 07:56:16', 1, 0.00000000, NULL, NULL, 0, NULL, NULL, 17.64000000, 0.00000000, 0.00000000, 0.00000000, 84.00000000, 101.64000000, 2, 3, 3, NULL, NULL, NULL, NULL, 2, 3, '2017-05-15', NULL, NULL, 'addapta', NULL, NULL),
(590, '17/0058', 1, NULL, NULL, NULL, 0, NULL, 27, '2017-04-21 13:10:06', '2017-04-30', '2017-04-21', '2017-05-08 07:51:07', 1, 0.00000000, NULL, NULL, 0, NULL, NULL, 31.71000000, 0.00000000, 0.00000000, 0.00000000, 151.00000000, 182.71000000, 2, 3, 3, NULL, NULL, NULL, NULL, 1, 2, '2017-04-30', NULL, NULL, 'addapta', NULL, NULL),
(591, '17/0060', 1, NULL, NULL, NULL, 0, NULL, 3, '2017-04-24 13:07:54', '2017-05-01', '2017-04-27', '2017-05-02 13:17:52', 1, 0.00000000, NULL, NULL, 0, NULL, NULL, 76.44000000, 0.00000000, 0.00000000, 0.00000000, 364.00000000, 440.44000000, 2, 3, 3, NULL, NULL, NULL, NULL, 1, 3, '2017-05-01', NULL, NULL, 'addapta', NULL, NULL),
(592, '17/0059', 1, NULL, NULL, NULL, 0, NULL, 3, '2017-04-25 13:54:52', '2017-05-01', '2017-04-27', '2017-05-02 13:17:52', 1, 0.00000000, NULL, NULL, 0, NULL, NULL, 1481.76000000, 0.00000000, 0.00000000, 0.00000000, 7056.00000000, 8537.76000000, 2, 3, 3, NULL, NULL, NULL, NULL, 1, 3, '2017-05-01', NULL, NULL, 'addapta', NULL, NULL),
(593, '17/0061', 1, NULL, NULL, NULL, 0, NULL, 5, '2017-04-27 11:16:49', '2017-05-01', '2017-04-27', '2024-03-27 11:26:53', 1, 0.00000000, NULL, NULL, 0, NULL, NULL, 22.63000000, 0.00000000, 0.00000000, 0.00000000, 107.75000000, 130.38000000, 2, 3, 3, NULL, NULL, NULL, NULL, 1, 2, '2017-05-01', NULL, NULL, 'addapta', NULL, NULL),
(594, '17/0062', 1, NULL, NULL, NULL, 0, NULL, 1, '2017-04-27 11:18:09', '2017-05-01', '2017-04-27', '2017-05-09 12:24:44', 1, 0.00000000, NULL, NULL, 0, NULL, NULL, 36.23000000, 0.00000000, 0.00000000, 0.00000000, 172.50000000, 208.73000000, 2, 3, 3, NULL, NULL, NULL, NULL, 1, 3, '2017-05-01', NULL, NULL, 'addapta', NULL, NULL),
(595, '17/0063', 1, NULL, NULL, NULL, 0, NULL, 8, '2017-04-27 11:24:38', '2017-05-01', '2017-04-27', '2017-06-06 07:18:25', 1, 0.00000000, NULL, NULL, 0, NULL, NULL, 264.61000000, 0.00000000, 0.00000000, 0.00000000, 1260.00000000, 1524.61000000, 2, 3, 3, NULL, NULL, NULL, NULL, 2, 2, '2017-05-31', NULL, NULL, 'addapta', NULL, NULL),
(596, '17/0064', 1, NULL, NULL, NULL, 0, NULL, 6, '2017-04-27 11:30:52', '2017-05-01', '2017-04-27', '2017-07-20 10:01:09', 1, 0.00000000, NULL, NULL, 0, NULL, NULL, 45.39000000, 0.00000000, 0.00000000, 0.00000000, 216.15000000, 261.54000000, 2, 3, 3, NULL, NULL, NULL, NULL, 4, 2, '2017-06-30', NULL, NULL, 'addapta', NULL, NULL),
(597, '17/0066', 1, NULL, NULL, NULL, 0, NULL, 91, '2017-04-27 13:32:24', '2017-05-01', '2017-04-28', '2017-07-31 10:28:44', 1, 0.00000000, NULL, NULL, 0, NULL, NULL, 1363.95000000, 0.00000000, 0.00000000, 0.00000000, 6495.00000000, 7858.95000000, 2, 3, 3, NULL, NULL, NULL, NULL, 1, 2, '2017-05-01', NULL, NULL, 'addapta', NULL, NULL),
(598, '17/0067', 1, NULL, NULL, NULL, 0, NULL, 91, '2017-04-27 13:32:51', '2017-05-01', '2017-05-02', '2017-07-31 10:28:44', 1, 0.00000000, NULL, NULL, 0, NULL, NULL, 1187.55000000, 0.00000000, 0.00000000, 0.00000000, 5655.00000000, 6842.55000000, 2, 3, 3, NULL, NULL, NULL, NULL, 1, 2, '2017-05-01', NULL, NULL, 'addapta', NULL, NULL),
(599, '17/0068', 1, NULL, NULL, NULL, 0, NULL, 91, '2017-04-27 13:33:13', '2017-05-01', '2017-04-28', '2017-07-31 10:28:44', 1, 0.00000000, NULL, NULL, 0, NULL, NULL, 1092.55000000, 0.00000000, 0.00000000, 0.00000000, 5202.60000000, 6295.15000000, 2, 3, 3, NULL, NULL, NULL, NULL, 1, 2, '2017-05-01', NULL, NULL, 'addapta', NULL, NULL),
(600, '17/0069', 1, NULL, NULL, NULL, 0, NULL, 91, '2017-04-27 13:33:46', '2017-05-01', '2017-04-27', '2017-07-31 10:28:44', 1, 0.00000000, NULL, NULL, 0, NULL, NULL, 1659.26000000, 0.00000000, 0.00000000, 0.00000000, 7901.25000000, 9560.51000000, 2, 3, 3, NULL, NULL, NULL, NULL, 1, 2, '2017-05-01', NULL, NULL, 'addapta', NULL, NULL),
(601, '17/0080', 1, NULL, NULL, NULL, 0, NULL, 5, '2017-05-08 12:08:11', '2017-06-01', '2017-06-01', '2024-03-27 11:26:53', 1, 0.00000000, NULL, NULL, 0, NULL, NULL, 25.13000000, 0.00000000, 0.00000000, 0.00000000, 119.65000000, 144.78000000, 2, 3, 3, NULL, NULL, NULL, NULL, 1, 2, '2017-06-01', NULL, NULL, 'addapta', NULL, NULL),
(603, '17/0070', 1, NULL, NULL, NULL, 2, NULL, 91, '2017-05-15 15:40:52', '2017-04-01', '2017-05-15', '2017-05-15 13:19:31', 1, 0.00000000, NULL, NULL, 0, NULL, NULL, -648.90000000, 0.00000000, 0.00000000, 0.00000000, -3090.00000000, -3738.90000000, 2, 3, 3, 582, NULL, NULL, NULL, 0, 2, '2017-04-01', NULL, NULL, 'addapta', NULL, NULL),
(604, '17/0071', 1, NULL, NULL, NULL, 2, NULL, 91, '2017-05-15 15:43:23', '2017-04-01', '2017-05-15', '2017-05-15 13:20:25', 1, 0.00000000, NULL, NULL, 0, NULL, NULL, -962.33000000, 0.00000000, 0.00000000, 0.00000000, -4582.50000000, -5544.83000000, 2, 3, 3, 584, NULL, NULL, NULL, 0, 2, '2017-04-01', NULL, NULL, 'addapta', NULL, NULL),
(605, '17/0072', 1, NULL, NULL, NULL, 0, NULL, 91, '2017-05-15 15:51:16', '2017-04-01', '2017-05-15', '2017-06-14 08:52:07', 1, 0.00000000, NULL, NULL, 0, NULL, NULL, 510.30000000, 0.00000000, 0.00000000, 0.00000000, 2430.00000000, 2940.30000000, 2, 3, 3, NULL, NULL, NULL, NULL, 1, 2, '2017-04-01', NULL, NULL, 'addapta', NULL, NULL),
(606, '17/0073', 1, NULL, NULL, NULL, 0, NULL, 91, '2017-05-15 15:52:22', '2017-04-01', '2017-05-15', '2017-06-14 08:52:07', 1, 0.00000000, NULL, NULL, 0, NULL, NULL, 637.88000000, 0.00000000, 0.00000000, 0.00000000, 3037.50000000, 3675.38000000, 2, 3, 3, NULL, NULL, NULL, NULL, 1, 2, '2017-04-01', NULL, NULL, 'addapta', NULL, NULL),
(607, '17/0074', 1, NULL, NULL, NULL, 0, NULL, 179, '2017-05-16 11:05:53', '2017-05-15', '2017-05-16', '2017-05-18 08:36:05', 1, 0.00000000, NULL, NULL, 0, NULL, NULL, 2.60000000, 0.00000000, 0.00000000, 0.00000000, 12.40000000, 15.00000000, 2, 3, 3, NULL, NULL, NULL, NULL, 1, 2, '2017-05-15', NULL, NULL, 'addapta', NULL, NULL),
(608, '17/0081', 1, NULL, NULL, NULL, 0, NULL, 9, '2017-05-24 13:53:33', '2017-06-01', '2017-06-01', '2017-06-08 05:48:55', 1, 0.00000000, NULL, NULL, 0, NULL, NULL, 84.66000000, 0.00000000, 0.00000000, 0.00000000, 403.15000000, 487.81000000, 2, 3, 3, NULL, NULL, NULL, NULL, 1, 2, '2017-06-01', NULL, NULL, 'addapta', NULL, NULL),
(609, '17/0075', 1, NULL, NULL, NULL, 0, NULL, 3, '2017-05-24 14:00:27', '2017-06-01', '2017-05-26', '2017-05-29 11:15:23', 1, 0.00000000, NULL, NULL, 0, NULL, NULL, 76.44000000, 0.00000000, 0.00000000, 0.00000000, 364.00000000, 440.44000000, 2, 3, 3, NULL, NULL, NULL, NULL, 1, 2, '2017-06-01', NULL, NULL, 'addapta', NULL, NULL),
(610, '17/0076', 1, NULL, NULL, NULL, 0, NULL, 3, '2017-05-24 14:01:29', '2017-06-01', '2017-05-26', '2017-05-29 11:15:23', 1, 0.00000000, NULL, NULL, 0, NULL, NULL, 1481.76000000, 0.00000000, 0.00000000, 0.00000000, 7056.00000000, 8537.76000000, 2, 3, 3, NULL, NULL, NULL, NULL, 1, 2, '2017-06-01', NULL, NULL, 'addapta', NULL, NULL),
(611, '17/0079', 1, NULL, NULL, NULL, 0, NULL, 1, '2017-05-24 14:03:52', '2017-06-01', '2017-06-01', '2017-06-19 15:11:12', 1, 0.00000000, NULL, NULL, 0, NULL, NULL, 36.23000000, 0.00000000, 0.00000000, 0.00000000, 172.50000000, 208.73000000, 2, 3, 3, NULL, NULL, NULL, NULL, 1, 3, '2017-06-01', NULL, NULL, 'addapta', NULL, NULL),
(612, '17/0082', 1, NULL, NULL, NULL, 0, NULL, 8, '2017-05-24 14:05:06', '2017-06-01', '2017-06-01', '2017-07-04 10:09:37', 1, 0.00000000, NULL, NULL, 0, NULL, NULL, 264.61000000, 0.00000000, 0.00000000, 0.00000000, 1260.00000000, 1524.61000000, 2, 3, 3, NULL, NULL, NULL, NULL, 2, 2, '2017-07-01', NULL, NULL, 'addapta', NULL, NULL),
(613, '17/0083', 1, NULL, NULL, NULL, 0, NULL, 6, '2017-05-24 14:06:20', '2017-06-01', '2017-06-01', '2017-08-28 08:44:59', 1, 0.00000000, NULL, NULL, 0, NULL, NULL, 45.39000000, 0.00000000, 0.00000000, 0.00000000, 216.15000000, 261.54000000, 2, 3, 3, NULL, NULL, NULL, NULL, 4, 2, '2017-07-31', NULL, NULL, 'addapta', NULL, NULL),
(614, '17/0084', 1, NULL, NULL, NULL, 0, NULL, 91, '2017-05-24 14:08:20', '2017-06-01', '2017-06-01', '2017-07-31 10:28:44', 1, 0.00000000, NULL, NULL, 0, NULL, NULL, 869.40000000, 0.00000000, 0.00000000, 0.00000000, 4140.00000000, 5009.40000000, 2, 3, 3, NULL, NULL, NULL, NULL, 1, 2, '2017-06-01', NULL, NULL, 'addapta', NULL, NULL),
(615, '17/0085', 1, NULL, NULL, NULL, 0, NULL, 91, '2017-05-24 14:09:04', '2017-06-01', '2017-06-01', '2017-07-31 10:28:44', 1, 0.00000000, NULL, NULL, 0, NULL, NULL, 1694.70000000, 0.00000000, 0.00000000, 0.00000000, 8070.00000000, 9764.70000000, 2, 3, 3, NULL, NULL, NULL, NULL, 1, 2, '2017-06-01', NULL, NULL, 'addapta', NULL, NULL),
(616, '17/0086', 1, NULL, NULL, NULL, 0, NULL, 91, '2017-05-24 14:10:10', '2017-06-01', '2017-06-01', '2017-07-31 10:28:44', 1, 0.00000000, NULL, NULL, 0, NULL, NULL, 1477.35000000, 0.00000000, 0.00000000, 0.00000000, 7035.00000000, 8512.35000000, 2, 3, 3, NULL, NULL, NULL, NULL, 1, 2, '2017-06-01', NULL, NULL, 'addapta', NULL, NULL),
(617, '17/0087', 1, NULL, NULL, NULL, 0, NULL, 91, '2017-05-24 14:10:47', '2017-06-01', '2017-06-01', '2017-07-31 10:28:44', 1, 0.00000000, NULL, NULL, 0, NULL, NULL, 859.95000000, 0.00000000, 0.00000000, 0.00000000, 4095.00000000, 4954.95000000, 2, 3, 3, NULL, NULL, NULL, NULL, 1, 2, '2017-06-01', NULL, NULL, 'addapta', NULL, NULL),
(618, '17/0077', 1, NULL, NULL, NULL, 0, NULL, 3, '2017-05-25 12:55:41', '2017-06-01', '2017-05-26', '2017-05-29 11:15:23', 1, 0.00000000, NULL, NULL, 0, NULL, NULL, 1481.76000000, 0.00000000, 0.00000000, 0.00000000, 7056.00000000, 8537.76000000, 2, 3, 3, NULL, NULL, NULL, NULL, 1, 2, '2017-06-01', NULL, NULL, 'addapta', NULL, NULL),
(619, '17/0078', 1, NULL, NULL, NULL, 0, NULL, 3, '2017-05-25 12:57:20', '2017-06-20', '2017-06-19', '2017-07-04 10:01:44', 1, 0.00000000, NULL, NULL, 0, NULL, NULL, 336.00000000, 0.00000000, 0.00000000, 0.00000000, 1600.00000000, 1936.00000000, 2, 3, 3, NULL, NULL, NULL, NULL, 1, 2, '2017-06-20', NULL, NULL, 'addapta', NULL, NULL),
(620, '17/0088', 1, NULL, NULL, NULL, 0, NULL, 91, '2017-06-01 14:57:24', '2017-06-01', '2017-06-01', '2017-07-31 10:28:44', 1, 0.00000000, NULL, NULL, 0, NULL, NULL, 37.80000000, 0.00000000, 0.00000000, 0.00000000, 180.00000000, 217.80000000, 2, 3, 3, NULL, NULL, NULL, NULL, 1, 2, '2017-06-01', NULL, NULL, 'addapta', NULL, NULL),
(621, '17/0094', 1, NULL, NULL, NULL, 0, NULL, 9, '2017-06-06 18:21:31', '2017-07-01', '2017-06-30', '2017-07-11 14:11:54', 1, 0.00000000, NULL, NULL, 0, NULL, NULL, 80.67000000, 0.00000000, 0.00000000, 0.00000000, 384.15000000, 464.82000000, 2, 3, 3, NULL, NULL, NULL, NULL, 1, 2, '2017-07-01', NULL, NULL, 'addapta', NULL, NULL),
(622, '17/0089', 1, NULL, NULL, NULL, 0, NULL, 178, '2017-06-14 11:04:10', '2017-06-01', '2017-06-14', '2017-06-21 09:11:35', 1, 0.00000000, NULL, NULL, 0, NULL, NULL, 151.62000000, 0.00000000, 0.00000000, 0.00000000, 722.00000000, 873.62000000, 2, 3, 3, NULL, NULL, NULL, NULL, 2, 3, '2017-06-20', NULL, NULL, 'addapta', NULL, NULL),
(623, '17/0090', 1, NULL, NULL, NULL, 0, NULL, 183, '2017-06-20 11:36:32', '2017-06-12', '2017-06-20', '2017-07-21 09:49:57', 1, 0.00000000, NULL, NULL, 0, NULL, NULL, 136.50000000, 0.00000000, 0.00000000, 0.00000000, 650.00000000, 786.50000000, 2, 3, 3, NULL, NULL, NULL, NULL, 2, 3, '2017-07-15', NULL, NULL, 'addapta', NULL, NULL),
(624, '17/0091', 1, NULL, NULL, NULL, 0, NULL, 3, '2017-06-26 10:52:53', '2017-07-01', '2017-06-26', '2017-06-30 08:29:34', 1, 0.00000000, NULL, NULL, 0, NULL, NULL, 1481.76000000, 0.00000000, 0.00000000, 0.00000000, 7056.00000000, 8537.76000000, 2, 3, 3, NULL, NULL, NULL, NULL, 1, 2, '2017-07-01', NULL, NULL, 'addapta', NULL, NULL),
(625, '17/0092', 1, NULL, NULL, NULL, 0, NULL, 183, '2017-06-28 16:00:16', '2017-06-30', '2017-06-28', '2017-07-21 09:50:09', 1, 0.00000000, NULL, NULL, 0, NULL, NULL, 3.12000000, 0.00000000, 0.00000000, 0.00000000, 14.84000000, 17.96000000, 2, 3, 3, NULL, NULL, NULL, NULL, 2, 3, '2017-07-15', NULL, NULL, 'addapta', NULL, NULL);
INSERT INTO `b65362949_facture` (`rowid`, `facnumber`, `entity`, `ref_ext`, `ref_int`, `ref_client`, `type`, `increment`, `fk_soc`, `datec`, `datef`, `date_valid`, `tms`, `paye`, `amount`, `remise_percent`, `remise_absolue`, `remise`, `close_code`, `close_note`, `tva`, `localtax1`, `localtax2`, `revenuestamp`, `total`, `total_ttc`, `fk_statut`, `fk_user_author`, `fk_user_valid`, `fk_facture_source`, `fk_projet`, `fk_account`, `fk_currency`, `fk_cond_reglement`, `fk_mode_reglement`, `date_lim_reglement`, `note_private`, `note_public`, `model_pdf`, `import_key`, `extraparams`) VALUES
(626, '17/0093', 1, NULL, NULL, NULL, 0, NULL, 1, '2017-06-30 11:35:21', '2017-07-01', '2017-06-30', '2017-07-06 10:28:21', 1, 0.00000000, NULL, NULL, 0, NULL, NULL, 36.23000000, 0.00000000, 0.00000000, 0.00000000, 172.50000000, 208.73000000, 2, 3, 3, NULL, NULL, NULL, NULL, 1, 3, '2017-07-01', NULL, NULL, 'addapta', NULL, NULL),
(627, '17/0095', 1, NULL, NULL, NULL, 0, NULL, 5, '2017-06-30 11:38:19', '2017-07-01', '2017-07-24', '2024-03-27 11:26:53', 1, 0.00000000, NULL, NULL, 0, NULL, NULL, 22.63000000, 0.00000000, 0.00000000, 0.00000000, 107.75000000, 130.38000000, 2, 3, 3, NULL, NULL, NULL, NULL, 1, 2, '2017-07-01', NULL, NULL, 'addapta', NULL, NULL),
(628, '17/0096', 1, NULL, NULL, NULL, 0, NULL, 8, '2017-06-30 11:39:26', '2017-07-01', '2017-06-30', '2017-08-13 07:34:54', 1, 0.00000000, NULL, NULL, 0, NULL, NULL, 264.61000000, 0.00000000, 0.00000000, 0.00000000, 1260.00000000, 1524.61000000, 2, 3, 3, NULL, NULL, NULL, NULL, 2, 2, '2017-07-31', NULL, NULL, 'addapta', NULL, NULL),
(629, '17/0097', 1, NULL, NULL, NULL, 0, NULL, 6, '2017-06-30 11:41:04', '2017-07-01', '2017-06-30', '2017-09-20 11:23:22', 1, 0.00000000, NULL, NULL, 0, NULL, NULL, 45.39000000, 0.00000000, 0.00000000, 0.00000000, 216.15000000, 261.54000000, 2, 3, 3, NULL, NULL, NULL, NULL, 4, 2, '2017-08-30', NULL, NULL, 'addapta', NULL, NULL),
(630, '17/0098', 1, NULL, NULL, NULL, 0, NULL, 91, '2017-06-30 11:43:44', '2017-07-01', '2017-06-30', '2017-07-31 10:28:44', 1, 0.00000000, NULL, NULL, 0, NULL, NULL, 1001.70000000, 0.00000000, 0.00000000, 0.00000000, 4770.00000000, 5771.70000000, 2, 3, 3, NULL, NULL, NULL, NULL, 1, 2, '2017-07-01', NULL, NULL, 'addapta', NULL, NULL),
(631, '17/0099', 1, NULL, NULL, NULL, 0, NULL, 91, '2017-06-30 11:44:30', '2017-07-01', '2017-06-30', '2017-07-31 10:28:44', 1, 0.00000000, NULL, NULL, 0, NULL, NULL, 787.50000000, 0.00000000, 0.00000000, 0.00000000, 3750.00000000, 4537.50000000, 2, 3, 3, NULL, NULL, NULL, NULL, 1, 2, '2017-07-01', NULL, NULL, 'addapta', NULL, NULL),
(632, '17/0100', 1, NULL, NULL, NULL, 0, NULL, 91, '2017-06-30 11:45:18', '2017-07-01', '2017-07-04', '2017-07-31 10:28:44', 1, 0.00000000, NULL, NULL, 0, NULL, NULL, 617.40000000, 0.00000000, 0.00000000, 0.00000000, 2940.00000000, 3557.40000000, 2, 3, 3, NULL, NULL, NULL, NULL, 1, 2, '2017-07-01', NULL, NULL, 'addapta', NULL, NULL),
(633, '17/0101', 1, NULL, NULL, NULL, 0, NULL, 91, '2017-06-30 11:46:19', '2017-07-01', '2017-07-04', '2017-07-31 10:28:44', 1, 0.00000000, NULL, NULL, 0, NULL, NULL, 1598.63000000, 0.00000000, 0.00000000, 0.00000000, 7612.50000000, 9211.13000000, 2, 3, 3, NULL, NULL, NULL, NULL, 1, 2, '2017-07-01', NULL, NULL, 'addapta', NULL, NULL),
(634, '17/0102', 1, NULL, NULL, NULL, 0, NULL, 27, '2017-07-06 13:01:58', '2017-07-05', '2017-07-18', '2017-07-20 13:55:11', 1, 0.00000000, NULL, NULL, 0, NULL, NULL, 63.42000000, 0.00000000, 0.00000000, 0.00000000, 302.00000000, 365.42000000, 2, 3, 3, NULL, NULL, NULL, NULL, 1, 2, '2017-07-06', NULL, NULL, 'addapta', NULL, NULL),
(635, '17/0103', 1, NULL, NULL, NULL, 0, NULL, 3, '2017-07-24 16:10:24', '2017-08-01', '2017-07-31', '2017-08-01 06:59:00', 1, 0.00000000, NULL, NULL, 0, NULL, NULL, 987.84000000, 0.00000000, 0.00000000, 0.00000000, 4704.00000000, 5691.84000000, 2, 3, 3, NULL, NULL, NULL, NULL, 1, 2, '2017-08-01', NULL, NULL, 'addapta', NULL, NULL),
(637, '17/0104', 1, NULL, NULL, NULL, 0, NULL, 1, '2017-07-24 16:12:19', '2017-08-01', '2017-08-01', '2017-08-13 07:33:46', 1, 0.00000000, NULL, NULL, 0, NULL, NULL, 65.63000000, 0.00000000, 0.00000000, 0.00000000, 312.50000000, 378.13000000, 2, 3, 3, NULL, NULL, NULL, NULL, 1, 3, '2017-08-01', NULL, NULL, 'addapta', NULL, NULL),
(638, '17/0105', 1, NULL, NULL, NULL, 0, NULL, 9, '2017-07-24 16:32:50', '2017-08-01', '2017-08-01', '2017-08-13 07:36:10', 1, 0.00000000, NULL, NULL, 0, NULL, NULL, 58.20000000, 0.00000000, 0.00000000, 0.00000000, 277.15000000, 335.35000000, 2, 3, 3, NULL, NULL, NULL, NULL, 1, 2, '2017-08-01', NULL, NULL, 'addapta', NULL, NULL),
(639, '17/0106', 1, NULL, NULL, NULL, 0, NULL, 5, '2017-07-24 16:36:05', '2017-08-01', '2017-08-01', '2024-03-27 11:26:53', 1, 0.00000000, NULL, NULL, 0, NULL, NULL, 22.63000000, 0.00000000, 0.00000000, 0.00000000, 107.75000000, 130.38000000, 2, 3, 3, NULL, NULL, NULL, NULL, 1, 2, '2017-08-01', NULL, NULL, 'addapta', NULL, NULL),
(640, '17/0107', 1, NULL, NULL, NULL, 0, NULL, 8, '2017-07-24 16:48:46', '2017-08-01', '2017-08-01', '2017-09-12 13:16:48', 1, 0.00000000, NULL, NULL, 0, NULL, NULL, 264.61000000, 0.00000000, 0.00000000, 0.00000000, 1260.00000000, 1524.61000000, 2, 3, 3, NULL, NULL, NULL, NULL, 2, 2, '2017-08-31', NULL, NULL, 'addapta', NULL, NULL),
(641, '17/0108', 1, NULL, NULL, NULL, 0, NULL, 6, '2017-07-24 16:53:11', '2017-08-01', '2017-08-01', '2017-10-23 09:45:05', 1, 0.00000000, NULL, NULL, 0, NULL, NULL, 45.39000000, 0.00000000, 0.00000000, 0.00000000, 216.15000000, 261.54000000, 2, 3, 3, NULL, NULL, NULL, NULL, 4, 2, '2017-09-30', NULL, NULL, 'addapta', NULL, NULL),
(642, '17/0119', 1, NULL, NULL, NULL, 0, NULL, 27, '2017-07-24 16:55:35', '2017-09-30', '2017-09-28', '2017-10-06 10:35:31', 1, 0.00000000, NULL, NULL, 0, NULL, NULL, 40.74000000, 0.00000000, 0.00000000, 0.00000000, 194.00000000, 234.74000000, 2, 3, 3, NULL, NULL, NULL, NULL, 1, 2, '2017-09-30', NULL, NULL, 'addapta', NULL, NULL),
(643, '17/0109', 1, NULL, NULL, NULL, 0, NULL, 91, '2017-08-01 10:14:02', '2017-08-01', '2017-08-01', '2017-09-15 12:13:27', 1, 0.00000000, NULL, NULL, 0, NULL, NULL, 888.30000000, 0.00000000, 0.00000000, 0.00000000, 4230.00000000, 5118.30000000, 2, 3, 3, NULL, NULL, NULL, NULL, 1, 2, '2017-08-01', NULL, NULL, 'addapta', NULL, NULL),
(644, '17/0110', 1, NULL, NULL, NULL, 0, NULL, 91, '2017-08-01 10:14:40', '2017-08-01', '2017-08-01', '2017-09-15 12:13:27', 1, 0.00000000, NULL, NULL, 0, NULL, NULL, 663.08000000, 0.00000000, 0.00000000, 0.00000000, 3157.50000000, 3820.58000000, 2, 3, 3, NULL, NULL, NULL, NULL, 1, 2, '2017-08-01', NULL, NULL, 'addapta', NULL, NULL),
(645, '17/0111', 1, NULL, NULL, NULL, 0, NULL, 3, '2017-08-29 14:05:38', '2017-09-01', '2017-08-29', '2017-09-01 08:17:23', 1, 0.00000000, NULL, NULL, 0, NULL, NULL, 1234.80000000, 0.00000000, 0.00000000, 0.00000000, 5880.00000000, 7114.80000000, 2, 3, 3, NULL, NULL, NULL, NULL, 1, 2, '2017-09-01', NULL, NULL, 'addapta', NULL, NULL),
(646, '17/0112', 1, NULL, NULL, NULL, 0, NULL, 1, '2017-08-31 11:41:19', '2017-09-01', '2017-08-31', '2017-09-06 10:40:29', 1, 0.00000000, NULL, NULL, 0, NULL, NULL, 36.23000000, 0.00000000, 0.00000000, 0.00000000, 172.50000000, 208.73000000, 2, 3, 3, NULL, NULL, NULL, NULL, 1, 3, '2017-09-01', NULL, NULL, 'addapta', NULL, NULL),
(647, '17/0113', 1, NULL, NULL, NULL, 0, NULL, 9, '2017-08-31 11:42:06', '2017-09-01', '2017-08-31', '2017-09-07 11:04:24', 1, 0.00000000, NULL, NULL, 0, NULL, NULL, 58.20000000, 0.00000000, 0.00000000, 0.00000000, 277.15000000, 335.35000000, 2, 3, 3, NULL, NULL, NULL, NULL, 1, 2, '2017-09-01', NULL, NULL, 'addapta', NULL, NULL),
(648, '17/0114', 1, NULL, NULL, NULL, 0, NULL, 5, '2017-08-31 11:42:36', '2017-09-01', '2017-08-31', '2024-03-27 11:26:53', 1, 0.00000000, NULL, NULL, 0, NULL, NULL, 22.63000000, 0.00000000, 0.00000000, 0.00000000, 107.75000000, 130.38000000, 2, 3, 3, NULL, NULL, NULL, NULL, 1, 2, '2017-09-01', NULL, NULL, 'addapta', NULL, NULL),
(649, '17/0115', 1, NULL, NULL, NULL, 0, NULL, 8, '2017-08-31 11:43:08', '2017-09-01', '2017-08-31', '2017-10-02 15:00:05', 1, 0.00000000, NULL, NULL, 0, NULL, NULL, 264.61000000, 0.00000000, 0.00000000, 0.00000000, 1260.00000000, 1524.61000000, 2, 3, 3, NULL, NULL, NULL, NULL, 2, 2, '2017-10-01', NULL, NULL, 'addapta', NULL, NULL),
(650, '17/0116', 1, NULL, NULL, NULL, 0, NULL, 6, '2017-08-31 11:43:47', '2017-09-01', '2017-08-31', '2017-11-21 07:55:05', 1, 0.00000000, NULL, NULL, 0, NULL, NULL, 45.39000000, 0.00000000, 0.00000000, 0.00000000, 216.15000000, 261.54000000, 2, 3, 3, NULL, NULL, NULL, NULL, 4, 2, '2017-11-29', NULL, NULL, 'addapta', NULL, NULL),
(651, '17/0117', 1, NULL, NULL, NULL, 0, NULL, 91, '2017-09-01 14:56:32', '2017-09-01', '2017-09-01', '2017-10-26 10:34:26', 1, 0.00000000, NULL, NULL, 0, NULL, NULL, 308.70000000, 0.00000000, 0.00000000, 0.00000000, 1470.00000000, 1778.70000000, 2, 3, 3, NULL, NULL, NULL, NULL, 1, 2, '2017-09-01', NULL, NULL, 'addapta', NULL, NULL),
(652, '17/0118', 1, NULL, NULL, NULL, 0, NULL, 91, '2017-09-01 14:57:02', '2017-09-01', '2017-09-01', '2017-10-26 10:34:26', 1, 0.00000000, NULL, NULL, 0, NULL, NULL, 233.10000000, 0.00000000, 0.00000000, 0.00000000, 1110.00000000, 1343.10000000, 2, 3, 3, NULL, NULL, NULL, NULL, 1, 2, '2017-09-01', NULL, NULL, 'addapta', NULL, NULL),
(653, '17/0120', 1, NULL, NULL, NULL, 0, NULL, 159, '2017-09-13 15:31:11', '2017-09-15', '2017-09-19', '2017-11-21 07:56:20', 1, 0.00000000, NULL, NULL, 0, NULL, NULL, 109.20000000, 0.00000000, 0.00000000, 0.00000000, 520.00000000, 629.20000000, 2, 3, 3, NULL, NULL, NULL, NULL, 1, 2, '2017-09-15', 'Aceptado ayer mediante correo de Borja Delgado Amor.', NULL, 'addapta', NULL, NULL),
(654, '17/0121', 1, NULL, NULL, NULL, 0, NULL, 178, '2017-09-14 12:22:18', '2017-09-15', '2017-09-14', '2017-10-17 15:10:01', 1, 0.00000000, NULL, NULL, 0, NULL, NULL, 22.26000000, 0.00000000, 0.00000000, 0.00000000, 106.00000000, 128.26000000, 2, 3, 3, NULL, NULL, NULL, NULL, 2, 3, '2017-10-15', NULL, NULL, 'addapta', NULL, NULL),
(655, '17/0122', 1, NULL, NULL, NULL, 0, NULL, 3, '2017-09-18 11:08:08', '2017-09-18', '2017-09-18', '2017-09-26 09:23:34', 1, 0.00000000, NULL, NULL, 0, NULL, NULL, 22.05000000, 0.00000000, 0.00000000, 0.00000000, 105.00000000, 127.05000000, 2, 3, 3, NULL, NULL, NULL, NULL, 1, 3, '2017-09-18', NULL, NULL, 'addapta', NULL, NULL),
(656, '17/0123', 1, NULL, NULL, NULL, 0, NULL, 174, '2017-09-28 15:43:52', '2017-10-01', '2017-10-12', '2017-11-08 09:00:44', 1, 0.00000000, NULL, NULL, 0, NULL, NULL, 283.50000000, 0.00000000, 0.00000000, 0.00000000, 1350.00000000, 1633.50000000, 2, 3, 3, NULL, NULL, NULL, NULL, 1, 2, '2017-10-01', 'Forma de pago: 50% al inicio de proyecto 50% con la aceptación del cliente.', NULL, 'addapta', NULL, NULL),
(657, '17/0124', 1, NULL, NULL, NULL, 0, NULL, 1, '2017-09-29 13:45:19', '2017-10-01', '2017-09-29', '2017-10-09 08:58:52', 1, 0.00000000, NULL, NULL, 0, NULL, NULL, 36.23000000, 0.00000000, 0.00000000, 0.00000000, 172.50000000, 208.73000000, 2, 3, 3, NULL, NULL, NULL, NULL, 1, 3, '2017-10-01', NULL, NULL, 'addapta', NULL, NULL),
(658, '17/0125', 1, NULL, NULL, NULL, 0, NULL, 9, '2017-09-29 13:46:53', '2017-10-01', '2017-09-29', '2017-10-09 08:57:46', 1, 0.00000000, NULL, NULL, 0, NULL, NULL, 58.20000000, 0.00000000, 0.00000000, 0.00000000, 277.15000000, 335.35000000, 2, 3, 3, NULL, NULL, NULL, NULL, 1, 2, '2017-10-01', NULL, NULL, 'addapta', NULL, NULL),
(659, '17/0126', 1, NULL, NULL, NULL, 0, NULL, 5, '2017-09-29 13:48:10', '2017-10-01', '2017-09-29', '2017-10-03 12:26:34', 1, 0.00000000, NULL, NULL, 0, NULL, NULL, 22.63000000, 0.00000000, 0.00000000, 0.00000000, 107.75000000, 130.38000000, 2, 3, 3, NULL, NULL, NULL, NULL, 1, 2, '2017-10-01', NULL, NULL, 'addapta', NULL, NULL),
(660, '17/0127', 1, NULL, NULL, NULL, 0, NULL, 8, '2017-09-29 13:49:58', '2017-10-01', '2017-09-29', '2017-10-30 13:06:51', 1, 0.00000000, NULL, NULL, 0, NULL, NULL, 264.61000000, 0.00000000, 0.00000000, 0.00000000, 1260.00000000, 1524.61000000, 2, 3, 3, NULL, NULL, NULL, NULL, 2, 2, '2017-10-31', NULL, NULL, 'addapta', NULL, NULL),
(661, '17/0128', 1, NULL, NULL, NULL, 0, NULL, 6, '2017-09-29 13:52:50', '2017-10-01', '2017-09-29', '2017-12-21 12:33:59', 1, 0.00000000, NULL, NULL, 0, NULL, NULL, 45.39000000, 0.00000000, 0.00000000, 0.00000000, 216.15000000, 261.54000000, 2, 3, 3, NULL, NULL, NULL, NULL, 4, 2, '2017-11-30', NULL, NULL, 'addapta', NULL, NULL),
(662, '17/0129', 1, NULL, NULL, NULL, 0, NULL, 178, '2017-09-29 13:53:45', '2017-10-02', '2017-10-02', '2017-10-17 15:10:13', 1, 0.00000000, NULL, NULL, 0, NULL, NULL, 39.90000000, 0.00000000, 0.00000000, 0.00000000, 190.00000000, 229.90000000, 2, 3, 3, NULL, NULL, NULL, NULL, 2, 3, '2017-11-01', NULL, NULL, 'addapta', NULL, NULL),
(663, '17/0130', 1, NULL, NULL, NULL, 0, NULL, 91, '2017-10-02 17:21:57', '2017-10-01', '2017-10-02', '2017-11-02 10:30:30', 1, 0.00000000, NULL, NULL, 0, NULL, NULL, 900.90000000, 0.00000000, 0.00000000, 0.00000000, 4290.00000000, 5190.90000000, 2, 3, 3, NULL, NULL, NULL, NULL, 1, 2, '2017-10-02', NULL, NULL, 'addapta', NULL, NULL),
(664, '17/0131', 1, NULL, NULL, NULL, 0, NULL, 91, '2017-10-02 17:23:33', '2017-10-01', '2017-10-02', '2017-11-02 10:30:30', 1, 0.00000000, NULL, NULL, 0, NULL, NULL, 1183.33000000, 0.00000000, 0.00000000, 0.00000000, 5634.90000000, 6818.23000000, 2, 3, 3, NULL, NULL, NULL, NULL, 1, 2, '2017-10-01', NULL, NULL, 'addapta', NULL, NULL),
(665, '17/0135', 1, NULL, NULL, NULL, 0, NULL, 27, '2017-10-09 12:02:43', '2017-10-31', '2017-10-30', '2017-11-06 09:08:46', 1, 0.00000000, NULL, NULL, 0, NULL, NULL, 9.03000000, 0.00000000, 0.00000000, 0.00000000, 43.00000000, 52.03000000, 2, 3, 3, NULL, NULL, NULL, NULL, 1, 2, '2017-10-31', NULL, NULL, 'addapta', NULL, NULL),
(666, '17/0132', 1, NULL, NULL, NULL, 0, NULL, 54, '2017-10-17 18:01:16', '2017-10-17', '2017-10-18', '2017-10-24 10:28:23', 1, 0.00000000, NULL, NULL, 0, NULL, NULL, 36.12000000, 0.00000000, 0.00000000, 0.00000000, 172.00000000, 208.12000000, 2, 3, 3, NULL, NULL, NULL, NULL, 1, 2, '2017-10-17', NULL, NULL, 'addapta', NULL, NULL),
(667, '17/0133', 1, NULL, NULL, NULL, 0, NULL, 91, '2017-10-19 19:37:14', '2017-10-01', '2017-10-19', '2017-12-05 05:34:25', 1, 0.00000000, NULL, NULL, 0, NULL, NULL, 330.75000000, 0.00000000, 0.00000000, 0.00000000, 1575.00000000, 1905.75000000, 2, 3, 3, NULL, NULL, NULL, NULL, 1, 2, '2017-10-01', NULL, NULL, 'addapta', NULL, NULL),
(668, '17/0134', 1, NULL, NULL, NULL, 0, NULL, 91, '2017-10-19 19:39:37', '2017-10-01', '2017-10-19', '2017-12-05 05:34:25', 1, 0.00000000, NULL, NULL, 0, NULL, NULL, 1462.65000000, 0.00000000, 0.00000000, 0.00000000, 6965.00000000, 8427.65000000, 2, 3, 3, NULL, NULL, NULL, NULL, 1, 2, '2017-10-01', NULL, NULL, 'addapta', NULL, NULL),
(669, '17/0136', 1, NULL, NULL, NULL, 0, NULL, 1, '2017-10-30 10:47:04', '2017-11-01', '2017-10-30', '2017-11-21 07:55:44', 1, 0.00000000, NULL, NULL, 0, NULL, NULL, 36.23000000, 0.00000000, 0.00000000, 0.00000000, 172.50000000, 208.73000000, 2, 3, 3, NULL, NULL, NULL, NULL, 1, 3, '2017-11-01', NULL, NULL, 'addapta', NULL, NULL),
(670, '17/0137', 1, NULL, NULL, NULL, 0, NULL, 9, '2017-10-30 10:48:21', '2017-11-01', '2017-10-30', '2017-11-07 09:20:21', 1, 0.00000000, NULL, NULL, 0, NULL, NULL, 58.20000000, 0.00000000, 0.00000000, 0.00000000, 277.15000000, 335.35000000, 2, 3, 3, NULL, NULL, NULL, NULL, 1, 2, '2017-11-01', NULL, NULL, 'addapta', NULL, NULL),
(671, '17/0138', 1, NULL, NULL, NULL, 0, NULL, 5, '2017-10-30 10:49:15', '2017-11-01', '2017-10-30', '2017-11-02 10:32:08', 1, 0.00000000, NULL, NULL, 0, NULL, NULL, 22.63000000, 0.00000000, 0.00000000, 0.00000000, 107.75000000, 130.38000000, 2, 3, 3, NULL, NULL, NULL, NULL, 1, 2, '2017-11-01', NULL, NULL, 'addapta', NULL, NULL),
(672, '17/0139', 1, NULL, NULL, NULL, 0, NULL, 8, '2017-10-30 10:50:21', '2017-11-01', '2017-10-30', '2017-12-05 22:47:17', 1, 0.00000000, NULL, NULL, 0, NULL, NULL, 264.61000000, 0.00000000, 0.00000000, 0.00000000, 1260.00000000, 1524.61000000, 2, 3, 3, NULL, NULL, NULL, NULL, 2, 2, '2017-12-01', NULL, NULL, 'addapta', NULL, NULL),
(673, '17/0140', 1, NULL, NULL, NULL, 0, NULL, 6, '2017-10-30 10:51:31', '2017-11-01', '2017-10-30', '2018-01-23 12:51:02', 1, 0.00000000, NULL, NULL, 0, NULL, NULL, 45.39000000, 0.00000000, 0.00000000, 0.00000000, 216.15000000, 261.54000000, 2, 3, 3, NULL, NULL, NULL, NULL, 4, 2, '2017-12-31', NULL, NULL, 'addapta', NULL, NULL),
(674, '17/0149', 1, NULL, NULL, NULL, 0, NULL, 174, '2017-10-30 10:53:56', '2017-11-15', '2017-11-23', '2018-02-19 13:15:28', 1, 0.00000000, NULL, NULL, 0, NULL, NULL, 283.50000000, 0.00000000, 0.00000000, 0.00000000, 1350.00000000, 1633.50000000, 2, 3, 3, NULL, NULL, NULL, NULL, 4, 2, '2018-01-14', 'Forma de pago: 50% al inicio de proyecto 50% con la aceptación del cliente.', NULL, 'addapta', NULL, NULL),
(675, '17/0141', 1, NULL, NULL, NULL, 0, NULL, 91, '2017-10-31 16:29:31', '2017-11-01', '2017-10-31', '2017-12-05 05:34:25', 1, 0.00000000, NULL, NULL, 0, NULL, NULL, 303.19000000, 0.00000000, 0.00000000, 0.00000000, 1443.75000000, 1746.94000000, 2, 3, 3, NULL, NULL, NULL, NULL, 1, 2, '2017-11-01', NULL, NULL, 'addapta', NULL, NULL),
(676, '17/0142', 1, NULL, NULL, NULL, 0, NULL, 91, '2017-10-31 16:35:55', '2017-11-01', '2017-10-31', '2017-12-05 05:34:25', 1, 0.00000000, NULL, NULL, 0, NULL, NULL, 7.35000000, 0.00000000, 0.00000000, 0.00000000, 35.00000000, 42.35000000, 2, 3, 3, NULL, NULL, NULL, NULL, 1, 2, '2017-11-01', NULL, NULL, 'addapta', NULL, NULL),
(677, '17/0143', 1, NULL, NULL, NULL, 0, NULL, 54, '2017-10-31 17:46:30', '2017-11-01', '2017-10-31', '2017-11-23 08:41:04', 1, 0.00000000, NULL, NULL, 0, NULL, NULL, 9.03000000, 0.00000000, 0.00000000, 0.00000000, 43.00000000, 52.03000000, 2, 3, 3, NULL, NULL, NULL, NULL, 1, 2, '2017-11-01', NULL, NULL, 'addapta', NULL, NULL),
(678, '17/0144', 1, NULL, NULL, NULL, 0, NULL, 91, '2017-10-31 17:50:38', '2017-11-01', '2017-10-31', '2017-12-05 05:34:25', 1, 0.00000000, NULL, NULL, 0, NULL, NULL, 604.80000000, 0.00000000, 0.00000000, 0.00000000, 2880.00000000, 3484.80000000, 2, 3, 3, NULL, NULL, NULL, NULL, 1, 2, '2017-11-01', NULL, NULL, 'addapta', NULL, NULL),
(679, '17/0145', 1, NULL, NULL, NULL, 0, NULL, 91, '2017-10-31 17:52:40', '2017-11-01', '2017-10-31', '2017-11-06 12:20:48', 1, 0.00000000, NULL, NULL, 0, NULL, NULL, 1233.73000000, 0.00000000, 0.00000000, 0.00000000, 5874.90000000, 7108.63000000, 2, 3, 3, NULL, NULL, NULL, NULL, 1, 2, '2017-11-01', NULL, NULL, 'addapta', NULL, NULL),
(680, '18/0008', 1, NULL, NULL, NULL, 0, NULL, 113, '2017-11-06 11:14:39', '2018-01-01', '2018-01-09', '2018-01-11 14:06:56', 1, 0.00000000, NULL, NULL, 0, NULL, NULL, 36.75000000, 0.00000000, 0.00000000, 0.00000000, 175.00000000, 211.75000000, 2, 3, 3, NULL, NULL, NULL, NULL, 1, 3, '2018-01-01', NULL, NULL, 'addapta', NULL, NULL),
(681, '17/0152', 1, NULL, NULL, NULL, 0, NULL, 118, '2017-11-06 11:17:50', '2017-11-30', '2017-11-30', '2017-12-19 12:12:49', 1, 0.00000000, NULL, NULL, 0, NULL, NULL, 36.75000000, 0.00000000, 0.00000000, 0.00000000, 175.00000000, 211.75000000, 2, 3, 3, NULL, NULL, NULL, NULL, 1, 3, '2017-11-30', NULL, NULL, 'addapta', NULL, NULL),
(683, '17/0146', 1, NULL, NULL, NULL, 2, NULL, 91, '2017-11-06 13:37:03', '2017-11-01', '2017-11-06', '2017-11-06 12:20:10', 1, 0.00000000, NULL, NULL, 0, NULL, NULL, -1233.73000000, 0.00000000, 0.00000000, 0.00000000, -5874.90000000, -7108.63000000, 2, 3, 3, 679, NULL, NULL, NULL, 0, 2, '2017-11-01', NULL, NULL, 'addapta', NULL, NULL),
(684, '17/0147', 1, NULL, NULL, NULL, 0, NULL, 91, '2017-11-06 13:44:55', '2017-11-01', '2017-11-06', '2017-12-05 05:34:26', 1, 0.00000000, NULL, NULL, 0, NULL, NULL, 320.23000000, 0.00000000, 0.00000000, 0.00000000, 1524.90000000, 1845.13000000, 2, 3, 3, NULL, NULL, NULL, NULL, 1, 2, '2017-11-01', NULL, NULL, 'addapta', NULL, NULL),
(685, '17/0148', 1, NULL, NULL, NULL, 0, NULL, 91, '2017-11-06 13:46:47', '2017-11-01', '2017-11-06', '2017-12-05 05:34:26', 1, 0.00000000, NULL, NULL, 0, NULL, NULL, 913.50000000, 0.00000000, 0.00000000, 0.00000000, 4350.00000000, 5263.50000000, 2, 3, 3, NULL, NULL, NULL, NULL, 1, 2, '2017-11-01', NULL, NULL, 'addapta', NULL, NULL),
(686, '17/0154', 1, NULL, NULL, NULL, 0, NULL, 35, '2017-11-08 17:33:01', '2017-11-30', '2017-11-30', '2017-12-06 21:34:33', 1, 0.00000000, NULL, NULL, 0, NULL, NULL, 459.43000000, 0.00000000, 0.00000000, 0.00000000, 2187.77000000, 2647.20000000, 2, 3, 3, NULL, NULL, NULL, NULL, 1, 3, '2017-11-30', NULL, NULL, 'addapta', NULL, NULL),
(687, '17/0153', 1, NULL, NULL, NULL, 0, NULL, 35, '2017-11-24 09:14:18', '2017-11-30', '2017-11-30', '2017-12-06 21:34:33', 1, 0.00000000, NULL, NULL, 0, NULL, NULL, 36.75000000, 0.00000000, 0.00000000, 0.00000000, 175.00000000, 211.75000000, 2, 3, 3, NULL, NULL, NULL, NULL, 1, 3, '2017-11-30', NULL, NULL, 'addapta', NULL, NULL),
(688, '18/0025', 1, NULL, NULL, NULL, 0, NULL, 35, '2017-11-24 09:19:19', '2018-02-28', '2018-02-28', '2018-03-27 09:25:05', 1, 0.00000000, NULL, NULL, 0, NULL, NULL, 36.75000000, 0.00000000, 0.00000000, 0.00000000, 175.00000000, 211.75000000, 2, 3, 3, NULL, NULL, NULL, NULL, 1, 3, '2018-02-28', NULL, NULL, 'addapta', NULL, NULL),
(689, '17/0150', 1, NULL, NULL, NULL, 0, NULL, 27, '2017-11-28 23:58:33', '2017-11-30', '2017-11-28', '2017-12-14 11:36:34', 1, 0.00000000, NULL, NULL, 0, NULL, NULL, 40.74000000, 0.00000000, 0.00000000, 0.00000000, 194.00000000, 234.74000000, 2, 3, 3, NULL, NULL, NULL, NULL, 1, 2, '2017-11-30', NULL, NULL, 'addapta', NULL, NULL),
(690, '17/0151', 1, NULL, NULL, NULL, 0, NULL, 191, '2017-11-29 11:19:16', '2017-12-04', '2017-12-07', '2018-01-16 09:08:45', 1, 0.00000000, NULL, NULL, 0, NULL, NULL, 114.39000000, 0.00000000, 0.00000000, 0.00000000, 544.65000000, 659.04000000, 2, 3, 3, NULL, NULL, NULL, NULL, 1, 2, '2017-12-04', NULL, NULL, 'addapta', NULL, NULL),
(691, '17/0155', 1, NULL, NULL, NULL, 0, NULL, 5, '2017-11-30 23:15:34', '2017-12-01', '2017-11-30', '2017-12-04 08:56:18', 1, 0.00000000, NULL, NULL, 0, NULL, NULL, 22.63000000, 0.00000000, 0.00000000, 0.00000000, 107.75000000, 130.38000000, 2, 3, 3, NULL, NULL, NULL, NULL, 1, 2, '2017-12-01', NULL, NULL, 'addapta', NULL, NULL),
(692, '17/0156', 1, NULL, NULL, NULL, 0, NULL, 1, '2017-11-30 23:37:50', '2017-12-01', '2017-11-30', '2017-12-05 05:34:51', 1, 0.00000000, NULL, NULL, 0, NULL, NULL, 36.23000000, 0.00000000, 0.00000000, 0.00000000, 172.50000000, 208.73000000, 2, 3, 3, NULL, NULL, NULL, NULL, 1, 3, '2017-12-01', NULL, NULL, 'addapta', NULL, NULL),
(693, '17/0157', 1, NULL, NULL, NULL, 0, NULL, 9, '2017-11-30 23:39:17', '2017-12-01', '2017-11-30', '2017-12-07 18:40:31', 1, 0.00000000, NULL, NULL, 0, NULL, NULL, 58.20000000, 0.00000000, 0.00000000, 0.00000000, 277.15000000, 335.35000000, 2, 3, 3, NULL, NULL, NULL, NULL, 1, 2, '2017-12-01', NULL, NULL, 'addapta', NULL, NULL),
(694, '17/0158', 1, NULL, NULL, NULL, 0, NULL, 8, '2017-11-30 23:40:23', '2017-12-01', '2017-11-30', '2017-12-27 10:28:20', 1, 0.00000000, NULL, NULL, 0, NULL, NULL, 264.61000000, 0.00000000, 0.00000000, 0.00000000, 1260.00000000, 1524.61000000, 2, 3, 3, NULL, NULL, NULL, NULL, 2, 2, '2017-12-31', NULL, NULL, 'addapta', NULL, NULL),
(695, '17/0159', 1, NULL, NULL, NULL, 0, NULL, 6, '2017-11-30 23:42:03', '2017-12-01', '2017-11-30', '2018-02-20 10:46:28', 1, 0.00000000, NULL, NULL, 0, NULL, NULL, 45.39000000, 0.00000000, 0.00000000, 0.00000000, 216.15000000, 261.54000000, 2, 3, 3, NULL, NULL, NULL, NULL, 4, 2, '2018-01-30', NULL, NULL, 'addapta', NULL, NULL),
(696, '17/0160', 1, NULL, NULL, NULL, 0, NULL, 91, '2017-11-30 23:46:40', '2017-12-01', '2017-12-05', '2018-01-02 09:51:21', 1, 0.00000000, NULL, NULL, 0, NULL, NULL, 40.95000000, 0.00000000, 0.00000000, 0.00000000, 195.00000000, 235.95000000, 2, 3, 3, NULL, NULL, NULL, NULL, 1, 2, '2017-12-01', NULL, NULL, 'addapta', NULL, NULL),
(697, '17/0161', 1, NULL, NULL, NULL, 0, NULL, 91, '2017-11-30 23:47:45', '2017-12-01', '2017-12-05', '2018-01-02 09:51:21', 1, 0.00000000, NULL, NULL, 0, NULL, NULL, 1058.40000000, 0.00000000, 0.00000000, 0.00000000, 5040.00000000, 6098.40000000, 2, 3, 3, NULL, NULL, NULL, NULL, 1, 2, '2017-12-01', NULL, NULL, 'addapta', NULL, NULL),
(698, '17/0162', 1, NULL, NULL, NULL, 0, NULL, 91, '2017-11-30 23:50:21', '2017-12-01', '2017-12-05', '2018-01-02 09:51:21', 1, 0.00000000, NULL, NULL, 0, NULL, NULL, 1786.05000000, 0.00000000, 0.00000000, 0.00000000, 8505.00000000, 10291.05000000, 2, 3, 3, NULL, NULL, NULL, NULL, 1, 2, '2017-12-01', NULL, NULL, 'addapta', NULL, NULL),
(699, '17/0164', 1, NULL, NULL, NULL, 0, NULL, 35, '2017-12-01 00:05:05', '2017-12-31', '2017-12-27', '2018-04-20 08:01:11', 1, 0.00000000, NULL, NULL, 0, NULL, NULL, 804.01000000, 0.00000000, 0.00000000, 0.00000000, 3828.60000000, 4632.61000000, 2, 3, 3, NULL, NULL, NULL, NULL, 1, 3, '2017-12-31', NULL, NULL, 'addapta', NULL, NULL),
(701, '17/0163', 1, NULL, NULL, NULL, 2, NULL, 118, '2017-12-19 13:35:15', '2017-11-30', '2017-12-19', '2017-12-19 12:12:15', 1, 0.00000000, NULL, NULL, 0, NULL, NULL, -36.75000000, 0.00000000, 0.00000000, 0.00000000, -175.00000000, -211.75000000, 2, 3, 3, 681, NULL, NULL, NULL, 0, 0, '2017-11-30', NULL, NULL, 'addapta', NULL, NULL),
(702, '17/0165', 1, NULL, NULL, NULL, 0, NULL, 193, '2017-12-27 15:19:48', '2017-12-31', '2017-12-27', '2018-01-02 09:52:27', 1, 0.00000000, NULL, NULL, 0, NULL, NULL, 66.77000000, 0.00000000, 0.00000000, 0.00000000, 317.99000000, 384.76000000, 2, 3, 3, NULL, NULL, NULL, NULL, 1, 2, '2017-12-31', NULL, NULL, 'addapta', NULL, NULL),
(703, '18/0001', 1, NULL, NULL, NULL, 0, NULL, 5, '2017-12-28 16:01:42', '2018-01-01', '2018-01-02', '2018-01-03 09:22:01', 1, 0.00000000, NULL, NULL, 0, NULL, NULL, 22.63000000, 0.00000000, 0.00000000, 0.00000000, 107.75000000, 130.38000000, 2, 3, 3, NULL, NULL, NULL, NULL, 1, 2, '2018-01-01', NULL, NULL, 'addapta', NULL, NULL),
(704, '18/0002', 1, NULL, NULL, NULL, 0, NULL, 1, '2017-12-28 16:03:07', '2018-01-01', '2018-01-02', '2018-01-03 09:22:01', 1, 0.00000000, NULL, NULL, 0, NULL, NULL, 36.23000000, 0.00000000, 0.00000000, 0.00000000, 172.50000000, 208.73000000, 2, 3, 3, NULL, NULL, NULL, NULL, 1, 3, '2018-01-01', NULL, NULL, 'addapta', NULL, NULL),
(705, '18/0003', 1, NULL, NULL, NULL, 0, NULL, 9, '2017-12-28 16:04:24', '2018-01-01', '2018-01-02', '2018-01-05 09:21:33', 1, 0.00000000, NULL, NULL, 0, NULL, NULL, 58.20000000, 0.00000000, 0.00000000, 0.00000000, 277.15000000, 335.35000000, 2, 3, 3, NULL, NULL, NULL, NULL, 1, 2, '2018-01-01', NULL, NULL, 'addapta', NULL, NULL),
(706, '18/0004', 1, NULL, NULL, NULL, 0, NULL, 8, '2017-12-28 16:05:10', '2018-01-01', '2018-01-02', '2018-02-01 16:58:53', 1, 0.00000000, NULL, NULL, 0, NULL, NULL, 264.61000000, 0.00000000, 0.00000000, 0.00000000, 1260.00000000, 1524.61000000, 2, 3, 3, NULL, NULL, NULL, NULL, 2, 2, '2018-01-31', NULL, NULL, 'addapta', NULL, NULL),
(707, '18/0005', 1, NULL, NULL, NULL, 0, NULL, 6, '2017-12-28 16:06:21', '2018-01-01', '2018-01-02', '2018-03-20 13:42:39', 1, 0.00000000, NULL, NULL, 0, NULL, NULL, 45.39000000, 0.00000000, 0.00000000, 0.00000000, 216.15000000, 261.54000000, 2, 3, 3, NULL, NULL, NULL, NULL, 4, 2, '2018-03-02', NULL, NULL, 'addapta', NULL, NULL),
(708, '18/0009', 1, NULL, NULL, NULL, 0, NULL, 35, '2017-12-28 16:07:15', '2018-01-31', '2018-01-29', '2018-03-27 09:25:04', 1, 0.00000000, NULL, NULL, 0, NULL, NULL, 804.01000000, 0.00000000, 0.00000000, 0.00000000, 3828.60000000, 4632.61000000, 2, 3, 3, NULL, NULL, NULL, NULL, 1, 3, '2018-01-31', NULL, NULL, 'addapta', NULL, NULL),
(709, '18/0006', 1, NULL, NULL, NULL, 0, NULL, 91, '2018-01-02 11:43:17', '2018-01-01', '2018-01-03', '2018-02-28 06:20:47', 1, 0.00000000, NULL, NULL, 0, NULL, NULL, 359.10000000, 0.00000000, 0.00000000, 0.00000000, 1710.00000000, 2069.10000000, 2, 3, 3, NULL, NULL, NULL, NULL, 1, 2, '2018-01-01', NULL, NULL, 'addapta', NULL, NULL),
(710, '18/0007', 1, NULL, NULL, NULL, 0, NULL, 91, '2018-01-02 11:44:08', '2018-01-01', '2018-02-01', '2018-02-28 06:20:48', 1, 0.00000000, NULL, NULL, 0, NULL, NULL, 477.75000000, 0.00000000, 0.00000000, 0.00000000, 2275.00000000, 2752.75000000, 2, 3, 3, NULL, NULL, NULL, NULL, 1, 2, '2018-01-01', NULL, NULL, 'addapta', NULL, NULL),
(711, '18/0011', 1, NULL, NULL, NULL, 0, NULL, 10, '2018-01-16 14:23:50', '2018-02-01', '2018-01-29', '2018-03-29 06:23:49', 1, 0.00000000, NULL, NULL, 0, NULL, NULL, 506.69000000, 0.00000000, 0.00000000, 0.00000000, 2412.80000000, 2919.49000000, 2, 3, 3, NULL, NULL, NULL, NULL, 4, 2, '2018-04-02', NULL, NULL, 'addapta', NULL, NULL),
(712, '18/0019', 1, NULL, NULL, NULL, 0, NULL, 91, '2018-01-16 15:14:14', '2018-02-01', '2018-01-31', '2018-02-28 06:20:48', 1, 0.00000000, NULL, NULL, 0, NULL, NULL, 126.00000000, 0.00000000, 0.00000000, 0.00000000, 600.00000000, 726.00000000, 2, 3, 3, NULL, NULL, NULL, NULL, 1, 2, '2018-02-01', NULL, NULL, 'addapta', NULL, NULL),
(713, '18/0020', 1, NULL, NULL, NULL, 0, NULL, 91, '2018-01-16 15:14:46', '2018-02-01', '2018-01-31', '2018-02-28 06:20:48', 1, 0.00000000, NULL, NULL, 0, NULL, NULL, 1719.90000000, 0.00000000, 0.00000000, 0.00000000, 8190.00000000, 9909.90000000, 2, 3, 3, NULL, NULL, NULL, NULL, 1, 2, '2018-02-01', NULL, NULL, 'addapta', NULL, NULL),
(714, '18/0016', 1, NULL, NULL, NULL, 0, NULL, 6, '2018-01-18 13:45:58', '2018-02-01', '2018-01-29', '2018-04-20 08:51:30', 1, 0.00000000, NULL, NULL, 0, NULL, NULL, 45.39000000, 0.00000000, 0.00000000, 0.00000000, 216.15000000, 261.54000000, 2, 3, 3, NULL, NULL, NULL, NULL, 4, 2, '2018-04-02', NULL, NULL, 'addapta', NULL, NULL),
(715, '18/0017', 1, NULL, NULL, NULL, 0, NULL, 6, '2018-01-18 13:46:32', '2018-02-01', '2018-01-29', '2018-04-20 08:51:30', 1, 0.00000000, NULL, NULL, 0, NULL, NULL, 20.79000000, 0.00000000, 0.00000000, 0.00000000, 99.00000000, 119.79000000, 2, 3, 3, NULL, NULL, NULL, NULL, 4, 2, '2018-04-02', NULL, NULL, 'addapta', NULL, NULL),
(716, '18/0010', 1, NULL, NULL, NULL, 0, NULL, 27, '2018-01-24 20:10:05', '2018-01-31', '2018-01-29', '2018-02-01 08:39:57', 1, 0.00000000, NULL, NULL, 0, NULL, NULL, 85.89000000, 0.00000000, 0.00000000, 0.00000000, 409.00000000, 494.89000000, 2, 3, 3, NULL, NULL, NULL, NULL, 1, 2, '2018-01-31', NULL, NULL, 'addapta', NULL, NULL),
(717, '18/0012', 1, NULL, NULL, NULL, 0, NULL, 5, '2018-01-29 14:27:51', '2018-02-01', '2018-01-29', '2018-02-07 10:27:45', 1, 0.00000000, NULL, NULL, 0, NULL, NULL, 22.63000000, 0.00000000, 0.00000000, 0.00000000, 107.75000000, 130.38000000, 2, 3, 3, NULL, NULL, NULL, NULL, 1, 2, '2018-02-01', NULL, NULL, 'addapta', NULL, NULL),
(718, '18/0013', 1, NULL, NULL, NULL, 0, NULL, 1, '2018-01-29 14:29:11', '2018-02-01', '2018-01-29', '2018-02-08 09:57:25', 1, 0.00000000, NULL, NULL, 0, NULL, NULL, 36.23000000, 0.00000000, 0.00000000, 0.00000000, 172.50000000, 208.73000000, 2, 3, 3, NULL, NULL, NULL, NULL, 1, 3, '2018-02-01', NULL, NULL, 'addapta', NULL, NULL),
(719, '18/0014', 1, NULL, NULL, NULL, 0, NULL, 9, '2018-01-29 14:30:03', '2018-02-01', '2018-01-29', '2018-02-06 08:27:13', 1, 0.00000000, NULL, NULL, 0, NULL, NULL, 58.20000000, 0.00000000, 0.00000000, 0.00000000, 277.15000000, 335.35000000, 2, 3, 3, NULL, NULL, NULL, NULL, 1, 2, '2018-02-01', NULL, NULL, 'addapta', NULL, NULL),
(720, '18/0015', 1, NULL, NULL, NULL, 0, NULL, 8, '2018-01-29 14:31:13', '2018-02-01', '2018-01-29', '2018-03-06 12:55:41', 1, 0.00000000, NULL, NULL, 0, NULL, NULL, 264.61000000, 0.00000000, 0.00000000, 0.00000000, 1260.00000000, 1524.61000000, 2, 3, 3, NULL, NULL, NULL, NULL, 2, 2, '2018-03-03', NULL, NULL, 'addapta', NULL, NULL),
(721, '18/0026', 1, NULL, NULL, NULL, 0, NULL, 35, '2018-01-29 14:34:10', '2018-02-28', '2018-02-28', '2018-03-27 09:25:05', 1, 0.00000000, NULL, NULL, 0, NULL, NULL, 804.01000000, 0.00000000, 0.00000000, 0.00000000, 3828.60000000, 4632.61000000, 2, 3, 3, NULL, NULL, NULL, NULL, 1, 3, '2018-02-28', NULL, NULL, 'addapta', NULL, NULL),
(722, '18/0018', 1, NULL, NULL, NULL, 0, NULL, 25, '2018-01-30 11:25:12', '2018-02-01', '2018-01-30', '2018-02-01 08:43:17', 1, 0.00000000, NULL, NULL, 0, NULL, NULL, 36.75000000, 0.00000000, 0.00000000, 0.00000000, 175.00000000, 211.75000000, 2, 3, 3, NULL, NULL, NULL, NULL, 1, 3, '2018-02-01', NULL, NULL, 'addapta', NULL, NULL),
(723, '18/0021', 1, NULL, NULL, NULL, 0, NULL, 91, '2018-01-31 16:12:19', '2018-02-01', '2018-01-31', '2018-02-28 06:20:48', 1, 0.00000000, NULL, NULL, 0, NULL, NULL, 1234.80000000, 0.00000000, 0.00000000, 0.00000000, 5880.00000000, 7114.80000000, 2, 3, 3, NULL, NULL, NULL, NULL, 1, 2, '2018-02-01', NULL, NULL, 'addapta', NULL, NULL),
(724, '18/0022', 1, NULL, NULL, NULL, 0, NULL, 91, '2018-01-31 16:17:14', '2018-02-01', '2018-01-31', '2018-02-28 06:20:48', 1, 0.00000000, NULL, NULL, 0, NULL, NULL, 176.40000000, 0.00000000, 0.00000000, 0.00000000, 840.00000000, 1016.40000000, 2, 3, 3, NULL, NULL, NULL, NULL, 1, 2, '2018-02-01', NULL, NULL, 'addapta', NULL, NULL),
(725, '18/0023', 1, NULL, NULL, NULL, 0, NULL, 91, '2018-01-31 16:20:55', '2018-02-01', '2018-02-01', '2018-02-28 06:20:48', 1, 0.00000000, NULL, NULL, 0, NULL, NULL, 1036.35000000, 0.00000000, 0.00000000, 0.00000000, 4935.00000000, 5971.35000000, 2, 3, 3, NULL, NULL, NULL, NULL, 1, 2, '2018-02-01', NULL, NULL, 'addapta', NULL, NULL),
(726, '18/0024', 1, NULL, NULL, NULL, 0, NULL, 27, '2018-02-21 11:34:52', '2018-02-28', '2018-02-28', '2018-03-06 09:47:15', 1, 0.00000000, NULL, NULL, 0, NULL, NULL, 31.71000000, 0.00000000, 0.00000000, 0.00000000, 151.00000000, 182.71000000, 2, 3, 3, NULL, NULL, NULL, NULL, 1, 2, '2018-02-28', NULL, NULL, 'addapta', NULL, NULL),
(727, '18/0027', 1, NULL, NULL, NULL, 0, NULL, 10, '2018-02-21 11:36:56', '2018-03-01', '2018-02-28', '2018-04-05 13:26:26', 1, 0.00000000, NULL, NULL, 0, NULL, NULL, 779.52000000, 0.00000000, 0.00000000, 0.00000000, 3712.00000000, 4491.52000000, 2, 3, 3, NULL, NULL, NULL, NULL, 4, 2, '2018-04-30', NULL, NULL, 'addapta', NULL, NULL),
(728, '18/0033', 1, NULL, NULL, NULL, 0, NULL, 91, '2018-02-21 11:38:51', '2018-03-01', '2018-03-01', '2018-03-28 07:51:30', 1, 0.00000000, NULL, NULL, 0, NULL, NULL, 793.80000000, 0.00000000, 0.00000000, 0.00000000, 3780.00000000, 4573.80000000, 2, 3, 3, NULL, NULL, NULL, NULL, 1, 2, '2018-03-01', NULL, NULL, 'addapta', NULL, NULL),
(729, '18/0034', 1, NULL, NULL, NULL, 0, NULL, 91, '2018-02-21 11:39:36', '2018-03-01', '2018-02-28', '2018-03-28 07:51:30', 1, 0.00000000, NULL, NULL, 0, NULL, NULL, 882.00000000, 0.00000000, 0.00000000, 0.00000000, 4200.00000000, 5082.00000000, 2, 3, 3, NULL, NULL, NULL, NULL, 1, 2, '2018-03-01', NULL, NULL, 'addapta', NULL, NULL),
(730, '18/0028', 1, NULL, NULL, NULL, 0, NULL, 6, '2018-02-21 11:40:48', '2018-03-01', '2018-02-28', '2018-05-21 10:11:55', 1, 0.00000000, NULL, NULL, 0, NULL, NULL, 46.29000000, 0.00000000, 0.00000000, 0.00000000, 220.45000000, 266.74000000, 2, 3, 3, NULL, NULL, NULL, NULL, 4, 2, '2018-04-30', NULL, NULL, 'addapta', NULL, NULL),
(731, '18/0029', 1, NULL, NULL, NULL, 0, NULL, 5, '2018-02-21 11:41:58', '2018-03-01', '2018-02-28', '2018-03-01 14:32:00', 1, 0.00000000, NULL, NULL, 0, NULL, NULL, 23.08000000, 0.00000000, 0.00000000, 0.00000000, 109.90000000, 132.98000000, 2, 3, 3, NULL, NULL, NULL, NULL, 1, 2, '2018-03-01', NULL, NULL, 'addapta', NULL, NULL),
(732, '18/0030', 1, NULL, NULL, NULL, 0, NULL, 1, '2018-02-21 11:42:39', '2018-03-01', '2018-02-28', '2018-03-08 08:44:07', 1, 0.00000000, NULL, NULL, 0, NULL, NULL, 36.95000000, 0.00000000, 0.00000000, 0.00000000, 175.95000000, 212.90000000, 2, 3, 3, NULL, NULL, NULL, NULL, 1, 3, '2018-03-01', NULL, NULL, 'addapta', NULL, NULL),
(733, '18/0031', 1, NULL, NULL, NULL, 0, NULL, 9, '2018-02-21 13:31:58', '2018-03-01', '2018-02-28', '2018-03-08 09:14:43', 1, 0.00000000, NULL, NULL, 0, NULL, NULL, 59.36000000, 0.00000000, 0.00000000, 0.00000000, 282.65000000, 342.01000000, 2, 3, 3, NULL, NULL, NULL, NULL, 1, 2, '2018-03-01', NULL, NULL, 'addapta', NULL, NULL),
(734, '18/0032', 1, NULL, NULL, NULL, 0, NULL, 8, '2018-02-21 13:32:49', '2018-03-01', '2018-02-28', '2018-03-23 14:33:06', 1, 0.00000000, NULL, NULL, 0, NULL, NULL, 269.87000000, 0.00000000, 0.00000000, 0.00000000, 1285.05000000, 1554.92000000, 2, 3, 3, NULL, NULL, NULL, NULL, 2, 2, '2018-03-31', NULL, NULL, 'addapta', NULL, NULL),
(735, '18/0038', 1, NULL, NULL, NULL, 0, NULL, 35, '2018-02-21 13:33:50', '2018-04-01', '2018-03-27', '2018-05-07 10:52:43', 1, 0.00000000, NULL, NULL, 0, NULL, NULL, 516.73000000, 0.00000000, 0.00000000, 0.00000000, 2460.60000000, 2977.33000000, 2, 3, 3, NULL, NULL, NULL, NULL, 1, 3, '2018-04-01', NULL, NULL, 'addapta', NULL, NULL),
(736, '18/0035', 1, NULL, NULL, NULL, 0, NULL, 26, '2018-03-01 16:51:25', '2018-03-01', '2018-03-05', '2018-03-07 11:47:11', 1, 0.00000000, NULL, NULL, 0, NULL, NULL, 37.49000000, 0.00000000, 0.00000000, 0.00000000, 178.50000000, 215.99000000, 2, 3, 3, NULL, NULL, NULL, NULL, 1, 3, '2018-03-01', NULL, NULL, 'addapta', NULL, NULL),
(737, '18/0045', 1, NULL, NULL, NULL, 0, NULL, 5, '2018-03-02 10:28:35', '2018-04-01', '2018-03-27', '2018-04-04 07:33:04', 1, 0.00000000, NULL, NULL, 0, NULL, NULL, 25.58000000, 0.00000000, 0.00000000, 0.00000000, 121.80000000, 147.38000000, 2, 3, 3, NULL, NULL, NULL, NULL, 1, 2, '2018-04-01', NULL, NULL, 'addapta', NULL, NULL),
(739, '18/0050', 1, NULL, NULL, NULL, 0, NULL, 10, '2018-03-05 13:02:52', '2018-04-01', '2018-03-27', '2018-05-03 07:31:22', 1, 0.00000000, NULL, NULL, 0, NULL, NULL, 818.50000000, 0.00000000, 0.00000000, 0.00000000, 3897.60000000, 4716.10000000, 2, 3, 3, NULL, NULL, NULL, NULL, 4, 2, '2018-05-31', NULL, NULL, 'addapta', NULL, NULL),
(740, '18/0052', 1, NULL, NULL, NULL, 0, NULL, 91, '2018-03-09 10:42:50', '2018-04-01', '2018-03-31', '2018-05-11 08:06:45', 1, 0.00000000, NULL, NULL, 0, NULL, NULL, 1222.20000000, 0.00000000, 0.00000000, 0.00000000, 5820.00000000, 7042.20000000, 2, 3, 3, NULL, NULL, NULL, NULL, 1, 2, '2018-04-01', NULL, NULL, 'addapta', NULL, NULL),
(741, '18/0053', 1, NULL, NULL, NULL, 0, NULL, 91, '2018-03-09 10:43:23', '2018-04-01', '2018-03-31', '2018-05-11 08:06:45', 1, 0.00000000, NULL, NULL, 0, NULL, NULL, 1142.93000000, 0.00000000, 0.00000000, 0.00000000, 5442.50000000, 6585.43000000, 2, 3, 3, NULL, NULL, NULL, NULL, 1, 2, '2018-04-01', NULL, NULL, 'addapta', NULL, NULL),
(742, '18/0046', 1, NULL, NULL, NULL, 0, NULL, 6, '2018-03-09 10:44:15', '2018-04-01', '2018-03-27', '2018-06-20 09:50:45', 1, 0.00000000, NULL, NULL, 0, NULL, NULL, 46.29000000, 0.00000000, 0.00000000, 0.00000000, 220.45000000, 266.74000000, 2, 3, 3, NULL, NULL, NULL, NULL, 4, 2, '2018-05-31', NULL, NULL, 'addapta', NULL, NULL),
(744, '18/0047', 1, NULL, NULL, NULL, 0, NULL, 1, '2018-03-09 10:45:34', '2018-04-01', '2018-03-27', '2018-04-04 07:33:04', 1, 0.00000000, NULL, NULL, 0, NULL, NULL, 36.95000000, 0.00000000, 0.00000000, 0.00000000, 175.95000000, 212.90000000, 2, 3, 3, NULL, NULL, NULL, NULL, 1, 3, '2018-04-01', NULL, NULL, 'addapta', NULL, NULL),
(745, '18/0048', 1, NULL, NULL, NULL, 0, NULL, 9, '2018-03-09 10:46:04', '2018-04-01', '2018-03-27', '2018-04-05 08:20:02', 1, 0.00000000, NULL, NULL, 0, NULL, NULL, 59.36000000, 0.00000000, 0.00000000, 0.00000000, 282.65000000, 342.01000000, 2, 3, 3, NULL, NULL, NULL, NULL, 1, 2, '2018-04-01', NULL, NULL, 'addapta', NULL, NULL),
(746, '18/0049', 1, NULL, NULL, NULL, 0, NULL, 8, '2018-03-09 10:46:27', '2018-04-01', '2018-03-27', '2018-05-03 07:32:22', 1, 0.00000000, NULL, NULL, 0, NULL, NULL, 269.87000000, 0.00000000, 0.00000000, 0.00000000, 1285.05000000, 1554.92000000, 2, 3, 3, NULL, NULL, NULL, NULL, 2, 2, '2018-05-01', NULL, NULL, 'addapta', NULL, NULL),
(747, '18/0055', 1, NULL, NULL, NULL, 0, NULL, 35, '2018-03-09 10:47:00', '2018-04-30', '2018-04-26', '2018-08-07 11:56:59', 1, 0.00000000, NULL, NULL, 0, NULL, NULL, 552.64000000, 0.00000000, 0.00000000, 0.00000000, 2631.60000000, 3184.24000000, 2, 3, 3, NULL, NULL, NULL, NULL, 1, 3, '2018-04-30', NULL, NULL, 'addapta', NULL, NULL),
(748, '18/0051', 1, NULL, NULL, NULL, 0, NULL, 10, '2018-03-13 12:58:01', '2018-04-01', '2018-03-27', '2018-05-03 07:31:22', 1, 0.00000000, NULL, NULL, 0, NULL, NULL, 1234.80000000, 0.00000000, 0.00000000, 0.00000000, 5880.00000000, 7114.80000000, 2, 3, 3, NULL, NULL, NULL, NULL, 4, 2, '2018-05-31', NULL, NULL, 'addapta', NULL, NULL),
(751, '18/0077', 1, NULL, NULL, NULL, 0, NULL, 159, '2018-03-20 15:12:54', '2018-06-01', '2018-06-20', '2018-06-22 08:11:47', 1, 0.00000000, NULL, NULL, 0, NULL, NULL, 227.85000000, 0.00000000, 0.00000000, 0.00000000, 1085.00000000, 1312.85000000, 2, 3, 3, NULL, NULL, NULL, NULL, 1, 2, '2018-06-01', NULL, NULL, 'addapta', NULL, NULL),
(752, '18/0036', 1, NULL, NULL, NULL, 0, NULL, 198, '2018-03-20 18:11:08', '2018-03-20', '2018-03-20', '2018-04-03 08:33:13', 1, 0.00000000, NULL, NULL, 0, NULL, NULL, 76.65000000, 0.00000000, 0.00000000, 0.00000000, 365.00000000, 441.65000000, 2, 3, 3, NULL, NULL, NULL, NULL, 1, 2, '2018-03-20', NULL, NULL, 'addapta', NULL, NULL),
(753, '18/0037', 1, NULL, NULL, NULL, 0, NULL, 27, '2018-03-26 12:50:48', '2018-04-10', '2018-04-09', '2018-04-17 07:47:07', 1, 0.00000000, NULL, NULL, 0, NULL, NULL, 31.71000000, 0.00000000, 0.00000000, 0.00000000, 151.00000000, 182.71000000, 2, 3, 3, NULL, NULL, NULL, NULL, 1, 2, '2018-04-10', NULL, NULL, 'addapta', NULL, NULL),
(754, '18/0039', 1, NULL, NULL, NULL, 2, NULL, 35, '2018-03-27 11:24:45', '2018-03-31', '2018-03-27', '2018-03-27 09:26:41', 1, 0.00000000, NULL, NULL, 0, NULL, NULL, -804.01000000, 0.00000000, 0.00000000, 0.00000000, -3828.60000000, -4632.61000000, 2, 3, 3, 708, NULL, NULL, NULL, 0, 3, '2018-03-31', NULL, NULL, 'addapta', NULL, NULL),
(755, '18/0040', 1, NULL, NULL, NULL, 2, NULL, 35, '2018-03-27 11:28:35', '2018-03-31', '2018-03-27', '2018-03-27 09:26:41', 1, 0.00000000, NULL, NULL, 0, NULL, NULL, -36.75000000, 0.00000000, 0.00000000, 0.00000000, -175.00000000, -211.75000000, 2, 3, 3, 688, NULL, NULL, NULL, 0, 3, '2018-03-31', NULL, NULL, 'addapta', NULL, NULL),
(756, '18/0041', 1, NULL, NULL, NULL, 2, NULL, 35, '2018-03-27 11:29:01', '2018-03-31', '2018-03-27', '2018-03-27 09:26:41', 1, 0.00000000, NULL, NULL, 0, NULL, NULL, -804.01000000, 0.00000000, 0.00000000, 0.00000000, -3828.60000000, -4632.61000000, 2, 3, 3, 721, NULL, NULL, NULL, 0, 3, '2018-03-31', NULL, NULL, 'addapta', NULL, NULL),
(757, '18/0042', 1, NULL, NULL, NULL, 0, NULL, 35, '2018-03-27 11:32:28', '2018-04-01', '2018-03-27', '2018-08-07 11:56:59', 1, 0.00000000, NULL, NULL, 0, NULL, NULL, 804.01000000, 0.00000000, 0.00000000, 0.00000000, 3828.60000000, 4632.61000000, 2, 3, 3, NULL, NULL, NULL, NULL, 1, 3, '2018-04-01', NULL, NULL, 'addapta', NULL, NULL),
(758, '18/0043', 1, NULL, NULL, NULL, 0, NULL, 35, '2018-03-27 11:33:06', '2018-04-01', '2018-03-27', '2018-05-02 11:19:39', 1, 0.00000000, NULL, NULL, 0, NULL, NULL, 36.75000000, 0.00000000, 0.00000000, 0.00000000, 175.00000000, 211.75000000, 2, 3, 3, NULL, NULL, NULL, NULL, 1, 3, '2018-04-01', NULL, NULL, 'addapta', NULL, NULL),
(759, '18/0044', 1, NULL, NULL, NULL, 0, NULL, 35, '2018-03-27 11:33:36', '2018-04-01', '2018-03-27', '2018-05-02 11:19:39', 1, 0.00000000, NULL, NULL, 0, NULL, NULL, 804.01000000, 0.00000000, 0.00000000, 0.00000000, 3828.60000000, 4632.61000000, 2, 3, 3, NULL, NULL, NULL, NULL, 1, 3, '2018-04-01', NULL, NULL, 'addapta', NULL, NULL),
(764, '18/0054', 1, NULL, NULL, NULL, 2, NULL, 10, '2018-04-05 15:36:39', '2018-04-30', '2018-05-03', '2018-05-03 12:52:44', 1, 0.00000000, NULL, NULL, 0, NULL, NULL, -3.64000000, 0.00000000, 0.00000000, 0.00000000, -17.31000000, -20.95000000, 2, 3, 3, 727, NULL, NULL, NULL, 0, 4, '2018-03-01', NULL, NULL, 'addapta', NULL, NULL),
(765, '18/0114', 1, NULL, NULL, NULL, 0, NULL, 54, '2018-04-18 18:12:01', '2018-08-01', '2018-08-07', '2018-08-22 10:18:53', 1, 0.00000000, NULL, NULL, 0, NULL, NULL, 28.35000000, 0.00000000, 0.00000000, 0.00000000, 135.00000000, 163.35000000, 2, 3, 3, NULL, NULL, NULL, NULL, 1, 2, '2018-08-01', NULL, NULL, 'addapta', NULL, NULL),
(766, '18/0056', 1, NULL, NULL, NULL, 0, NULL, 5, '2018-04-26 17:58:23', '2018-05-01', '2018-04-27', '2018-05-02 07:09:56', 1, 0.00000000, NULL, NULL, 0, NULL, NULL, 23.08000000, 0.00000000, 0.00000000, 0.00000000, 109.90000000, 132.98000000, 2, 3, 3, NULL, NULL, NULL, NULL, 1, 2, '2018-05-01', NULL, NULL, 'addapta', NULL, NULL),
(767, '18/0063', 1, NULL, NULL, NULL, 0, NULL, 10, '2018-04-26 18:04:12', '2018-05-01', '2018-04-27', '2018-05-23 05:34:58', 1, 0.00000000, NULL, NULL, 0, NULL, NULL, 779.52000000, 0.00000000, 0.00000000, 0.00000000, 3712.00000000, 4491.52000000, 2, 3, 3, NULL, NULL, NULL, NULL, 4, 2, '2018-06-30', NULL, NULL, 'addapta', NULL, NULL),
(768, '18/0064', 1, NULL, NULL, NULL, 0, NULL, 10, '2018-04-26 18:05:49', '2018-05-01', '2018-04-27', '2018-05-23 05:35:39', 1, 0.00000000, NULL, NULL, 0, NULL, NULL, 1176.00000000, 0.00000000, 0.00000000, 0.00000000, 5600.00000000, 6776.00000000, 2, 3, 3, NULL, NULL, NULL, NULL, 4, 2, '2018-06-30', NULL, NULL, 'addapta', NULL, NULL),
(769, '18/0065', 1, NULL, NULL, NULL, 0, NULL, 91, '2018-04-26 18:06:48', '2018-05-01', '2018-04-30', '2018-05-11 08:06:45', 1, 0.00000000, NULL, NULL, 0, NULL, NULL, 774.90000000, 0.00000000, 0.00000000, 0.00000000, 3690.00000000, 4464.90000000, 2, 3, 3, NULL, NULL, NULL, NULL, 1, 2, '2018-05-01', NULL, NULL, 'addapta', NULL, NULL),
(770, '18/0066', 1, NULL, NULL, NULL, 0, NULL, 91, '2018-04-26 18:07:50', '2018-05-01', '2018-04-30', '2018-05-11 08:06:45', 1, 0.00000000, NULL, NULL, 0, NULL, NULL, 1422.23000000, 0.00000000, 0.00000000, 0.00000000, 6772.50000000, 8194.73000000, 2, 3, 3, NULL, NULL, NULL, NULL, 1, 2, '2018-05-01', NULL, NULL, 'addapta', NULL, NULL),
(771, '18/0057', 1, NULL, NULL, NULL, 0, NULL, 6, '2018-04-26 18:10:00', '2018-05-01', '2018-04-27', '2018-07-20 13:18:54', 1, 0.00000000, NULL, NULL, 0, NULL, NULL, 46.29000000, 0.00000000, 0.00000000, 0.00000000, 220.45000000, 266.74000000, 2, 3, 3, NULL, NULL, NULL, NULL, 4, 2, '2018-06-30', NULL, NULL, 'addapta', NULL, NULL),
(772, '18/0058', 1, NULL, NULL, NULL, 0, NULL, 1, '2018-04-26 18:10:59', '2018-05-01', '2018-04-27', '2018-05-02 07:09:56', 1, 0.00000000, NULL, NULL, 0, NULL, NULL, 36.95000000, 0.00000000, 0.00000000, 0.00000000, 175.95000000, 212.90000000, 2, 3, 3, NULL, NULL, NULL, NULL, 1, 3, '2018-05-01', NULL, NULL, 'addapta', NULL, NULL),
(773, '18/0059', 1, NULL, NULL, NULL, 0, NULL, 9, '2018-04-26 18:12:08', '2018-05-01', '2018-04-27', '2018-05-07 10:59:20', 1, 0.00000000, NULL, NULL, 0, NULL, NULL, 59.36000000, 0.00000000, 0.00000000, 0.00000000, 282.65000000, 342.01000000, 2, 3, 3, NULL, NULL, NULL, NULL, 1, 2, '2018-05-01', NULL, NULL, 'addapta', NULL, NULL),
(774, '18/0060', 1, NULL, NULL, NULL, 0, NULL, 8, '2018-04-26 18:12:49', '2018-05-01', '2018-04-27', '2018-05-29 15:40:53', 1, 0.00000000, NULL, NULL, 0, NULL, NULL, 269.87000000, 0.00000000, 0.00000000, 0.00000000, 1285.05000000, 1554.92000000, 2, 3, 3, NULL, NULL, NULL, NULL, 2, 2, '2018-05-31', NULL, NULL, 'addapta', NULL, NULL),
(775, '18/0067', 1, NULL, NULL, NULL, 0, NULL, 35, '2018-04-26 18:21:42', '2018-05-31', '2018-05-14', '2018-08-07 11:56:59', 1, 0.00000000, NULL, NULL, 0, NULL, NULL, 552.64000000, 0.00000000, 0.00000000, 0.00000000, 2631.60000000, 3184.24000000, 2, 3, 3, NULL, NULL, NULL, NULL, 1, 3, '2018-05-31', NULL, NULL, 'addapta', NULL, NULL),
(777, '18/0061', 1, NULL, NULL, NULL, 2, NULL, 10, '2018-04-27 14:15:13', '2018-05-31', '2018-05-02', '2018-05-03 12:55:26', 1, 0.00000000, NULL, NULL, 0, NULL, NULL, -3.97000000, 0.00000000, 0.00000000, 0.00000000, -18.90000000, -22.87000000, 2, 3, 3, 739, NULL, NULL, NULL, 0, 2, '2018-04-01', NULL, NULL, 'addapta', NULL, NULL),
(778, '18/0062', 1, NULL, NULL, NULL, 2, NULL, 10, '2018-04-27 14:21:22', '2018-05-31', '2018-05-02', '2018-05-03 12:55:26', 1, 0.00000000, NULL, NULL, 0, NULL, NULL, -5.99000000, 0.00000000, 0.00000000, 0.00000000, -28.51000000, -34.50000000, 2, 3, 3, 748, NULL, NULL, NULL, 0, 2, '2018-04-01', NULL, NULL, 'addapta', NULL, NULL),
(779, '18/0071', 1, NULL, NULL, NULL, 0, NULL, 5, '2018-05-02 13:45:57', '2018-06-01', '2018-05-28', '2018-06-06 08:08:59', 1, 0.00000000, NULL, NULL, 0, NULL, NULL, 25.58000000, 0.00000000, 0.00000000, 0.00000000, 121.80000000, 147.38000000, 2, 3, 3, NULL, NULL, NULL, NULL, 1, 2, '2018-06-01', NULL, NULL, 'addapta', NULL, NULL),
(782, '18/0068', 1, NULL, NULL, NULL, 2, NULL, 10, '2018-05-18 16:28:40', '2018-05-31', '2018-05-18', '2018-05-23 05:30:32', 1, 0.00000000, NULL, NULL, 0, NULL, NULL, -4.21000000, 0.00000000, 0.00000000, 0.00000000, -20.06000000, -24.27000000, 2, 3, 3, 767, NULL, NULL, NULL, 0, 2, '2018-05-31', NULL, NULL, 'addapta', NULL, NULL),
(784, '18/0069', 1, NULL, NULL, NULL, 2, NULL, 10, '2018-05-18 16:35:31', '2018-05-31', '2018-05-18', '2018-05-23 05:30:01', 1, 0.00000000, NULL, NULL, 0, NULL, NULL, -6.36000000, 0.00000000, 0.00000000, 0.00000000, -30.26000000, -36.62000000, 2, 3, 3, 768, NULL, NULL, NULL, 0, 2, '2018-05-31', NULL, NULL, 'addapta', NULL, NULL),
(785, '18/0075', 1, NULL, NULL, NULL, 0, NULL, 8, '2018-05-24 16:24:07', '2018-06-01', '2018-05-28', '2018-07-02 06:52:07', 1, 0.00000000, NULL, NULL, 0, NULL, NULL, 269.87000000, 0.00000000, 0.00000000, 0.00000000, 1285.05000000, 1554.92000000, 2, 3, 3, NULL, NULL, NULL, NULL, 2, 2, '2018-07-01', NULL, NULL, 'addapta', NULL, NULL),
(786, '18/0076', 1, NULL, NULL, NULL, 0, NULL, 8, '2018-05-24 16:24:35', '2018-06-01', '2018-05-28', '2018-07-02 06:52:07', 1, 0.00000000, NULL, NULL, 0, NULL, NULL, 264.60000000, 0.00000000, 0.00000000, 0.00000000, 1260.00000000, 1524.60000000, 2, 3, 3, NULL, NULL, NULL, NULL, 2, 2, '2018-07-01', NULL, NULL, 'addapta', NULL, NULL),
(787, '18/0078', 1, NULL, NULL, NULL, 0, NULL, 10, '2018-05-24 17:30:06', '2018-06-01', '2018-06-01', '2018-06-14 10:53:32', 1, 0.00000000, NULL, NULL, 0, NULL, NULL, 818.50000000, 0.00000000, 0.00000000, 0.00000000, 3897.60000000, 4716.10000000, 2, 3, 3, NULL, NULL, NULL, NULL, 4, 2, '2018-07-31', NULL, NULL, 'addapta', NULL, NULL),
(788, '18/0079', 1, NULL, NULL, NULL, 0, NULL, 10, '2018-05-24 17:30:31', '2018-06-01', '2018-06-01', '2018-06-14 10:53:32', 1, 0.00000000, NULL, NULL, 0, NULL, NULL, 1234.80000000, 0.00000000, 0.00000000, 0.00000000, 5880.00000000, 7114.80000000, 2, 3, 3, NULL, NULL, NULL, NULL, 4, 2, '2018-07-31', NULL, NULL, 'addapta', NULL, NULL);
