INSERT INTO `b65362949_bank_url` (`rowid`, `fk_bank`, `url_id`, `url`, `label`, `type`) VALUES
(4249, 2839, 16, '/B65362949/htdocs/fourn/fiche.php?socid=', 'Orange Spagne, S.A.U.', 'company'),
(4250, 2840, 704, '/B65362949/htdocs/fourn/paiement/fiche.php?id=', '(paiement)', 'payment_supplier'),
(4251, 2840, 16, '/B65362949/htdocs/fourn/fiche.php?socid=', 'Orange Spagne, S.A.U.', 'company'),
(4252, 2841, 705, '/B65362949/htdocs/fourn/paiement/fiche.php?id=', '(paiement)', 'payment_supplier'),
(4253, 2841, 16, '/B65362949/htdocs/fourn/fiche.php?socid=', 'Orange Spagne, S.A.U.', 'company'),
(4254, 2842, 706, '/B65362949/htdocs/fourn/paiement/fiche.php?id=', '(paiement)', 'payment_supplier'),
(4255, 2842, 16, '/B65362949/htdocs/fourn/fiche.php?socid=', 'Orange Spagne, S.A.U.', 'company'),
(4256, 2843, 496, '/B65362949/htdocs/compta/paiement/fiche.php?id=', '(paiement)', 'payment'),
(4257, 2843, 91, '/B65362949/htdocs/comm/fiche.php?socid=', 'GRUPO GENERALI ESPAÑA, Agrupación de Interés Económico', 'company'),
(4258, 2844, 707, '/B65362949/htdocs/fourn/paiement/fiche.php?id=', '(paiement)', 'payment_supplier'),
(4259, 2844, 13, '/B65362949/htdocs/fourn/fiche.php?socid=', 'TIC AND TAG CONSULTORIA, S.L.', 'company'),
(4260, 2845, 708, '/B65362949/htdocs/fourn/paiement/fiche.php?id=', '(paiement)', 'payment_supplier'),
(4261, 2845, 13, '/B65362949/htdocs/fourn/fiche.php?socid=', 'TIC AND TAG CONSULTORIA, S.L.', 'company'),
(4262, 2846, 709, '/B65362949/htdocs/fourn/paiement/fiche.php?id=', '(paiement)', 'payment_supplier'),
(4263, 2846, 13, '/B65362949/htdocs/fourn/fiche.php?socid=', 'TIC AND TAG CONSULTORIA, S.L.', 'company'),
(4264, 2847, 354, '/B65362949/htdocs/compta/payment_sc/fiche.php?id=', '(paiement)', 'payment_sc'),
(4265, 2847, 378, '/B65362949/htdocs/compta/charges.php?id=', 'S.S. Reg. General', 'sc'),
(4266, 2848, 355, '/B65362949/htdocs/compta/payment_sc/fiche.php?id=', '(paiement)', 'payment_sc'),
(4267, 2848, 379, '/B65362949/htdocs/compta/charges.php?id=', 'S.S. Reg. Autónomos (José Manuel Valle Llamas)', 'sc'),
(4268, 2849, 356, '/B65362949/htdocs/compta/payment_sc/fiche.php?id=', '(paiement)', 'payment_sc'),
(4269, 2849, 380, '/B65362949/htdocs/compta/charges.php?id=', 'S.S. Reg. Autónomos (Sergio García Martínez)', 'sc'),
(4270, 2850, 208, '/B65362949/htdocs/compta/salaries/fiche.php?id=', '(SalaryPayment)', 'payment_salary'),
(4271, 2850, 2, '/B65362949/htdocs/user/fiche.php?id=', 'Pago de salario Sergio Garcia Martinez 2018-02-01 2018-02-28', '(User)'),
(4272, 2851, 209, '/B65362949/htdocs/compta/salaries/fiche.php?id=', '(SalaryPayment)', 'payment_salary'),
(4273, 2851, 3, '/B65362949/htdocs/user/fiche.php?id=', 'Pago de salario José Manuel Valle Llamas 2018-02-01 2018-02-28', '(User)'),
(4274, 2852, 210, '/B65362949/htdocs/compta/salaries/fiche.php?id=', '(SalaryPayment)', 'payment_salary'),
(4275, 2852, 8, '/B65362949/htdocs/user/fiche.php?id=', 'Pago de salario David Alcalde Repullo 2018-02-01 2018-02-28', '(User)'),
(4276, 2853, 211, '/B65362949/htdocs/compta/salaries/fiche.php?id=', '(SalaryPayment)', 'payment_salary'),
(4277, 2853, 15, '/B65362949/htdocs/user/fiche.php?id=', 'Pago de salario Carles Rovira Quintana 2018-02-01 2018-02-28', '(User)'),
(4278, 2854, 212, '/B65362949/htdocs/compta/salaries/fiche.php?id=', '(SalaryPayment)', 'payment_salary'),
(4279, 2854, 17, '/B65362949/htdocs/user/fiche.php?id=', 'Pago de salario Raúl Solorzano Navarro 2018-02-01 2018-02-28', '(User)'),
(4280, 2855, 497, '/B65362949/htdocs/compta/paiement/fiche.php?id=', '(paiement)', 'payment'),
(4281, 2856, 710, '/B65362949/htdocs/fourn/paiement/fiche.php?id=', '(paiement)', 'payment_supplier'),
(4282, 2856, 162, '/B65362949/htdocs/fourn/fiche.php?socid=', 'AECSA APARCAMIENTOS ESTELA CASANOVAS S.L.', 'company'),
(4283, 2857, 20, '/B65362949/htdocs/compta/tva/fiche.php?id=', '(VATPayment)', 'payment_vat'),
(4284, 2858, 21, '/B65362949/htdocs/compta/tva/fiche.php?id=', '(VATPayment)', 'payment_vat'),
(4285, 2859, 22, '/B65362949/htdocs/compta/tva/fiche.php?id=', '(VATPayment)', 'payment_vat'),
(4286, 2860, 498, '/B65362949/htdocs/compta/paiement/fiche.php?id=', '(paiement)', 'payment'),
(4287, 2860, 9, '/B65362949/htdocs/comm/fiche.php?socid=', 'BRILLIANT IBÉRICA, S.L.', 'company'),
(4288, 2861, 499, '/B65362949/htdocs/compta/paiement/fiche.php?id=', '(paiement)', 'payment'),
(4289, 2861, 27, '/B65362949/htdocs/comm/fiche.php?socid=', 'CHATARRAS R. GARCIA, S.A.U.', 'company'),
(4290, 2862, 711, '/B65362949/htdocs/fourn/paiement/fiche.php?id=', '(paiement)', 'payment_supplier'),
(4291, 2862, 50, '/B65362949/htdocs/fourn/fiche.php?socid=', 'BanSabadell Renting, SL', 'company'),
(4292, 2863, 500, '/B65362949/htdocs/compta/paiement/fiche.php?id=', '(paiement)', 'payment'),
(4293, 2863, 8, '/B65362949/htdocs/comm/fiche.php?socid=', 'Kawasaki Motors Europe NV', 'company'),
(4294, 2864, 712, '/B65362949/htdocs/fourn/paiement/fiche.php?id=', '(paiement)', 'payment_supplier'),
(4295, 2864, 195, '/B65362949/htdocs/fourn/fiche.php?socid=', 'José Antonio Camacho  Martínez', 'company'),
(4296, 2865, 501, '/B65362949/htdocs/compta/paiement/fiche.php?id=', '(paiement)', 'payment'),
(4297, 2866, 713, '/B65362949/htdocs/fourn/paiement/fiche.php?id=', '(paiement)', 'payment_supplier'),
(4298, 2866, 30, '/B65362949/htdocs/fourn/fiche.php?socid=', 'SOLRED, S.A.', 'company'),
(4299, 2867, 714, '/B65362949/htdocs/fourn/paiement/fiche.php?id=', '(paiement)', 'payment_supplier'),
(4300, 2867, 138, '/B65362949/htdocs/fourn/fiche.php?socid=', 'ACENS TECHNOLOGIES SL', 'company'),
(4301, 2868, 715, '/B65362949/htdocs/fourn/paiement/fiche.php?id=', '(paiement)', 'payment_supplier'),
(4302, 2868, 138, '/B65362949/htdocs/fourn/fiche.php?socid=', 'ACENS TECHNOLOGIES SL', 'company'),
(4303, 2869, 502, '/B65362949/htdocs/compta/paiement/fiche.php?id=', '(paiement)', 'payment'),
(4304, 2870, 503, '/B65362949/htdocs/compta/paiement/fiche.php?id=', '(paiement)', 'payment'),
(4305, 2870, 9, '/B65362949/htdocs/comm/fiche.php?socid=', 'BRILLIANT IBÉRICA, S.L.', 'company'),
(4306, 2871, 716, '/B65362949/htdocs/fourn/paiement/fiche.php?id=', '(paiement)', 'payment_supplier'),
(4307, 2871, 144, '/B65362949/htdocs/fourn/fiche.php?socid=', 'ASSESSORIA CATAFAL, S.L.', 'company'),
(4308, 2872, 717, '/B65362949/htdocs/fourn/paiement/fiche.php?id=', '(paiement)', 'payment_supplier'),
(4309, 2872, 19, '/B65362949/htdocs/fourn/fiche.php?socid=', 'Viva Aqua Service Spain, S.A.', 'company'),
(4310, 2873, 718, '/B65362949/htdocs/fourn/paiement/fiche.php?id=', '(paiement)', 'payment_supplier'),
(4311, 2873, 145, '/B65362949/htdocs/fourn/fiche.php?socid=', 'ADAMO TELECOM IBERIA S.A,', 'company'),
(4312, 2874, 719, '/B65362949/htdocs/fourn/paiement/fiche.php?id=', '(paiement)', 'payment_supplier'),
(4313, 2874, 18, '/B65362949/htdocs/fourn/fiche.php?socid=', 'CINC BUSINESS CENTER, S.L.', 'company'),
(4314, 2875, 720, '/B65362949/htdocs/fourn/paiement/fiche.php?id=', '(paiement)', 'payment_supplier'),
(4315, 2875, 172, '/B65362949/htdocs/fourn/fiche.php?socid=', 'Banco de Sabadell, S.A.', 'company'),
(4316, 2876, 504, '/B65362949/htdocs/compta/paiement/fiche.php?id=', '(paiement)', 'payment'),
(4317, 2876, 35, '/B65362949/htdocs/comm/fiche.php?socid=', 'Egregia Activos, SL', 'company'),
(4318, 2877, 505, '/B65362949/htdocs/compta/paiement/fiche.php?id=', '(paiement)', 'payment'),
(4319, 2877, 35, '/B65362949/htdocs/comm/fiche.php?socid=', 'Egregia Activos, SL', 'company'),
(4320, 2878, 721, '/B65362949/htdocs/fourn/paiement/fiche.php?id=', '(paiement)', 'payment_supplier'),
(4321, 2878, 16, '/B65362949/htdocs/fourn/fiche.php?socid=', 'Orange Spagne, S.A.U.', 'company'),
(4322, 2879, 722, '/B65362949/htdocs/fourn/paiement/fiche.php?id=', '(paiement)', 'payment_supplier'),
(4323, 2879, 16, '/B65362949/htdocs/fourn/fiche.php?socid=', 'Orange Spagne, S.A.U.', 'company'),
(4324, 2880, 506, '/B65362949/htdocs/compta/paiement/fiche.php?id=', '(paiement)', 'payment'),
(4325, 2880, 6, '/B65362949/htdocs/comm/fiche.php?socid=', 'ARTEMI NOLLA GRUP GESTIÓ DE RESTAURANTS, S.L.', 'company'),
(4326, 2881, 507, '/B65362949/htdocs/compta/paiement/fiche.php?id=', '(paiement)', 'payment'),
(4327, 2881, 35, '/B65362949/htdocs/comm/fiche.php?socid=', 'Egregia Activos, SL', 'company'),
(4328, 2882, 508, '/B65362949/htdocs/compta/paiement/fiche.php?id=', '(paiement)', 'payment'),
(4329, 2882, 8, '/B65362949/htdocs/comm/fiche.php?socid=', 'Kawasaki Motors Europe NV', 'company'),
(4330, 2883, 2884, '/B65362949/htdocs/compta/bank/ligne.php?rowid=', '(banktransfert)', 'banktransfert'),
(4331, 2884, 2883, '/B65362949/htdocs/compta/bank/ligne.php?rowid=', '(banktransfert)', 'banktransfert'),
(4332, 2885, 509, '/B65362949/htdocs/compta/paiement/fiche.php?id=', '(paiement)', 'payment'),
(4333, 2885, 35, '/B65362949/htdocs/comm/fiche.php?socid=', 'Egregia Activos, SL', 'company'),
(4334, 2886, 510, '/B65362949/htdocs/compta/paiement/fiche.php?id=', '(paiement)', 'payment'),
(4335, 2886, 35, '/B65362949/htdocs/comm/fiche.php?socid=', 'Egregia Activos, SL', 'company'),
(4336, 2887, 723, '/B65362949/htdocs/fourn/paiement/fiche.php?id=', '(paiement)', 'payment_supplier'),
(4337, 2887, 13, '/B65362949/htdocs/fourn/fiche.php?socid=', 'TIC AND TAG CONSULTORIA, S.L.', 'company'),
(4338, 2888, 511, '/B65362949/htdocs/compta/paiement/fiche.php?id=', '(paiement)', 'payment'),
(4339, 2888, 91, '/B65362949/htdocs/comm/fiche.php?socid=', 'GRUPO GENERALI ESPAÑA, Agrupación de Interés Económico', 'company'),
(4340, 2889, 724, '/B65362949/htdocs/fourn/paiement/fiche.php?id=', '(paiement)', 'payment_supplier'),
(4341, 2889, 13, '/B65362949/htdocs/fourn/fiche.php?socid=', 'TIC AND TAG CONSULTORIA, S.L.', 'company'),
(4342, 2890, 725, '/B65362949/htdocs/fourn/paiement/fiche.php?id=', '(paiement)', 'payment_supplier'),
(4343, 2890, 144, '/B65362949/htdocs/fourn/fiche.php?socid=', 'ASSESSORIA CATAFAL, S.L.', 'company'),
(4344, 2891, 512, '/B65362949/htdocs/compta/paiement/fiche.php?id=', '(paiement)', 'payment'),
(4345, 2891, 10, '/B65362949/htdocs/comm/fiche.php?socid=', 'everis BPO S.L.', 'company'),
(4348, 2893, 513, '/B65362949/htdocs/compta/paiement/fiche.php?id=', '(paiement)', 'payment'),
(4349, 2893, 198, '/B65362949/htdocs/comm/fiche.php?socid=', 'COSMOS BRUSH SL', 'company'),
(4350, 2894, 514, '/B65362949/htdocs/compta/paiement/fiche.php?id=', '(paiement)', 'payment'),
(4351, 2895, 515, '/B65362949/htdocs/compta/paiement/fiche.php?id=', '(paiement)', 'payment'),
(4352, 2895, 10, '/B65362949/htdocs/comm/fiche.php?socid=', 'everis BPO S.L.', 'company'),
(4353, 2896, 727, '/B65362949/htdocs/fourn/paiement/fiche.php?id=', '(paiement)', 'payment_supplier'),
(4354, 2896, 13, '/B65362949/htdocs/fourn/fiche.php?socid=', 'TIC AND TAG CONSULTORIA, S.L.', 'company'),
(4355, 2897, 728, '/B65362949/htdocs/fourn/paiement/fiche.php?id=', '(paiement)', 'payment_supplier'),
(4356, 2897, 30, '/B65362949/htdocs/fourn/fiche.php?socid=', 'SOLRED, S.A.', 'company'),
(4357, 2898, 729, '/B65362949/htdocs/fourn/paiement/fiche.php?id=', '(paiement)', 'payment_supplier'),
(4358, 2898, 162, '/B65362949/htdocs/fourn/fiche.php?socid=', 'AECSA APARCAMIENTOS ESTELA CASANOVAS S.L.', 'company'),
(4359, 2899, 730, '/B65362949/htdocs/fourn/paiement/fiche.php?id=', '(paiement)', 'payment_supplier'),
(4360, 2899, 141, '/B65362949/htdocs/fourn/fiche.php?socid=', 'Transportes', 'company'),
(4361, 2900, 731, '/B65362949/htdocs/fourn/paiement/fiche.php?id=', '(paiement)', 'payment_supplier'),
(4362, 2900, 112, '/B65362949/htdocs/fourn/fiche.php?socid=', 'Parking', 'company'),
(4363, 2901, 732, '/B65362949/htdocs/fourn/paiement/fiche.php?id=', '(paiement)', 'payment_supplier'),
(4364, 2901, 141, '/B65362949/htdocs/fourn/fiche.php?socid=', 'Transportes', 'company'),
(4365, 2902, 733, '/B65362949/htdocs/fourn/paiement/fiche.php?id=', '(paiement)', 'payment_supplier'),
(4366, 2902, 112, '/B65362949/htdocs/fourn/fiche.php?socid=', 'Parking', 'company'),
(4367, 2903, 734, '/B65362949/htdocs/fourn/paiement/fiche.php?id=', '(paiement)', 'payment_supplier'),
(4368, 2903, 199, '/B65362949/htdocs/fourn/fiche.php?socid=', 'Repsol Comercial de Productos Petrolíferos, SA', 'company'),
(4369, 2904, 735, '/B65362949/htdocs/fourn/paiement/fiche.php?id=', '(paiement)', 'payment_supplier'),
(4370, 2904, 31, '/B65362949/htdocs/fourn/fiche.php?socid=', 'HOTEL GRILL ALCALA DE HENARES, S.L.', 'company'),
(4371, 2905, 736, '/B65362949/htdocs/fourn/paiement/fiche.php?id=', '(paiement)', 'payment_supplier'),
(4372, 2905, 184, '/B65362949/htdocs/fourn/fiche.php?socid=', 'Hotel Izán Trujillo', 'company'),
(4373, 2906, 737, '/B65362949/htdocs/fourn/paiement/fiche.php?id=', '(paiement)', 'payment_supplier'),
(4374, 2906, 186, '/B65362949/htdocs/fourn/fiche.php?socid=', 'Hotel Cristina', 'company'),
(4375, 2907, 738, '/B65362949/htdocs/fourn/paiement/fiche.php?id=', '(paiement)', 'payment_supplier'),
(4376, 2907, 111, '/B65362949/htdocs/fourn/fiche.php?socid=', 'Dietas', 'company'),
(4377, 2908, 739, '/B65362949/htdocs/fourn/paiement/fiche.php?id=', '(paiement)', 'payment_supplier'),
(4378, 2908, 19, '/B65362949/htdocs/fourn/fiche.php?socid=', 'Viva Aqua Service Spain, S.A.', 'company'),
(4379, 2909, 516, '/B65362949/htdocs/compta/paiement/fiche.php?id=', '(paiement)', 'payment'),
(4380, 2909, 9, '/B65362949/htdocs/comm/fiche.php?socid=', 'BRILLIANT IBÉRICA, S.L.', 'company'),
(4383, 2911, 518, '/B65362949/htdocs/compta/paiement/fiche.php?id=', '(paiement)', 'payment'),
(4384, 2911, 10, '/B65362949/htdocs/comm/fiche.php?socid=', 'everis BPO S.L.', 'company'),
(4385, 2912, 740, '/B65362949/htdocs/fourn/paiement/fiche.php?id=', '(paiement)', 'payment_supplier'),
(4386, 2912, 145, '/B65362949/htdocs/fourn/fiche.php?socid=', 'ADAMO TELECOM IBERIA S.A,', 'company'),
(4387, 2913, 213, '/B65362949/htdocs/compta/salaries/fiche.php?id=', '(SalaryPayment)', 'payment_salary'),
(4388, 2913, 15, '/B65362949/htdocs/user/fiche.php?id=', 'Pago de salario Carles Rovira Quintana 2018-03-01 2018-03-31', '(User)'),
(4389, 2914, 214, '/B65362949/htdocs/compta/salaries/fiche.php?id=', '(SalaryPayment)', 'payment_salary'),
(4390, 2914, 3, '/B65362949/htdocs/user/fiche.php?id=', 'Pago de salario José Manuel Valle Llamas 2018-03-01 2018-03-31', '(User)'),
(4391, 2915, 215, '/B65362949/htdocs/compta/salaries/fiche.php?id=', '(SalaryPayment)', 'payment_salary'),
(4392, 2915, 2, '/B65362949/htdocs/user/fiche.php?id=', 'Pago de salario Sergio Garcia Martinez 2018-03-01 2018-03-31', '(User)'),
(4393, 2916, 216, '/B65362949/htdocs/compta/salaries/fiche.php?id=', '(SalaryPayment)', 'payment_salary'),
(4394, 2916, 8, '/B65362949/htdocs/user/fiche.php?id=', 'Pago de salario David Alcalde Repullo 2018-03-01 2018-03-31', '(User)'),
(4395, 2917, 217, '/B65362949/htdocs/compta/salaries/fiche.php?id=', '(SalaryPayment)', 'payment_salary'),
(4396, 2917, 17, '/B65362949/htdocs/user/fiche.php?id=', 'Pago de salario Raúl Solorzano Navarro 2018-03-01 2018-03-31', '(User)'),
(4397, 2918, 357, '/B65362949/htdocs/compta/payment_sc/fiche.php?id=', '(paiement)', 'payment_sc'),
(4398, 2918, 387, '/B65362949/htdocs/compta/charges.php?id=', 'S.S. Reg. General', 'sc'),
(4399, 2919, 358, '/B65362949/htdocs/compta/payment_sc/fiche.php?id=', '(paiement)', 'payment_sc'),
(4400, 2919, 388, '/B65362949/htdocs/compta/charges.php?id=', 'S.S. Reg. Autónomos (José Manuel Valle Llamas)', 'sc'),
(4401, 2920, 359, '/B65362949/htdocs/compta/payment_sc/fiche.php?id=', '(paiement)', 'payment_sc'),
(4402, 2920, 389, '/B65362949/htdocs/compta/charges.php?id=', 'S.S. Reg. Autónomos (Sergio García Martínez)', 'sc'),
(4403, 2921, 741, '/B65362949/htdocs/fourn/paiement/fiche.php?id=', '(paiement)', 'payment_supplier'),
(4404, 2921, 167, '/B65362949/htdocs/fourn/fiche.php?socid=', 'Endesa', 'company'),
(4405, 2922, 742, '/B65362949/htdocs/fourn/paiement/fiche.php?id=', '(paiement)', 'payment_supplier'),
(4406, 2922, 18, '/B65362949/htdocs/fourn/fiche.php?socid=', 'CINC BUSINESS CENTER, S.L.', 'company'),
(4407, 2923, 743, '/B65362949/htdocs/fourn/paiement/fiche.php?id=', '(paiement)', 'payment_supplier'),
(4408, 2923, 50, '/B65362949/htdocs/fourn/fiche.php?socid=', 'BanSabadell Renting, SL', 'company'),
(4409, 2924, 744, '/B65362949/htdocs/fourn/paiement/fiche.php?id=', '(paiement)', 'payment_supplier'),
(4410, 2924, 144, '/B65362949/htdocs/fourn/fiche.php?socid=', 'ASSESSORIA CATAFAL, S.L.', 'company'),
(4411, 2925, 519, '/B65362949/htdocs/compta/paiement/fiche.php?id=', '(paiement)', 'payment'),
(4412, 2925, 27, '/B65362949/htdocs/comm/fiche.php?socid=', 'CHATARRAS R. GARCIA, S.A.U.', 'company'),
(4413, 2926, 520, '/B65362949/htdocs/compta/paiement/fiche.php?id=', '(paiement)', 'payment'),
(4414, 2926, 35, '/B65362949/htdocs/comm/fiche.php?socid=', 'Egregia Activos, SL', 'company'),
(4415, 2927, 521, '/B65362949/htdocs/compta/paiement/fiche.php?id=', '(paiement)', 'payment'),
(4416, 2927, 6, '/B65362949/htdocs/comm/fiche.php?socid=', 'ARTEMI NOLLA GRUP GESTIÓ DE RESTAURANTS, S.L.', 'company'),
(4417, 2928, 522, '/B65362949/htdocs/compta/paiement/fiche.php?id=', '(paiement)', 'payment'),
(4418, 2929, 523, '/B65362949/htdocs/compta/paiement/fiche.php?id=', '(paiement)', 'payment'),
(4419, 2929, 35, '/B65362949/htdocs/comm/fiche.php?socid=', 'Egregia Activos, SL', 'company'),
(4420, 2930, 524, '/B65362949/htdocs/compta/paiement/fiche.php?id=', '(paiement)', 'payment'),
(4421, 2930, 10, '/B65362949/htdocs/comm/fiche.php?socid=', 'everis BPO S.L.', 'company'),
(4422, 2931, 525, '/B65362949/htdocs/compta/paiement/fiche.php?id=', '(paiement)', 'payment'),
(4423, 2931, 10, '/B65362949/htdocs/comm/fiche.php?socid=', 'everis BPO S.L.', 'company'),
(4424, 2932, 526, '/B65362949/htdocs/compta/paiement/fiche.php?id=', '(paiement)', 'payment'),
(4425, 2932, 10, '/B65362949/htdocs/comm/fiche.php?socid=', 'everis BPO S.L.', 'company'),
(4426, 2933, 527, '/B65362949/htdocs/compta/paiement/fiche.php?id=', '(paiement)', 'payment'),
(4427, 2933, 10, '/B65362949/htdocs/comm/fiche.php?socid=', 'everis BPO S.L.', 'company'),
(4428, 2934, 745, '/B65362949/htdocs/fourn/paiement/fiche.php?id=', '(paiement)', 'payment_supplier'),
(4429, 2934, 19, '/B65362949/htdocs/fourn/fiche.php?socid=', 'Viva Aqua Service Spain, S.A.', 'company'),
(4430, 2935, 528, '/B65362949/htdocs/compta/paiement/fiche.php?id=', '(paiement)', 'payment'),
(4431, 2935, 10, '/B65362949/htdocs/comm/fiche.php?socid=', 'everis BPO S.L.', 'company'),
(4432, 2936, 529, '/B65362949/htdocs/compta/paiement/fiche.php?id=', '(paiement)', 'payment'),
(4433, 2936, 8, '/B65362949/htdocs/comm/fiche.php?socid=', 'Kawasaki Motors Europe NV', 'company'),
(4434, 2937, 530, '/B65362949/htdocs/compta/paiement/fiche.php?id=', '(paiement)', 'payment'),
(4435, 2937, 10, '/B65362949/htdocs/comm/fiche.php?socid=', 'everis BPO S.L.', 'company'),
(4436, 2938, 746, '/B65362949/htdocs/fourn/paiement/fiche.php?id=', '(paiement)', 'payment_supplier'),
(4437, 2938, 16, '/B65362949/htdocs/fourn/fiche.php?socid=', 'Orange Spagne, S.A.U.', 'company'),
(4438, 2939, 747, '/B65362949/htdocs/fourn/paiement/fiche.php?id=', '(paiement)', 'payment_supplier'),
(4439, 2939, 16, '/B65362949/htdocs/fourn/fiche.php?socid=', 'Orange Spagne, S.A.U.', 'company'),
(4440, 2940, 531, '/B65362949/htdocs/compta/paiement/fiche.php?id=', '(paiement)', 'payment'),
(4441, 2940, 35, '/B65362949/htdocs/comm/fiche.php?socid=', 'Egregia Activos, SL', 'company'),
(4442, 2941, 532, '/B65362949/htdocs/compta/paiement/fiche.php?id=', '(paiement)', 'payment'),
(4443, 2941, 9, '/B65362949/htdocs/comm/fiche.php?socid=', 'BRILLIANT IBÉRICA, S.L.', 'company'),
(4444, 2942, 533, '/B65362949/htdocs/compta/paiement/fiche.php?id=', '(paiement)', 'payment'),
(4445, 2942, 35, '/B65362949/htdocs/comm/fiche.php?socid=', 'Egregia Activos, SL', 'company'),
(4446, 2943, 748, '/B65362949/htdocs/fourn/paiement/fiche.php?id=', '(paiement)', 'payment_supplier'),
(4447, 2943, 195, '/B65362949/htdocs/fourn/fiche.php?socid=', 'José Antonio Camacho  Martínez', 'company'),
(4448, 2944, 218, '/B65362949/htdocs/compta/salaries/fiche.php?id=', '(SalaryPayment)', 'payment_salary'),
(4449, 2944, 3, '/B65362949/htdocs/user/fiche.php?id=', 'Pago de salario José Manuel Valle Llamas 2018-04-01 2018-04-30', '(User)'),
(4450, 2945, 219, '/B65362949/htdocs/compta/salaries/fiche.php?id=', '(SalaryPayment)', 'payment_salary'),
(4451, 2945, 2, '/B65362949/htdocs/user/fiche.php?id=', 'Pago de salario Sergio Garcia Martinez 2018-04-01 2018-04-30', '(User)'),
(4452, 2946, 220, '/B65362949/htdocs/compta/salaries/fiche.php?id=', '(SalaryPayment)', 'payment_salary'),
(4453, 2946, 8, '/B65362949/htdocs/user/fiche.php?id=', 'Pago de salario David Alcalde Repullo 2018-04-01 2018-04-30', '(User)'),
(4454, 2947, 221, '/B65362949/htdocs/compta/salaries/fiche.php?id=', '(SalaryPayment)', 'payment_salary'),
(4455, 2947, 15, '/B65362949/htdocs/user/fiche.php?id=', 'Pago de salario Carles Rovira Quintana 2018-04-01 2018-04-30', '(User)'),
(4456, 2948, 222, '/B65362949/htdocs/compta/salaries/fiche.php?id=', '(SalaryPayment)', 'payment_salary'),
(4457, 2948, 17, '/B65362949/htdocs/user/fiche.php?id=', 'Pago de salario Raúl Solorzano Navarro 2018-04-01 2018-04-30', '(User)'),
(4458, 2949, 360, '/B65362949/htdocs/compta/payment_sc/fiche.php?id=', '(paiement)', 'payment_sc'),
(4459, 2949, 395, '/B65362949/htdocs/compta/charges.php?id=', 'S.S. Reg. General', 'sc'),
(4460, 2950, 361, '/B65362949/htdocs/compta/payment_sc/fiche.php?id=', '(paiement)', 'payment_sc'),
(4461, 2950, 396, '/B65362949/htdocs/compta/charges.php?id=', 'S.S. Reg. Autónomos (José Manuel Valle Llamas)', 'sc'),
(4462, 2951, 362, '/B65362949/htdocs/compta/payment_sc/fiche.php?id=', '(paiement)', 'payment_sc'),
(4463, 2951, 397, '/B65362949/htdocs/compta/charges.php?id=', 'S.S. Reg. Autónomos (Sergio García Martínez)', 'sc'),
(4464, 2952, 749, '/B65362949/htdocs/fourn/paiement/fiche.php?id=', '(paiement)', 'payment_supplier'),
(4465, 2952, 195, '/B65362949/htdocs/fourn/fiche.php?socid=', 'José Antonio Camacho  Martínez', 'company'),
(4466, 2953, 363, '/B65362949/htdocs/compta/payment_sc/fiche.php?id=', '(paiement)', 'payment_sc'),
(4467, 2953, 373, '/B65362949/htdocs/compta/charges.php?id=', 'IRPF Reg. General (Carles Rovira Quinatna)', 'sc'),
(4468, 2954, 364, '/B65362949/htdocs/compta/payment_sc/fiche.php?id=', '(paiement)', 'payment_sc'),
(4469, 2954, 372, '/B65362949/htdocs/compta/charges.php?id=', 'IRPF Reg. General (David Alcalde Repullo)', 'sc'),
(4470, 2955, 365, '/B65362949/htdocs/compta/payment_sc/fiche.php?id=', '(paiement)', 'payment_sc'),
(4471, 2955, 371, '/B65362949/htdocs/compta/charges.php?id=', 'IRPF Reg. General (José Manuel Valle Llamas)', 'sc'),
(4472, 2956, 366, '/B65362949/htdocs/compta/payment_sc/fiche.php?id=', '(paiement)', 'payment_sc'),
(4473, 2956, 370, '/B65362949/htdocs/compta/charges.php?id=', 'IRPF Reg. General (Sergio García Martínez)', 'sc'),
(4474, 2957, 367, '/B65362949/htdocs/compta/payment_sc/fiche.php?id=', '(paiement)', 'payment_sc'),
(4475, 2957, 369, '/B65362949/htdocs/compta/charges.php?id=', 'IRPF Reg. General (José Antonio Camacho Martínez)', 'sc'),
(4476, 2958, 368, '/B65362949/htdocs/compta/payment_sc/fiche.php?id=', '(paiement)', 'payment_sc'),
(4477, 2958, 382, '/B65362949/htdocs/compta/charges.php?id=', 'IRPF Reg. General (José Manuel Valle Llamas)', 'sc'),
(4478, 2959, 369, '/B65362949/htdocs/compta/payment_sc/fiche.php?id=', '(paiement)', 'payment_sc'),
(4479, 2959, 381, '/B65362949/htdocs/compta/charges.php?id=', 'IRPF Reg. General (Sergio García Martínez)', 'sc'),
(4480, 2960, 370, '/B65362949/htdocs/compta/payment_sc/fiche.php?id=', '(paiement)', 'payment_sc'),
(4481, 2960, 385, '/B65362949/htdocs/compta/charges.php?id=', 'IRPF Reg. General (Raúl Solorzano Navarro)', 'sc'),
(4482, 2961, 371, '/B65362949/htdocs/compta/payment_sc/fiche.php?id=', '(paiement)', 'payment_sc'),
(4483, 2961, 384, '/B65362949/htdocs/compta/charges.php?id=', 'IRPF Reg. General (Carles Rovira Quinatna)', 'sc'),
(4484, 2962, 372, '/B65362949/htdocs/compta/payment_sc/fiche.php?id=', '(paiement)', 'payment_sc'),
(4485, 2962, 383, '/B65362949/htdocs/compta/charges.php?id=', 'IRPF Reg. General (David Alcalde Repullo)', 'sc'),
(4486, 2963, 373, '/B65362949/htdocs/compta/payment_sc/fiche.php?id=', '(paiement)', 'payment_sc'),
(4487, 2963, 394, '/B65362949/htdocs/compta/charges.php?id=', 'IRPF Reg. General (Raúl Solorzano Navarro)', 'sc'),
(4488, 2964, 374, '/B65362949/htdocs/compta/payment_sc/fiche.php?id=', '(paiement)', 'payment_sc'),
(4489, 2964, 393, '/B65362949/htdocs/compta/charges.php?id=', 'IRPF Reg. General (Carles Rovira Quinatna)', 'sc'),
(4490, 2965, 375, '/B65362949/htdocs/compta/payment_sc/fiche.php?id=', '(paiement)', 'payment_sc'),
(4491, 2965, 392, '/B65362949/htdocs/compta/charges.php?id=', 'IRPF Reg. General (David Alcalde Repullo)', 'sc'),
(4492, 2966, 376, '/B65362949/htdocs/compta/payment_sc/fiche.php?id=', '(paiement)', 'payment_sc'),
(4493, 2966, 391, '/B65362949/htdocs/compta/charges.php?id=', 'IRPF Reg. General (Sergio García Martínez)', 'sc'),
(4494, 2967, 377, '/B65362949/htdocs/compta/payment_sc/fiche.php?id=', '(paiement)', 'payment_sc'),
(4495, 2967, 390, '/B65362949/htdocs/compta/charges.php?id=', 'IRPF Reg. General (José Manuel Valle Llamas)', 'sc'),
(4496, 2968, 534, '/B65362949/htdocs/compta/paiement/fiche.php?id=', '(paiement)', 'payment'),
(4497, 2968, 91, '/B65362949/htdocs/comm/fiche.php?socid=', 'GRUPO GENERALI ESPAÑA, Agrupación de Interés Económico', 'company'),
(4498, 2969, 750, '/B65362949/htdocs/fourn/paiement/fiche.php?id=', '(paiement)', 'payment_supplier'),
(4499, 2969, 13, '/B65362949/htdocs/fourn/fiche.php?socid=', 'TIC AND TAG CONSULTORIA, S.L.', 'company'),
(4500, 2970, 751, '/B65362949/htdocs/fourn/paiement/fiche.php?id=', '(paiement)', 'payment_supplier'),
(4501, 2970, 13, '/B65362949/htdocs/fourn/fiche.php?socid=', 'TIC AND TAG CONSULTORIA, S.L.', 'company'),
(4502, 2971, 752, '/B65362949/htdocs/fourn/paiement/fiche.php?id=', '(paiement)', 'payment_supplier'),
(4503, 2971, 18, '/B65362949/htdocs/fourn/fiche.php?socid=', 'CINC BUSINESS CENTER, S.L.', 'company'),
(4504, 2972, 223, '/B65362949/htdocs/compta/salaries/fiche.php?id=', '(SalaryPayment)', 'payment_salary'),
(4505, 2972, 16, '/B65362949/htdocs/user/fiche.php?id=', 'Pago de salario Joan Cardenas 2018-03-01 2018-03-31', '(User)'),
(4506, 2973, 224, '/B65362949/htdocs/compta/salaries/fiche.php?id=', '(SalaryPayment)', 'payment_salary'),
(4507, 2973, 16, '/B65362949/htdocs/user/fiche.php?id=', 'Pago de salario Joan Cardenas 2018-04-01 2018-04-30', '(User)'),
(4508, 2974, 225, '/B65362949/htdocs/compta/salaries/fiche.php?id=', '(SalaryPayment)', 'payment_salary'),
(4509, 2974, 16, '/B65362949/htdocs/user/fiche.php?id=', 'Pago de salario Joan Cardenas 2018-02-01 2018-02-28', '(User)'),
(4512, 2976, 23, '/B65362949/htdocs/compta/tva/fiche.php?id=', '(VATPayment)', 'payment_vat'),
(4513, 2977, 24, '/B65362949/htdocs/compta/tva/fiche.php?id=', '(VATPayment)', 'payment_vat'),
(4514, 2978, 25, '/B65362949/htdocs/compta/tva/fiche.php?id=', '(VATPayment)', 'payment_vat'),
(4518, 2981, 753, '/B65362949/htdocs/fourn/paiement/fiche.php?id=', '(paiement)', 'payment_supplier'),
(4519, 2981, 30, '/B65362949/htdocs/fourn/fiche.php?socid=', 'SOLRED, S.A.', 'company'),
(4520, 2982, 754, '/B65362949/htdocs/fourn/paiement/fiche.php?id=', '(paiement)', 'payment_supplier'),
(4521, 2982, 144, '/B65362949/htdocs/fourn/fiche.php?socid=', 'ASSESSORIA CATAFAL, S.L.', 'company'),
(4522, 2983, 537, '/B65362949/htdocs/compta/paiement/fiche.php?id=', '(paiement)', 'payment'),
(4523, 2983, 6, '/B65362949/htdocs/comm/fiche.php?socid=', 'ARTEMI NOLLA GRUP GESTIÓ DE RESTAURANTS, S.L.', 'company'),
(4526, 2985, 539, '/B65362949/htdocs/compta/paiement/fiche.php?id=', '(paiement)', 'payment'),
(4527, 2985, 10, '/B65362949/htdocs/comm/fiche.php?socid=', 'everis BPO S.L.', 'company'),
(4528, 2986, 540, '/B65362949/htdocs/compta/paiement/fiche.php?id=', '(paiement)', 'payment'),
(4529, 2986, 10, '/B65362949/htdocs/comm/fiche.php?socid=', 'everis BPO S.L.', 'company'),
(4530, 2987, 541, '/B65362949/htdocs/compta/paiement/fiche.php?id=', '(paiement)', 'payment'),
(4531, 2987, 10, '/B65362949/htdocs/comm/fiche.php?socid=', 'everis BPO S.L.', 'company'),
(4532, 2988, 542, '/B65362949/htdocs/compta/paiement/fiche.php?id=', '(paiement)', 'payment'),
(4533, 2988, 10, '/B65362949/htdocs/comm/fiche.php?socid=', 'everis BPO S.L.', 'company'),
(4534, 2989, 543, '/B65362949/htdocs/compta/paiement/fiche.php?id=', '(paiement)', 'payment'),
(4535, 2989, 10, '/B65362949/htdocs/comm/fiche.php?socid=', 'everis BPO S.L.', 'company'),
(4536, 2990, 755, '/B65362949/htdocs/fourn/paiement/fiche.php?id=', '(paiement)', 'payment_supplier'),
(4537, 2990, 167, '/B65362949/htdocs/fourn/fiche.php?socid=', 'Endesa', 'company'),
(4538, 2991, 756, '/B65362949/htdocs/fourn/paiement/fiche.php?id=', '(paiement)', 'payment_supplier'),
(4539, 2991, 145, '/B65362949/htdocs/fourn/fiche.php?socid=', 'ADAMO TELECOM IBERIA S.A,', 'company'),
(4540, 2992, 757, '/B65362949/htdocs/fourn/paiement/fiche.php?id=', '(paiement)', 'payment_supplier'),
(4541, 2992, 50, '/B65362949/htdocs/fourn/fiche.php?socid=', 'BanSabadell Renting, SL', 'company'),
(4542, 2993, 544, '/B65362949/htdocs/compta/paiement/fiche.php?id=', '(paiement)', 'payment'),
(4543, 2993, 8, '/B65362949/htdocs/comm/fiche.php?socid=', 'Kawasaki Motors Europe NV', 'company'),
(4544, 2994, 758, '/B65362949/htdocs/fourn/paiement/fiche.php?id=', '(paiement)', 'payment_supplier'),
(4545, 2994, 13, '/B65362949/htdocs/fourn/fiche.php?socid=', 'TIC AND TAG CONSULTORIA, S.L.', 'company'),
(4546, 2995, 759, '/B65362949/htdocs/fourn/paiement/fiche.php?id=', '(paiement)', 'payment_supplier'),
(4547, 2995, 195, '/B65362949/htdocs/fourn/fiche.php?socid=', 'José Antonio Camacho  Martínez', 'company'),
(4548, 2996, 545, '/B65362949/htdocs/compta/paiement/fiche.php?id=', '(paiement)', 'payment'),
(4549, 2996, 9, '/B65362949/htdocs/comm/fiche.php?socid=', 'BRILLIANT IBÉRICA, S.L.', 'company'),
(4550, 2997, 546, '/B65362949/htdocs/compta/paiement/fiche.php?id=', '(paiement)', 'payment'),
(4551, 2998, 760, '/B65362949/htdocs/fourn/paiement/fiche.php?id=', '(paiement)', 'payment_supplier'),
(4552, 2998, 16, '/B65362949/htdocs/fourn/fiche.php?socid=', 'Orange Spagne, S.A.U.', 'company'),
(4553, 2999, 761, '/B65362949/htdocs/fourn/paiement/fiche.php?id=', '(paiement)', 'payment_supplier'),
(4554, 2999, 16, '/B65362949/htdocs/fourn/fiche.php?socid=', 'Orange Spagne, S.A.U.', 'company'),
(4555, 3000, 762, '/B65362949/htdocs/fourn/paiement/fiche.php?id=', '(paiement)', 'payment_supplier'),
(4556, 3000, 50, '/B65362949/htdocs/fourn/fiche.php?socid=', 'BanSabadell Renting, SL', 'company'),
(4557, 3002, 763, '/B65362949/htdocs/fourn/paiement/fiche.php?id=', '(paiement)', 'payment_supplier'),
(4558, 3002, 162, '/B65362949/htdocs/fourn/fiche.php?socid=', 'AECSA APARCAMIENTOS ESTELA CASANOVAS S.L.', 'company'),
(4559, 3003, 547, '/B65362949/htdocs/compta/paiement/fiche.php?id=', '(paiement)', 'payment'),
(4560, 3003, 10, '/B65362949/htdocs/comm/fiche.php?socid=', 'everis BPO S.L.', 'company'),
(4561, 3004, 548, '/B65362949/htdocs/compta/paiement/fiche.php?id=', '(paiement)', 'payment'),
(4562, 3004, 10, '/B65362949/htdocs/comm/fiche.php?socid=', 'everis BPO S.L.', 'company'),
(4563, 3005, 549, '/B65362949/htdocs/compta/paiement/fiche.php?id=', '(paiement)', 'payment'),
(4564, 3005, 10, '/B65362949/htdocs/comm/fiche.php?socid=', 'everis BPO S.L.', 'company'),
(4565, 3006, 550, '/B65362949/htdocs/compta/paiement/fiche.php?id=', '(paiement)', 'payment'),
(4566, 3006, 10, '/B65362949/htdocs/comm/fiche.php?socid=', 'everis BPO S.L.', 'company'),
(4567, 3007, 551, '/B65362949/htdocs/compta/paiement/fiche.php?id=', '(paiement)', 'payment'),
(4568, 3007, 10, '/B65362949/htdocs/comm/fiche.php?socid=', 'everis BPO S.L.', 'company'),
(4569, 3008, 552, '/B65362949/htdocs/compta/paiement/fiche.php?id=', '(paiement)', 'payment'),
(4570, 3008, 6, '/B65362949/htdocs/comm/fiche.php?socid=', 'ARTEMI NOLLA GRUP GESTIÓ DE RESTAURANTS, S.L.', 'company'),
(4571, 3009, 553, '/B65362949/htdocs/compta/paiement/fiche.php?id=', '(paiement)', 'payment'),
(4572, 3009, 159, '/B65362949/htdocs/comm/fiche.php?socid=', 'Anovo Ibérica Madrid, SL', 'company'),
(4573, 3010, 554, '/B65362949/htdocs/compta/paiement/fiche.php?id=', '(paiement)', 'payment'),
(4574, 3010, 179, '/B65362949/htdocs/comm/fiche.php?socid=', 'Gema E Santiago Garrido', 'company'),
(4575, 3011, 555, '/B65362949/htdocs/compta/paiement/fiche.php?id=', '(paiement)', 'payment'),
(4576, 3011, 27, '/B65362949/htdocs/comm/fiche.php?socid=', 'CHATARRAS R. GARCIA, S.A.U.', 'company'),
(4577, 3012, 764, '/B65362949/htdocs/fourn/paiement/fiche.php?id=', '(paiement)', 'payment_supplier'),
(4578, 3012, 16, '/B65362949/htdocs/fourn/fiche.php?socid=', 'Orange Spagne, S.A.U.', 'company'),
(4579, 3013, 765, '/B65362949/htdocs/fourn/paiement/fiche.php?id=', '(paiement)', 'payment_supplier'),
(4580, 3013, 16, '/B65362949/htdocs/fourn/fiche.php?socid=', 'Orange Spagne, S.A.U.', 'company'),
(4581, 3014, 766, '/B65362949/htdocs/fourn/paiement/fiche.php?id=', '(paiement)', 'payment_supplier'),
(4582, 3014, 13, '/B65362949/htdocs/fourn/fiche.php?socid=', 'TIC AND TAG CONSULTORIA, S.L.', 'company'),
(4583, 3015, 556, '/B65362949/htdocs/compta/paiement/fiche.php?id=', '(paiement)', 'payment'),
(4584, 3015, 91, '/B65362949/htdocs/comm/fiche.php?socid=', 'GRUPO GENERALI ESPAÑA, Agrupación de Interés Económico', 'company'),
(4585, 3016, 767, '/B65362949/htdocs/fourn/paiement/fiche.php?id=', '(paiement)', 'payment_supplier'),
(4586, 3016, 13, '/B65362949/htdocs/fourn/fiche.php?socid=', 'TIC AND TAG CONSULTORIA, S.L.', 'company'),
(4587, 3017, 768, '/B65362949/htdocs/fourn/paiement/fiche.php?id=', '(paiement)', 'payment_supplier'),
(4588, 3017, 195, '/B65362949/htdocs/fourn/fiche.php?socid=', 'José Antonio Camacho  Martínez', 'company'),
(4589, 3018, 557, '/B65362949/htdocs/compta/paiement/fiche.php?id=', '(paiement)', 'payment'),
(4590, 3018, 8, '/B65362949/htdocs/comm/fiche.php?socid=', 'Kawasaki Motors Europe NV', 'company'),
(4591, 3019, 769, '/B65362949/htdocs/fourn/paiement/fiche.php?id=', '(paiement)', 'payment_supplier'),
(4592, 3019, 167, '/B65362949/htdocs/fourn/fiche.php?socid=', 'Endesa', 'company'),
(4593, 3020, 558, '/B65362949/htdocs/compta/paiement/fiche.php?id=', '(paiement)', 'payment'),
(4594, 3021, 770, '/B65362949/htdocs/fourn/paiement/fiche.php?id=', '(paiement)', 'payment_supplier'),
(4595, 3021, 30, '/B65362949/htdocs/fourn/fiche.php?socid=', 'SOLRED, S.A.', 'company'),
(4596, 3022, 771, '/B65362949/htdocs/fourn/paiement/fiche.php?id=', '(paiement)', 'payment_supplier'),
(4597, 3022, 144, '/B65362949/htdocs/fourn/fiche.php?socid=', 'ASSESSORIA CATAFAL, S.L.', 'company'),
(4598, 3023, 559, '/B65362949/htdocs/compta/paiement/fiche.php?id=', '(paiement)', 'payment'),
(4599, 3023, 35, '/B65362949/htdocs/comm/fiche.php?socid=', 'Egregia Activos, SL', 'company'),
(4606, 3027, 230, '/B65362949/htdocs/compta/salaries/fiche.php?id=', '(SalaryPayment)', 'payment_salary'),
(4607, 3027, 8, '/B65362949/htdocs/user/fiche.php?id=', 'Pago de salario David Alcalde Repullo 2018-05-01 2018-05-31', '(User)'),
(4608, 3028, 231, '/B65362949/htdocs/compta/salaries/fiche.php?id=', '(SalaryPayment)', 'payment_salary'),
(4609, 3028, 15, '/B65362949/htdocs/user/fiche.php?id=', 'Pago de salario Carles Rovira Quintana 2018-05-01 2018-05-31', '(User)'),
(4610, 3029, 232, '/B65362949/htdocs/compta/salaries/fiche.php?id=', '(SalaryPayment)', 'payment_salary'),
(4611, 3029, 17, '/B65362949/htdocs/user/fiche.php?id=', 'Pago de salario Raúl Solorzano Navarro 2018-05-01 2018-05-31', '(User)'),
(4612, 3030, 233, '/B65362949/htdocs/compta/salaries/fiche.php?id=', '(SalaryPayment)', 'payment_salary'),
(4613, 3030, 8, '/B65362949/htdocs/user/fiche.php?id=', 'Pago de salario David Alcalde Repullo 2018-06-01 2018-06-30', '(User)'),
(4614, 3031, 234, '/B65362949/htdocs/compta/salaries/fiche.php?id=', '(SalaryPayment)', 'payment_salary'),
(4615, 3031, 15, '/B65362949/htdocs/user/fiche.php?id=', 'Pago de salario Carles Rovira Quintana 2018-06-01 2018-06-15', '(User)'),
(4616, 3032, 235, '/B65362949/htdocs/compta/salaries/fiche.php?id=', '(SalaryPayment)', 'payment_salary'),
(4617, 3032, 8, '/B65362949/htdocs/user/fiche.php?id=', 'Pago de salario David Alcalde Repullo 2018-06-01 2018-06-30', '(User)'),
(4618, 3033, 236, '/B65362949/htdocs/compta/salaries/fiche.php?id=', '(SalaryPayment)', 'payment_salary'),
(4619, 3033, 17, '/B65362949/htdocs/user/fiche.php?id=', 'Pago de salario Raúl Solorzano Navarro 2018-06-01 2018-06-30', '(User)'),
(4620, 3034, 772, '/B65362949/htdocs/fourn/paiement/fiche.php?id=', '(paiement)', 'payment_supplier'),
(4621, 3034, 18, '/B65362949/htdocs/fourn/fiche.php?socid=', 'CINC BUSINESS CENTER, S.L.', 'company'),
(4622, 3035, 773, '/B65362949/htdocs/fourn/paiement/fiche.php?id=', '(paiement)', 'payment_supplier'),
(4623, 3035, 30, '/B65362949/htdocs/fourn/fiche.php?socid=', 'SOLRED, S.A.', 'company'),
(4624, 3036, 560, '/B65362949/htdocs/compta/paiement/fiche.php?id=', '(paiement)', 'payment'),
(4625, 3037, 561, '/B65362949/htdocs/compta/paiement/fiche.php?id=', '(paiement)', 'payment'),
(4626, 3037, 9, '/B65362949/htdocs/comm/fiche.php?socid=', 'BRILLIANT IBÉRICA, S.L.', 'company'),
(4629, 3039, 379, '/B65362949/htdocs/compta/payment_sc/fiche.php?id=', '(paiement)', 'payment_sc'),
(4630, 3039, 406, '/B65362949/htdocs/compta/charges.php?id=', 'S.S. Reg. General', 'sc'),
(4631, 3040, 380, '/B65362949/htdocs/compta/payment_sc/fiche.php?id=', '(paiement)', 'payment_sc'),
(4632, 3040, 407, '/B65362949/htdocs/compta/charges.php?id=', 'S.S. Reg. General', 'sc'),
(4633, 3041, 381, '/B65362949/htdocs/compta/payment_sc/fiche.php?id=', '(paiement)', 'payment_sc'),
(4634, 3041, 408, '/B65362949/htdocs/compta/charges.php?id=', 'S.S. Reg. Autónomos (José Manuel Valle Llamas)', 'sc'),
(4635, 3042, 382, '/B65362949/htdocs/compta/payment_sc/fiche.php?id=', '(paiement)', 'payment_sc'),
(4636, 3042, 409, '/B65362949/htdocs/compta/charges.php?id=', 'S.S. Reg. Autónomos (Sergio García Martínez)', 'sc'),
(4637, 3043, 383, '/B65362949/htdocs/compta/payment_sc/fiche.php?id=', '(paiement)', 'payment_sc'),
(4638, 3043, 410, '/B65362949/htdocs/compta/charges.php?id=', 'S.S. Reg. Autónomos (José Manuel Valle Llamas)', 'sc'),
(4639, 3044, 384, '/B65362949/htdocs/compta/payment_sc/fiche.php?id=', '(paiement)', 'payment_sc'),
(4640, 3044, 411, '/B65362949/htdocs/compta/charges.php?id=', 'S.S. Reg. Autónomos (Sergio García Martínez)', 'sc'),
(4641, 3045, 385, '/B65362949/htdocs/compta/payment_sc/fiche.php?id=', '(paiement)', 'payment_sc'),
(4642, 3045, 386, '/B65362949/htdocs/compta/charges.php?id=', 'IRPF Reg. Autónomos (José Antonio Camacho Martínez)', 'sc'),
(4643, 3046, 774, '/B65362949/htdocs/fourn/paiement/fiche.php?id=', '(paiement)', 'payment_supplier'),
(4644, 3046, 111, '/B65362949/htdocs/fourn/fiche.php?socid=', 'Dietas', 'company'),
(4645, 3047, 775, '/B65362949/htdocs/fourn/paiement/fiche.php?id=', '(paiement)', 'payment_supplier'),
(4646, 3047, 20, '/B65362949/htdocs/fourn/fiche.php?socid=', 'Sociedad Estatal Correos y Telégrafos, S.A.', 'company'),
(4647, 3048, 776, '/B65362949/htdocs/fourn/paiement/fiche.php?id=', '(paiement)', 'payment_supplier'),
(4648, 3048, 20, '/B65362949/htdocs/fourn/fiche.php?socid=', 'Sociedad Estatal Correos y Telégrafos, S.A.', 'company'),
(4649, 3049, 777, '/B65362949/htdocs/fourn/paiement/fiche.php?id=', '(paiement)', 'payment_supplier'),
(4650, 3049, 110, '/B65362949/htdocs/fourn/fiche.php?socid=', 'Material Oficina - Varios', 'company'),
(4651, 3050, 778, '/B65362949/htdocs/fourn/paiement/fiche.php?id=', '(paiement)', 'payment_supplier'),
(4652, 3050, 110, '/B65362949/htdocs/fourn/fiche.php?socid=', 'Material Oficina - Varios', 'company'),
(4653, 3051, 779, '/B65362949/htdocs/fourn/paiement/fiche.php?id=', '(paiement)', 'payment_supplier'),
(4654, 3051, 110, '/B65362949/htdocs/fourn/fiche.php?socid=', 'Material Oficina - Varios', 'company'),
(4655, 3052, 780, '/B65362949/htdocs/fourn/paiement/fiche.php?id=', '(paiement)', 'payment_supplier'),
(4656, 3052, 110, '/B65362949/htdocs/fourn/fiche.php?socid=', 'Material Oficina - Varios', 'company'),
(4657, 3053, 781, '/B65362949/htdocs/fourn/paiement/fiche.php?id=', '(paiement)', 'payment_supplier'),
(4658, 3053, 110, '/B65362949/htdocs/fourn/fiche.php?socid=', 'Material Oficina - Varios', 'company'),
(4659, 3054, 562, '/B65362949/htdocs/compta/paiement/fiche.php?id=', '(paiement)', 'payment'),
(4660, 3054, 10, '/B65362949/htdocs/comm/fiche.php?socid=', 'everis BPO S.L.', 'company'),
(4661, 3055, 563, '/B65362949/htdocs/compta/paiement/fiche.php?id=', '(paiement)', 'payment'),
(4662, 3055, 10, '/B65362949/htdocs/comm/fiche.php?socid=', 'everis BPO S.L.', 'company'),
(4663, 3056, 564, '/B65362949/htdocs/compta/paiement/fiche.php?id=', '(paiement)', 'payment'),
(4664, 3056, 10, '/B65362949/htdocs/comm/fiche.php?socid=', 'everis BPO S.L.', 'company'),
(4665, 3057, 565, '/B65362949/htdocs/compta/paiement/fiche.php?id=', '(paiement)', 'payment'),
(4666, 3057, 10, '/B65362949/htdocs/comm/fiche.php?socid=', 'everis BPO S.L.', 'company'),
(4667, 3058, 782, '/B65362949/htdocs/fourn/paiement/fiche.php?id=', '(paiement)', 'payment_supplier'),
(4668, 3058, 18, '/B65362949/htdocs/fourn/fiche.php?socid=', 'CINC BUSINESS CENTER, S.L.', 'company'),
(4669, 3059, 566, '/B65362949/htdocs/compta/paiement/fiche.php?id=', '(paiement)', 'payment'),
(4670, 3059, 10, '/B65362949/htdocs/comm/fiche.php?socid=', 'everis BPO S.L.', 'company'),
(4671, 3060, 783, '/B65362949/htdocs/fourn/paiement/fiche.php?id=', '(paiement)', 'payment_supplier'),
(4672, 3060, 138, '/B65362949/htdocs/fourn/fiche.php?socid=', 'ACENS TECHNOLOGIES SL', 'company'),
(4673, 3061, 784, '/B65362949/htdocs/fourn/paiement/fiche.php?id=', '(paiement)', 'payment_supplier'),
(4674, 3061, 138, '/B65362949/htdocs/fourn/fiche.php?socid=', 'ACENS TECHNOLOGIES SL', 'company'),
(4675, 3062, 785, '/B65362949/htdocs/fourn/paiement/fiche.php?id=', '(paiement)', 'payment_supplier'),
(4676, 3062, 138, '/B65362949/htdocs/fourn/fiche.php?socid=', 'ACENS TECHNOLOGIES SL', 'company'),
(4677, 3063, 786, '/B65362949/htdocs/fourn/paiement/fiche.php?id=', '(paiement)', 'payment_supplier'),
(4678, 3063, 138, '/B65362949/htdocs/fourn/fiche.php?socid=', 'ACENS TECHNOLOGIES SL', 'company'),
(4679, 3064, 787, '/B65362949/htdocs/fourn/paiement/fiche.php?id=', '(paiement)', 'payment_supplier'),
(4680, 3064, 138, '/B65362949/htdocs/fourn/fiche.php?socid=', 'ACENS TECHNOLOGIES SL', 'company'),
(4681, 3065, 788, '/B65362949/htdocs/fourn/paiement/fiche.php?id=', '(paiement)', 'payment_supplier'),
(4682, 3065, 138, '/B65362949/htdocs/fourn/fiche.php?socid=', 'ACENS TECHNOLOGIES SL', 'company'),
(4683, 3066, 789, '/B65362949/htdocs/fourn/paiement/fiche.php?id=', '(paiement)', 'payment_supplier'),
(4684, 3066, 138, '/B65362949/htdocs/fourn/fiche.php?socid=', 'ACENS TECHNOLOGIES SL', 'company'),
(4685, 3067, 790, '/B65362949/htdocs/fourn/paiement/fiche.php?id=', '(paiement)', 'payment_supplier'),
(4686, 3067, 138, '/B65362949/htdocs/fourn/fiche.php?socid=', 'ACENS TECHNOLOGIES SL', 'company'),
(4687, 3068, 791, '/B65362949/htdocs/fourn/paiement/fiche.php?id=', '(paiement)', 'payment_supplier'),
(4688, 3068, 138, '/B65362949/htdocs/fourn/fiche.php?socid=', 'ACENS TECHNOLOGIES SL', 'company'),
(4689, 3069, 792, '/B65362949/htdocs/fourn/paiement/fiche.php?id=', '(paiement)', 'payment_supplier'),
(4690, 3069, 138, '/B65362949/htdocs/fourn/fiche.php?socid=', 'ACENS TECHNOLOGIES SL', 'company'),
(4691, 3070, 793, '/B65362949/htdocs/fourn/paiement/fiche.php?id=', '(paiement)', 'payment_supplier'),
(4692, 3070, 138, '/B65362949/htdocs/fourn/fiche.php?socid=', 'ACENS TECHNOLOGIES SL', 'company'),
(4697, 3073, 796, '/B65362949/htdocs/fourn/paiement/fiche.php?id=', '(paiement)', 'payment_supplier'),
(4698, 3073, 144, '/B65362949/htdocs/fourn/fiche.php?socid=', 'ASSESSORIA CATAFAL, S.L.', 'company'),
(4699, 3074, 797, '/B65362949/htdocs/fourn/paiement/fiche.php?id=', '(paiement)', 'payment_supplier'),
(4700, 3074, 50, '/B65362949/htdocs/fourn/fiche.php?socid=', 'BanSabadell Renting, SL', 'company'),
(4701, 3075, 386, '/B65362949/htdocs/compta/payment_sc/fiche.php?id=', '(paiement)', 'payment_sc'),
(4702, 3075, 413, '/B65362949/htdocs/compta/charges.php?id=', 'IRPF Reg. Autónomos (José Antonio Camacho Martínez)', 'sc'),
(4705, 3077, 388, '/B65362949/htdocs/compta/payment_sc/fiche.php?id=', '(paiement)', 'payment_sc'),
(4706, 3077, 418, '/B65362949/htdocs/compta/charges.php?id=', 'IRPF Reg. General (Raúl Solorzano Navarro)', 'sc'),
(4707, 3078, 389, '/B65362949/htdocs/compta/payment_sc/fiche.php?id=', '(paiement)', 'payment_sc'),
(4708, 3078, 421, '/B65362949/htdocs/compta/charges.php?id=', 'IRPF Reg. General (Carles Rovira Quinatna)', 'sc'),
(4709, 3079, 390, '/B65362949/htdocs/compta/payment_sc/fiche.php?id=', '(paiement)', 'payment_sc'),
(4710, 3079, 412, '/B65362949/htdocs/compta/charges.php?id=', 'IRPF Reg. Autónomos (José Antonio Camacho Martínez)', 'sc'),
(4711, 3080, 391, '/B65362949/htdocs/compta/payment_sc/fiche.php?id=', '(paiement)', 'payment_sc'),
(4712, 3080, 414, '/B65362949/htdocs/compta/charges.php?id=', 'IRPF Reg. General (David Alcalde Repullo)', 'sc'),
(4713, 3081, 392, '/B65362949/htdocs/compta/payment_sc/fiche.php?id=', '(paiement)', 'payment_sc'),
(4714, 3081, 415, '/B65362949/htdocs/compta/charges.php?id=', 'IRPF Reg. General (Carles Rovira Quinatna)', 'sc'),
(4715, 3082, 393, '/B65362949/htdocs/compta/payment_sc/fiche.php?id=', '(paiement)', 'payment_sc'),
(4716, 3082, 416, '/B65362949/htdocs/compta/charges.php?id=', 'IRPF Reg. General (Raúl Solorzano Navarro)', 'sc'),
(4717, 3083, 394, '/B65362949/htdocs/compta/payment_sc/fiche.php?id=', '(paiement)', 'payment_sc'),
(4718, 3083, 404, '/B65362949/htdocs/compta/charges.php?id=', 'IRPF Reg. Autónomos (José Antonio Camacho Martínez)', 'sc'),
(4719, 3084, 395, '/B65362949/htdocs/compta/payment_sc/fiche.php?id=', '(paiement)', 'payment_sc'),
(4720, 3084, 398, '/B65362949/htdocs/compta/charges.php?id=', 'IRPF Reg. General (José Manuel Valle Llamas)', 'sc'),
(4721, 3085, 396, '/B65362949/htdocs/compta/payment_sc/fiche.php?id=', '(paiement)', 'payment_sc'),
(4722, 3085, 399, '/B65362949/htdocs/compta/charges.php?id=', 'IRPF Reg. General (Sergio García Martínez)', 'sc'),
(4723, 3086, 397, '/B65362949/htdocs/compta/payment_sc/fiche.php?id=', '(paiement)', 'payment_sc'),
(4724, 3086, 400, '/B65362949/htdocs/compta/charges.php?id=', 'IRPF Reg. General (David Alcalde Repullo)', 'sc'),
(4725, 3087, 398, '/B65362949/htdocs/compta/payment_sc/fiche.php?id=', '(paiement)', 'payment_sc'),
(4726, 3087, 401, '/B65362949/htdocs/compta/charges.php?id=', 'IRPF Reg. General (Carles Rovira Quinatna)', 'sc'),
(4727, 3088, 399, '/B65362949/htdocs/compta/payment_sc/fiche.php?id=', '(paiement)', 'payment_sc'),
(4728, 3088, 402, '/B65362949/htdocs/compta/charges.php?id=', 'IRPF Reg. General (Raúl Solorzano Navarro)', 'sc'),
(4729, 3089, 400, '/B65362949/htdocs/compta/payment_sc/fiche.php?id=', '(paiement)', 'payment_sc'),
(4730, 3089, 403, '/B65362949/htdocs/compta/charges.php?id=', 'IRPF Reg. Autónomos (José Antonio Camacho Martínez)', 'sc'),
(4731, 3090, 26, '/B65362949/htdocs/compta/tva/fiche.php?id=', '(VATPayment)', 'payment_vat'),
(4732, 3091, 798, '/B65362949/htdocs/fourn/paiement/fiche.php?id=', '(paiement)', 'payment_supplier'),
(4733, 3091, 16, '/B65362949/htdocs/fourn/fiche.php?socid=', 'Orange Spagne, S.A.U.', 'company'),
(4734, 3092, 567, '/B65362949/htdocs/compta/paiement/fiche.php?id=', '(paiement)', 'payment'),
(4735, 3092, 6, '/B65362949/htdocs/comm/fiche.php?socid=', 'ARTEMI NOLLA GRUP GESTIÓ DE RESTAURANTS, S.L.', 'company'),
(4736, 3093, 799, '/B65362949/htdocs/fourn/paiement/fiche.php?id=', '(paiement)', 'payment_supplier'),
(4737, 3093, 110, '/B65362949/htdocs/fourn/fiche.php?socid=', 'Material Oficina - Varios', 'company'),
(4738, 3094, 800, '/B65362949/htdocs/fourn/paiement/fiche.php?id=', '(paiement)', 'payment_supplier'),
(4739, 3094, 111, '/B65362949/htdocs/fourn/fiche.php?socid=', 'Dietas', 'company'),
(4742, 3096, 802, '/B65362949/htdocs/fourn/paiement/fiche.php?id=', '(paiement)', 'payment_supplier'),
(4743, 3096, 13, '/B65362949/htdocs/fourn/fiche.php?socid=', 'TIC AND TAG CONSULTORIA, S.L.', 'company'),
(4744, 3097, 568, '/B65362949/htdocs/compta/paiement/fiche.php?id=', '(paiement)', 'payment'),
(4745, 3097, 8, '/B65362949/htdocs/comm/fiche.php?socid=', 'Kawasaki Motors Europe NV', 'company'),
(4746, 3098, 569, '/B65362949/htdocs/compta/paiement/fiche.php?id=', '(paiement)', 'payment'),
(4749, 3100, 570, '/B65362949/htdocs/compta/paiement/fiche.php?id=', '(paiement)', 'payment'),
(4750, 3100, 9, '/B65362949/htdocs/comm/fiche.php?socid=', 'BRILLIANT IBÉRICA, S.L.', 'company'),
(4751, 3101, 571, '/B65362949/htdocs/compta/paiement/fiche.php?id=', '(paiement)', 'payment'),
(4752, 3101, 35, '/B65362949/htdocs/comm/fiche.php?socid=', 'Egregia Activos, SL', 'company'),
(4753, 3102, 572, '/B65362949/htdocs/compta/paiement/fiche.php?id=', '(paiement)', 'payment'),
(4754, 3102, 35, '/B65362949/htdocs/comm/fiche.php?socid=', 'Egregia Activos, SL', 'company'),
(4755, 3103, 573, '/B65362949/htdocs/compta/paiement/fiche.php?id=', '(paiement)', 'payment'),
(4756, 3103, 35, '/B65362949/htdocs/comm/fiche.php?socid=', 'Egregia Activos, SL', 'company'),
(4757, 3104, 574, '/B65362949/htdocs/compta/paiement/fiche.php?id=', '(paiement)', 'payment'),
(4758, 3104, 91, '/B65362949/htdocs/comm/fiche.php?socid=', 'GRUPO GENERALI ESPAÑA, Agrupación de Interés Económico', 'company'),
(4759, 3105, 575, '/B65362949/htdocs/compta/paiement/fiche.php?id=', '(paiement)', 'payment'),
(4760, 3105, 10, '/B65362949/htdocs/comm/fiche.php?socid=', 'everis BPO S.L.', 'company'),
(4761, 3106, 576, '/B65362949/htdocs/compta/paiement/fiche.php?id=', '(paiement)', 'payment'),
(4762, 3106, 10, '/B65362949/htdocs/comm/fiche.php?socid=', 'everis BPO S.L.', 'company'),
(4763, 3107, 577, '/B65362949/htdocs/compta/paiement/fiche.php?id=', '(paiement)', 'payment'),
(4764, 3107, 10, '/B65362949/htdocs/comm/fiche.php?socid=', 'everis BPO S.L.', 'company'),
(4765, 3108, 578, '/B65362949/htdocs/compta/paiement/fiche.php?id=', '(paiement)', 'payment'),
(4766, 3108, 10, '/B65362949/htdocs/comm/fiche.php?socid=', 'everis BPO S.L.', 'company'),
(4767, 3109, 579, '/B65362949/htdocs/compta/paiement/fiche.php?id=', '(paiement)', 'payment'),
(4768, 3109, 10, '/B65362949/htdocs/comm/fiche.php?socid=', 'everis BPO S.L.', 'company'),
(4769, 3110, 580, '/B65362949/htdocs/compta/paiement/fiche.php?id=', '(paiement)', 'payment'),
(4770, 3110, 54, '/B65362949/htdocs/comm/fiche.php?socid=', 'Magatzem d\'Idees, SL', 'company'),
(4771, 3111, 581, '/B65362949/htdocs/compta/paiement/fiche.php?id=', '(paiement)', 'payment');
INSERT INTO `b65362949_bank_url` (`rowid`, `fk_bank`, `url_id`, `url`, `label`, `type`) VALUES
(4772, 3111, 6, '/B65362949/htdocs/comm/fiche.php?socid=', 'ARTEMI NOLLA GRUP GESTIÓ DE RESTAURANTS, S.L.', 'company'),
(4773, 3112, 804, '/B65362949/htdocs/fourn/paiement/fiche.php?id=', '(paiement)', 'payment_supplier'),
(4774, 3112, 29, '/B65362949/htdocs/fourn/fiche.php?socid=', 'PC Componentes y Multimedia, S.L.', 'company'),
(4775, 3113, 805, '/B65362949/htdocs/fourn/paiement/fiche.php?id=', '(paiement)', 'payment_supplier'),
(4776, 3113, 199, '/B65362949/htdocs/fourn/fiche.php?socid=', 'Repsol Comercial de Productos Petrolíferos, SA', 'company'),
(4777, 3114, 806, '/B65362949/htdocs/fourn/paiement/fiche.php?id=', '(paiement)', 'payment_supplier'),
(4778, 3114, 30, '/B65362949/htdocs/fourn/fiche.php?socid=', 'SOLRED, S.A.', 'company'),
(4779, 3115, 807, '/B65362949/htdocs/fourn/paiement/fiche.php?id=', '(paiement)', 'payment_supplier'),
(4780, 3115, 110, '/B65362949/htdocs/fourn/fiche.php?socid=', 'Material Oficina - Varios', 'company'),
(4781, 3116, 808, '/B65362949/htdocs/fourn/paiement/fiche.php?id=', '(paiement)', 'payment_supplier'),
(4782, 3116, 13, '/B65362949/htdocs/fourn/fiche.php?socid=', 'TIC AND TAG CONSULTORIA, S.L.', 'company'),
(4783, 3117, 809, '/B65362949/htdocs/fourn/paiement/fiche.php?id=', '(paiement)', 'payment_supplier'),
(4784, 3117, 195, '/B65362949/htdocs/fourn/fiche.php?socid=', 'José Antonio Camacho  Martínez', 'company'),
(4785, 3118, 810, '/B65362949/htdocs/fourn/paiement/fiche.php?id=', '(paiement)', 'payment_supplier'),
(4786, 3118, 199, '/B65362949/htdocs/fourn/fiche.php?socid=', 'Repsol Comercial de Productos Petrolíferos, SA', 'company'),
(4787, 3119, 582, '/B65362949/htdocs/compta/paiement/fiche.php?id=', '(paiement)', 'payment'),
(4788, 3120, 583, '/B65362949/htdocs/compta/paiement/fiche.php?id=', '(paiement)', 'payment'),
(4789, 3120, 9, '/B65362949/htdocs/comm/fiche.php?socid=', 'BRILLIANT IBÉRICA, S.L.', 'company'),
(4790, 3121, 584, '/B65362949/htdocs/compta/paiement/fiche.php?id=', '(paiement)', 'payment'),
(4791, 3121, 8, '/B65362949/htdocs/comm/fiche.php?socid=', 'Kawasaki Motors Europe NV', 'company'),
(4792, 3122, 585, '/B65362949/htdocs/compta/paiement/fiche.php?id=', '(paiement)', 'payment'),
(4793, 3123, 586, '/B65362949/htdocs/compta/paiement/fiche.php?id=', '(paiement)', 'payment'),
(4794, 3123, 10, '/B65362949/htdocs/comm/fiche.php?socid=', 'everis BPO S.L.', 'company'),
(4795, 3124, 587, '/B65362949/htdocs/compta/paiement/fiche.php?id=', '(paiement)', 'payment'),
(4796, 3124, 10, '/B65362949/htdocs/comm/fiche.php?socid=', 'everis BPO S.L.', 'company'),
(4797, 3125, 588, '/B65362949/htdocs/compta/paiement/fiche.php?id=', '(paiement)', 'payment'),
(4798, 3125, 10, '/B65362949/htdocs/comm/fiche.php?socid=', 'everis BPO S.L.', 'company'),
(4799, 3126, 589, '/B65362949/htdocs/compta/paiement/fiche.php?id=', '(paiement)', 'payment'),
(4800, 3126, 10, '/B65362949/htdocs/comm/fiche.php?socid=', 'everis BPO S.L.', 'company'),
(4801, 3127, 590, '/B65362949/htdocs/compta/paiement/fiche.php?id=', '(paiement)', 'payment'),
(4802, 3127, 10, '/B65362949/htdocs/comm/fiche.php?socid=', 'everis BPO S.L.', 'company'),
(4803, 3128, 591, '/B65362949/htdocs/compta/paiement/fiche.php?id=', '(paiement)', 'payment'),
(4804, 3128, 6, '/B65362949/htdocs/comm/fiche.php?socid=', 'ARTEMI NOLLA GRUP GESTIÓ DE RESTAURANTS, S.L.', 'company'),
(4805, 3129, 811, '/B65362949/htdocs/fourn/paiement/fiche.php?id=', '(paiement)', 'payment_supplier'),
(4806, 3129, 195, '/B65362949/htdocs/fourn/fiche.php?socid=', 'José Antonio Camacho  Martínez', 'company'),
(4807, 3130, 592, '/B65362949/htdocs/compta/paiement/fiche.php?id=', '(paiement)', 'payment'),
(4808, 3130, 10, '/B65362949/htdocs/comm/fiche.php?socid=', 'everis BPO S.L.', 'company'),
(4809, 3131, 593, '/B65362949/htdocs/compta/paiement/fiche.php?id=', '(paiement)', 'payment'),
(4810, 3131, 10, '/B65362949/htdocs/comm/fiche.php?socid=', 'everis BPO S.L.', 'company'),
(4811, 3132, 594, '/B65362949/htdocs/compta/paiement/fiche.php?id=', '(paiement)', 'payment'),
(4812, 3132, 10, '/B65362949/htdocs/comm/fiche.php?socid=', 'everis BPO S.L.', 'company'),
(4813, 3133, 595, '/B65362949/htdocs/compta/paiement/fiche.php?id=', '(paiement)', 'payment'),
(4814, 3133, 91, '/B65362949/htdocs/comm/fiche.php?socid=', 'GRUPO GENERALI ESPAÑA, Agrupación de Interés Económico', 'company'),
(4815, 3134, 812, '/B65362949/htdocs/fourn/paiement/fiche.php?id=', '(paiement)', 'payment_supplier'),
(4816, 3134, 13, '/B65362949/htdocs/fourn/fiche.php?socid=', 'TIC AND TAG CONSULTORIA, S.L.', 'company'),
(4817, 3135, 813, '/B65362949/htdocs/fourn/paiement/fiche.php?id=', '(paiement)', 'payment_supplier'),
(4818, 3135, 195, '/B65362949/htdocs/fourn/fiche.php?socid=', 'José Antonio Camacho  Martínez', 'company'),
(4819, 3136, 596, '/B65362949/htdocs/compta/paiement/fiche.php?id=', '(paiement)', 'payment'),
(4820, 3136, 8, '/B65362949/htdocs/comm/fiche.php?socid=', 'Kawasaki Motors Europe NV', 'company'),
(4821, 3137, 814, '/B65362949/htdocs/fourn/paiement/fiche.php?id=', '(paiement)', 'payment_supplier'),
(4822, 3137, 13, '/B65362949/htdocs/fourn/fiche.php?socid=', 'TIC AND TAG CONSULTORIA, S.L.', 'company'),
(4823, 3138, 597, '/B65362949/htdocs/compta/paiement/fiche.php?id=', '(paiement)', 'payment'),
(4824, 3138, 27, '/B65362949/htdocs/comm/fiche.php?socid=', 'CHATARRAS R. GARCIA, S.A.U.', 'company'),
(4825, 3139, 598, '/B65362949/htdocs/compta/paiement/fiche.php?id=', '(paiement)', 'payment'),
(4830, 3142, 817, '/B65362949/htdocs/fourn/paiement/fiche.php?id=', '(paiement)', 'payment_supplier'),
(4831, 3142, 200, '/B65362949/htdocs/fourn/fiche.php?socid=', 'addapta IT Partner S.L.', 'company'),
(4834, 3144, 819, '/B65362949/htdocs/fourn/paiement/fiche.php?id=', '(paiement)', 'payment_supplier'),
(4835, 3144, 200, '/B65362949/htdocs/fourn/fiche.php?socid=', 'addapta IT Partner S.L.', 'company'),
(4836, 3145, 237, '/B65362949/htdocs/compta/salaries/fiche.php?id=', '(SalaryPayment)', 'payment_salary'),
(4837, 3145, 8, '/B65362949/htdocs/user/fiche.php?id=', 'Pago de salario David Alcalde Repullo 2018-09-01 2018-09-30', '(User)'),
(4838, 3146, 238, '/B65362949/htdocs/compta/salaries/fiche.php?id=', '(SalaryPayment)', 'payment_salary'),
(4839, 3146, 17, '/B65362949/htdocs/user/fiche.php?id=', 'Pago de salario Raúl Solorzano Navarro 2018-09-01 2018-09-30', '(User)'),
(4840, 3147, 239, '/B65362949/htdocs/compta/salaries/fiche.php?id=', '(SalaryPayment)', 'payment_salary'),
(4841, 3147, 2, '/B65362949/htdocs/user/fiche.php?id=', 'Pago de salario Sergio Garcia Martinez 2018-08-01 2018-08-31', '(User)'),
(4842, 3148, 240, '/B65362949/htdocs/compta/salaries/fiche.php?id=', '(SalaryPayment)', 'payment_salary'),
(4843, 3148, 3, '/B65362949/htdocs/user/fiche.php?id=', 'Pago de salario José Manuel Valle Llamas 2018-08-01 2018-08-31', '(User)'),
(4844, 3149, 241, '/B65362949/htdocs/compta/salaries/fiche.php?id=', '(SalaryPayment)', 'payment_salary'),
(4845, 3149, 8, '/B65362949/htdocs/user/fiche.php?id=', 'Pago de salario David Alcalde Repullo 2018-08-01 2018-08-31', '(User)'),
(4846, 3150, 242, '/B65362949/htdocs/compta/salaries/fiche.php?id=', '(SalaryPayment)', 'payment_salary'),
(4847, 3150, 17, '/B65362949/htdocs/user/fiche.php?id=', 'Pago de salario Raúl Solorzano Navarro 2018-08-01 2018-08-31', '(User)'),
(4848, 3151, 243, '/B65362949/htdocs/compta/salaries/fiche.php?id=', '(SalaryPayment)', 'payment_salary'),
(4849, 3151, 16, '/B65362949/htdocs/user/fiche.php?id=', 'Pago de salario Joan Cardenas 2018-08-01 2018-08-31', '(User)'),
(4850, 3152, 244, '/B65362949/htdocs/compta/salaries/fiche.php?id=', '(SalaryPayment)', 'payment_salary'),
(4851, 3152, 2, '/B65362949/htdocs/user/fiche.php?id=', 'Pago de salario Sergio Garcia Martinez 2018-07-01 2018-07-31', '(User)'),
(4852, 3153, 245, '/B65362949/htdocs/compta/salaries/fiche.php?id=', '(SalaryPayment)', 'payment_salary'),
(4853, 3153, 3, '/B65362949/htdocs/user/fiche.php?id=', 'Pago de salario José Manuel Valle Llamas 2018-07-01 2018-07-31', '(User)'),
(4854, 3154, 246, '/B65362949/htdocs/compta/salaries/fiche.php?id=', '(SalaryPayment)', 'payment_salary'),
(4855, 3154, 16, '/B65362949/htdocs/user/fiche.php?id=', 'Pago de salario Joan Cardenas 2018-07-01 2018-07-31', '(User)'),
(4856, 3155, 247, '/B65362949/htdocs/compta/salaries/fiche.php?id=', '(SalaryPayment)', 'payment_salary'),
(4857, 3155, 8, '/B65362949/htdocs/user/fiche.php?id=', 'Pago de salario David Alcalde Repullo 2018-07-01 2018-07-31', '(User)'),
(4858, 3156, 248, '/B65362949/htdocs/compta/salaries/fiche.php?id=', '(SalaryPayment)', 'payment_salary'),
(4859, 3156, 17, '/B65362949/htdocs/user/fiche.php?id=', 'Pago de salario Raúl Solorzano Navarro 2018-07-01 2018-07-31', '(User)'),
(4860, 3157, 599, '/B65362949/htdocs/compta/paiement/fiche.php?id=', '(paiement)', 'payment'),
(4861, 3157, 9, '/B65362949/htdocs/comm/fiche.php?socid=', 'BRILLIANT IBÉRICA, S.L.', 'company'),
(4862, 3158, 600, '/B65362949/htdocs/compta/paiement/fiche.php?id=', '(paiement)', 'payment'),
(4863, 3158, 10, '/B65362949/htdocs/comm/fiche.php?socid=', 'everis BPO S.L.', 'company'),
(4864, 3159, 601, '/B65362949/htdocs/compta/paiement/fiche.php?id=', '(paiement)', 'payment'),
(4865, 3159, 10, '/B65362949/htdocs/comm/fiche.php?socid=', 'everis BPO S.L.', 'company'),
(4866, 3160, 602, '/B65362949/htdocs/compta/paiement/fiche.php?id=', '(paiement)', 'payment'),
(4867, 3160, 10, '/B65362949/htdocs/comm/fiche.php?socid=', 'everis BPO S.L.', 'company'),
(4868, 3161, 603, '/B65362949/htdocs/compta/paiement/fiche.php?id=', '(paiement)', 'payment'),
(4869, 3161, 10, '/B65362949/htdocs/comm/fiche.php?socid=', 'everis BPO S.L.', 'company'),
(4870, 3162, 820, '/B65362949/htdocs/fourn/paiement/fiche.php?id=', '(paiement)', 'payment_supplier'),
(4871, 3162, 144, '/B65362949/htdocs/fourn/fiche.php?socid=', 'ASSESSORIA CATAFAL, S.L.', 'company'),
(4872, 3163, 821, '/B65362949/htdocs/fourn/paiement/fiche.php?id=', '(paiement)', 'payment_supplier'),
(4873, 3163, 144, '/B65362949/htdocs/fourn/fiche.php?socid=', 'ASSESSORIA CATAFAL, S.L.', 'company'),
(4874, 3164, 822, '/B65362949/htdocs/fourn/paiement/fiche.php?id=', '(paiement)', 'payment_supplier'),
(4875, 3164, 144, '/B65362949/htdocs/fourn/fiche.php?socid=', 'ASSESSORIA CATAFAL, S.L.', 'company'),
(4876, 3165, 823, '/B65362949/htdocs/fourn/paiement/fiche.php?id=', '(paiement)', 'payment_supplier'),
(4877, 3165, 18, '/B65362949/htdocs/fourn/fiche.php?socid=', 'CINC BUSINESS CENTER, S.L.', 'company'),
(4878, 3166, 824, '/B65362949/htdocs/fourn/paiement/fiche.php?id=', '(paiement)', 'payment_supplier'),
(4879, 3166, 18, '/B65362949/htdocs/fourn/fiche.php?socid=', 'CINC BUSINESS CENTER, S.L.', 'company'),
(4880, 3167, 825, '/B65362949/htdocs/fourn/paiement/fiche.php?id=', '(paiement)', 'payment_supplier'),
(4881, 3167, 18, '/B65362949/htdocs/fourn/fiche.php?socid=', 'CINC BUSINESS CENTER, S.L.', 'company'),
(4882, 3168, 826, '/B65362949/htdocs/fourn/paiement/fiche.php?id=', '(paiement)', 'payment_supplier'),
(4883, 3168, 30, '/B65362949/htdocs/fourn/fiche.php?socid=', 'SOLRED, S.A.', 'company'),
(4884, 3169, 827, '/B65362949/htdocs/fourn/paiement/fiche.php?id=', '(paiement)', 'payment_supplier'),
(4885, 3169, 30, '/B65362949/htdocs/fourn/fiche.php?socid=', 'SOLRED, S.A.', 'company'),
(4886, 3170, 828, '/B65362949/htdocs/fourn/paiement/fiche.php?id=', '(paiement)', 'payment_supplier'),
(4887, 3170, 30, '/B65362949/htdocs/fourn/fiche.php?socid=', 'SOLRED, S.A.', 'company'),
(4890, 3172, 830, '/B65362949/htdocs/fourn/paiement/fiche.php?id=', '(paiement)', 'payment_supplier'),
(4891, 3172, 30, '/B65362949/htdocs/fourn/fiche.php?socid=', 'SOLRED, S.A.', 'company'),
(4892, 3173, 831, '/B65362949/htdocs/fourn/paiement/fiche.php?id=', '(paiement)', 'payment_supplier'),
(4893, 3173, 30, '/B65362949/htdocs/fourn/fiche.php?socid=', 'SOLRED, S.A.', 'company'),
(4894, 3174, 832, '/B65362949/htdocs/fourn/paiement/fiche.php?id=', '(paiement)', 'payment_supplier'),
(4895, 3174, 30, '/B65362949/htdocs/fourn/fiche.php?socid=', 'SOLRED, S.A.', 'company'),
(4896, 3175, 833, '/B65362949/htdocs/fourn/paiement/fiche.php?id=', '(paiement)', 'payment_supplier'),
(4897, 3175, 30, '/B65362949/htdocs/fourn/fiche.php?socid=', 'SOLRED, S.A.', 'company'),
(4898, 3176, 834, '/B65362949/htdocs/fourn/paiement/fiche.php?id=', '(paiement)', 'payment_supplier'),
(4899, 3176, 30, '/B65362949/htdocs/fourn/fiche.php?socid=', 'SOLRED, S.A.', 'company'),
(4900, 3177, 604, '/B65362949/htdocs/compta/paiement/fiche.php?id=', '(paiement)', 'payment'),
(4901, 3178, 605, '/B65362949/htdocs/compta/paiement/fiche.php?id=', '(paiement)', 'payment'),
(4902, 3178, 6, '/B65362949/htdocs/comm/fiche.php?socid=', 'ARTEMI NOLLA GRUP GESTIÓ DE RESTAURANTS, S.L.', 'company'),
(4903, 3179, 835, '/B65362949/htdocs/fourn/paiement/fiche.php?id=', '(paiement)', 'payment_supplier'),
(4904, 3179, 16, '/B65362949/htdocs/fourn/fiche.php?socid=', 'Orange Spagne, S.A.U.', 'company'),
(4905, 3180, 836, '/B65362949/htdocs/fourn/paiement/fiche.php?id=', '(paiement)', 'payment_supplier'),
(4906, 3180, 16, '/B65362949/htdocs/fourn/fiche.php?socid=', 'Orange Spagne, S.A.U.', 'company'),
(4907, 3181, 837, '/B65362949/htdocs/fourn/paiement/fiche.php?id=', '(paiement)', 'payment_supplier'),
(4908, 3181, 16, '/B65362949/htdocs/fourn/fiche.php?socid=', 'Orange Spagne, S.A.U.', 'company'),
(4909, 3182, 606, '/B65362949/htdocs/compta/paiement/fiche.php?id=', '(paiement)', 'payment'),
(4910, 3182, 10, '/B65362949/htdocs/comm/fiche.php?socid=', 'everis BPO S.L.', 'company'),
(4911, 3183, 838, '/B65362949/htdocs/fourn/paiement/fiche.php?id=', '(paiement)', 'payment_supplier'),
(4912, 3183, 50, '/B65362949/htdocs/fourn/fiche.php?socid=', 'BanSabadell Renting, SL', 'company'),
(4913, 3184, 839, '/B65362949/htdocs/fourn/paiement/fiche.php?id=', '(paiement)', 'payment_supplier'),
(4914, 3184, 50, '/B65362949/htdocs/fourn/fiche.php?socid=', 'BanSabadell Renting, SL', 'company'),
(4915, 3185, 840, '/B65362949/htdocs/fourn/paiement/fiche.php?id=', '(paiement)', 'payment_supplier'),
(4916, 3185, 50, '/B65362949/htdocs/fourn/fiche.php?socid=', 'BanSabadell Renting, SL', 'company'),
(4917, 3186, 607, '/B65362949/htdocs/compta/paiement/fiche.php?id=', '(paiement)', 'payment'),
(4918, 3186, 91, '/B65362949/htdocs/comm/fiche.php?socid=', 'GRUPO GENERALI ESPAÑA, Agrupación de Interés Económico', 'company'),
(4919, 3187, 608, '/B65362949/htdocs/compta/paiement/fiche.php?id=', '(paiement)', 'payment'),
(4920, 3187, 8, '/B65362949/htdocs/comm/fiche.php?socid=', 'Kawasaki Motors Europe NV', 'company'),
(4921, 3188, 609, '/B65362949/htdocs/compta/paiement/fiche.php?id=', '(paiement)', 'payment'),
(4922, 3188, 9, '/B65362949/htdocs/comm/fiche.php?socid=', 'BRILLIANT IBÉRICA, S.L.', 'company'),
(4923, 3189, 610, '/B65362949/htdocs/compta/paiement/fiche.php?id=', '(paiement)', 'payment'),
(4924, 3190, 611, '/B65362949/htdocs/compta/paiement/fiche.php?id=', '(paiement)', 'payment'),
(4925, 3191, 841, '/B65362949/htdocs/fourn/paiement/fiche.php?id=', '(paiement)', 'payment_supplier'),
(4926, 3191, 200, '/B65362949/htdocs/fourn/fiche.php?socid=', 'addapta IT Partner S.L.', 'company'),
(4927, 3192, 612, '/B65362949/htdocs/compta/paiement/fiche.php?id=', '(paiement)', 'payment'),
(4928, 3193, 613, '/B65362949/htdocs/compta/paiement/fiche.php?id=', '(paiement)', 'payment'),
(4929, 3193, 6, '/B65362949/htdocs/comm/fiche.php?socid=', 'ARTEMI NOLLA GRUP GESTIÓ DE RESTAURANTS, S.L.', 'company'),
(4930, 3194, 614, '/B65362949/htdocs/compta/paiement/fiche.php?id=', '(paiement)', 'payment'),
(4931, 3194, 10, '/B65362949/htdocs/comm/fiche.php?socid=', 'everis BPO S.L.', 'company'),
(4932, 3195, 615, '/B65362949/htdocs/compta/paiement/fiche.php?id=', '(paiement)', 'payment'),
(4933, 3195, 10, '/B65362949/htdocs/comm/fiche.php?socid=', 'everis BPO S.L.', 'company'),
(4934, 3196, 616, '/B65362949/htdocs/compta/paiement/fiche.php?id=', '(paiement)', 'payment'),
(4935, 3196, 10, '/B65362949/htdocs/comm/fiche.php?socid=', 'everis BPO S.L.', 'company'),
(4936, 3197, 617, '/B65362949/htdocs/compta/paiement/fiche.php?id=', '(paiement)', 'payment'),
(4937, 3197, 10, '/B65362949/htdocs/comm/fiche.php?socid=', 'everis BPO S.L.', 'company'),
(4938, 3198, 618, '/B65362949/htdocs/compta/paiement/fiche.php?id=', '(paiement)', 'payment'),
(4939, 3198, 10, '/B65362949/htdocs/comm/fiche.php?socid=', 'everis BPO S.L.', 'company'),
(4940, 3199, 619, '/B65362949/htdocs/compta/paiement/fiche.php?id=', '(paiement)', 'payment'),
(4941, 3200, 842, '/B65362949/htdocs/fourn/paiement/fiche.php?id=', '(paiement)', 'payment_supplier'),
(4942, 3200, 200, '/B65362949/htdocs/fourn/fiche.php?socid=', 'addapta IT Partner S.L.', 'company'),
(4943, 3201, 843, '/B65362949/htdocs/fourn/paiement/fiche.php?id=', '(paiement)', 'payment_supplier'),
(4944, 3201, 200, '/B65362949/htdocs/fourn/fiche.php?socid=', 'addapta IT Partner S.L.', 'company'),
(4945, 3202, 620, '/B65362949/htdocs/compta/paiement/fiche.php?id=', '(paiement)', 'payment'),
(4946, 3202, 27, '/B65362949/htdocs/comm/fiche.php?socid=', 'CHATARRAS R. GARCIA, S.A.U.', 'company'),
(4947, 3203, 621, '/B65362949/htdocs/compta/paiement/fiche.php?id=', '(paiement)', 'payment'),
(4948, 3203, 8, '/B65362949/htdocs/comm/fiche.php?socid=', 'Kawasaki Motors Europe NV', 'company'),
(4949, 3204, 622, '/B65362949/htdocs/compta/paiement/fiche.php?id=', '(paiement)', 'payment'),
(4950, 3205, 623, '/B65362949/htdocs/compta/paiement/fiche.php?id=', '(paiement)', 'payment'),
(4951, 3206, 624, '/B65362949/htdocs/compta/paiement/fiche.php?id=', '(paiement)', 'payment'),
(4952, 3206, 9, '/B65362949/htdocs/comm/fiche.php?socid=', 'BRILLIANT IBÉRICA, S.L.', 'company'),
(4953, 3207, 844, '/B65362949/htdocs/fourn/paiement/fiche.php?id=', '(paiement)', 'payment_supplier'),
(4954, 3207, 200, '/B65362949/htdocs/fourn/fiche.php?socid=', 'addapta IT Partner S.L.', 'company'),
(4955, 3208, 845, '/B65362949/htdocs/fourn/paiement/fiche.php?id=', '(paiement)', 'payment_supplier'),
(4956, 3208, 200, '/B65362949/htdocs/fourn/fiche.php?socid=', 'addapta IT Partner S.L.', 'company'),
(4957, 3209, 625, '/B65362949/htdocs/compta/paiement/fiche.php?id=', '(paiement)', 'payment'),
(4958, 3209, 54, '/B65362949/htdocs/comm/fiche.php?socid=', 'Magatzem d\'Idees, SL', 'company'),
(4959, 3210, 626, '/B65362949/htdocs/compta/paiement/fiche.php?id=', '(paiement)', 'payment'),
(4960, 3210, 91, '/B65362949/htdocs/comm/fiche.php?socid=', 'GRUPO GENERALI ESPAÑA, Agrupación de Interés Económico', 'company'),
(4961, 3211, 846, '/B65362949/htdocs/fourn/paiement/fiche.php?id=', '(paiement)', 'payment_supplier'),
(4962, 3211, 200, '/B65362949/htdocs/fourn/fiche.php?socid=', 'addapta IT Partner S.L.', 'company'),
(4963, 3212, 847, '/B65362949/htdocs/fourn/paiement/fiche.php?id=', '(paiement)', 'payment_supplier'),
(4964, 3212, 200, '/B65362949/htdocs/fourn/fiche.php?socid=', 'addapta IT Partner S.L.', 'company'),
(4965, 3213, 627, '/B65362949/htdocs/compta/paiement/fiche.php?id=', '(paiement)', 'payment'),
(4966, 3213, 159, '/B65362949/htdocs/comm/fiche.php?socid=', 'Anovo Ibérica Madrid, SL', 'company'),
(4967, 3214, 628, '/B65362949/htdocs/compta/paiement/fiche.php?id=', '(paiement)', 'payment'),
(4968, 3214, 8, '/B65362949/htdocs/comm/fiche.php?socid=', 'Kawasaki Motors Europe NV', 'company'),
(4969, 3215, 629, '/B65362949/htdocs/compta/paiement/fiche.php?id=', '(paiement)', 'payment'),
(4970, 3215, 9, '/B65362949/htdocs/comm/fiche.php?socid=', 'BRILLIANT IBÉRICA, S.L.', 'company'),
(4971, 3216, 848, '/B65362949/htdocs/fourn/paiement/fiche.php?id=', '(paiement)', 'payment_supplier'),
(4972, 3216, 200, '/B65362949/htdocs/fourn/fiche.php?socid=', 'addapta IT Partner S.L.', 'company'),
(4973, 3217, 849, '/B65362949/htdocs/fourn/paiement/fiche.php?id=', '(paiement)', 'payment_supplier'),
(4974, 3217, 200, '/B65362949/htdocs/fourn/fiche.php?socid=', 'addapta IT Partner S.L.', 'company'),
(4975, 3218, 850, '/B65362949/htdocs/fourn/paiement/fiche.php?id=', '(paiement)', 'payment_supplier'),
(4976, 3218, 18, '/B65362949/htdocs/fourn/fiche.php?socid=', 'CINC BUSINESS CENTER, S.L.', 'company'),
(4977, 3219, 851, '/B65362949/htdocs/fourn/paiement/fiche.php?id=', '(paiement)', 'payment_supplier'),
(4978, 3219, 18, '/B65362949/htdocs/fourn/fiche.php?socid=', 'CINC BUSINESS CENTER, S.L.', 'company'),
(4979, 3220, 852, '/B65362949/htdocs/fourn/paiement/fiche.php?id=', '(paiement)', 'payment_supplier'),
(4980, 3220, 16, '/B65362949/htdocs/fourn/fiche.php?socid=', 'Orange Spagne, S.A.U.', 'company'),
(4981, 3221, 853, '/B65362949/htdocs/fourn/paiement/fiche.php?id=', '(paiement)', 'payment_supplier'),
(4982, 3221, 16, '/B65362949/htdocs/fourn/fiche.php?socid=', 'Orange Spagne, S.A.U.', 'company'),
(4983, 3222, 854, '/B65362949/htdocs/fourn/paiement/fiche.php?id=', '(paiement)', 'payment_supplier'),
(4984, 3222, 30, '/B65362949/htdocs/fourn/fiche.php?socid=', 'SOLRED, S.A.', 'company'),
(4985, 3223, 855, '/B65362949/htdocs/fourn/paiement/fiche.php?id=', '(paiement)', 'payment_supplier'),
(4986, 3223, 30, '/B65362949/htdocs/fourn/fiche.php?socid=', 'SOLRED, S.A.', 'company'),
(4987, 3224, 856, '/B65362949/htdocs/fourn/paiement/fiche.php?id=', '(paiement)', 'payment_supplier'),
(4988, 3224, 30, '/B65362949/htdocs/fourn/fiche.php?socid=', 'SOLRED, S.A.', 'company'),
(4989, 3225, 857, '/B65362949/htdocs/fourn/paiement/fiche.php?id=', '(paiement)', 'payment_supplier'),
(4990, 3225, 144, '/B65362949/htdocs/fourn/fiche.php?socid=', 'ASSESSORIA CATAFAL, S.L.', 'company'),
(4991, 3226, 858, '/B65362949/htdocs/fourn/paiement/fiche.php?id=', '(paiement)', 'payment_supplier'),
(4992, 3226, 144, '/B65362949/htdocs/fourn/fiche.php?socid=', 'ASSESSORIA CATAFAL, S.L.', 'company'),
(4993, 3227, 630, '/B65362949/htdocs/compta/paiement/fiche.php?id=', '(paiement)', 'payment'),
(4994, 3228, 631, '/B65362949/htdocs/compta/paiement/fiche.php?id=', '(paiement)', 'payment'),
(4995, 3229, 859, '/B65362949/htdocs/fourn/paiement/fiche.php?id=', '(paiement)', 'payment_supplier'),
(4996, 3229, 202, '/B65362949/htdocs/fourn/fiche.php?socid=', 'Adding Serveis de Gestió, SLU', 'company'),
(4997, 3230, 249, '/B65362949/htdocs/compta/salaries/fiche.php?id=', '(SalaryPayment)', 'payment_salary'),
(4998, 3230, 8, '/B65362949/htdocs/user/fiche.php?id=', 'Pago de salario David Alcalde Repullo 2018-10-01 2018-10-31', '(User)'),
(4999, 3231, 250, '/B65362949/htdocs/compta/salaries/fiche.php?id=', '(SalaryPayment)', 'payment_salary'),
(5000, 3231, 17, '/B65362949/htdocs/user/fiche.php?id=', 'Pago de salario Raúl Solorzano Navarro 2018-10-01 2018-10-31', '(User)'),
(5001, 3232, 401, '/B65362949/htdocs/compta/payment_sc/fiche.php?id=', '(paiement)', 'payment_sc'),
(5002, 3232, 423, '/B65362949/htdocs/compta/charges.php?id=', 'IRPF Reg. General (David Alcalde Repullo	)', 'sc'),
(5003, 3233, 402, '/B65362949/htdocs/compta/payment_sc/fiche.php?id=', '(paiement)', 'payment_sc'),
(5004, 3233, 424, '/B65362949/htdocs/compta/charges.php?id=', 'IRPF Reg. General (Raúl Solorzano Navarro)', 'sc'),
(5005, 3234, 403, '/B65362949/htdocs/compta/payment_sc/fiche.php?id=', '(paiement)', 'payment_sc'),
(5006, 3234, 435, '/B65362949/htdocs/compta/charges.php?id=', 'IRPF Reg. Autónomos (José Antonio Camacho Martínez)', 'sc'),
(5007, 3235, 404, '/B65362949/htdocs/compta/payment_sc/fiche.php?id=', '(paiement)', 'payment_sc'),
(5008, 3235, 436, '/B65362949/htdocs/compta/charges.php?id=', 'IRPF Reg. General (Sergio García Martínez)', 'sc'),
(5009, 3236, 405, '/B65362949/htdocs/compta/payment_sc/fiche.php?id=', '(paiement)', 'payment_sc'),
(5010, 3236, 427, '/B65362949/htdocs/compta/charges.php?id=', 'IRPF Reg. General (David Alcalde Repullo)', 'sc'),
(5011, 3237, 406, '/B65362949/htdocs/compta/payment_sc/fiche.php?id=', '(paiement)', 'payment_sc'),
(5012, 3237, 437, '/B65362949/htdocs/compta/charges.php?id=', 'IRPF Reg. General (José Manuel Valle Llamas)', 'sc'),
(5013, 3238, 407, '/B65362949/htdocs/compta/payment_sc/fiche.php?id=', '(paiement)', 'payment_sc'),
(5014, 3238, 428, '/B65362949/htdocs/compta/charges.php?id=', 'IRPF Reg. General (Raúl Solorzano Navarro)', 'sc'),
(5015, 3239, 408, '/B65362949/htdocs/compta/payment_sc/fiche.php?id=', '(paiement)', 'payment_sc'),
(5016, 3239, 434, '/B65362949/htdocs/compta/charges.php?id=', 'IRPF Reg. Autónomos (José Antonio Camacho Martínez)', 'sc'),
(5017, 3240, 409, '/B65362949/htdocs/compta/payment_sc/fiche.php?id=', '(paiement)', 'payment_sc'),
(5018, 3240, 429, '/B65362949/htdocs/compta/charges.php?id=', 'IRPF Reg. General (Sergio García Martínez)', 'sc'),
(5019, 3241, 410, '/B65362949/htdocs/compta/payment_sc/fiche.php?id=', '(paiement)', 'payment_sc'),
(5020, 3241, 430, '/B65362949/htdocs/compta/charges.php?id=', 'IRPF Reg. General (José Manuel Valle Llamas)', 'sc'),
(5021, 3242, 411, '/B65362949/htdocs/compta/payment_sc/fiche.php?id=', '(paiement)', 'payment_sc'),
(5022, 3242, 431, '/B65362949/htdocs/compta/charges.php?id=', 'IRPF Reg. General (David Alcalde Repullo)', 'sc'),
(5023, 3243, 412, '/B65362949/htdocs/compta/payment_sc/fiche.php?id=', '(paiement)', 'payment_sc'),
(5024, 3243, 432, '/B65362949/htdocs/compta/charges.php?id=', 'IRPF Reg. General (Raúl Solorzano Navarro)', 'sc'),
(5025, 3244, 413, '/B65362949/htdocs/compta/payment_sc/fiche.php?id=', '(paiement)', 'payment_sc'),
(5026, 3244, 433, '/B65362949/htdocs/compta/charges.php?id=', 'IRPF Reg. Autónomos (José Antonio Camacho Martínez)', 'sc'),
(5027, 3245, 414, '/B65362949/htdocs/compta/payment_sc/fiche.php?id=', '(paiement)', 'payment_sc'),
(5028, 3245, 420, '/B65362949/htdocs/compta/charges.php?id=', 'IRPF Reg. General (David Alcalde Repullo)', 'sc'),
(5029, 3246, 415, '/B65362949/htdocs/compta/payment_sc/fiche.php?id=', '(paiement)', 'payment_sc'),
(5030, 3246, 438, '/B65362949/htdocs/compta/charges.php?id=', 'IRPF Reg. General (David Alcalde Repullo)', 'sc'),
(5031, 3247, 27, '/B65362949/htdocs/compta/tva/fiche.php?id=', '(VATPayment)', 'payment_vat'),
(5034, 3249, 861, '/B65362949/htdocs/fourn/paiement/fiche.php?id=', '(paiement)', 'payment_supplier'),
(5035, 3249, 200, '/B65362949/htdocs/fourn/fiche.php?socid=', 'addapta IT Partner S.L.', 'company'),
(5036, 3250, 862, '/B65362949/htdocs/fourn/paiement/fiche.php?id=', '(paiement)', 'payment_supplier'),
(5037, 3250, 200, '/B65362949/htdocs/fourn/fiche.php?socid=', 'addapta IT Partner S.L.', 'company'),
(5038, 3251, 863, '/B65362949/htdocs/fourn/paiement/fiche.php?id=', '(paiement)', 'payment_supplier'),
(5039, 3251, 200, '/B65362949/htdocs/fourn/fiche.php?socid=', 'addapta IT Partner S.L.', 'company'),
(5040, 3252, 864, '/B65362949/htdocs/fourn/paiement/fiche.php?id=', '(paiement)', 'payment_supplier'),
(5041, 3252, 200, '/B65362949/htdocs/fourn/fiche.php?socid=', 'addapta IT Partner S.L.', 'company'),
(5042, 3253, 416, '/B65362949/htdocs/compta/payment_sc/fiche.php?id=', '(paiement)', 'payment_sc'),
(5043, 3253, 441, '/B65362949/htdocs/compta/charges.php?id=', 'S.S. Reg. General', 'sc'),
(5044, 3254, 417, '/B65362949/htdocs/compta/payment_sc/fiche.php?id=', '(paiement)', 'payment_sc'),
(5045, 3254, 442, '/B65362949/htdocs/compta/charges.php?id=', 'S.S. Reg. General', 'sc'),
(5046, 3255, 418, '/B65362949/htdocs/compta/payment_sc/fiche.php?id=', '(paiement)', 'payment_sc'),
(5047, 3255, 443, '/B65362949/htdocs/compta/charges.php?id=', 'S.S. Reg. General', 'sc'),
(5048, 3256, 419, '/B65362949/htdocs/compta/payment_sc/fiche.php?id=', '(paiement)', 'payment_sc'),
(5049, 3256, 444, '/B65362949/htdocs/compta/charges.php?id=', 'S.S. Reg. General', 'sc'),
(5050, 3257, 420, '/B65362949/htdocs/compta/payment_sc/fiche.php?id=', '(paiement)', 'payment_sc'),
(5051, 3257, 445, '/B65362949/htdocs/compta/charges.php?id=', 'S.S. Reg. General', 'sc'),
(5052, 3258, 421, '/B65362949/htdocs/compta/payment_sc/fiche.php?id=', '(paiement)', 'payment_sc'),
(5053, 3258, 446, '/B65362949/htdocs/compta/charges.php?id=', 'S.S. Reg. Autónomos (Sergio García Martínez)', 'sc'),
(5054, 3259, 422, '/B65362949/htdocs/compta/payment_sc/fiche.php?id=', '(paiement)', 'payment_sc'),
(5055, 3259, 447, '/B65362949/htdocs/compta/charges.php?id=', 'S.S. Reg. Autónomos (José Manuel Valle Llamas)', 'sc'),
(5056, 3260, 423, '/B65362949/htdocs/compta/payment_sc/fiche.php?id=', '(paiement)', 'payment_sc'),
(5057, 3260, 448, '/B65362949/htdocs/compta/charges.php?id=', 'S.S. Reg. Autónomos (Sergio García Martínez)', 'sc'),
(5058, 3261, 424, '/B65362949/htdocs/compta/payment_sc/fiche.php?id=', '(paiement)', 'payment_sc'),
(5059, 3261, 449, '/B65362949/htdocs/compta/charges.php?id=', 'S.S. Reg. Autónomos (José Manuel Valle Llamas)', 'sc'),
(5060, 3262, 425, '/B65362949/htdocs/compta/payment_sc/fiche.php?id=', '(paiement)', 'payment_sc'),
(5061, 3262, 450, '/B65362949/htdocs/compta/charges.php?id=', 'S.S. Reg. Autónomos (Sergio García Martínez)', 'sc'),
(5062, 3263, 426, '/B65362949/htdocs/compta/payment_sc/fiche.php?id=', '(paiement)', 'payment_sc'),
(5063, 3263, 451, '/B65362949/htdocs/compta/charges.php?id=', 'S.S. Reg. Autónomos (José Manuel Valle Llamas)', 'sc'),
(5064, 3264, 427, '/B65362949/htdocs/compta/payment_sc/fiche.php?id=', '(paiement)', 'payment_sc'),
(5065, 3264, 452, '/B65362949/htdocs/compta/charges.php?id=', 'S.S. Reg. Autónomos (Sergio García Martínez)', 'sc'),
(5066, 3265, 428, '/B65362949/htdocs/compta/payment_sc/fiche.php?id=', '(paiement)', 'payment_sc'),
(5067, 3265, 453, '/B65362949/htdocs/compta/charges.php?id=', 'S.S. Reg. Autónomos (José Manuel Valle Llamas)', 'sc'),
(5070, 3267, 633, '/B65362949/htdocs/compta/paiement/fiche.php?id=', '(paiement)', 'payment'),
(5071, 3267, 198, '/B65362949/htdocs/comm/fiche.php?socid=', 'COSMOS BRUSH SL', 'company'),
(5072, 3268, 634, '/B65362949/htdocs/compta/paiement/fiche.php?id=', '(paiement)', 'payment'),
(5073, 3269, 865, '/B65362949/htdocs/fourn/paiement/fiche.php?id=', '(paiement)', 'payment_supplier'),
(5074, 3269, 200, '/B65362949/htdocs/fourn/fiche.php?socid=', 'addapta IT Partner S.L.', 'company'),
(5075, 3270, 635, '/B65362949/htdocs/compta/paiement/fiche.php?id=', '(paiement)', 'payment'),
(5076, 3270, 9, '/B65362949/htdocs/comm/fiche.php?socid=', 'BRILLIANT IBÉRICA, S.L.', 'company'),
(5077, 3271, 636, '/B65362949/htdocs/compta/paiement/fiche.php?id=', '(paiement)', 'payment'),
(5078, 3272, 637, '/B65362949/htdocs/compta/paiement/fiche.php?id=', '(paiement)', 'payment'),
(5079, 3272, 8, '/B65362949/htdocs/comm/fiche.php?socid=', 'Kawasaki Motors Europe NV', 'company'),
(5080, 3273, 638, '/B65362949/htdocs/compta/paiement/fiche.php?id=', '(paiement)', 'payment'),
(5081, 3273, 27, '/B65362949/htdocs/comm/fiche.php?socid=', 'CHATARRAS R. GARCIA, S.A.U.', 'company'),
(5084, 3275, 866, '/B65362949/htdocs/fourn/paiement/fiche.php?id=', '(paiement)', 'payment_supplier'),
(5085, 3275, 200, '/B65362949/htdocs/fourn/fiche.php?socid=', 'addapta IT Partner S.L.', 'company'),
(5086, 3276, 867, '/B65362949/htdocs/fourn/paiement/fiche.php?id=', '(paiement)', 'payment_supplier'),
(5087, 3276, 200, '/B65362949/htdocs/fourn/fiche.php?socid=', 'addapta IT Partner S.L.', 'company'),
(5088, 3277, 640, '/B65362949/htdocs/compta/paiement/fiche.php?id=', '(paiement)', 'payment'),
(5089, 3277, 91, '/B65362949/htdocs/comm/fiche.php?socid=', 'GRUPO GENERALI ESPAÑA, Agrupación de Interés Económico', 'company'),
(5090, 3278, 641, '/B65362949/htdocs/compta/paiement/fiche.php?id=', '(paiement)', 'payment'),
(5091, 3278, 9, '/B65362949/htdocs/comm/fiche.php?socid=', 'BRILLIANT IBÉRICA, S.L.', 'company'),
(5092, 3279, 642, '/B65362949/htdocs/compta/paiement/fiche.php?id=', '(paiement)', 'payment'),
(5093, 3279, 8, '/B65362949/htdocs/comm/fiche.php?socid=', 'Kawasaki Motors Europe NV', 'company'),
(5094, 3280, 643, '/B65362949/htdocs/compta/paiement/fiche.php?id=', '(paiement)', 'payment'),
(5095, 3281, 644, '/B65362949/htdocs/compta/paiement/fiche.php?id=', '(paiement)', 'payment'),
(5096, 3281, 6, '/B65362949/htdocs/comm/fiche.php?socid=', 'ARTEMI NOLLA GRUP GESTIÓ DE RESTAURANTS, S.L.', 'company'),
(5097, 3282, 645, '/B65362949/htdocs/compta/paiement/fiche.php?id=', '(paiement)', 'payment'),
(5098, 3282, 6, '/B65362949/htdocs/comm/fiche.php?socid=', 'ARTEMI NOLLA GRUP GESTIÓ DE RESTAURANTS, S.L.', 'company'),
(5099, 3283, 646, '/B65362949/htdocs/compta/paiement/fiche.php?id=', '(paiement)', 'payment'),
(5100, 3283, 6, '/B65362949/htdocs/comm/fiche.php?socid=', 'ARTEMI NOLLA GRUP GESTIÓ DE RESTAURANTS, S.L.', 'company'),
(5101, 3284, 647, '/B65362949/htdocs/compta/paiement/fiche.php?id=', '(paiement)', 'payment'),
(5102, 3284, 6, '/B65362949/htdocs/comm/fiche.php?socid=', 'ARTEMI NOLLA GRUP GESTIÓ DE RESTAURANTS, S.L.', 'company'),
(5103, 3285, 648, '/B65362949/htdocs/compta/paiement/fiche.php?id=', '(paiement)', 'payment'),
(5104, 3285, 54, '/B65362949/htdocs/comm/fiche.php?socid=', 'Magatzem d\'Idees, SL', 'company'),
(5105, 3286, 649, '/B65362949/htdocs/compta/paiement/fiche.php?id=', '(paiement)', 'payment'),
(5106, 3287, 650, '/B65362949/htdocs/compta/paiement/fiche.php?id=', '(paiement)', 'payment'),
(5107, 3287, 6, '/B65362949/htdocs/comm/fiche.php?socid=', 'ARTEMI NOLLA GRUP GESTIÓ DE RESTAURANTS, S.L.', 'company'),
(5108, 3288, 868, '/B65362949/htdocs/fourn/paiement/fiche.php?id=', '(paiement)', 'payment_supplier'),
(5109, 3288, 30, '/B65362949/htdocs/fourn/fiche.php?socid=', 'SOLRED, S.A.', 'company'),
(5110, 3289, 869, '/B65362949/htdocs/fourn/paiement/fiche.php?id=', '(paiement)', 'payment_supplier'),
(5111, 3289, 30, '/B65362949/htdocs/fourn/fiche.php?socid=', 'SOLRED, S.A.', 'company'),
(5112, 3290, 870, '/B65362949/htdocs/fourn/paiement/fiche.php?id=', '(paiement)', 'payment_supplier'),
(5113, 3290, 30, '/B65362949/htdocs/fourn/fiche.php?socid=', 'SOLRED, S.A.', 'company'),
(5114, 3291, 871, '/B65362949/htdocs/fourn/paiement/fiche.php?id=', '(paiement)', 'payment_supplier'),
(5115, 3291, 30, '/B65362949/htdocs/fourn/fiche.php?socid=', 'SOLRED, S.A.', 'company'),
(5116, 3292, 651, '/B65362949/htdocs/compta/paiement/fiche.php?id=', '(paiement)', 'payment'),
(5117, 3292, 91, '/B65362949/htdocs/comm/fiche.php?socid=', 'GRUPO GENERALI ESPAÑA, Agrupación de Interés Económico', 'company'),
(5118, 3293, 872, '/B65362949/htdocs/fourn/paiement/fiche.php?id=', '(paiement)', 'payment_supplier'),
(5119, 3293, 200, '/B65362949/htdocs/fourn/fiche.php?socid=', 'addapta IT Partner S.L.', 'company'),
(5120, 3294, 873, '/B65362949/htdocs/fourn/paiement/fiche.php?id=', '(paiement)', 'payment_supplier'),
(5121, 3294, 200, '/B65362949/htdocs/fourn/fiche.php?socid=', 'addapta IT Partner S.L.', 'company'),
(5122, 3295, 652, '/B65362949/htdocs/compta/paiement/fiche.php?id=', '(paiement)', 'payment'),
(5123, 3295, 9, '/B65362949/htdocs/comm/fiche.php?socid=', 'BRILLIANT IBÉRICA, S.L.', 'company'),
(5124, 3296, 874, '/B65362949/htdocs/fourn/paiement/fiche.php?id=', '(paiement)', 'payment_supplier'),
(5125, 3296, 18, '/B65362949/htdocs/fourn/fiche.php?socid=', 'CINC BUSINESS CENTER, S.L.', 'company'),
(5126, 3297, 875, '/B65362949/htdocs/fourn/paiement/fiche.php?id=', '(paiement)', 'payment_supplier'),
(5127, 3297, 18, '/B65362949/htdocs/fourn/fiche.php?socid=', 'CINC BUSINESS CENTER, S.L.', 'company'),
(5128, 3298, 876, '/B65362949/htdocs/fourn/paiement/fiche.php?id=', '(paiement)', 'payment_supplier'),
(5129, 3298, 18, '/B65362949/htdocs/fourn/fiche.php?socid=', 'CINC BUSINESS CENTER, S.L.', 'company'),
(5130, 3299, 877, '/B65362949/htdocs/fourn/paiement/fiche.php?id=', '(paiement)', 'payment_supplier'),
(5131, 3299, 16, '/B65362949/htdocs/fourn/fiche.php?socid=', 'Orange Spagne, S.A.U.', 'company'),
(5132, 3300, 878, '/B65362949/htdocs/fourn/paiement/fiche.php?id=', '(paiement)', 'payment_supplier'),
(5133, 3300, 16, '/B65362949/htdocs/fourn/fiche.php?socid=', 'Orange Spagne, S.A.U.', 'company'),
(5134, 3301, 879, '/B65362949/htdocs/fourn/paiement/fiche.php?id=', '(paiement)', 'payment_supplier'),
(5135, 3301, 16, '/B65362949/htdocs/fourn/fiche.php?socid=', 'Orange Spagne, S.A.U.', 'company'),
(5136, 3302, 880, '/B65362949/htdocs/fourn/paiement/fiche.php?id=', '(paiement)', 'payment_supplier'),
(5137, 3302, 30, '/B65362949/htdocs/fourn/fiche.php?socid=', 'SOLRED, S.A.', 'company'),
(5138, 3303, 881, '/B65362949/htdocs/fourn/paiement/fiche.php?id=', '(paiement)', 'payment_supplier'),
(5139, 3303, 144, '/B65362949/htdocs/fourn/fiche.php?socid=', 'ASSESSORIA CATAFAL, S.L.', 'company'),
(5140, 3304, 882, '/B65362949/htdocs/fourn/paiement/fiche.php?id=', '(paiement)', 'payment_supplier'),
(5141, 3304, 144, '/B65362949/htdocs/fourn/fiche.php?socid=', 'ASSESSORIA CATAFAL, S.L.', 'company'),
(5142, 3305, 883, '/B65362949/htdocs/fourn/paiement/fiche.php?id=', '(paiement)', 'payment_supplier'),
(5143, 3305, 144, '/B65362949/htdocs/fourn/fiche.php?socid=', 'ASSESSORIA CATAFAL, S.L.', 'company'),
(5144, 3306, 884, '/B65362949/htdocs/fourn/paiement/fiche.php?id=', '(paiement)', 'payment_supplier'),
(5145, 3306, 18, '/B65362949/htdocs/fourn/fiche.php?socid=', 'CINC BUSINESS CENTER, S.L.', 'company'),
(5146, 3307, 885, '/B65362949/htdocs/fourn/paiement/fiche.php?id=', '(paiement)', 'payment_supplier'),
(5147, 3307, 18, '/B65362949/htdocs/fourn/fiche.php?socid=', 'CINC BUSINESS CENTER, S.L.', 'company'),
(5148, 3308, 886, '/B65362949/htdocs/fourn/paiement/fiche.php?id=', '(paiement)', 'payment_supplier'),
(5149, 3308, 203, '/B65362949/htdocs/fourn/fiche.php?socid=', 'Grup LLuçanes 2011', 'company'),
(5150, 3309, 887, '/B65362949/htdocs/fourn/paiement/fiche.php?id=', '(paiement)', 'payment_supplier'),
(5151, 3309, 204, '/B65362949/htdocs/fourn/fiche.php?socid=', 'NH Hoteles España', 'company'),
(5152, 3310, 888, '/B65362949/htdocs/fourn/paiement/fiche.php?id=', '(paiement)', 'payment_supplier'),
(5153, 3310, 205, '/B65362949/htdocs/fourn/fiche.php?socid=', 'Hnas. Pedraza villanueva cordoba', 'company'),
(5154, 3311, 889, '/B65362949/htdocs/fourn/paiement/fiche.php?id=', '(paiement)', 'payment_supplier'),
(5155, 3311, 111, '/B65362949/htdocs/fourn/fiche.php?socid=', 'Dietas', 'company'),
(5156, 3312, 890, '/B65362949/htdocs/fourn/paiement/fiche.php?id=', '(paiement)', 'payment_supplier'),
(5157, 3312, 111, '/B65362949/htdocs/fourn/fiche.php?socid=', 'Dietas', 'company'),
(5158, 3313, 891, '/B65362949/htdocs/fourn/paiement/fiche.php?id=', '(paiement)', 'payment_supplier'),
(5159, 3313, 111, '/B65362949/htdocs/fourn/fiche.php?socid=', 'Dietas', 'company'),
(5160, 3314, 892, '/B65362949/htdocs/fourn/paiement/fiche.php?id=', '(paiement)', 'payment_supplier'),
(5161, 3314, 111, '/B65362949/htdocs/fourn/fiche.php?socid=', 'Dietas', 'company'),
(5162, 3315, 893, '/B65362949/htdocs/fourn/paiement/fiche.php?id=', '(paiement)', 'payment_supplier'),
(5163, 3315, 111, '/B65362949/htdocs/fourn/fiche.php?socid=', 'Dietas', 'company'),
(5164, 3316, 894, '/B65362949/htdocs/fourn/paiement/fiche.php?id=', '(paiement)', 'payment_supplier'),
(5165, 3316, 111, '/B65362949/htdocs/fourn/fiche.php?socid=', 'Dietas', 'company'),
(5166, 3317, 895, '/B65362949/htdocs/fourn/paiement/fiche.php?id=', '(paiement)', 'payment_supplier'),
(5167, 3317, 111, '/B65362949/htdocs/fourn/fiche.php?socid=', 'Dietas', 'company'),
(5168, 3318, 896, '/B65362949/htdocs/fourn/paiement/fiche.php?id=', '(paiement)', 'payment_supplier'),
(5169, 3318, 200, '/B65362949/htdocs/fourn/fiche.php?socid=', 'addapta IT Partner S.L.', 'company'),
(5170, 3319, 653, '/B65362949/htdocs/compta/paiement/fiche.php?id=', '(paiement)', 'payment'),
(5171, 3320, 654, '/B65362949/htdocs/compta/paiement/fiche.php?id=', '(paiement)', 'payment'),
(5172, 3320, 6, '/B65362949/htdocs/comm/fiche.php?socid=', 'ARTEMI NOLLA GRUP GESTIÓ DE RESTAURANTS, S.L.', 'company'),
(5173, 3321, 655, '/B65362949/htdocs/compta/paiement/fiche.php?id=', '(paiement)', 'payment'),
(5174, 3321, 8, '/B65362949/htdocs/comm/fiche.php?socid=', 'Kawasaki Motors Europe NV', 'company'),
(5175, 3322, 656, '/B65362949/htdocs/compta/paiement/fiche.php?id=', '(paiement)', 'payment'),
(5176, 3322, 8, '/B65362949/htdocs/comm/fiche.php?socid=', 'Kawasaki Motors Europe NV', 'company'),
(5177, 3323, 657, '/B65362949/htdocs/compta/paiement/fiche.php?id=', '(paiement)', 'payment'),
(5178, 3323, 9, '/B65362949/htdocs/comm/fiche.php?socid=', 'BRILLIANT IBÉRICA, S.L.', 'company'),
(5179, 3324, 658, '/B65362949/htdocs/compta/paiement/fiche.php?id=', '(paiement)', 'payment'),
(5180, 3325, 659, '/B65362949/htdocs/compta/paiement/fiche.php?id=', '(paiement)', 'payment'),
(5181, 3325, 5, '/B65362949/htdocs/comm/fiche.php?socid=', 'Supremo Coffee Systems, S.L.', 'company'),
(5182, 3326, 660, '/B65362949/htdocs/compta/paiement/fiche.php?id=', '(paiement)', 'payment'),
(5183, 3326, 6, '/B65362949/htdocs/comm/fiche.php?socid=', 'ARTEMI NOLLA GRUP GESTIÓ DE RESTAURANTS, S.L.', 'company'),
(5184, 3327, 661, '/B65362949/htdocs/compta/paiement/fiche.php?id=', '(paiement)', 'payment'),
(5185, 3328, 662, '/B65362949/htdocs/compta/paiement/fiche.php?id=', '(paiement)', 'payment'),
(5186, 3328, 8, '/B65362949/htdocs/comm/fiche.php?socid=', 'Kawasaki Motors Europe NV', 'company'),
(5187, 3329, 663, '/B65362949/htdocs/compta/paiement/fiche.php?id=', '(paiement)', 'payment'),
(5188, 3330, 664, '/B65362949/htdocs/compta/paiement/fiche.php?id=', '(paiement)', 'payment'),
(5189, 3330, 5, '/B65362949/htdocs/comm/fiche.php?socid=', 'Supremo Coffee Systems, S.L.', 'company'),
(5190, 3331, 665, '/B65362949/htdocs/compta/paiement/fiche.php?id=', '(paiement)', 'payment'),
(5191, 3331, 9, '/B65362949/htdocs/comm/fiche.php?socid=', 'BRILLIANT IBÉRICA, S.L.', 'company'),
(5192, 3332, 666, '/B65362949/htdocs/compta/paiement/fiche.php?id=', '(paiement)', 'payment'),
(5193, 3332, 27, '/B65362949/htdocs/comm/fiche.php?socid=', 'CHATARRAS R. GARCIA, S.A.U.', 'company'),
(5194, 3333, 667, '/B65362949/htdocs/compta/paiement/fiche.php?id=', '(paiement)', 'payment'),
(5195, 3333, 91, '/B65362949/htdocs/comm/fiche.php?socid=', 'GRUPO GENERALI ESPAÑA, Agrupación de Interés Económico', 'company'),
(5196, 3334, 897, '/B65362949/htdocs/fourn/paiement/fiche.php?id=', '(paiement)', 'payment_supplier'),
(5197, 3334, 200, '/B65362949/htdocs/fourn/fiche.php?socid=', 'addapta IT Partner S.L.', 'company'),
(5198, 3335, 668, '/B65362949/htdocs/compta/paiement/fiche.php?id=', '(paiement)', 'payment'),
(5199, 3336, 669, '/B65362949/htdocs/compta/paiement/fiche.php?id=', '(paiement)', 'payment'),
(5200, 3336, 6, '/B65362949/htdocs/comm/fiche.php?socid=', 'ARTEMI NOLLA GRUP GESTIÓ DE RESTAURANTS, S.L.', 'company'),
(5201, 3337, 670, '/B65362949/htdocs/compta/paiement/fiche.php?id=', '(paiement)', 'payment'),
(5202, 3338, 671, '/B65362949/htdocs/compta/paiement/fiche.php?id=', '(paiement)', 'payment'),
(5203, 3338, 27, '/B65362949/htdocs/comm/fiche.php?socid=', 'CHATARRAS R. GARCIA, S.A.U.', 'company'),
(5204, 3339, 672, '/B65362949/htdocs/compta/paiement/fiche.php?id=', '(paiement)', 'payment'),
(5205, 3339, 8, '/B65362949/htdocs/comm/fiche.php?socid=', 'Kawasaki Motors Europe NV', 'company'),
(5206, 3340, 673, '/B65362949/htdocs/compta/paiement/fiche.php?id=', '(paiement)', 'payment'),
(5207, 3341, 674, '/B65362949/htdocs/compta/paiement/fiche.php?id=', '(paiement)', 'payment'),
(5208, 3341, 9, '/B65362949/htdocs/comm/fiche.php?socid=', 'BRILLIANT IBÉRICA, S.L.', 'company'),
(5209, 3342, 675, '/B65362949/htdocs/compta/paiement/fiche.php?id=', '(paiement)', 'payment'),
(5210, 3342, 5, '/B65362949/htdocs/comm/fiche.php?socid=', 'Supremo Coffee Systems, S.L.', 'company'),
(5211, 3343, 676, '/B65362949/htdocs/compta/paiement/fiche.php?id=', '(paiement)', 'payment'),
(5212, 3343, 91, '/B65362949/htdocs/comm/fiche.php?socid=', 'GRUPO GENERALI ESPAÑA, Agrupación de Interés Económico', 'company'),
(5213, 3344, 898, '/B65362949/htdocs/fourn/paiement/fiche.php?id=', '(paiement)', 'payment_supplier'),
(5214, 3344, 200, '/B65362949/htdocs/fourn/fiche.php?socid=', 'addapta IT Partner S.L.', 'company'),
(5215, 3345, 899, '/B65362949/htdocs/fourn/paiement/fiche.php?id=', '(paiement)', 'payment_supplier'),
(5216, 3345, 200, '/B65362949/htdocs/fourn/fiche.php?socid=', 'addapta IT Partner S.L.', 'company'),
(5217, 3346, 900, '/B65362949/htdocs/fourn/paiement/fiche.php?id=', '(paiement)', 'payment_supplier'),
(5218, 3346, 200, '/B65362949/htdocs/fourn/fiche.php?socid=', 'addapta IT Partner S.L.', 'company'),
(5219, 3347, 901, '/B65362949/htdocs/fourn/paiement/fiche.php?id=', '(paiement)', 'payment_supplier'),
(5220, 3347, 18, '/B65362949/htdocs/fourn/fiche.php?socid=', 'CINC BUSINESS CENTER, S.L.', 'company'),
(5221, 3348, 902, '/B65362949/htdocs/fourn/paiement/fiche.php?id=', '(paiement)', 'payment_supplier'),
(5222, 3348, 202, '/B65362949/htdocs/fourn/fiche.php?socid=', 'Adding Serveis de Gestió, SLU', 'company'),
(5223, 3349, 903, '/B65362949/htdocs/fourn/paiement/fiche.php?id=', '(paiement)', 'payment_supplier'),
(5224, 3349, 16, '/B65362949/htdocs/fourn/fiche.php?socid=', 'Orange Spagne, S.A.U.', 'company'),
(5225, 3350, 904, '/B65362949/htdocs/fourn/paiement/fiche.php?id=', '(paiement)', 'payment_supplier'),
(5226, 3350, 30, '/B65362949/htdocs/fourn/fiche.php?socid=', 'SOLRED, S.A.', 'company'),
(5227, 3351, 905, '/B65362949/htdocs/fourn/paiement/fiche.php?id=', '(paiement)', 'payment_supplier'),
(5228, 3351, 202, '/B65362949/htdocs/fourn/fiche.php?socid=', 'Adding Serveis de Gestió, SLU', 'company'),
(5229, 3352, 906, '/B65362949/htdocs/fourn/paiement/fiche.php?id=', '(paiement)', 'payment_supplier'),
(5230, 3352, 18, '/B65362949/htdocs/fourn/fiche.php?socid=', 'CINC BUSINESS CENTER, S.L.', 'company'),
(5231, 3353, 907, '/B65362949/htdocs/fourn/paiement/fiche.php?id=', '(paiement)', 'payment_supplier'),
(5232, 3353, 16, '/B65362949/htdocs/fourn/fiche.php?socid=', 'Orange Spagne, S.A.U.', 'company'),
(5233, 3354, 908, '/B65362949/htdocs/fourn/paiement/fiche.php?id=', '(paiement)', 'payment_supplier'),
(5234, 3354, 30, '/B65362949/htdocs/fourn/fiche.php?socid=', 'SOLRED, S.A.', 'company'),
(5235, 3355, 909, '/B65362949/htdocs/fourn/paiement/fiche.php?id=', '(paiement)', 'payment_supplier'),
(5236, 3355, 202, '/B65362949/htdocs/fourn/fiche.php?socid=', 'Adding Serveis de Gestió, SLU', 'company'),
(5237, 3356, 910, '/B65362949/htdocs/fourn/paiement/fiche.php?id=', '(paiement)', 'payment_supplier'),
(5238, 3356, 18, '/B65362949/htdocs/fourn/fiche.php?socid=', 'CINC BUSINESS CENTER, S.L.', 'company'),
(5239, 3357, 911, '/B65362949/htdocs/fourn/paiement/fiche.php?id=', '(paiement)', 'payment_supplier'),
(5240, 3357, 16, '/B65362949/htdocs/fourn/fiche.php?socid=', 'Orange Spagne, S.A.U.', 'company'),
(5241, 3358, 912, '/B65362949/htdocs/fourn/paiement/fiche.php?id=', '(paiement)', 'payment_supplier'),
(5242, 3358, 30, '/B65362949/htdocs/fourn/fiche.php?socid=', 'SOLRED, S.A.', 'company'),
(5243, 3359, 913, '/B65362949/htdocs/fourn/paiement/fiche.php?id=', '(paiement)', 'payment_supplier'),
(5244, 3359, 202, '/B65362949/htdocs/fourn/fiche.php?socid=', 'Adding Serveis de Gestió, SLU', 'company'),
(5245, 3360, 914, '/B65362949/htdocs/fourn/paiement/fiche.php?id=', '(paiement)', 'payment_supplier'),
(5246, 3360, 18, '/B65362949/htdocs/fourn/fiche.php?socid=', 'CINC BUSINESS CENTER, S.L.', 'company'),
(5247, 3361, 677, '/B65362949/htdocs/compta/paiement/fiche.php?id=', '(paiement)', 'payment'),
(5248, 3362, 915, '/B65362949/htdocs/fourn/paiement/fiche.php?id=', '(paiement)', 'payment_supplier'),
(5249, 3362, 16, '/B65362949/htdocs/fourn/fiche.php?socid=', 'Orange Spagne, S.A.U.', 'company'),
(5250, 3363, 678, '/B65362949/htdocs/compta/paiement/fiche.php?id=', '(paiement)', 'payment'),
(5251, 3363, 6, '/B65362949/htdocs/comm/fiche.php?socid=', 'ARTEMI NOLLA GRUP GESTIÓ DE RESTAURANTS, S.L.', 'company'),
(5252, 3364, 679, '/B65362949/htdocs/compta/paiement/fiche.php?id=', '(paiement)', 'payment'),
(5253, 3364, 179, '/B65362949/htdocs/comm/fiche.php?socid=', 'Gema E Santiago Garrido', 'company'),
(5254, 3365, 680, '/B65362949/htdocs/compta/paiement/fiche.php?id=', '(paiement)', 'payment'),
(5255, 3366, 681, '/B65362949/htdocs/compta/paiement/fiche.php?id=', '(paiement)', 'payment'),
(5256, 3366, 5, '/B65362949/htdocs/comm/fiche.php?socid=', 'Supremo Coffee Systems, S.L.', 'company'),
(5257, 3367, 682, '/B65362949/htdocs/compta/paiement/fiche.php?id=', '(paiement)', 'payment'),
(5258, 3367, 8, '/B65362949/htdocs/comm/fiche.php?socid=', 'Kawasaki Motors Europe NV', 'company'),
(5259, 3368, 683, '/B65362949/htdocs/compta/paiement/fiche.php?id=', '(paiement)', 'payment'),
(5260, 3368, 9, '/B65362949/htdocs/comm/fiche.php?socid=', 'BRILLIANT IBÉRICA, S.L.', 'company'),
(5261, 3369, 684, '/B65362949/htdocs/compta/paiement/fiche.php?id=', '(paiement)', 'payment'),
(5262, 3369, 27, '/B65362949/htdocs/comm/fiche.php?socid=', 'CHATARRAS R. GARCIA, S.A.U.', 'company'),
(5263, 3370, 685, '/B65362949/htdocs/compta/paiement/fiche.php?id=', '(paiement)', 'payment'),
(5264, 3370, 6, '/B65362949/htdocs/comm/fiche.php?socid=', 'ARTEMI NOLLA GRUP GESTIÓ DE RESTAURANTS, S.L.', 'company'),
(5265, 3371, 686, '/B65362949/htdocs/compta/paiement/fiche.php?id=', '(paiement)', 'payment'),
(5266, 3372, 687, '/B65362949/htdocs/compta/paiement/fiche.php?id=', '(paiement)', 'payment'),
(5267, 3372, 9, '/B65362949/htdocs/comm/fiche.php?socid=', 'BRILLIANT IBÉRICA, S.L.', 'company'),
(5268, 3373, 688, '/B65362949/htdocs/compta/paiement/fiche.php?id=', '(paiement)', 'payment'),
(5269, 3373, 5, '/B65362949/htdocs/comm/fiche.php?socid=', 'Supremo Coffee Systems, S.L.', 'company'),
(5270, 3374, 689, '/B65362949/htdocs/compta/paiement/fiche.php?id=', '(paiement)', 'payment'),
(5271, 3374, 8, '/B65362949/htdocs/comm/fiche.php?socid=', 'Kawasaki Motors Europe NV', 'company'),
(5272, 3375, 690, '/B65362949/htdocs/compta/paiement/fiche.php?id=', '(paiement)', 'payment'),
(5273, 3375, 6, '/B65362949/htdocs/comm/fiche.php?socid=', 'ARTEMI NOLLA GRUP GESTIÓ DE RESTAURANTS, S.L.', 'company'),
(5274, 3376, 691, '/B65362949/htdocs/compta/paiement/fiche.php?id=', '(paiement)', 'payment'),
(5275, 3376, 8, '/B65362949/htdocs/comm/fiche.php?socid=', 'Kawasaki Motors Europe NV', 'company'),
(5276, 3377, 692, '/B65362949/htdocs/compta/paiement/fiche.php?id=', '(paiement)', 'payment'),
(5277, 3378, 693, '/B65362949/htdocs/compta/paiement/fiche.php?id=', '(paiement)', 'payment'),
(5278, 3378, 9, '/B65362949/htdocs/comm/fiche.php?socid=', 'BRILLIANT IBÉRICA, S.L.', 'company'),
(5281, 3382, 695, '/B65362949/htdocs/compta/paiement/fiche.php?id=', '(paiement)', 'payment'),
(5282, 3382, 54, '/B65362949/htdocs/comm/fiche.php?socid=', 'Magatzem d\'Idees, SL', 'company'),
(5283, 3383, 916, '/B65362949/htdocs/fourn/paiement/fiche.php?id=', '(paiement)', 'payment_supplier'),
(5284, 3383, 30, '/B65362949/htdocs/fourn/fiche.php?socid=', 'SOLRED, S.A.', 'company'),
(5285, 3384, 917, '/B65362949/htdocs/fourn/paiement/fiche.php?id=', '(paiement)', 'payment_supplier'),
(5286, 3384, 202, '/B65362949/htdocs/fourn/fiche.php?socid=', 'Adding Serveis de Gestió, SLU', 'company'),
(5287, 3385, 918, '/B65362949/htdocs/fourn/paiement/fiche.php?id=', '(paiement)', 'payment_supplier');
INSERT INTO `b65362949_bank_url` (`rowid`, `fk_bank`, `url_id`, `url`, `label`, `type`) VALUES
(5288, 3385, 18, '/B65362949/htdocs/fourn/fiche.php?socid=', 'CINC BUSINESS CENTER, S.L.', 'company'),
(5289, 3386, 919, '/B65362949/htdocs/fourn/paiement/fiche.php?id=', '(paiement)', 'payment_supplier'),
(5290, 3386, 16, '/B65362949/htdocs/fourn/fiche.php?socid=', 'Orange Spagne, S.A.U.', 'company'),
(5291, 3387, 920, '/B65362949/htdocs/fourn/paiement/fiche.php?id=', '(paiement)', 'payment_supplier'),
(5292, 3387, 18, '/B65362949/htdocs/fourn/fiche.php?socid=', 'CINC BUSINESS CENTER, S.L.', 'company'),
(5293, 3388, 921, '/B65362949/htdocs/fourn/paiement/fiche.php?id=', '(paiement)', 'payment_supplier'),
(5294, 3388, 30, '/B65362949/htdocs/fourn/fiche.php?socid=', 'SOLRED, S.A.', 'company'),
(5295, 3389, 922, '/B65362949/htdocs/fourn/paiement/fiche.php?id=', '(paiement)', 'payment_supplier'),
(5296, 3389, 202, '/B65362949/htdocs/fourn/fiche.php?socid=', 'Adding Serveis de Gestió, SLU', 'company'),
(5297, 3390, 923, '/B65362949/htdocs/fourn/paiement/fiche.php?id=', '(paiement)', 'payment_supplier'),
(5298, 3390, 30, '/B65362949/htdocs/fourn/fiche.php?socid=', 'SOLRED, S.A.', 'company'),
(5299, 3391, 924, '/B65362949/htdocs/fourn/paiement/fiche.php?id=', '(paiement)', 'payment_supplier'),
(5300, 3391, 18, '/B65362949/htdocs/fourn/fiche.php?socid=', 'CINC BUSINESS CENTER, S.L.', 'company'),
(5301, 3392, 925, '/B65362949/htdocs/fourn/paiement/fiche.php?id=', '(paiement)', 'payment_supplier'),
(5302, 3392, 202, '/B65362949/htdocs/fourn/fiche.php?socid=', 'Adding Serveis de Gestió, SLU', 'company'),
(5303, 3393, 696, '/B65362949/htdocs/compta/paiement/fiche.php?id=', '(paiement)', 'payment'),
(5304, 3393, 1, '/B65362949/htdocs/comm/fiche.php?socid=', 'Isabel Rodríguez Fernández', 'company'),
(5305, 3394, 697, '/B65362949/htdocs/compta/paiement/fiche.php?id=', '(paiement)', 'payment'),
(5306, 3394, 6, '/B65362949/htdocs/comm/fiche.php?socid=', 'ARTEMI NOLLA GRUP GESTIÓ DE RESTAURANTS, S.L.', 'company'),
(5307, 3395, 698, '/B65362949/htdocs/compta/paiement/fiche.php?id=', '(paiement)', 'payment'),
(5308, 3395, 8, '/B65362949/htdocs/comm/fiche.php?socid=', 'Kawasaki Motors Europe NV', 'company'),
(5309, 3396, 699, '/B65362949/htdocs/compta/paiement/fiche.php?id=', '(paiement)', 'payment'),
(5310, 3396, 9, '/B65362949/htdocs/comm/fiche.php?socid=', 'BRILLIANT IBÉRICA, S.L.', 'company'),
(5311, 3397, 700, '/B65362949/htdocs/compta/paiement/fiche.php?id=', '(paiement)', 'payment'),
(5312, 3397, 91, '/B65362949/htdocs/comm/fiche.php?socid=', 'GRUPO GENERALI ESPAÑA, Agrupación de Interés Económico', 'company'),
(5314, 3399, 702, '/B65362949/htdocs/compta/paiement/fiche.php?id=', '(paiement)', 'payment'),
(5315, 3401, 703, '/B65362949/htdocs/compta/paiement/fiche.php?id=', '(paiement)', 'payment'),
(5316, 3401, 6, '/B65362949/htdocs/comm/fiche.php?socid=', 'ARTEMI NOLLA GRUP GESTIÓ DE RESTAURANTS, S.L.', 'company'),
(5317, 3403, 704, '/B65362949/htdocs/compta/paiement/fiche.php?id=', '(paiement)', 'payment'),
(5318, 3403, 8, '/B65362949/htdocs/comm/fiche.php?socid=', 'Kawasaki Motors Europe NV', 'company'),
(5319, 3404, 705, '/B65362949/htdocs/compta/paiement/fiche.php?id=', '(paiement)', 'payment'),
(5320, 3404, 9, '/B65362949/htdocs/comm/fiche.php?socid=', 'BRILLIANT IBÉRICA, S.L.', 'company'),
(5321, 3405, 706, '/B65362949/htdocs/compta/paiement/fiche.php?id=', '(paiement)', 'payment'),
(5322, 3405, 6, '/B65362949/htdocs/comm/fiche.php?socid=', 'ARTEMI NOLLA GRUP GESTIÓ DE RESTAURANTS, S.L.', 'company'),
(5323, 3406, 707, '/B65362949/htdocs/compta/paiement/fiche.php?id=', '(paiement)', 'payment'),
(5324, 3406, 8, '/B65362949/htdocs/comm/fiche.php?socid=', 'Kawasaki Motors Europe NV', 'company'),
(5325, 3407, 708, '/B65362949/htdocs/compta/paiement/fiche.php?id=', '(paiement)', 'payment'),
(5326, 3407, 9, '/B65362949/htdocs/comm/fiche.php?socid=', 'BRILLIANT IBÉRICA, S.L.', 'company'),
(5327, 3408, 926, '/B65362949/htdocs/fourn/paiement/fiche.php?id=', '(paiement)', 'payment_supplier'),
(5328, 3408, 111, '/B65362949/htdocs/fourn/fiche.php?socid=', 'Dietas', 'company'),
(5329, 3409, 709, '/B65362949/htdocs/compta/paiement/fiche.php?id=', '(paiement)', 'payment'),
(5330, 3410, 927, '/B65362949/htdocs/fourn/paiement/fiche.php?id=', '(paiement)', 'payment_supplier'),
(5331, 3410, 202, '/B65362949/htdocs/fourn/fiche.php?socid=', 'Adding Serveis de Gestió, SLU', 'company'),
(5332, 3411, 928, '/B65362949/htdocs/fourn/paiement/fiche.php?id=', '(paiement)', 'payment_supplier'),
(5333, 3411, 30, '/B65362949/htdocs/fourn/fiche.php?socid=', 'SOLRED, S.A.', 'company'),
(5334, 3412, 929, '/B65362949/htdocs/fourn/paiement/fiche.php?id=', '(paiement)', 'payment_supplier'),
(5335, 3412, 18, '/B65362949/htdocs/fourn/fiche.php?socid=', 'CINC BUSINESS CENTER, S.L.', 'company'),
(5336, 3413, 930, '/B65362949/htdocs/fourn/paiement/fiche.php?id=', '(paiement)', 'payment_supplier'),
(5337, 3413, 30, '/B65362949/htdocs/fourn/fiche.php?socid=', 'SOLRED, S.A.', 'company'),
(5338, 3414, 931, '/B65362949/htdocs/fourn/paiement/fiche.php?id=', '(paiement)', 'payment_supplier'),
(5339, 3414, 202, '/B65362949/htdocs/fourn/fiche.php?socid=', 'Adding Serveis de Gestió, SLU', 'company'),
(5340, 3415, 932, '/B65362949/htdocs/fourn/paiement/fiche.php?id=', '(paiement)', 'payment_supplier'),
(5341, 3415, 30, '/B65362949/htdocs/fourn/fiche.php?socid=', 'SOLRED, S.A.', 'company'),
(5342, 3416, 933, '/B65362949/htdocs/fourn/paiement/fiche.php?id=', '(paiement)', 'payment_supplier'),
(5343, 3416, 18, '/B65362949/htdocs/fourn/fiche.php?socid=', 'CINC BUSINESS CENTER, S.L.', 'company'),
(5344, 3417, 934, '/B65362949/htdocs/fourn/paiement/fiche.php?id=', '(paiement)', 'payment_supplier'),
(5345, 3417, 202, '/B65362949/htdocs/fourn/fiche.php?socid=', 'Adding Serveis de Gestió, SLU', 'company'),
(5346, 3418, 935, '/B65362949/htdocs/fourn/paiement/fiche.php?id=', '(paiement)', 'payment_supplier'),
(5347, 3418, 18, '/B65362949/htdocs/fourn/fiche.php?socid=', 'CINC BUSINESS CENTER, S.L.', 'company'),
(5348, 3419, 710, '/B65362949/htdocs/compta/paiement/fiche.php?id=', '(paiement)', 'payment'),
(5349, 3419, 6, '/B65362949/htdocs/comm/fiche.php?socid=', 'ARTEMI NOLLA GRUP GESTIÓ DE RESTAURANTS, S.L.', 'company'),
(5351, 3421, 712, '/B65362949/htdocs/compta/paiement/fiche.php?id=', '(paiement)', 'payment'),
(5352, 3421, 207, '/B65362949/htdocs/comm/fiche.php?socid=', 'AIRESBCN CONSULTING COMPANY, SL', 'company'),
(5354, 3423, 714, '/B65362949/htdocs/compta/paiement/fiche.php?id=', '(paiement)', 'payment'),
(5355, 3423, 25, '/B65362949/htdocs/comm/fiche.php?socid=', 'EMBUTIDOS Y JAMONES DIAZ S.L.', 'company'),
(5356, 3424, 715, '/B65362949/htdocs/compta/paiement/fiche.php?id=', '(paiement)', 'payment'),
(5357, 3424, 54, '/B65362949/htdocs/comm/fiche.php?socid=', 'Magatzem d\'Idees, SL', 'company'),
(5358, 3425, 3426, '/B65362949/htdocs/compta/bank/ligne.php?rowid=', '(banktransfert)', 'banktransfert'),
(5359, 3426, 3425, '/B65362949/htdocs/compta/bank/ligne.php?rowid=', '(banktransfert)', 'banktransfert'),
(5360, 3427, 716, '/B65362949/htdocs/compta/paiement/fiche.php?id=', '(paiement)', 'payment'),
(5361, 3427, 8, '/B65362949/htdocs/comm/fiche.php?socid=', 'Kawasaki Motors Europe NV', 'company'),
(5362, 3428, 717, '/B65362949/htdocs/compta/paiement/fiche.php?id=', '(paiement)', 'payment'),
(5363, 3428, 9, '/B65362949/htdocs/comm/fiche.php?socid=', 'BRILLIANT IBÉRICA, S.L.', 'company'),
(5364, 3429, 718, '/B65362949/htdocs/compta/paiement/fiche.php?id=', '(paiement)', 'payment'),
(5365, 3429, 9, '/B65362949/htdocs/comm/fiche.php?socid=', 'BRILLIANT IBÉRICA, S.L.', 'company'),
(5366, 3430, 719, '/B65362949/htdocs/compta/paiement/fiche.php?id=', '(paiement)', 'payment'),
(5367, 3431, 720, '/B65362949/htdocs/compta/paiement/fiche.php?id=', '(paiement)', 'payment'),
(5368, 3431, 6, '/B65362949/htdocs/comm/fiche.php?socid=', 'ARTEMI NOLLA GRUP GESTIÓ DE RESTAURANTS, S.L.', 'company'),
(5369, 3432, 721, '/B65362949/htdocs/compta/paiement/fiche.php?id=', '(paiement)', 'payment'),
(5370, 3432, 8, '/B65362949/htdocs/comm/fiche.php?socid=', 'Kawasaki Motors Europe NV', 'company'),
(5371, 3435, 722, '/B65362949/htdocs/compta/paiement/fiche.php?id=', '(paiement)', 'payment'),
(5372, 3436, 723, '/B65362949/htdocs/compta/paiement/fiche.php?id=', '(paiement)', 'payment'),
(5373, 3437, 936, '/B65362949/htdocs/fourn/paiement/fiche.php?id=', '(paiement)', 'payment_supplier'),
(5374, 3437, 202, '/B65362949/htdocs/fourn/fiche.php?socid=', 'Adding Serveis de Gestió, SLU', 'company'),
(5375, 3438, 937, '/B65362949/htdocs/fourn/paiement/fiche.php?id=', '(paiement)', 'payment_supplier'),
(5376, 3438, 18, '/B65362949/htdocs/fourn/fiche.php?socid=', 'CINC BUSINESS CENTER, S.L.', 'company'),
(5377, 3439, 938, '/B65362949/htdocs/fourn/paiement/fiche.php?id=', '(paiement)', 'payment_supplier'),
(5378, 3439, 30, '/B65362949/htdocs/fourn/fiche.php?socid=', 'SOLRED, S.A.', 'company'),
(5379, 3440, 939, '/B65362949/htdocs/fourn/paiement/fiche.php?id=', '(paiement)', 'payment_supplier'),
(5380, 3440, 171, '/B65362949/htdocs/fourn/fiche.php?socid=', 'Apple Distribution International', 'company'),
(5381, 3441, 724, '/B65362949/htdocs/compta/paiement/fiche.php?id=', '(paiement)', 'payment'),
(5382, 3441, 9, '/B65362949/htdocs/comm/fiche.php?socid=', 'BRILLIANT IBÉRICA, S.L.', 'company'),
(5383, 3442, 725, '/B65362949/htdocs/compta/paiement/fiche.php?id=', '(paiement)', 'payment'),
(5384, 3442, 9, '/B65362949/htdocs/comm/fiche.php?socid=', 'BRILLIANT IBÉRICA, S.L.', 'company'),
(5385, 3443, 726, '/B65362949/htdocs/compta/paiement/fiche.php?id=', '(paiement)', 'payment'),
(5386, 3443, 8, '/B65362949/htdocs/comm/fiche.php?socid=', 'Kawasaki Motors Europe NV', 'company'),
(5387, 3445, 727, '/B65362949/htdocs/compta/paiement/fiche.php?id=', '(paiement)', 'payment'),
(5388, 3445, 208, '/B65362949/htdocs/comm/fiche.php?socid=', 'SIGLA COMUNICACIÓN S.L.', 'company'),
(5389, 3446, 728, '/B65362949/htdocs/compta/paiement/fiche.php?id=', '(paiement)', 'payment'),
(5390, 3446, 54, '/B65362949/htdocs/comm/fiche.php?socid=', 'Magatzem d\'Idees, SL', 'company'),
(5391, 3447, 729, '/B65362949/htdocs/compta/paiement/fiche.php?id=', '(paiement)', 'payment'),
(5392, 3448, 730, '/B65362949/htdocs/compta/paiement/fiche.php?id=', '(paiement)', 'payment'),
(5393, 3448, 9, '/B65362949/htdocs/comm/fiche.php?socid=', 'BRILLIANT IBÉRICA, S.L.', 'company'),
(5394, 3449, 731, '/B65362949/htdocs/compta/paiement/fiche.php?id=', '(paiement)', 'payment'),
(5395, 3449, 9, '/B65362949/htdocs/comm/fiche.php?socid=', 'BRILLIANT IBÉRICA, S.L.', 'company'),
(5396, 3450, 732, '/B65362949/htdocs/compta/paiement/fiche.php?id=', '(paiement)', 'payment'),
(5397, 3450, 6, '/B65362949/htdocs/comm/fiche.php?socid=', 'ARTEMI NOLLA GRUP GESTIÓ DE RESTAURANTS, S.L.', 'company'),
(5398, 3451, 733, '/B65362949/htdocs/compta/paiement/fiche.php?id=', '(paiement)', 'payment'),
(5399, 3451, 27, '/B65362949/htdocs/comm/fiche.php?socid=', 'CHATARRAS R. GARCIA, S.A.U.', 'company'),
(5400, 3452, 734, '/B65362949/htdocs/compta/paiement/fiche.php?id=', '(paiement)', 'payment'),
(5401, 3453, 735, '/B65362949/htdocs/compta/paiement/fiche.php?id=', '(paiement)', 'payment'),
(5402, 3453, 9, '/B65362949/htdocs/comm/fiche.php?socid=', 'BRILLIANT IBÉRICA, S.L.', 'company'),
(5403, 3454, 736, '/B65362949/htdocs/compta/paiement/fiche.php?id=', '(paiement)', 'payment'),
(5404, 3454, 9, '/B65362949/htdocs/comm/fiche.php?socid=', 'BRILLIANT IBÉRICA, S.L.', 'company'),
(5405, 3455, 737, '/B65362949/htdocs/compta/paiement/fiche.php?id=', '(paiement)', 'payment'),
(5406, 3455, 8, '/B65362949/htdocs/comm/fiche.php?socid=', 'Kawasaki Motors Europe NV', 'company'),
(5407, 3456, 738, '/B65362949/htdocs/compta/paiement/fiche.php?id=', '(paiement)', 'payment'),
(5408, 3457, 739, '/B65362949/htdocs/compta/paiement/fiche.php?id=', '(paiement)', 'payment'),
(5409, 3457, 8, '/B65362949/htdocs/comm/fiche.php?socid=', 'Kawasaki Motors Europe NV', 'company'),
(5410, 3458, 740, '/B65362949/htdocs/compta/paiement/fiche.php?id=', '(paiement)', 'payment'),
(5411, 3458, 179, '/B65362949/htdocs/comm/fiche.php?socid=', 'Gema E Santiago Garrido', 'company'),
(5412, 3459, 741, '/B65362949/htdocs/compta/paiement/fiche.php?id=', '(paiement)', 'payment'),
(5413, 3459, 6, '/B65362949/htdocs/comm/fiche.php?socid=', 'ARTEMI NOLLA GRUP GESTIÓ DE RESTAURANTS, S.L.', 'company'),
(5414, 3460, 742, '/B65362949/htdocs/compta/paiement/fiche.php?id=', '(paiement)', 'payment'),
(5415, 3460, 8, '/B65362949/htdocs/comm/fiche.php?socid=', 'Kawasaki Motors Europe NV', 'company'),
(5416, 3461, 743, '/B65362949/htdocs/compta/paiement/fiche.php?id=', '(paiement)', 'payment'),
(5417, 3462, 744, '/B65362949/htdocs/compta/paiement/fiche.php?id=', '(paiement)', 'payment'),
(5418, 3462, 9, '/B65362949/htdocs/comm/fiche.php?socid=', 'BRILLIANT IBÉRICA, S.L.', 'company'),
(5419, 3463, 745, '/B65362949/htdocs/compta/paiement/fiche.php?id=', '(paiement)', 'payment'),
(5420, 3463, 9, '/B65362949/htdocs/comm/fiche.php?socid=', 'BRILLIANT IBÉRICA, S.L.', 'company'),
(5421, 3464, 746, '/B65362949/htdocs/compta/paiement/fiche.php?id=', '(paiement)', 'payment'),
(5422, 3464, 54, '/B65362949/htdocs/comm/fiche.php?socid=', 'Magatzem d\'Idees, SL', 'company'),
(5423, 3465, 747, '/B65362949/htdocs/compta/paiement/fiche.php?id=', '(paiement)', 'payment'),
(5424, 3465, 54, '/B65362949/htdocs/comm/fiche.php?socid=', 'Magatzem d\'Idees, SL', 'company'),
(5425, 3466, 748, '/B65362949/htdocs/compta/paiement/fiche.php?id=', '(paiement)', 'payment'),
(5426, 3467, 749, '/B65362949/htdocs/compta/paiement/fiche.php?id=', '(paiement)', 'payment'),
(5427, 3467, 9, '/B65362949/htdocs/comm/fiche.php?socid=', 'BRILLIANT IBÉRICA, S.L.', 'company'),
(5428, 3468, 750, '/B65362949/htdocs/compta/paiement/fiche.php?id=', '(paiement)', 'payment'),
(5429, 3468, 9, '/B65362949/htdocs/comm/fiche.php?socid=', 'BRILLIANT IBÉRICA, S.L.', 'company'),
(5430, 3469, 751, '/B65362949/htdocs/compta/paiement/fiche.php?id=', '(paiement)', 'payment'),
(5431, 3469, 8, '/B65362949/htdocs/comm/fiche.php?socid=', 'Kawasaki Motors Europe NV', 'company'),
(5432, 3470, 752, '/B65362949/htdocs/compta/paiement/fiche.php?id=', '(paiement)', 'payment'),
(5433, 3471, 753, '/B65362949/htdocs/compta/paiement/fiche.php?id=', '(paiement)', 'payment'),
(5434, 3471, 54, '/B65362949/htdocs/comm/fiche.php?socid=', 'Magatzem d\'Idees, SL', 'company'),
(5435, 3472, 754, '/B65362949/htdocs/compta/paiement/fiche.php?id=', '(paiement)', 'payment'),
(5436, 3472, 8, '/B65362949/htdocs/comm/fiche.php?socid=', 'Kawasaki Motors Europe NV', 'company'),
(5437, 3473, 755, '/B65362949/htdocs/compta/paiement/fiche.php?id=', '(paiement)', 'payment'),
(5438, 3473, 9, '/B65362949/htdocs/comm/fiche.php?socid=', 'BRILLIANT IBÉRICA, S.L.', 'company'),
(5439, 3474, 756, '/B65362949/htdocs/compta/paiement/fiche.php?id=', '(paiement)', 'payment'),
(5440, 3474, 9, '/B65362949/htdocs/comm/fiche.php?socid=', 'BRILLIANT IBÉRICA, S.L.', 'company'),
(5441, 3475, 757, '/B65362949/htdocs/compta/paiement/fiche.php?id=', '(paiement)', 'payment'),
(5442, 3475, 27, '/B65362949/htdocs/comm/fiche.php?socid=', 'CHATARRAS R. GARCIA, S.A.U.', 'company'),
(5443, 3476, 758, '/B65362949/htdocs/compta/paiement/fiche.php?id=', '(paiement)', 'payment'),
(5444, 3476, 8, '/B65362949/htdocs/comm/fiche.php?socid=', 'Kawasaki Motors Europe NV', 'company'),
(5445, 3477, 759, '/B65362949/htdocs/compta/paiement/fiche.php?id=', '(paiement)', 'payment'),
(5446, 3477, 9, '/B65362949/htdocs/comm/fiche.php?socid=', 'BRILLIANT IBÉRICA, S.L.', 'company'),
(5447, 3478, 760, '/B65362949/htdocs/compta/paiement/fiche.php?id=', '(paiement)', 'payment'),
(5448, 3478, 9, '/B65362949/htdocs/comm/fiche.php?socid=', 'BRILLIANT IBÉRICA, S.L.', 'company'),
(5449, 3479, 761, '/B65362949/htdocs/compta/paiement/fiche.php?id=', '(paiement)', 'payment'),
(5450, 3480, 762, '/B65362949/htdocs/compta/paiement/fiche.php?id=', '(paiement)', 'payment'),
(5451, 3480, 8, '/B65362949/htdocs/comm/fiche.php?socid=', 'Kawasaki Motors Europe NV', 'company'),
(5452, 3481, 763, '/B65362949/htdocs/compta/paiement/fiche.php?id=', '(paiement)', 'payment'),
(5453, 3482, 764, '/B65362949/htdocs/compta/paiement/fiche.php?id=', '(paiement)', 'payment'),
(5454, 3482, 9, '/B65362949/htdocs/comm/fiche.php?socid=', 'BRILLIANT IBÉRICA, S.L.', 'company'),
(5455, 3483, 765, '/B65362949/htdocs/compta/paiement/fiche.php?id=', '(paiement)', 'payment'),
(5456, 3483, 9, '/B65362949/htdocs/comm/fiche.php?socid=', 'BRILLIANT IBÉRICA, S.L.', 'company'),
(5457, 3484, 766, '/B65362949/htdocs/compta/paiement/fiche.php?id=', '(paiement)', 'payment'),
(5458, 3484, 54, '/B65362949/htdocs/comm/fiche.php?socid=', 'Magatzem d\'Idees, SL', 'company'),
(5459, 3485, 767, '/B65362949/htdocs/compta/paiement/fiche.php?id=', '(paiement)', 'payment'),
(5460, 3485, 27, '/B65362949/htdocs/comm/fiche.php?socid=', 'CHATARRAS R. GARCIA, S.A.U.', 'company'),
(5461, 3486, 768, '/B65362949/htdocs/compta/paiement/fiche.php?id=', '(paiement)', 'payment'),
(5462, 3486, 27, '/B65362949/htdocs/comm/fiche.php?socid=', 'CHATARRAS R. GARCIA, S.A.U.', 'company'),
(5463, 3487, 769, '/B65362949/htdocs/compta/paiement/fiche.php?id=', '(paiement)', 'payment'),
(5464, 3487, 8, '/B65362949/htdocs/comm/fiche.php?socid=', 'Kawasaki Motors Europe NV', 'company'),
(5465, 3488, 770, '/B65362949/htdocs/compta/paiement/fiche.php?id=', '(paiement)', 'payment'),
(5466, 3488, 54, '/B65362949/htdocs/comm/fiche.php?socid=', 'Magatzem d\'Idees, SL', 'company'),
(5467, 3489, 771, '/B65362949/htdocs/compta/paiement/fiche.php?id=', '(paiement)', 'payment'),
(5468, 3490, 772, '/B65362949/htdocs/compta/paiement/fiche.php?id=', '(paiement)', 'payment'),
(5469, 3490, 9, '/B65362949/htdocs/comm/fiche.php?socid=', 'BRILLIANT IBÉRICA, S.L.', 'company'),
(5470, 3491, 773, '/B65362949/htdocs/compta/paiement/fiche.php?id=', '(paiement)', 'payment'),
(5471, 3491, 9, '/B65362949/htdocs/comm/fiche.php?socid=', 'BRILLIANT IBÉRICA, S.L.', 'company'),
(5472, 3492, 774, '/B65362949/htdocs/compta/paiement/fiche.php?id=', '(paiement)', 'payment'),
(5473, 3492, 6, '/B65362949/htdocs/comm/fiche.php?socid=', 'ARTEMI NOLLA GRUP GESTIÓ DE RESTAURANTS, S.L.', 'company'),
(5474, 3493, 775, '/B65362949/htdocs/compta/paiement/fiche.php?id=', '(paiement)', 'payment'),
(5475, 3493, 8, '/B65362949/htdocs/comm/fiche.php?socid=', 'Kawasaki Motors Europe NV', 'company'),
(5476, 3494, 776, '/B65362949/htdocs/compta/paiement/fiche.php?id=', '(paiement)', 'payment'),
(5477, 3494, 9, '/B65362949/htdocs/comm/fiche.php?socid=', 'BRILLIANT IBÉRICA, S.L.', 'company'),
(5478, 3495, 777, '/B65362949/htdocs/compta/paiement/fiche.php?id=', '(paiement)', 'payment'),
(5479, 3495, 9, '/B65362949/htdocs/comm/fiche.php?socid=', 'BRILLIANT IBÉRICA, S.L.', 'company'),
(5480, 3496, 778, '/B65362949/htdocs/compta/paiement/fiche.php?id=', '(paiement)', 'payment'),
(5481, 3497, 779, '/B65362949/htdocs/compta/paiement/fiche.php?id=', '(paiement)', 'payment'),
(5482, 3497, 27, '/B65362949/htdocs/comm/fiche.php?socid=', 'CHATARRAS R. GARCIA, S.A.U.', 'company'),
(5483, 3498, 780, '/B65362949/htdocs/compta/paiement/fiche.php?id=', '(paiement)', 'payment'),
(5484, 3498, 8, '/B65362949/htdocs/comm/fiche.php?socid=', 'Kawasaki Motors Europe NV', 'company'),
(5485, 3499, 781, '/B65362949/htdocs/compta/paiement/fiche.php?id=', '(paiement)', 'payment'),
(5486, 3500, 782, '/B65362949/htdocs/compta/paiement/fiche.php?id=', '(paiement)', 'payment'),
(5487, 3500, 9, '/B65362949/htdocs/comm/fiche.php?socid=', 'BRILLIANT IBÉRICA, S.L.', 'company'),
(5488, 3501, 783, '/B65362949/htdocs/compta/paiement/fiche.php?id=', '(paiement)', 'payment'),
(5489, 3501, 8, '/B65362949/htdocs/comm/fiche.php?socid=', 'Kawasaki Motors Europe NV', 'company'),
(5490, 3502, 784, '/B65362949/htdocs/compta/paiement/fiche.php?id=', '(paiement)', 'payment'),
(5491, 3502, 179, '/B65362949/htdocs/comm/fiche.php?socid=', 'Gema E Santiago Garrido', 'company'),
(5492, 3503, 785, '/B65362949/htdocs/compta/paiement/fiche.php?id=', '(paiement)', 'payment'),
(5493, 3503, 179, '/B65362949/htdocs/comm/fiche.php?socid=', 'Gema E Santiago Garrido', 'company'),
(5494, 3504, 786, '/B65362949/htdocs/compta/paiement/fiche.php?id=', '(paiement)', 'payment'),
(5495, 3504, 9, '/B65362949/htdocs/comm/fiche.php?socid=', 'BRILLIANT IBÉRICA, S.L.', 'company'),
(5496, 3505, 787, '/B65362949/htdocs/compta/paiement/fiche.php?id=', '(paiement)', 'payment'),
(5497, 3506, 788, '/B65362949/htdocs/compta/paiement/fiche.php?id=', '(paiement)', 'payment'),
(5498, 3507, 789, '/B65362949/htdocs/compta/paiement/fiche.php?id=', '(paiement)', 'payment'),
(5499, 3507, 8, '/B65362949/htdocs/comm/fiche.php?socid=', 'Kawasaki Motors Europe NV', 'company'),
(5500, 3508, 790, '/B65362949/htdocs/compta/paiement/fiche.php?id=', '(paiement)', 'payment'),
(5501, 3508, 9, '/B65362949/htdocs/comm/fiche.php?socid=', 'BRILLIANT IBÉRICA, S.L.', 'company'),
(5502, 3509, 791, '/B65362949/htdocs/compta/paiement/fiche.php?id=', '(paiement)', 'payment'),
(5503, 3509, 210, '/B65362949/htdocs/comm/fiche.php?socid=', 'INBOUND COLOURS S.L.', 'company'),
(5504, 3510, 792, '/B65362949/htdocs/compta/paiement/fiche.php?id=', '(paiement)', 'payment'),
(5505, 3510, 8, '/B65362949/htdocs/comm/fiche.php?socid=', 'Kawasaki Motors Europe NV', 'company'),
(5506, 3511, 793, '/B65362949/htdocs/compta/paiement/fiche.php?id=', '(paiement)', 'payment'),
(5507, 3511, 183, '/B65362949/htdocs/comm/fiche.php?socid=', 'Serlotor, SL', 'company'),
(5508, 3512, 794, '/B65362949/htdocs/compta/paiement/fiche.php?id=', '(paiement)', 'payment'),
(5509, 3513, 795, '/B65362949/htdocs/compta/paiement/fiche.php?id=', '(paiement)', 'payment'),
(5510, 3513, 9, '/B65362949/htdocs/comm/fiche.php?socid=', 'BRILLIANT IBÉRICA, S.L.', 'company'),
(5511, 3514, 796, '/B65362949/htdocs/compta/paiement/fiche.php?id=', '(paiement)', 'payment'),
(5512, 3514, 179, '/B65362949/htdocs/comm/fiche.php?socid=', 'Gema E Santiago Garrido', 'company'),
(5513, 3515, 797, '/B65362949/htdocs/compta/paiement/fiche.php?id=', '(paiement)', 'payment'),
(5514, 3515, 26, '/B65362949/htdocs/comm/fiche.php?socid=', 'TENYCOL, S.L.', 'company'),
(5515, 3516, 798, '/B65362949/htdocs/compta/paiement/fiche.php?id=', '(paiement)', 'payment'),
(5516, 3516, 212, '/B65362949/htdocs/comm/fiche.php?socid=', 'CONTINENTAL ELECTRICA SA', 'company'),
(5517, 3517, 799, '/B65362949/htdocs/compta/paiement/fiche.php?id=', '(paiement)', 'payment'),
(5518, 3517, 211, '/B65362949/htdocs/comm/fiche.php?socid=', 'Daicolorchem, SA', 'company'),
(5519, 3518, 800, '/B65362949/htdocs/compta/paiement/fiche.php?id=', '(paiement)', 'payment'),
(5520, 3518, 8, '/B65362949/htdocs/comm/fiche.php?socid=', 'Kawasaki Motors Europe NV', 'company'),
(5521, 3519, 801, '/B65362949/htdocs/compta/paiement/fiche.php?id=', '(paiement)', 'payment'),
(5522, 3520, 802, '/B65362949/htdocs/compta/paiement/fiche.php?id=', '(paiement)', 'payment'),
(5523, 3520, 9, '/B65362949/htdocs/comm/fiche.php?socid=', 'BRILLIANT IBÉRICA, S.L.', 'company'),
(5524, 3521, 803, '/B65362949/htdocs/compta/paiement/fiche.php?id=', '(paiement)', 'payment'),
(5525, 3521, 183, '/B65362949/htdocs/comm/fiche.php?socid=', 'Serlotor, SL', 'company'),
(5526, 3522, 804, '/B65362949/htdocs/compta/paiement/fiche.php?id=', '(paiement)', 'payment'),
(5527, 3522, 8, '/B65362949/htdocs/comm/fiche.php?socid=', 'Kawasaki Motors Europe NV', 'company'),
(5528, 3523, 805, '/B65362949/htdocs/compta/paiement/fiche.php?id=', '(paiement)', 'payment'),
(5529, 3523, 54, '/B65362949/htdocs/comm/fiche.php?socid=', 'Magatzem d\'Idees, SL', 'company'),
(5530, 3524, 806, '/B65362949/htdocs/compta/paiement/fiche.php?id=', '(paiement)', 'payment'),
(5531, 3525, 807, '/B65362949/htdocs/compta/paiement/fiche.php?id=', '(paiement)', 'payment'),
(5532, 3525, 9, '/B65362949/htdocs/comm/fiche.php?socid=', 'BRILLIANT IBÉRICA, S.L.', 'company'),
(5533, 3526, 808, '/B65362949/htdocs/compta/paiement/fiche.php?id=', '(paiement)', 'payment'),
(5534, 3526, 183, '/B65362949/htdocs/comm/fiche.php?socid=', 'Serlotor, SL', 'company'),
(5535, 3527, 809, '/B65362949/htdocs/compta/paiement/fiche.php?id=', '(paiement)', 'payment'),
(5536, 3527, 27, '/B65362949/htdocs/comm/fiche.php?socid=', 'CHATARRAS R. GARCIA, S.A.U.', 'company'),
(5537, 3528, 810, '/B65362949/htdocs/compta/paiement/fiche.php?id=', '(paiement)', 'payment'),
(5538, 3528, 8, '/B65362949/htdocs/comm/fiche.php?socid=', 'Kawasaki Motors Europe NV', 'company'),
(5539, 3529, 811, '/B65362949/htdocs/compta/paiement/fiche.php?id=', '(paiement)', 'payment'),
(5540, 3530, 812, '/B65362949/htdocs/compta/paiement/fiche.php?id=', '(paiement)', 'payment'),
(5541, 3530, 9, '/B65362949/htdocs/comm/fiche.php?socid=', 'BRILLIANT IBÉRICA, S.L.', 'company'),
(5542, 3531, 813, '/B65362949/htdocs/compta/paiement/fiche.php?id=', '(paiement)', 'payment'),
(5543, 3531, 54, '/B65362949/htdocs/comm/fiche.php?socid=', 'Magatzem d\'Idees, SL', 'company'),
(5544, 3532, 814, '/B65362949/htdocs/compta/paiement/fiche.php?id=', '(paiement)', 'payment'),
(5545, 3532, 212, '/B65362949/htdocs/comm/fiche.php?socid=', 'CONTINENTAL ELECTRICA SA', 'company'),
(5546, 3533, 815, '/B65362949/htdocs/compta/paiement/fiche.php?id=', '(paiement)', 'payment'),
(5547, 3533, 8, '/B65362949/htdocs/comm/fiche.php?socid=', 'Kawasaki Motors Europe NV', 'company'),
(5548, 3534, 816, '/B65362949/htdocs/compta/paiement/fiche.php?id=', '(paiement)', 'payment'),
(5549, 3535, 817, '/B65362949/htdocs/compta/paiement/fiche.php?id=', '(paiement)', 'payment'),
(5550, 3535, 9, '/B65362949/htdocs/comm/fiche.php?socid=', 'BRILLIANT IBÉRICA, S.L.', 'company'),
(5551, 3536, 818, '/B65362949/htdocs/compta/paiement/fiche.php?id=', '(paiement)', 'payment'),
(5552, 3536, 8, '/B65362949/htdocs/comm/fiche.php?socid=', 'Kawasaki Motors Europe NV', 'company'),
(5553, 3537, 819, '/B65362949/htdocs/compta/paiement/fiche.php?id=', '(paiement)', 'payment'),
(5554, 3537, 9, '/B65362949/htdocs/comm/fiche.php?socid=', 'BRILLIANT IBÉRICA, S.L.', 'company'),
(5555, 3538, 820, '/B65362949/htdocs/compta/paiement/fiche.php?id=', '(paiement)', 'payment'),
(5556, 3539, 821, '/B65362949/htdocs/compta/paiement/fiche.php?id=', '(paiement)', 'payment'),
(5557, 3539, 54, '/B65362949/htdocs/comm/fiche.php?socid=', 'Magatzem d\'Idees, SL', 'company'),
(5558, 3540, 822, '/B65362949/htdocs/compta/paiement/fiche.php?id=', '(paiement)', 'payment'),
(5559, 3540, 8, '/B65362949/htdocs/comm/fiche.php?socid=', 'Kawasaki Motors Europe NV', 'company'),
(5560, 3541, 823, '/B65362949/htdocs/compta/paiement/fiche.php?id=', '(paiement)', 'payment'),
(5561, 3542, 824, '/B65362949/htdocs/compta/paiement/fiche.php?id=', '(paiement)', 'payment'),
(5562, 3542, 9, '/B65362949/htdocs/comm/fiche.php?socid=', 'BRILLIANT IBÉRICA, S.L.', 'company'),
(5563, 3543, 825, '/B65362949/htdocs/compta/paiement/fiche.php?id=', '(paiement)', 'payment'),
(5564, 3543, 1, '/B65362949/htdocs/comm/fiche.php?socid=', 'Isabel Rodríguez Fernández', 'company'),
(5565, 3544, 826, '/B65362949/htdocs/compta/paiement/fiche.php?id=', '(paiement)', 'payment'),
(5566, 3544, 212, '/B65362949/htdocs/comm/fiche.php?socid=', 'CONTINENTAL ELECTRICA SA', 'company'),
(5567, 3545, 827, '/B65362949/htdocs/compta/paiement/fiche.php?id=', '(paiement)', 'payment'),
(5568, 3545, 8, '/B65362949/htdocs/comm/fiche.php?socid=', 'Kawasaki Motors Europe NV', 'company'),
(5569, 3546, 828, '/B65362949/htdocs/compta/paiement/fiche.php?id=', '(paiement)', 'payment'),
(5570, 3546, 27, '/B65362949/htdocs/comm/fiche.php?socid=', 'CHATARRAS R. GARCIA, S.A.U.', 'company'),
(5571, 3547, 829, '/B65362949/htdocs/compta/paiement/fiche.php?id=', '(paiement)', 'payment'),
(5572, 3548, 830, '/B65362949/htdocs/compta/paiement/fiche.php?id=', '(paiement)', 'payment'),
(5573, 3548, 9, '/B65362949/htdocs/comm/fiche.php?socid=', 'BRILLIANT IBÉRICA, S.L.', 'company'),
(5574, 3549, 831, '/B65362949/htdocs/compta/paiement/fiche.php?id=', '(paiement)', 'payment'),
(5575, 3549, 210, '/B65362949/htdocs/comm/fiche.php?socid=', 'INBOUND COLOURS S.L.', 'company'),
(5576, 3550, 832, '/B65362949/htdocs/compta/paiement/fiche.php?id=', '(paiement)', 'payment'),
(5577, 3550, 213, '/B65362949/htdocs/comm/fiche.php?socid=', 'THE COLOURS BOX SL', 'company'),
(5578, 3551, 833, '/B65362949/htdocs/compta/paiement/fiche.php?id=', '(paiement)', 'payment'),
(5579, 3552, 834, '/B65362949/htdocs/compta/paiement/fiche.php?id=', '(paiement)', 'payment'),
(5580, 3552, 9, '/B65362949/htdocs/comm/fiche.php?socid=', 'BRILLIANT IBÉRICA, S.L.', 'company'),
(5581, 3553, 835, '/B65362949/htdocs/compta/paiement/fiche.php?id=', '(paiement)', 'payment'),
(5582, 3553, 8, '/B65362949/htdocs/comm/fiche.php?socid=', 'Kawasaki Motors Europe NV', 'company'),
(5583, 3554, 836, '/B65362949/htdocs/compta/paiement/fiche.php?id=', '(paiement)', 'payment'),
(5584, 3554, 183, '/B65362949/htdocs/comm/fiche.php?socid=', 'Serlotor, SL', 'company'),
(5585, 3555, 837, '/B65362949/htdocs/compta/paiement/fiche.php?id=', '(paiement)', 'payment'),
(5586, 3555, 27, '/B65362949/htdocs/comm/fiche.php?socid=', 'CHATARRAS R. GARCIA, S.A.U.', 'company'),
(5587, 3556, 838, '/B65362949/htdocs/compta/paiement/fiche.php?id=', '(paiement)', 'payment'),
(5588, 3556, 210, '/B65362949/htdocs/comm/fiche.php?socid=', 'INBOUND COLOURS S.L.', 'company'),
(5589, 3557, 839, '/B65362949/htdocs/compta/paiement/fiche.php?id=', '(paiement)', 'payment'),
(5590, 3558, 840, '/B65362949/htdocs/compta/paiement/fiche.php?id=', '(paiement)', 'payment'),
(5591, 3558, 8, '/B65362949/htdocs/comm/fiche.php?socid=', 'Kawasaki Motors Europe NV', 'company'),
(5592, 3559, 841, '/B65362949/htdocs/compta/paiement/fiche.php?id=', '(paiement)', 'payment'),
(5593, 3559, 27, '/B65362949/htdocs/comm/fiche.php?socid=', 'CHATARRAS R. GARCIA, S.A.U.', 'company'),
(5594, 3560, 842, '/B65362949/htdocs/compta/paiement/fiche.php?id=', '(paiement)', 'payment'),
(5595, 3560, 9, '/B65362949/htdocs/comm/fiche.php?socid=', 'BRILLIANT IBÉRICA, S.L.', 'company'),
(5596, 3561, 843, '/B65362949/htdocs/compta/paiement/fiche.php?id=', '(paiement)', 'payment'),
(5597, 3561, 210, '/B65362949/htdocs/comm/fiche.php?socid=', 'INBOUND COLOURS S.L.', 'company'),
(5598, 3562, 844, '/B65362949/htdocs/compta/paiement/fiche.php?id=', '(paiement)', 'payment'),
(5599, 3562, 212, '/B65362949/htdocs/comm/fiche.php?socid=', 'CONTINENTAL ELECTRICA SA', 'company'),
(5600, 3563, 845, '/B65362949/htdocs/compta/paiement/fiche.php?id=', '(paiement)', 'payment'),
(5601, 3563, 210, '/B65362949/htdocs/comm/fiche.php?socid=', 'INBOUND COLOURS S.L.', 'company'),
(5602, 3564, 846, '/B65362949/htdocs/compta/paiement/fiche.php?id=', '(paiement)', 'payment'),
(5603, 3565, 847, '/B65362949/htdocs/compta/paiement/fiche.php?id=', '(paiement)', 'payment'),
(5604, 3565, 8, '/B65362949/htdocs/comm/fiche.php?socid=', 'Kawasaki Motors Europe NV', 'company'),
(5605, 3566, 848, '/B65362949/htdocs/compta/paiement/fiche.php?id=', '(paiement)', 'payment'),
(5606, 3566, 27, '/B65362949/htdocs/comm/fiche.php?socid=', 'CHATARRAS R. GARCIA, S.A.U.', 'company'),
(5607, 3567, 849, '/B65362949/htdocs/compta/paiement/fiche.php?id=', '(paiement)', 'payment'),
(5608, 3568, 850, '/B65362949/htdocs/compta/paiement/fiche.php?id=', '(paiement)', 'payment'),
(5609, 3568, 8, '/B65362949/htdocs/comm/fiche.php?socid=', 'Kawasaki Motors Europe NV', 'company'),
(5610, 3569, 851, '/B65362949/htdocs/compta/paiement/fiche.php?id=', '(paiement)', 'payment'),
(5611, 3569, 9, '/B65362949/htdocs/comm/fiche.php?socid=', 'BRILLIANT IBÉRICA, S.L.', 'company'),
(5612, 3570, 852, '/B65362949/htdocs/compta/paiement/fiche.php?id=', '(paiement)', 'payment'),
(5613, 3570, 8, '/B65362949/htdocs/comm/fiche.php?socid=', 'Kawasaki Motors Europe NV', 'company'),
(5614, 3571, 853, '/B65362949/htdocs/compta/paiement/fiche.php?id=', '(paiement)', 'payment'),
(5615, 3572, 854, '/B65362949/htdocs/compta/paiement/fiche.php?id=', '(paiement)', 'payment'),
(5616, 3572, 183, '/B65362949/htdocs/comm/fiche.php?socid=', 'Serlotor, SL', 'company'),
(5617, 3573, 855, '/B65362949/htdocs/compta/paiement/fiche.php?id=', '(paiement)', 'payment'),
(5618, 3573, 9, '/B65362949/htdocs/comm/fiche.php?socid=', 'BRILLIANT IBÉRICA, S.L.', 'company'),
(5619, 3574, 856, '/B65362949/htdocs/compta/paiement/fiche.php?id=', '(paiement)', 'payment'),
(5620, 3574, 9, '/B65362949/htdocs/comm/fiche.php?socid=', 'BRILLIANT IBÉRICA, S.L.', 'company'),
(5621, 3575, 857, '/B65362949/htdocs/compta/paiement/fiche.php?id=', '(paiement)', 'payment'),
(5622, 3575, 27, '/B65362949/htdocs/comm/fiche.php?socid=', 'CHATARRAS R. GARCIA, S.A.U.', 'company'),
(5623, 3576, 858, '/B65362949/htdocs/compta/paiement/fiche.php?id=', '(paiement)', 'payment'),
(5624, 3576, 210, '/B65362949/htdocs/comm/fiche.php?socid=', 'INBOUND COLOURS S.L.', 'company'),
(5625, 3577, 859, '/B65362949/htdocs/compta/paiement/fiche.php?id=', '(paiement)', 'payment'),
(5626, 3577, 179, '/B65362949/htdocs/comm/fiche.php?socid=', 'Gema E Santiago Garrido', 'company'),
(5627, 3578, 860, '/B65362949/htdocs/compta/paiement/fiche.php?id=', '(paiement)', 'payment'),
(5628, 3578, 212, '/B65362949/htdocs/comm/fiche.php?socid=', 'CONTINENTAL ELECTRICA SA', 'company'),
(5629, 3579, 861, '/B65362949/htdocs/compta/paiement/fiche.php?id=', '(paiement)', 'payment'),
(5630, 3579, 8, '/B65362949/htdocs/comm/fiche.php?socid=', 'Kawasaki Motors Europe NV', 'company'),
(5631, 3580, 862, '/B65362949/htdocs/compta/paiement/fiche.php?id=', '(paiement)', 'payment'),
(5632, 3581, 863, '/B65362949/htdocs/compta/paiement/fiche.php?id=', '(paiement)', 'payment'),
(5633, 3581, 26, '/B65362949/htdocs/comm/fiche.php?socid=', 'TENYCOL, S.L.', 'company'),
(5634, 3582, 864, '/B65362949/htdocs/compta/paiement/fiche.php?id=', '(paiement)', 'payment'),
(5635, 3582, 27, '/B65362949/htdocs/comm/fiche.php?socid=', 'CHATARRAS R. GARCIA, S.A.U.', 'company'),
(5636, 3583, 865, '/B65362949/htdocs/compta/paiement/fiche.php?id=', '(paiement)', 'payment'),
(5637, 3583, 210, '/B65362949/htdocs/comm/fiche.php?socid=', 'INBOUND COLOURS S.L.', 'company'),
(5638, 3584, 866, '/B65362949/htdocs/compta/paiement/fiche.php?id=', '(paiement)', 'payment'),
(5639, 3584, 9, '/B65362949/htdocs/comm/fiche.php?socid=', 'BRILLIANT IBÉRICA, S.L.', 'company'),
(5640, 3585, 867, '/B65362949/htdocs/compta/paiement/fiche.php?id=', '(paiement)', 'payment'),
(5641, 3585, 8, '/B65362949/htdocs/comm/fiche.php?socid=', 'Kawasaki Motors Europe NV', 'company'),
(5642, 3586, 868, '/B65362949/htdocs/compta/paiement/fiche.php?id=', '(paiement)', 'payment'),
(5643, 3587, 869, '/B65362949/htdocs/compta/paiement/fiche.php?id=', '(paiement)', 'payment'),
(5644, 3587, 183, '/B65362949/htdocs/comm/fiche.php?socid=', 'Serlotor, SL', 'company'),
(5645, 3588, 870, '/B65362949/htdocs/compta/paiement/fiche.php?id=', '(paiement)', 'payment'),
(5646, 3588, 9, '/B65362949/htdocs/comm/fiche.php?socid=', 'BRILLIANT IBÉRICA, S.L.', 'company'),
(5647, 3589, 871, '/B65362949/htdocs/compta/paiement/fiche.php?id=', '(paiement)', 'payment'),
(5648, 3589, 8, '/B65362949/htdocs/comm/fiche.php?socid=', 'Kawasaki Motors Europe NV', 'company'),
(5649, 3590, 872, '/B65362949/htdocs/compta/paiement/fiche.php?id=', '(paiement)', 'payment'),
(5650, 3590, 27, '/B65362949/htdocs/comm/fiche.php?socid=', 'CHATARRAS R. GARCIA, S.A.U.', 'company'),
(5651, 3591, 873, '/B65362949/htdocs/compta/paiement/fiche.php?id=', '(paiement)', 'payment'),
(5652, 3592, 874, '/B65362949/htdocs/compta/paiement/fiche.php?id=', '(paiement)', 'payment'),
(5653, 3592, 183, '/B65362949/htdocs/comm/fiche.php?socid=', 'Serlotor, SL', 'company'),
(5654, 3593, 875, '/B65362949/htdocs/compta/paiement/fiche.php?id=', '(paiement)', 'payment'),
(5655, 3593, 9, '/B65362949/htdocs/comm/fiche.php?socid=', 'BRILLIANT IBÉRICA, S.L.', 'company'),
(5656, 3594, 876, '/B65362949/htdocs/compta/paiement/fiche.php?id=', '(paiement)', 'payment'),
(5657, 3594, 8, '/B65362949/htdocs/comm/fiche.php?socid=', 'Kawasaki Motors Europe NV', 'company'),
(5658, 3595, 877, '/B65362949/htdocs/compta/paiement/fiche.php?id=', '(paiement)', 'payment'),
(5659, 3595, 210, '/B65362949/htdocs/comm/fiche.php?socid=', 'INBOUND COLOURS S.L.', 'company'),
(5660, 3596, 878, '/B65362949/htdocs/compta/paiement/fiche.php?id=', '(paiement)', 'payment'),
(5661, 3596, 210, '/B65362949/htdocs/comm/fiche.php?socid=', 'INBOUND COLOURS S.L.', 'company'),
(5662, 3597, 879, '/B65362949/htdocs/compta/paiement/fiche.php?id=', '(paiement)', 'payment'),
(5663, 3597, 27, '/B65362949/htdocs/comm/fiche.php?socid=', 'CHATARRAS R. GARCIA, S.A.U.', 'company'),
(5664, 3598, 880, '/B65362949/htdocs/compta/paiement/fiche.php?id=', '(paiement)', 'payment'),
(5665, 3598, 8, '/B65362949/htdocs/comm/fiche.php?socid=', 'Kawasaki Motors Europe NV', 'company'),
(5666, 3599, 881, '/B65362949/htdocs/compta/paiement/fiche.php?id=', '(paiement)', 'payment'),
(5667, 3599, 210, '/B65362949/htdocs/comm/fiche.php?socid=', 'INBOUND COLOURS S.L.', 'company'),
(5668, 3600, 882, '/B65362949/htdocs/compta/paiement/fiche.php?id=', '(paiement)', 'payment'),
(5669, 3600, 212, '/B65362949/htdocs/comm/fiche.php?socid=', 'CONTINENTAL ELECTRICA SA', 'company'),
(5670, 3601, 883, '/B65362949/htdocs/compta/paiement/fiche.php?id=', '(paiement)', 'payment'),
(5671, 3601, 9, '/B65362949/htdocs/comm/fiche.php?socid=', 'BRILLIANT IBÉRICA, S.L.', 'company'),
(5672, 3602, 884, '/B65362949/htdocs/compta/paiement/fiche.php?id=', '(paiement)', 'payment'),
(5673, 3602, 9, '/B65362949/htdocs/comm/fiche.php?socid=', 'BRILLIANT IBÉRICA, S.L.', 'company'),
(5674, 3603, 885, '/B65362949/htdocs/compta/paiement/fiche.php?id=', '(paiement)', 'payment'),
(5675, 3603, 8, '/B65362949/htdocs/comm/fiche.php?socid=', 'Kawasaki Motors Europe NV', 'company'),
(5676, 3604, 886, '/B65362949/htdocs/compta/paiement/fiche.php?id=', '(paiement)', 'payment'),
(5677, 3604, 8, '/B65362949/htdocs/comm/fiche.php?socid=', 'Kawasaki Motors Europe NV', 'company'),
(5678, 3605, 887, '/B65362949/htdocs/compta/paiement/fiche.php?id=', '(paiement)', 'payment'),
(5679, 3605, 8, '/B65362949/htdocs/comm/fiche.php?socid=', 'Kawasaki Motors Europe NV', 'company'),
(5680, 3606, 888, '/B65362949/htdocs/compta/paiement/fiche.php?id=', '(paiement)', 'payment'),
(5681, 3606, 8, '/B65362949/htdocs/comm/fiche.php?socid=', 'Kawasaki Motors Europe NV', 'company'),
(5682, 3607, 889, '/B65362949/htdocs/compta/paiement/fiche.php?id=', '(paiement)', 'payment'),
(5683, 3607, 8, '/B65362949/htdocs/comm/fiche.php?socid=', 'Kawasaki Motors Europe NV', 'company'),
(5684, 3608, 890, '/B65362949/htdocs/compta/paiement/fiche.php?id=', '(paiement)', 'payment'),
(5685, 3608, 8, '/B65362949/htdocs/comm/fiche.php?socid=', 'Kawasaki Motors Europe NV', 'company'),
(5686, 3609, 891, '/B65362949/htdocs/compta/paiement/fiche.php?id=', '(paiement)', 'payment'),
(5687, 3609, 8, '/B65362949/htdocs/comm/fiche.php?socid=', 'Kawasaki Motors Europe NV', 'company'),
(5688, 3610, 892, '/B65362949/htdocs/compta/paiement/fiche.php?id=', '(paiement)', 'payment'),
(5689, 3610, 8, '/B65362949/htdocs/comm/fiche.php?socid=', 'Kawasaki Motors Europe NV', 'company'),
(5690, 3611, 893, '/B65362949/htdocs/compta/paiement/fiche.php?id=', '(paiement)', 'payment'),
(5691, 3611, 179, '/B65362949/htdocs/comm/fiche.php?socid=', 'Gema E Santiago Garrido', 'company'),
(5692, 3612, 894, '/B65362949/htdocs/compta/paiement/fiche.php?id=', '(paiement)', 'payment'),
(5693, 3612, 8, '/B65362949/htdocs/comm/fiche.php?socid=', 'Kawasaki Motors Europe NV', 'company'),
(5694, 3613, 895, '/B65362949/htdocs/compta/paiement/fiche.php?id=', '(paiement)', 'payment'),
(5695, 3613, 8, '/B65362949/htdocs/comm/fiche.php?socid=', 'Kawasaki Motors Europe NV', 'company'),
(5698, 3615, 897, '/B65362949/htdocs/compta/paiement/fiche.php?id=', '(paiement)', 'payment'),
(5699, 3615, 8, '/B65362949/htdocs/comm/fiche.php?socid=', 'Kawasaki Motors Europe NV', 'company'),
(5700, 3616, 898, '/B65362949/htdocs/compta/paiement/fiche.php?id=', '(paiement)', 'payment'),
(5701, 3616, 200, '/B65362949/htdocs/comm/fiche.php?socid=', 'addapta IT Partner S.L.', 'company'),
(5702, 3617, 899, '/B65362949/htdocs/compta/paiement/fiche.php?id=', '(paiement)', 'payment'),
(5703, 3617, 200, '/B65362949/htdocs/comm/fiche.php?socid=', 'addapta IT Partner S.L.', 'company'),
(5704, 3618, 900, '/B65362949/htdocs/compta/paiement/fiche.php?id=', '(paiement)', 'payment'),
(5705, 3618, 8, '/B65362949/htdocs/comm/fiche.php?socid=', 'Kawasaki Motors Europe NV', 'company'),
(5706, 3619, 901, '/B65362949/htdocs/compta/paiement/fiche.php?id=', '(paiement)', 'payment'),
(5707, 3619, 8, '/B65362949/htdocs/comm/fiche.php?socid=', 'Kawasaki Motors Europe NV', 'company'),
(5708, 3620, 902, '/B65362949/htdocs/compta/paiement/fiche.php?id=', '(paiement)', 'payment'),
(5709, 3620, 8, '/B65362949/htdocs/comm/fiche.php?socid=', 'Kawasaki Motors Europe NV', 'company'),
(5710, 3621, 903, '/B65362949/htdocs/compta/paiement/fiche.php?id=', '(paiement)', 'payment'),
(5711, 3621, 8, '/B65362949/htdocs/comm/fiche.php?socid=', 'Kawasaki Motors Europe NV', 'company'),
(5712, 3622, 904, '/B65362949/htdocs/compta/paiement/fiche.php?id=', '(paiement)', 'payment'),
(5713, 3622, 8, '/B65362949/htdocs/comm/fiche.php?socid=', 'Kawasaki Motors Europe NV', 'company'),
(5714, 3623, 905, '/B65362949/htdocs/compta/paiement/fiche.php?id=', '(paiement)', 'payment'),
(5715, 3623, 8, '/B65362949/htdocs/comm/fiche.php?socid=', 'Kawasaki Motors Europe NV', 'company'),
(5716, 3624, 906, '/B65362949/htdocs/compta/paiement/fiche.php?id=', '(paiement)', 'payment'),
(5717, 3624, 215, '/B65362949/htdocs/comm/fiche.php?socid=', 'Air Time Telecom SAU', 'company'),
(5718, 3625, 907, '/B65362949/htdocs/compta/paiement/fiche.php?id=', '(paiement)', 'payment'),
(5719, 3625, 8, '/B65362949/htdocs/comm/fiche.php?socid=', 'Kawasaki Motors Europe NV', 'company'),
(5722, 3627, 909, '/B65362949/htdocs/compta/paiement/fiche.php?id=', '(paiement)', 'payment'),
(5723, 3627, 216, '/B65362949/htdocs/comm/fiche.php?socid=', 'LAMPISTERIA ILLA SL', 'company'),
(5724, 3628, 910, '/B65362949/htdocs/compta/paiement/fiche.php?id=', '(paiement)', 'payment'),
(5725, 3628, 5, '/B65362949/htdocs/comm/fiche.php?socid=', 'Supremo Coffee Systems, S.L.', 'company'),
(5726, 3629, 911, '/B65362949/htdocs/compta/paiement/fiche.php?id=', '(paiement)', 'payment'),
(5727, 3629, 5, '/B65362949/htdocs/comm/fiche.php?socid=', 'Supremo Coffee Systems, S.L.', 'company'),
(5728, 3630, 912, '/B65362949/htdocs/compta/paiement/fiche.php?id=', '(paiement)', 'payment'),
(5729, 3630, 179, '/B65362949/htdocs/comm/fiche.php?socid=', 'Gema E Santiago Garrido', 'company'),
(5730, 3631, 913, '/B65362949/htdocs/compta/paiement/fiche.php?id=', '(paiement)', 'payment'),
(5731, 3631, 179, '/B65362949/htdocs/comm/fiche.php?socid=', 'Gema E Santiago Garrido', 'company'),
(5732, 3632, 914, '/B65362949/htdocs/compta/paiement/fiche.php?id=', '(paiement)', 'payment'),
(5733, 3632, 200, '/B65362949/htdocs/comm/fiche.php?socid=', 'addapta IT Partner S.L.', 'company'),
(5734, 3633, 915, '/B65362949/htdocs/compta/paiement/fiche.php?id=', '(paiement)', 'payment'),
(5735, 3633, 200, '/B65362949/htdocs/comm/fiche.php?socid=', 'addapta IT Partner S.L.', 'company'),
(5736, 3634, 916, '/B65362949/htdocs/compta/paiement/fiche.php?id=', '(paiement)', 'payment'),
(5737, 3634, 8, '/B65362949/htdocs/comm/fiche.php?socid=', 'Kawasaki Motors Europe NV', 'company');

-- --------------------------------------------------------

--
-- Estructura de tabla para la tabla `b65362949_bookmark`
--

CREATE TABLE `b65362949_bookmark` (
  `rowid` int NOT NULL,
  `fk_soc` int DEFAULT NULL,
  `fk_user` int NOT NULL,
  `dateb` datetime DEFAULT NULL,
  `url` varchar(255) NOT NULL,
  `target` varchar(16) DEFAULT NULL,
  `title` varchar(64) DEFAULT NULL,
  `favicon` varchar(24) DEFAULT NULL,
  `position` int DEFAULT '0',
  `entity` int NOT NULL DEFAULT '1'
) ENGINE=InnoDB DEFAULT CHARSET=utf8mb3;

-- --------------------------------------------------------

--
-- Estructura de tabla para la tabla `b65362949_bordereau_cheque`
--

CREATE TABLE `b65362949_bordereau_cheque` (
  `rowid` int NOT NULL,
  `number` varchar(16) NOT NULL,
  `ref_ext` varchar(255) DEFAULT NULL,
  `datec` datetime NOT NULL,
  `date_bordereau` date DEFAULT NULL,
  `amount` double(24,8) NOT NULL,
  `nbcheque` smallint NOT NULL,
  `fk_bank_account` int DEFAULT NULL,
  `fk_user_author` int DEFAULT NULL,
  `statut` smallint NOT NULL DEFAULT '0',
  `tms` timestamp NOT NULL DEFAULT CURRENT_TIMESTAMP ON UPDATE CURRENT_TIMESTAMP,
  `note` text,
  `entity` int NOT NULL DEFAULT '1'
) ENGINE=InnoDB DEFAULT CHARSET=utf8mb3;

--
-- Volcado de datos para la tabla `b65362949_bordereau_cheque`
--

INSERT INTO `b65362949_bordereau_cheque` (`rowid`, `number`, `ref_ext`, `datec`, `date_bordereau`, `amount`, `nbcheque`, `fk_bank_account`, `fk_user_author`, `statut`, `tms`, `note`, `entity`) VALUES
(3, '1', '', '2015-03-27 14:14:42', '2015-03-26', 120.70000000, 1, 1, 3, 1, '2015-03-27 13:14:39', NULL, 1),
(4, '2', '', '2015-04-14 20:25:37', '2015-04-14', 120.70000000, 1, 1, 3, 1, '2015-04-14 18:25:47', NULL, 1),
(6, '3', '', '2015-05-06 12:58:13', '2015-05-05', 120.70000000, 1, 1, 3, 1, '2015-05-06 11:02:38', NULL, 1),
(9, '4', '', '2015-05-13 11:11:35', '2015-05-15', 1210.00000000, 1, 1, 3, 1, '2015-06-02 09:20:13', NULL, 1),
(10, '5', '', '2015-06-02 11:25:56', '2015-06-05', 120.70000000, 1, 1, 3, 1, '2015-06-08 12:36:30', NULL, 1),
(11, '6', '', '2015-07-02 12:26:28', '2015-07-01', 120.70000000, 1, 1, 3, 1, '2015-07-02 10:23:25', NULL, 1),
(12, '7', '', '2015-07-20 09:36:19', '2015-07-22', 605.00000000, 1, 1, 3, 1, '2015-07-23 08:29:39', NULL, 1),
(13, '8', '', '2015-09-09 13:59:24', '2015-08-10', 120.70000000, 1, 1, 3, 1, '2015-09-09 11:53:19', NULL, 1),
(14, '9', '', '2015-09-17 13:35:44', '2015-09-22', 605.00000000, 1, 1, 3, 1, '2015-09-17 11:29:14', NULL, 1),
(16, '10', '', '2015-10-21 10:13:42', '2015-10-21', 605.00000000, 1, 1, 3, 1, '2015-11-09 10:43:30', NULL, 1),
(17, '11', '', '2015-11-09 11:55:49', '2015-11-09', 605.00000000, 1, 1, 3, 1, '2015-11-09 10:46:56', NULL, 1),
(18, '12', '', '2015-12-02 11:13:50', '2015-12-02', 120.70000000, 1, 1, 3, 1, '2015-12-02 10:03:54', NULL, 1),
(20, '13', '', '2015-12-02 11:19:05', '2015-12-02', 603.50000000, 5, 1, 3, 1, '2015-12-02 10:09:05', NULL, 1),
(21, '14', '', '2015-12-14 12:32:14', '2015-12-14', 605.00000000, 1, 1, 3, 1, '2015-12-14 11:21:57', NULL, 1),
(22, '15', '', '2016-01-27 13:38:16', '2016-01-29', 241.40000000, 1, 1, 3, 1, '2016-01-27 12:26:16', NULL, 1);

-- --------------------------------------------------------

--
-- Estructura de tabla para la tabla `b65362949_boxes`
--

CREATE TABLE `b65362949_boxes` (
  `rowid` int NOT NULL,
  `entity` int NOT NULL DEFAULT '1',
  `box_id` int NOT NULL,
  `position` smallint NOT NULL,
  `box_order` varchar(3) NOT NULL,
  `fk_user` int NOT NULL DEFAULT '0',
  `maxline` int DEFAULT NULL,
  `params` varchar(255) DEFAULT NULL
) ENGINE=InnoDB DEFAULT CHARSET=utf8mb3;

--
-- Volcado de datos para la tabla `b65362949_boxes`
--

INSERT INTO `b65362949_boxes` (`rowid`, `entity`, `box_id`, `position`, `box_order`, `fk_user`, `maxline`, `params`) VALUES
(1, 1, 1, 0, 'B08', 0, NULL, NULL),
(2, 1, 2, 0, 'B20', 0, NULL, NULL),
(3, 1, 3, 0, 'B24', 0, NULL, NULL),
(4, 1, 4, 0, 'A11', 0, NULL, NULL),
(9, 1, 9, 0, 'A25', 0, NULL, NULL),
(10, 1, 10, 0, 'B12', 0, NULL, NULL),
(11, 1, 11, 0, 'B16', 0, NULL, NULL),
(17, 1, 17, 0, 'A21', 0, NULL, NULL),
(18, 1, 18, 0, 'A15', 0, NULL, NULL),
(19, 1, 19, 0, 'B10', 0, NULL, NULL),
(20, 1, 20, 0, 'A13', 0, NULL, NULL),
(22, 1, 22, 0, 'B22', 0, NULL, NULL),
(23, 1, 23, 0, 'B18', 0, NULL, NULL),
(24, 1, 24, 0, 'B14', 0, NULL, NULL),
(25, 1, 25, 0, 'A09', 0, NULL, NULL),
(26, 1, 26, 0, 'A23', 0, NULL, NULL),
(27, 1, 27, 0, 'A19', 0, NULL, NULL),
(31, 1, 31, 0, 'B26', 0, NULL, NULL),
(135, 1, 32, 0, 'A17', 0, NULL, NULL),
(810, 1, 38, 0, 'A07', 0, NULL, NULL),
(811, 1, 39, 0, 'B06', 0, NULL, NULL),
(828, 1, 40, 0, 'A05', 0, NULL, NULL),
(829, 1, 41, 0, 'B04', 0, NULL, NULL),
(830, 1, 42, 0, 'A03', 0, NULL, NULL),
(831, 1, 43, 0, 'B02', 0, NULL, NULL),
(832, 1, 44, 0, 'A01', 0, NULL, NULL),
(921, 1, 19, 0, 'A01', 2, NULL, NULL),
(922, 1, 32, 0, 'A02', 2, NULL, NULL),
(923, 1, 1, 0, 'A03', 2, NULL, NULL),
(924, 1, 25, 0, 'A04', 2, NULL, NULL),
(925, 1, 27, 0, 'A05', 2, NULL, NULL),
(926, 1, 2, 0, 'A06', 2, NULL, NULL),
(927, 1, 10, 0, 'A07', 2, NULL, NULL),
(928, 1, 17, 0, 'A08', 2, NULL, NULL),
(929, 1, 20, 0, 'B01', 2, NULL, NULL),
(930, 1, 24, 0, 'B02', 2, NULL, NULL),
(931, 1, 26, 0, 'B03', 2, NULL, NULL),
(932, 1, 18, 0, 'B04', 2, NULL, NULL),
(933, 1, 3, 0, 'B05', 2, NULL, NULL),
(934, 1, 9, 0, 'B06', 2, NULL, NULL),
(935, 1, 11, 0, 'B07', 2, NULL, NULL),
(936, 1, 31, 0, 'B08', 2, NULL, NULL),
(1096, 1, 19, 0, 'A01', 3, NULL, NULL),
(1097, 1, 17, 0, 'A02', 3, NULL, NULL),
(1098, 1, 18, 0, 'A03', 3, NULL, NULL),
(1099, 1, 22, 0, 'B01', 3, NULL, NULL),
(1100, 1, 25, 0, 'B02', 3, NULL, NULL),
(1101, 1, 26, 0, 'B03', 3, NULL, NULL);

-- --------------------------------------------------------

--
-- Estructura de tabla para la tabla `b65362949_boxes_def`
--

CREATE TABLE `b65362949_boxes_def` (
  `rowid` int NOT NULL,
  `file` varchar(200) NOT NULL,
  `entity` int NOT NULL DEFAULT '1',
  `tms` timestamp NOT NULL DEFAULT CURRENT_TIMESTAMP ON UPDATE CURRENT_TIMESTAMP,
  `note` varchar(130) DEFAULT NULL
) ENGINE=InnoDB DEFAULT CHARSET=utf8mb3;

--
-- Volcado de datos para la tabla `b65362949_boxes_def`
--

INSERT INTO `b65362949_boxes_def` (`rowid`, `file`, `entity`, `tms`, `note`) VALUES
(1, 'box_clients.php', 1, '2015-03-12 12:18:51', NULL),
(2, 'box_prospect.php', 1, '2015-03-12 12:18:51', NULL),
(3, 'box_contacts.php', 1, '2015-03-12 12:18:51', NULL),
(4, 'box_activity.php', 1, '2015-03-12 12:18:51', '(WarningUsingThisBoxSlowDown)'),
(9, 'box_contracts.php', 1, '2015-03-12 12:18:56', NULL),
(10, 'box_services_expired.php', 1, '2015-03-12 12:18:56', NULL),
(11, 'box_services_contracts.php', 1, '2015-03-12 12:18:57', NULL),
(17, 'box_factures_imp.php', 1, '2015-03-12 12:19:10', NULL),
(18, 'box_factures.php', 1, '2015-03-12 12:19:10', NULL),
(19, 'box_graph_invoices_permonth.php', 1, '2015-03-12 12:19:10', NULL),
(20, 'box_comptes.php', 1, '2015-03-12 12:19:10', NULL),
(22, 'box_graph_invoices_supplier_permonth.php', 1, '2015-03-12 12:19:47', NULL),
(23, 'box_graph_orders_supplier_permonth.php', 1, '2015-03-12 12:19:47', NULL),
(24, 'box_fournisseurs.php', 1, '2015-03-12 12:19:47', NULL),
(25, 'box_factures_fourn_imp.php', 1, '2015-03-12 12:19:47', NULL),
(26, 'box_factures_fourn.php', 1, '2015-03-12 12:19:47', NULL),
(27, 'box_supplier_orders.php', 1, '2015-03-12 12:19:47', NULL),
(31, 'box_actions.php', 1, '2015-03-12 12:19:59', NULL),
(32, 'box_graph_enterprise_performance.php@salpicadero', 1, '2015-03-20 13:22:50', 'Rendimiento empresarial'),
(38, 'box_commandes.php', 1, '2016-09-23 09:46:46', NULL),
(39, 'box_graph_orders_permonth.php', 1, '2016-09-23 09:46:46', NULL),
(40, 'box_graph_propales_permonth.php', 1, '2017-01-03 07:42:18', NULL),
(41, 'box_propales.php', 1, '2017-01-03 07:42:18', NULL),
(42, 'box_produits.php', 1, '2017-01-03 07:42:19', NULL),
(43, 'box_produits_alerte_stock.php', 1, '2017-01-03 07:42:19', NULL),
(44, 'box_graph_product_distribution.php', 1, '2017-01-03 07:42:19', NULL);

-- --------------------------------------------------------

--
-- Estructura de tabla para la tabla `b65362949_categorie`
--

CREATE TABLE `b65362949_categorie` (
  `rowid` int NOT NULL,
  `entity` int NOT NULL DEFAULT '1',
  `fk_parent` int NOT NULL DEFAULT '0',
  `label` varchar(255) NOT NULL,
  `type` tinyint NOT NULL DEFAULT '1',
  `description` text,
  `fk_soc` int DEFAULT NULL,
  `visible` tinyint NOT NULL DEFAULT '1',
  `import_key` varchar(14) DEFAULT NULL
) ENGINE=InnoDB DEFAULT CHARSET=utf8mb3;

-- --------------------------------------------------------

--
-- Estructura de tabla para la tabla `b65362949_categories_extrafields`
--

CREATE TABLE `b65362949_categories_extrafields` (
  `rowid` int NOT NULL,
  `tms` timestamp NOT NULL DEFAULT CURRENT_TIMESTAMP ON UPDATE CURRENT_TIMESTAMP,
  `fk_object` int NOT NULL,
  `import_key` varchar(14) DEFAULT NULL
) ENGINE=InnoDB DEFAULT CHARSET=utf8mb3;

-- --------------------------------------------------------

--
-- Estructura de tabla para la tabla `b65362949_categorie_contact`
--

CREATE TABLE `b65362949_categorie_contact` (
  `fk_categorie` int NOT NULL,
  `fk_socpeople` int NOT NULL,
  `import_key` varchar(14) DEFAULT NULL
) ENGINE=InnoDB DEFAULT CHARSET=utf8mb3;

-- --------------------------------------------------------

--
-- Estructura de tabla para la tabla `b65362949_categorie_fournisseur`
--

CREATE TABLE `b65362949_categorie_fournisseur` (
  `fk_categorie` int NOT NULL,
  `fk_societe` int NOT NULL,
  `import_key` varchar(14) DEFAULT NULL
) ENGINE=InnoDB DEFAULT CHARSET=utf8mb3;

-- --------------------------------------------------------

--
-- Estructura de tabla para la tabla `b65362949_categorie_lang`
--

CREATE TABLE `b65362949_categorie_lang` (
  `rowid` int NOT NULL,
  `fk_category` int NOT NULL DEFAULT '0',
  `lang` varchar(5) NOT NULL DEFAULT '0',
  `label` varchar(255) NOT NULL,
  `description` text
) ENGINE=InnoDB DEFAULT CHARSET=utf8mb3;

-- --------------------------------------------------------

--
-- Estructura de tabla para la tabla `b65362949_categorie_member`
--

CREATE TABLE `b65362949_categorie_member` (
  `fk_categorie` int NOT NULL,
  `fk_member` int NOT NULL
) ENGINE=InnoDB DEFAULT CHARSET=utf8mb3;

-- --------------------------------------------------------

--
-- Estructura de tabla para la tabla `b65362949_categorie_product`
--

CREATE TABLE `b65362949_categorie_product` (
  `fk_categorie` int NOT NULL,
  `fk_product` int NOT NULL,
  `import_key` varchar(14) DEFAULT NULL
) ENGINE=InnoDB DEFAULT CHARSET=utf8mb3;

-- --------------------------------------------------------

--
-- Estructura de tabla para la tabla `b65362949_categorie_societe`
--

CREATE TABLE `b65362949_categorie_societe` (
  `fk_categorie` int NOT NULL,
  `fk_societe` int NOT NULL,
  `import_key` varchar(14) DEFAULT NULL
) ENGINE=InnoDB DEFAULT CHARSET=utf8mb3;

-- --------------------------------------------------------

--
-- Estructura de tabla para la tabla `b65362949_chargesociales`
--

CREATE TABLE `b65362949_chargesociales` (
  `rowid` int NOT NULL,
  `date_ech` datetime NOT NULL,
  `libelle` varchar(80) NOT NULL,
  `entity` int NOT NULL DEFAULT '1',
  `tms` timestamp NOT NULL DEFAULT CURRENT_TIMESTAMP ON UPDATE CURRENT_TIMESTAMP,
  `date_creation` datetime DEFAULT NULL,
  `date_valid` datetime DEFAULT NULL,
  `fk_type` int NOT NULL,
  `amount` double NOT NULL DEFAULT '0',
  `paye` smallint NOT NULL DEFAULT '0',
  `periode` date DEFAULT NULL
) ENGINE=InnoDB DEFAULT CHARSET=utf8mb3;

--
-- Volcado de datos para la tabla `b65362949_chargesociales`
--

INSERT INTO `b65362949_chargesociales` (`rowid`, `date_ech`, `libelle`, `entity`, `tms`, `date_creation`, `date_valid`, `fk_type`, `amount`, `paye`, `periode`) VALUES
(2, '2015-01-31 00:00:00', 'S.S. Reg. General	', 1, '2015-07-20 13:49:58', NULL, NULL, 231, 815.62, 1, '2015-01-31'),
(3, '2015-01-31 00:00:00', 'Sergio García Martínez', 1, '2015-04-17 09:39:48', NULL, NULL, 232, 264.43, 1, '2015-01-31'),
(4, '2015-01-31 00:00:00', 'José Manuel Valle Llamas', 1, '2015-04-17 09:39:22', NULL, NULL, 232, 296.27, 1, '2015-01-31'),
(5, '2015-02-27 00:00:00', 'S.S. Reg. General	', 1, '2015-07-20 13:50:22', NULL, NULL, 231, 815.62, 1, '2015-02-27'),
(6, '2015-02-27 00:00:00', 'Sergio García Martínez', 1, '2015-04-17 09:43:48', NULL, NULL, 232, 264.43, 1, '2015-02-27'),
(8, '2015-03-31 00:00:00', 'Sergio García Martínez', 1, '2015-04-17 09:45:32', NULL, NULL, 232, 264.43, 1, '2015-03-31'),
(9, '2015-03-31 00:00:00', 'José Manuel Valle Llamas', 1, '2015-04-17 09:45:17', NULL, NULL, 232, 296.27, 1, '2015-03-31'),
(10, '2015-03-31 00:00:00', 'S.S. Reg. General	', 1, '2015-07-20 13:51:03', NULL, NULL, 231, 865.44, 1, '2015-03-31'),
(20, '2015-02-27 00:00:00', 'José Manuel Valle Llamas', 1, '2015-04-17 09:43:27', NULL, NULL, 232, 296.27, 1, '2015-02-27'),
(22, '2015-04-20 00:00:00', 'Silvia Tormo Britapaja', 1, '2015-04-20 18:32:26', NULL, NULL, 234, 286.94, 1, '2015-02-28'),
(23, '2015-04-20 00:00:00', 'Silvia Tormo Britapaja', 1, '2015-04-20 18:33:08', NULL, NULL, 234, 267.86, 1, '2015-03-31'),
(24, '2015-04-20 00:00:00', 'Montse Romero Jordán', 1, '2015-04-20 18:31:58', NULL, NULL, 234, 17.67, 1, '2015-03-31'),
(25, '2015-04-20 00:00:00', 'Sandra Tormo Britapaja', 1, '2015-04-20 18:30:27', NULL, NULL, 233, 257.76, 1, '2015-02-01'),
(26, '2015-04-20 00:00:00', 'Sandra Tormo Britapaja', 1, '2015-04-20 18:25:42', NULL, NULL, 233, 136.8, 1, '2015-03-25'),
(27, '2015-04-20 00:00:00', 'Ales Boires, SCP', 1, '2015-04-20 18:33:34', NULL, NULL, 233, 458.85, 1, '2015-01-02'),
(28, '2015-04-20 00:00:00', 'Ales Boires, SCP', 1, '2015-04-20 18:34:13', NULL, NULL, 233, 389.03, 1, '2015-02-09'),
(29, '2015-04-20 00:00:00', 'Ales Boires, SCP', 1, '2015-04-20 18:34:38', NULL, NULL, 233, 411.47, 1, '2015-02-09'),
(30, '2015-04-20 00:00:00', 'Ales Boires, SCP', 1, '2015-04-20 18:35:10', NULL, NULL, 233, 453.86, 1, '2015-03-30'),
(31, '2015-07-20 00:00:00', 'Ales Boires, SCP', 1, '2015-07-20 17:33:46', NULL, NULL, 233, 476.31, 1, '2015-04-09'),
(32, '2015-04-20 00:00:00', 'Silvia Tormo Britapaja', 1, '2015-04-20 18:31:12', NULL, NULL, 234, 267.86, 1, '2015-01-31'),
(33, '2015-04-30 00:00:00', 'José Manuel Valle Llamas', 1, '2015-04-30 12:02:02', NULL, NULL, 232, 296.27, 1, '2015-04-30'),
(34, '2015-04-30 00:00:00', 'Sergio García Martínez', 1, '2015-04-30 12:01:38', NULL, NULL, 232, 264.43, 1, '2015-04-30'),
(35, '2015-04-30 00:00:00', 'S.S. Reg. General	', 1, '2015-07-20 13:51:51', NULL, NULL, 231, 836.13, 1, '2015-04-30'),
(36, '2015-07-20 00:00:00', 'Silvia Tormo Britapaja', 1, '2015-07-20 17:28:46', NULL, NULL, 234, 267.86, 1, '2015-04-30'),
(37, '2015-07-20 00:00:00', 'Montse Romero Jordán', 1, '2015-07-20 17:27:52', NULL, NULL, 234, 265, 1, '2015-04-30'),
(38, '2015-07-20 00:00:00', 'Sandra Tormo Britapaja', 1, '2015-07-20 17:26:04', NULL, NULL, 233, 136.8, 1, '2015-04-25'),
(39, '2015-07-20 00:00:00', 'Silvia Tormo Britapaja', 1, '2015-07-20 17:32:52', NULL, NULL, 234, 267.86, 1, '2015-05-31'),
(40, '2015-07-20 00:00:00', 'Montse Romero Jordán', 1, '2015-07-20 17:32:29', NULL, NULL, 234, 265, 1, '2015-05-31'),
(41, '2015-07-20 00:00:00', 'Sandra Tormo Britapaja', 1, '2015-07-20 17:31:59', NULL, NULL, 233, 136.8, 1, '2015-05-31'),
(42, '2016-01-20 00:00:00', 'Ales Boires, SCP', 1, '2016-01-25 15:25:53', NULL, NULL, 233, 391.52, 1, '2015-06-09'),
(43, '2016-01-20 00:00:00', 'Ales Boires, SCP', 1, '2016-01-25 15:23:49', NULL, NULL, 233, 426.43, 1, '2015-06-20'),
(44, '2015-07-20 00:00:00', 'Sandra Tormo Britapaja', 1, '2015-07-20 17:31:30', NULL, NULL, 233, 136.8, 1, '2015-06-30'),
(45, '2015-07-20 00:00:00', 'Montse Romero Jordán', 1, '2015-07-20 17:31:04', NULL, NULL, 234, 168.6, 1, '2015-06-30'),
(46, '2015-07-20 00:00:00', 'Silvia Tormo Britapaja', 1, '2015-07-20 17:30:37', NULL, NULL, 234, 232.14, 1, '2015-06-26'),
(47, '2015-07-20 00:00:00', 'Silvia Tormo Britapaja', 1, '2015-07-20 17:30:05', NULL, NULL, 234, 537.82, 1, '2015-06-26'),
(48, '2015-07-20 00:00:00', 'Montse Romero Jordán', 1, '2015-07-20 17:29:34', NULL, NULL, 234, 42.62, 1, '2015-06-30'),
(50, '2015-05-29 00:00:00', 'José Manuel Valle Llamas', 1, '2015-07-20 13:19:43', NULL, NULL, 232, 296.27, 1, '2015-05-29'),
(51, '2015-05-29 00:00:00', 'Sergio García Martínez', 1, '2015-07-20 13:23:26', NULL, NULL, 232, 264.43, 1, '2015-05-29'),
(52, '2015-06-30 00:00:00', 'Sergio García Martínez', 1, '2015-07-20 13:26:13', NULL, NULL, 232, 264.43, 1, '2015-06-30'),
(53, '2015-06-30 00:00:00', 'José Manuel Valle Llamas', 1, '2015-07-20 13:27:01', NULL, NULL, 232, 296.27, 1, '2015-06-30'),
(54, '2015-05-29 00:00:00', 'S.S. Reg. General	', 1, '2015-07-20 13:52:18', NULL, NULL, 231, 1249.29, 1, '2015-05-29'),
(56, '2015-06-30 00:00:00', 'S.S. Reg. General	', 1, '2015-07-20 13:52:36', NULL, NULL, 231, 1249.29, 1, '2015-06-30'),
(57, '2015-10-20 00:00:00', 'Sandra Tormo Britapaja', 1, '2015-10-21 12:30:35', NULL, NULL, 233, 106.4, 1, '2015-07-31'),
(58, '2015-10-20 00:00:00', 'Sandra Tormo Britapaja', 1, '2015-10-21 12:31:46', NULL, NULL, 233, 65.1, 1, '2015-08-31'),
(59, '2015-10-20 00:00:00', 'Ales Boires, SCP', 1, '2015-10-21 12:32:43', NULL, NULL, 233, 368.16, 1, '2015-09-01'),
(60, '2015-10-20 00:00:00', 'Ales Boires, SCP', 1, '2015-10-21 12:33:16', NULL, NULL, 233, 282, 1, '2015-09-01'),
(61, '2015-10-20 00:00:00', 'Montse Romero Jordán', 1, '2015-10-21 12:33:45', NULL, NULL, 234, 168.6, 1, '2015-08-31'),
(62, '2015-10-20 00:00:00', 'Joan Serra Piqué', 1, '2015-10-21 12:34:13', NULL, NULL, 234, 28.57, 1, '2015-08-31'),
(63, '2015-10-20 00:00:00', 'Montse Romero Jordán', 1, '2015-10-21 12:37:25', NULL, NULL, 234, 168.6, 1, '2015-07-31'),
(64, '2015-10-20 00:00:00', 'Joan Serra Piqué', 1, '2015-10-21 12:37:54', NULL, NULL, 234, 28.57, 1, '2015-07-31'),
(65, '2015-07-31 00:00:00', 'José Manuel Valle Llamas', 1, '2015-09-03 16:20:27', NULL, NULL, 232, 296.27, 1, '2015-07-31'),
(66, '2015-07-31 00:00:00', 'Sergio García Martínez', 1, '2015-09-03 16:18:32', NULL, NULL, 232, 264.43, 1, '2015-07-31'),
(67, '2015-08-31 00:00:00', 'José Manuel Valle Llamas', 1, '2015-09-03 16:21:22', NULL, NULL, 232, 296.27, 1, '2015-08-31'),
(68, '2015-08-31 00:00:00', 'Sergio García Martínez', 1, '2015-09-03 16:20:57', NULL, NULL, 232, 264.43, 1, '2015-08-31'),
(69, '2015-07-31 00:00:00', 'S.S. Reg. General	', 1, '2015-09-03 16:17:14', NULL, NULL, 231, 1140.55, 1, '2015-07-31'),
(70, '2015-08-31 00:00:00', 'S.S. Reg. General	', 1, '2015-09-03 16:17:48', NULL, NULL, 231, 1151.42, 1, '2015-08-31'),
(71, '2015-10-20 00:00:00', 'José Guitart', 1, '2015-10-21 12:39:08', NULL, NULL, 233, 33.6, 1, '2015-09-07'),
(72, '2015-09-30 00:00:00', 'S.S. Reg. General	', 1, '2015-10-01 08:46:37', NULL, NULL, 231, 1151.42, 1, '2015-09-30'),
(73, '2015-09-30 00:00:00', 'José Manuel Valle Llamas', 1, '2015-10-01 08:47:45', NULL, NULL, 232, 296.27, 1, '2015-09-30'),
(74, '2015-09-30 00:00:00', 'Sergio García Martínez', 1, '2015-10-01 08:48:49', NULL, NULL, 232, 264.43, 1, '2015-09-30'),
(75, '2015-10-20 00:00:00', 'Montse Romero Jordán', 1, '2015-10-21 12:34:52', NULL, NULL, 234, 168.6, 1, '2015-09-30'),
(76, '2015-10-20 00:00:00', 'Joan Serra Piqué', 1, '2015-10-21 12:35:19', NULL, NULL, 234, 38.72, 1, '2015-09-30'),
(77, '2015-10-20 00:00:00', 'Sandra Tormo Britapaja', 1, '2015-10-21 12:35:50', NULL, NULL, 233, 111.37, 1, '2015-09-30'),
(78, '2016-01-20 00:00:00', 'Ales Boires, SCP', 1, '2016-01-25 15:22:33', NULL, NULL, 233, 352.41, 1, '2015-10-05'),
(79, '2016-01-20 00:00:00', 'Ales Boires, SCP', 1, '2016-01-25 15:20:37', NULL, NULL, 233, 175.22, 1, '2015-10-05'),
(80, '2015-10-20 00:00:00', 'Ales Boires, SCP', 1, '2015-10-21 12:38:41', NULL, NULL, 233, 423.94, 1, '2015-07-09'),
(81, '2016-01-20 00:00:00', 'Ales Boires, SCP', 1, '2016-01-25 15:18:40', NULL, NULL, 233, 60, 1, '2015-10-23'),
(82, '2015-10-30 00:00:00', 'S.S. Reg. General	', 1, '2015-10-30 09:06:45', NULL, NULL, 231, 1350.16, 1, '2015-10-30'),
(83, '2015-10-30 00:00:00', 'Sergio García Martínez', 1, '2015-10-30 09:07:51', NULL, NULL, 232, 264.43, 1, '2015-10-30'),
(84, '2015-10-30 00:00:00', 'José Manuel Valle Llamas', 1, '2015-10-30 09:09:00', NULL, NULL, 232, 296.27, 1, '2015-10-30'),
(85, '2016-01-20 00:00:00', 'Sandra Tormo Britapaja', 1, '2016-01-25 15:32:49', NULL, NULL, 233, 152.02, 1, '2015-10-31'),
(86, '2016-01-20 00:00:00', 'Montse Romero Jordán', 1, '2016-01-25 15:32:01', NULL, NULL, 234, 168.6, 1, '2015-10-31'),
(87, '2016-01-20 00:00:00', 'Joan Serra Piqué', 1, '2016-01-25 15:31:13', NULL, NULL, 234, 28.57, 1, '2015-10-31'),
(89, '2016-01-20 00:00:00', 'Ales Boires, SCP', 1, '2016-01-25 15:30:21', NULL, NULL, 233, 352.8, 1, '2015-11-04'),
(90, '2016-01-20 00:00:00', 'Ales Boires, SCP', 1, '2016-01-25 15:28:44', NULL, NULL, 233, 135, 1, '2015-11-04'),
(91, '2016-01-20 00:00:00', 'Montse Romero Jordán', 1, '2016-01-25 15:29:30', NULL, NULL, 234, 168.6, 1, '2015-11-30'),
(92, '2016-01-20 00:00:00', 'Montse Romero Jordán', 1, '2016-01-25 15:27:56', NULL, NULL, 234, 168.6, 1, '2015-12-31'),
(93, '2016-01-20 00:00:00', 'Montse Romero Jordán', 1, '2016-01-25 15:27:07', NULL, NULL, 234, 127.39, 1, '2015-12-31'),
(94, '2016-01-20 00:00:00', 'Joan Serra Piqué', 1, '2016-01-25 15:25:18', NULL, NULL, 234, 28.57, 1, '2015-11-30'),
(95, '2016-01-20 00:00:00', 'Joan Serra Piqué', 1, '2016-01-25 15:23:12', NULL, NULL, 234, 28.57, 1, '2015-12-31'),
(96, '2016-01-20 00:00:00', 'Joan Serra Piqué', 1, '2016-01-25 15:21:57', NULL, NULL, 234, 14.29, 1, '2015-12-31'),
(97, '2016-01-20 00:00:00', 'David Alcalde Repullo', 1, '2016-01-25 15:19:58', NULL, NULL, 234, 10, 1, '2015-11-30'),
(98, '2016-01-20 00:00:00', 'David Alcalde Repullo', 1, '2016-01-25 15:19:26', NULL, NULL, 234, 14.29, 1, '2015-12-31'),
(99, '2016-01-20 00:00:00', 'David Alcalde Repullo', 1, '2016-01-25 15:35:15', NULL, NULL, 234, 2.02, 1, '2015-12-31'),
(100, '2016-01-20 00:00:00', 'Guillermo Fernández del Moral', 1, '2016-01-25 15:34:41', NULL, NULL, 234, 18.1, 1, '2015-11-30'),
(101, '2016-01-20 00:00:00', 'Guillermo Fernández del Moral', 1, '2016-01-25 15:34:01', NULL, NULL, 234, 28.57, 1, '2015-12-31'),
(102, '2016-01-20 00:00:00', 'Guillermo Fernández del Moral', 1, '2016-01-25 15:33:29', NULL, NULL, 234, 3.89, 1, '2015-12-31'),
(103, '2015-11-30 00:00:00', 'S.S. Reg. General', 1, '2016-01-13 16:49:43', NULL, NULL, 231, 1151.42, 1, '2015-11-30'),
(104, '2015-12-31 00:00:00', 'S.S. Reg. General', 1, '2016-01-13 16:51:18', NULL, NULL, 231, 1793.05, 1, '2015-12-31'),
(105, '2015-12-31 00:00:00', 'José Manuel Valle Llamas', 1, '2016-01-13 16:52:50', NULL, NULL, 232, 296.27, 1, '2015-12-31'),
(106, '2015-12-31 00:00:00', 'Sergio García Martínez', 1, '2016-01-13 16:53:54', NULL, NULL, 232, 264.43, 1, '2015-12-31'),
(107, '2015-11-30 00:00:00', 'José Manuel Valle Llamas', 1, '2016-01-13 16:54:55', NULL, NULL, 232, 296.27, 1, '2015-11-30'),
(108, '2015-11-30 00:00:00', 'Sergio García Martínez', 1, '2016-01-13 16:55:38', NULL, NULL, 232, 264.43, 1, '2015-11-30'),
(109, '2016-01-20 00:00:00', 'Sandra Tormo Britapaja', 1, '2016-01-25 15:26:31', NULL, NULL, 233, 111.37, 1, '2015-11-30'),
(110, '2016-01-20 00:00:00', 'Sandra Tormo Britapaja', 1, '2016-01-25 15:24:24', NULL, NULL, 233, 111.37, 1, '2015-12-31'),
(111, '2016-04-20 00:00:00', 'Montse Romero Jordán', 1, '2016-04-21 11:32:25', NULL, NULL, 234, 238, 1, '2016-01-31'),
(112, '2016-04-20 00:00:00', 'Joan Serra Piqué', 1, '2016-04-21 11:56:06', NULL, NULL, 234, 28.57, 1, '2016-01-31'),
(113, '2016-04-20 00:00:00', 'David Alcalde Repullo', 1, '2016-04-21 11:52:28', NULL, NULL, 234, 14.29, 1, '2016-01-31'),
(114, '2016-04-20 00:00:00', 'Guillermo Fernández del Moral', 1, '2016-04-21 11:49:40', NULL, NULL, 234, 162.14, 1, '2016-01-31'),
(115, '2016-01-31 00:00:00', 'Sergio García Martínez', 1, '2016-02-01 15:55:24', NULL, NULL, 232, 267.03, 1, '2016-01-31'),
(116, '2016-01-31 00:00:00', 'José Manuel Valle Llamas', 1, '2016-02-01 15:56:19', NULL, NULL, 232, 299.19, 1, '2016-01-31'),
(117, '2016-01-31 00:00:00', 'S.S. Reg. General', 1, '2016-02-01 15:58:38', NULL, NULL, 231, 2064.92, 1, '2016-01-31'),
(118, '2016-04-20 00:00:00', 'Sandra Tormo Britapaja', 1, '2016-04-21 11:39:48', NULL, NULL, 233, 114.02, 1, '2016-01-31'),
(119, '2016-04-20 00:00:00', 'David Alcalde Repullo	', 1, '2016-04-21 12:05:02', NULL, NULL, 234, 6.67, 1, '2016-02-29'),
(120, '2016-04-20 00:00:00', 'David Alcalde Repullo	', 1, '2016-04-21 11:37:42', NULL, NULL, 234, 17.22, 1, '2016-02-29'),
(121, '2016-04-20 00:00:00', 'Guillermo Fernández del Moral', 1, '2016-04-21 12:03:02', NULL, NULL, 234, 162.14, 1, '2016-02-29'),
(122, '2016-04-20 00:00:00', 'Joan Serra Piqué	', 1, '2016-04-21 12:01:58', NULL, NULL, 234, 28.57, 1, '2016-02-29'),
(123, '2016-04-20 00:00:00', 'Montse Romero Jordán	', 1, '2016-04-21 11:57:53', NULL, NULL, 234, 238, 1, '2016-02-29'),
(124, '2016-02-29 00:00:00', 'Sergio García Martínez	', 1, '2016-03-03 18:53:50', NULL, NULL, 232, 267.03, 1, '2016-02-29'),
(125, '2016-02-29 00:00:00', 'José Manuel Valle Llamas	', 1, '2016-03-03 18:53:16', NULL, NULL, 232, 299.19, 1, '2016-02-29'),
(126, '2016-02-29 00:00:00', 'S.S. Reg. General	', 1, '2016-03-03 18:48:30', NULL, NULL, 231, 2064.92, 1, '2016-02-29'),
(127, '2016-04-20 00:00:00', 'Sandra Tormo Britapaja', 1, '2016-04-21 11:56:52', NULL, NULL, 233, 114.02, 1, '2016-02-29'),
(128, '2016-04-20 00:00:00', 'José Guitart', 1, '2016-04-21 11:54:18', NULL, NULL, 233, 27.3, 1, '2016-03-08'),
(129, '2016-04-20 00:00:00', 'Pau González Albiñana', 1, '2016-04-21 11:50:12', NULL, NULL, 233, 365.4, 1, '2016-03-04'),
(130, '2016-04-20 00:00:00', 'Pau González Albiñana', 1, '2016-04-21 11:47:39', NULL, NULL, 233, 279.3, 1, '2016-03-04'),
(131, '2016-04-20 00:00:00', 'Pau González Albiñana', 1, '2016-04-21 11:46:55', NULL, NULL, 233, 273, 1, '2016-03-04'),
(132, '2016-04-20 00:00:00', 'David Alcalde Repullo	', 1, '2016-04-21 11:23:05', NULL, NULL, 234, 28.57, 1, '2016-03-31'),
(133, '2016-04-20 00:00:00', 'Joan Serra Piqué', 1, '2016-04-21 11:45:03', NULL, NULL, 234, 28.57, 1, '2016-03-31'),
(134, '2016-04-20 00:00:00', 'Borja Saiz García', 1, '2016-04-21 11:39:04', NULL, NULL, 234, 164.66, 1, '2016-03-31'),
(135, '2016-04-20 00:00:00', 'Guillermo Fernández del Moral', 1, '2016-04-21 12:04:28', NULL, NULL, 234, 162.14, 1, '2016-03-31'),
(136, '2016-04-20 00:00:00', 'Montse Romero Jordán', 1, '2016-04-21 12:03:33', NULL, NULL, 234, 238, 1, '2016-03-31'),
(137, '2016-04-20 00:00:00', 'Sandra Tormo Britapaja', 1, '2016-04-21 12:02:30', NULL, NULL, 233, 114.02, 1, '2016-03-31'),
(138, '2016-04-20 00:00:00', 'Pau González Albiñana', 1, '2016-04-21 12:01:14', NULL, NULL, 233, 45, 1, '2016-03-14'),
(139, '2016-03-31 00:00:00', 'Sergio García Martínez', 1, '2016-04-14 10:37:42', NULL, NULL, 232, 267.03, 1, '2016-03-31'),
(140, '2016-03-31 00:00:00', 'José Manuel Valle Llamas', 1, '2016-04-14 10:39:29', NULL, NULL, 232, 299.19, 1, '2016-03-31'),
(141, '2016-03-31 00:00:00', 'S.S. Reg. General', 1, '2016-04-21 12:08:57', NULL, NULL, 231, 2277.69, 1, '2016-03-31'),
(142, '2016-07-20 00:00:00', 'Pau González Albiñana	', 1, '2016-08-03 17:23:10', NULL, NULL, 233, 365.76, 1, '2016-06-04'),
(143, '2016-07-20 00:00:00', 'Pau González Albiñana	', 1, '2016-08-03 17:21:20', NULL, NULL, 233, 241.86, 1, '2016-06-04'),
(144, '2016-07-20 00:00:00', 'Pau González Albiñana	', 1, '2016-08-03 17:20:42', NULL, NULL, 233, 163.8, 1, '2016-06-04'),
(145, '2016-07-20 00:00:00', 'Montse Romero Jordán', 1, '2016-08-03 17:12:36', NULL, NULL, 234, 238, 1, '2016-04-30'),
(146, '2016-07-20 00:00:00', 'Joan Serra Piqué', 1, '2016-08-03 17:14:43', NULL, NULL, 234, 20.95, 1, '2016-04-30'),
(147, '2016-07-20 00:00:00', 'Joan Serra Piqué', 1, '2016-08-03 17:19:34', NULL, NULL, 234, 6.11, 1, '2016-04-30'),
(148, '2016-07-20 00:00:00', 'David Alcalde Repullo', 1, '2016-08-03 17:18:24', NULL, NULL, 234, 187.15, 1, '2016-04-30'),
(149, '2016-07-20 00:00:00', 'Guillermo Fernández del Moral', 1, '2016-08-03 17:17:02', NULL, NULL, 234, 162.14, 1, '2016-04-30'),
(150, '2016-07-20 00:00:00', 'Borja Saiz García', 1, '2016-08-03 17:30:16', NULL, NULL, 234, 169.34, 1, '2016-04-30'),
(151, '2016-07-20 00:00:00', 'Montse Romero Jordán', 1, '2016-08-03 17:35:49', NULL, NULL, 234, 238, 1, '2016-05-31'),
(152, '2016-07-20 00:00:00', 'Joan Serra Piqué', 1, '2016-08-03 17:33:58', NULL, NULL, 234, 116.53, 1, '2016-05-31'),
(153, '2016-07-20 00:00:00', 'David Alcalde Repullo', 1, '2016-08-03 17:32:18', NULL, NULL, 234, 187.15, 1, '2016-05-31'),
(154, '2016-07-20 00:00:00', 'Guillermo Fernández del Moral', 1, '2016-08-03 17:30:45', NULL, NULL, 234, 217.02, 1, '2016-05-31'),
(155, '2016-07-20 00:00:00', 'Borja Saiz García', 1, '2016-08-03 17:25:48', NULL, NULL, 234, 167, 1, '2016-05-31'),
(156, '2016-04-30 00:00:00', 'José Manuel Valle Llamas', 1, '2016-06-15 15:52:35', NULL, NULL, 232, 299.19, 1, '2016-04-30'),
(157, '2016-04-30 00:00:00', 'Sergio García Martínez', 1, '2016-06-15 15:53:39', NULL, NULL, 232, 267.03, 1, '2016-04-30'),
(158, '2016-05-31 00:00:00', 'José Manuel Valle Llamas', 1, '2016-06-15 15:56:23', NULL, NULL, 232, 299.19, 1, '2016-05-31'),
(159, '2016-05-31 00:00:00', 'Sergio García Martínez', 1, '2016-06-15 15:56:02', NULL, NULL, 232, 267.03, 1, '2016-05-31'),
(160, '2016-10-20 00:00:00', 'Daniel Rodríguez Prieto', 1, '2016-10-24 18:48:21', NULL, NULL, 233, 199.15, 1, '2016-07-01'),
(161, '2016-07-20 00:00:00', 'José Guitart	', 1, '2016-08-03 17:20:14', NULL, NULL, 233, 264.6, 1, '2016-06-02'),
(162, '2016-06-30 00:00:00', 'José Manuel Valle Llamas', 1, '2016-06-30 08:22:05', NULL, NULL, 232, 299.19, 1, '2016-06-30'),
(163, '2016-06-30 00:00:00', 'Sergio García Martínez', 1, '2016-06-30 08:23:06', NULL, NULL, 232, 267.03, 1, '2016-06-30'),
(164, '2016-06-30 00:00:00', 'S.S. Reg. General	', 1, '2016-06-30 09:05:52', NULL, NULL, 231, 2916.81, 1, '2016-06-30'),
(165, '2016-05-31 00:00:00', 'S.S. Reg. General', 1, '2016-06-30 09:08:32', NULL, NULL, 231, 2976.04, 1, '2016-05-31'),
(166, '2016-04-29 00:00:00', 'S.S. Reg. General', 1, '2016-06-30 09:10:28', NULL, NULL, 231, 3015.26, 1, '2016-04-29'),
(167, '2016-07-20 00:00:00', 'Montse Romero Jordán', 1, '2016-08-03 17:35:19', NULL, NULL, 234, 238, 1, '2016-06-30'),
(168, '2016-07-20 00:00:00', 'Joan Serra Piqué', 1, '2016-08-03 17:32:58', NULL, NULL, 234, 116.53, 1, '2016-06-30'),
(169, '2016-07-20 00:00:00', 'David Alcalde Repullo', 1, '2016-08-03 17:31:43', NULL, NULL, 234, 187.15, 1, '2016-06-30'),
(170, '2016-07-20 00:00:00', 'Guillermo Fernández del Moral', 1, '2016-08-03 17:28:59', NULL, NULL, 234, 217.02, 1, '2016-06-30'),
(171, '2016-07-20 00:00:00', 'Borja Saiz García', 1, '2016-08-03 17:25:17', NULL, NULL, 234, 167, 1, '2016-06-30'),
(172, '2016-10-20 00:00:00', 'Montse Romero Jordán', 1, '2016-10-24 19:14:41', NULL, NULL, 234, 238, 1, '2016-07-15'),
(173, '2016-10-20 00:00:00', 'Joan Serra Piqué', 1, '2016-10-24 19:08:36', NULL, NULL, 234, 145.23, 1, '2016-07-15'),
(174, '2016-10-20 00:00:00', 'David Alcalde Repullo', 1, '2016-10-24 19:02:53', NULL, NULL, 234, 187.14, 1, '2016-07-15'),
(175, '2016-10-20 00:00:00', 'Guillermo Fernández del Moral', 1, '2016-10-24 18:53:28', NULL, NULL, 234, 217.02, 1, '2016-07-15'),
(176, '2016-10-20 00:00:00', 'Borja Saiz García', 1, '2016-10-24 18:46:53', NULL, NULL, 234, 111.33, 1, '2016-07-15'),
(177, '2016-10-20 00:00:00', 'Borja Saiz García', 1, '2016-10-24 18:40:26', NULL, NULL, 234, 167, 1, '2016-07-31'),
(178, '2016-10-20 00:00:00', 'David Alcalde Repullo', 1, '2016-10-24 18:38:31', NULL, NULL, 234, 187.15, 1, '2016-07-31'),
(179, '2016-10-20 00:00:00', 'Guillermo Fernández del Moral', 1, '2016-10-24 18:35:10', NULL, NULL, 234, 217.02, 1, '2016-07-31'),
(180, '2016-10-20 00:00:00', 'Montse Romero Jordán', 1, '2016-10-24 18:34:25', NULL, NULL, 234, 238, 1, '2016-07-31'),
(181, '2016-10-20 00:00:00', 'José Guitart', 1, '2016-10-24 18:33:33', NULL, NULL, 233, 239.4, 1, '2016-07-14'),
(183, '2016-10-20 00:00:00', 'Joan Serra Piqué', 1, '2016-10-24 18:31:39', NULL, NULL, 234, 44.22, 1, '2016-07-18'),
(186, '2016-10-20 00:00:00', 'Montse Romero Jordán', 1, '2016-10-24 19:21:19', NULL, NULL, 234, 238, 1, '2016-08-31'),
(187, '2016-10-20 00:00:00', 'David Alcalde Repullo', 1, '2016-10-24 19:17:46', NULL, NULL, 234, 49.91, 1, '2016-08-31'),
(188, '2016-10-20 00:00:00', 'David Alcalde Repullo', 1, '2016-10-24 19:17:17', NULL, NULL, 234, 137.24, 1, '2016-08-31'),
(189, '2016-10-20 00:00:00', 'Guillermo Fernández del Moral', 1, '2016-10-24 19:16:50', NULL, NULL, 234, 217.02, 1, '2016-08-31'),
(190, '2016-10-20 00:00:00', 'Borja Saiz García', 1, '2016-10-24 19:15:41', NULL, NULL, 234, 167, 1, '2016-08-31'),
(191, '2016-10-20 00:00:00', 'Alejandro García Julià', 1, '2016-10-24 19:11:37', NULL, NULL, 234, 37.8, 1, '2016-08-31'),
(192, '2016-10-20 00:00:00', 'Silvia Tormo Britapaja', 1, '2016-10-24 19:07:55', NULL, NULL, 233, 28, 1, '2016-08-31'),
(193, '2016-10-20 00:00:00', 'Montse Romero Jordán', 1, '2016-10-24 19:01:27', NULL, NULL, 234, 238, 1, '2016-09-30'),
(194, '2016-10-20 00:00:00', 'David Alcalde Repullo', 1, '2016-10-24 18:50:36', NULL, NULL, 234, 333.79, 1, '2016-09-30'),
(195, '2016-10-20 00:00:00', 'Guillermo Fernández del Moral', 1, '2016-10-24 18:44:37', NULL, NULL, 234, 217.02, 1, '2016-09-30'),
(196, '2016-10-20 00:00:00', 'Borja Saiz García', 1, '2016-10-24 18:39:35', NULL, NULL, 234, 167, 1, '2016-09-30'),
(197, '2016-10-20 00:00:00', 'Alejandro García Julià', 1, '2016-10-24 18:36:14', NULL, NULL, 234, 46.14, 1, '2016-09-30'),
(198, '2016-07-31 00:00:00', 'Sergio García Martínez', 1, '2016-10-02 17:15:59', NULL, NULL, 232, 267.03, 1, '2016-07-31'),
(199, '2016-08-31 00:00:00', 'Sergio García Martínez', 1, '2016-10-02 17:16:43', NULL, NULL, 232, 267.03, 1, '2016-08-31'),
(200, '2016-09-30 00:00:00', 'Sergio García Martínez', 1, '2016-10-02 17:17:42', NULL, NULL, 232, 267.03, 1, '2016-09-30'),
(201, '2016-07-31 00:00:00', 'José Manuel Valle Llamas', 1, '2016-10-02 17:19:06', NULL, NULL, 232, 299.19, 1, '2016-07-31'),
(202, '2016-08-31 00:00:00', 'José Manuel Valle Llamas', 1, '2016-10-02 17:19:46', NULL, NULL, 232, 299.19, 1, '2016-08-31'),
(203, '2016-09-30 00:00:00', 'José Manuel Valle Llamas', 1, '2016-10-02 17:20:26', NULL, NULL, 232, 299.19, 1, '2016-09-30'),
(204, '2016-09-30 00:00:00', 'S.S. Reg. General', 1, '2016-10-02 17:22:18', NULL, NULL, 231, 2739.01, 1, '2016-09-30'),
(205, '2016-08-31 00:00:00', 'S.S. Reg. General', 1, '2016-10-02 17:23:39', NULL, NULL, 231, 1645.4, 1, '2016-08-31'),
(206, '2016-07-31 00:00:00', 'S.S. Reg. General', 1, '2016-10-02 17:24:58', NULL, NULL, 231, 2916.83, 1, '2016-07-31'),
(207, '2016-10-20 00:00:00', 'Pau González Albiñana	', 1, '2016-10-24 19:10:14', NULL, NULL, 233, 250.59, 1, '2016-09-30'),
(208, '2016-10-20 00:00:00', 'Pau González Albiñana', 1, '2016-10-24 19:04:04', NULL, NULL, 233, 353.33, 1, '2016-09-30'),
(209, '2016-10-20 00:00:00', 'Pau González Albiñana', 1, '2016-10-24 19:00:13', NULL, NULL, 233, 96.6, 1, '2016-09-30'),
(210, '2016-10-20 00:00:00', 'Daniel Rodríguez Prieto', 1, '2016-10-24 18:48:59', NULL, NULL, 233, 6.51, 1, '2016-07-18'),
(211, '2016-10-20 00:00:00', 'Daniel Rodríguez Prieto', 1, '2016-10-24 18:43:47', NULL, NULL, 233, 119.49, 1, '2016-08-05'),
(212, '2016-10-31 00:00:00', 'S.S. Reg. General', 1, '2016-11-01 17:59:07', NULL, NULL, 231, 3189.59, 1, '2016-10-31'),
(213, '2016-11-30 00:00:00', 'S.S. Reg. General', 1, '2016-12-02 13:43:27', NULL, NULL, 231, 2907.42, 1, '2016-11-30'),
(214, '2016-10-31 00:00:00', 'José Manuel Valle Llamas', 1, '2016-12-02 13:55:34', NULL, NULL, 232, 299.19, 1, '2016-10-31'),
(215, '2016-11-30 00:00:00', 'José Manuel Valle Llamas', 1, '2016-12-02 13:56:21', NULL, NULL, 232, 299.19, 1, '2016-11-30'),
(216, '2016-10-30 00:00:00', 'Sergio García Martínez', 1, '2016-12-02 13:55:05', NULL, NULL, 232, 267.03, 1, '2016-10-31'),
(217, '2016-11-30 00:00:00', 'Sergio García Martínez', 1, '2016-12-02 13:55:57', NULL, NULL, 232, 267.03, 1, '2016-11-30'),
(218, '2016-12-31 00:00:00', 'David Bea Ruiz', 1, '2018-01-25 14:13:45', NULL, NULL, 233, 255.29, 1, '2016-11-14'),
(219, '2016-12-31 00:00:00', 'David Bea Ruiz', 1, '2018-01-25 14:13:45', NULL, NULL, 233, 312, 1, '2016-11-21'),
(220, '2016-12-31 00:00:00', 'Montse Romero Jordán', 1, '2018-01-25 14:13:45', NULL, NULL, 234, 238, 1, '2016-12-15'),
(221, '2016-12-31 00:00:00', 'David Alcalde Repullo', 1, '2018-01-25 14:13:45', NULL, NULL, 234, 152.14, 1, '2016-12-15'),
(222, '2016-12-31 00:00:00', 'Alejandro García Julià', 1, '2018-01-25 14:13:45', NULL, NULL, 234, 33.53, 1, '2016-12-15'),
(223, '2016-12-31 00:00:00', 'Montse Romero Jordán', 1, '2018-01-25 14:13:45', NULL, NULL, 234, 238, 1, '2016-11-30'),
(224, '2016-12-31 00:00:00', 'David Alcalde Repullo', 1, '2018-01-25 14:13:45', NULL, NULL, 234, 187.58, 1, '2016-11-30'),
(225, '2016-12-31 00:00:00', 'Alejandro García Julià', 1, '2018-01-25 14:13:45', NULL, NULL, 234, 40.5, 1, '2016-11-30'),
(226, '2016-12-31 00:00:00', 'José Antonio Camacho Martínez', 1, '2018-01-25 14:13:45', NULL, NULL, 234, 157.5, 1, '2016-11-30'),
(227, '2016-12-31 00:00:00', 'Montse Romero Jordán', 1, '2018-01-25 14:13:45', NULL, NULL, 234, 238, 1, '2016-10-31'),
(228, '2016-12-31 00:00:00', 'David Alcalde Repullo', 1, '2018-01-25 14:13:45', NULL, NULL, 234, 187.58, 1, '2016-10-31'),
(229, '2016-12-31 00:00:00', 'Guillermo Fernández del Moral', 1, '2018-01-25 14:13:45', NULL, NULL, 234, 217.02, 1, '2016-10-31'),
(230, '2016-12-31 00:00:00', 'Borja Saiz García', 1, '2018-01-25 14:13:45', NULL, NULL, 234, 167, 1, '2016-10-31'),
(231, '2016-12-31 00:00:00', 'Alejandro García Julià', 1, '2018-01-25 14:13:45', NULL, NULL, 234, 40.5, 1, '2016-10-31'),
(232, '2016-12-31 00:00:00', 'José Antonio Camacho Martínez', 1, '2018-01-25 14:13:45', NULL, NULL, 234, 5.25, 1, '2016-10-31'),
(233, '2016-12-31 00:00:00', 'Guillermo Fernández del Moral', 1, '2018-01-25 14:13:45', NULL, NULL, 234, 340.45, 1, '2016-11-11'),
(234, '2016-12-31 00:00:00', 'Borja Saiz García', 1, '2018-01-25 14:13:45', NULL, NULL, 234, 373.03, 1, '2016-11-22'),
(235, '2016-12-31 00:00:00', 'Pau González Albiñana', 1, '2018-01-25 14:13:45', NULL, NULL, 233, 101.85, 1, '2016-12-11'),
(236, '2016-12-31 00:00:00', 'Pau González Albiñana', 1, '2018-01-25 14:13:45', NULL, NULL, 233, 58.8, 1, '2016-12-12'),
(238, '2016-12-31 00:00:00', 'David Alcalde Repullo', 1, '2018-01-25 14:13:45', NULL, NULL, 234, 187.58, 1, '2016-12-31'),
(239, '2016-12-31 00:00:00', 'Alejandro García Julià', 1, '2018-01-25 14:13:45', NULL, NULL, 234, 40.5, 1, '2016-12-31'),
(240, '2016-12-31 00:00:00', 'José Antonio Camacho Martínez', 1, '2018-01-25 14:13:45', NULL, NULL, 234, 157.5, 1, '2016-12-31'),
(241, '2016-12-31 00:00:00', 'Juan Carlos Alonso Álvarez', 1, '2018-01-25 14:13:45', NULL, NULL, 233, 11.39, 1, '2016-06-30'),
(242, '2016-12-31 00:00:00', 'Juan Carlos Alonso Álvarez', 1, '2018-01-25 14:13:45', NULL, NULL, 233, 33.12, 1, '2016-06-30'),
(244, '2016-12-31 00:00:00', 'Pau González Albiñana', 1, '2018-01-25 14:13:45', NULL, NULL, 233, 366.98, 1, '2016-11-11'),
(246, '2016-12-31 00:00:00', 'Pau González Albiñana', 1, '2018-01-25 14:13:45', NULL, NULL, 233, 297.68, 1, '2016-11-11'),
(247, '2016-12-31 00:00:00', 'Pau González Albiñana', 1, '2018-01-25 14:13:45', NULL, NULL, 233, 207.9, 1, '2016-11-11'),
(250, '2016-12-31 00:00:00', 'Montse Romero Jordán', 1, '2018-01-25 14:13:45', NULL, NULL, 234, 238, 1, '2016-12-31'),
(251, '2016-12-31 00:00:00', 'José Manuel Valle Llamas', 1, '2017-03-28 17:10:39', NULL, NULL, 232, 299.19, 1, '2016-12-31'),
(252, '2016-12-31 00:00:00', 'Sergio García Martínez', 1, '2017-03-28 17:11:22', NULL, NULL, 232, 267.03, 1, '2016-12-31'),
(253, '2017-04-20 00:00:00', 'Sergio García Martínez', 1, '2017-04-20 11:08:41', NULL, NULL, 234, 464.34, 1, '2017-01-31'),
(254, '2017-04-20 00:00:00', 'José Manuel Valle Llamas', 1, '2017-04-20 11:07:48', NULL, NULL, 234, 470.91, 1, '2017-01-31'),
(255, '2017-04-20 00:00:00', 'Montse Romero Jordán', 1, '2017-04-20 11:06:44', NULL, NULL, 234, 277.67, 1, '2017-01-31'),
(256, '2017-04-20 00:00:00', 'David Alcalde Repullo', 1, '2017-04-20 11:05:39', NULL, NULL, 234, 232.28, 1, '2017-01-31'),
(257, '2017-04-20 00:00:00', 'Alejandro García Julià', 1, '2017-04-20 11:03:21', NULL, NULL, 234, 47.25, 1, '2017-01-31'),
(258, '2017-04-20 00:00:00', 'José Antonio Camacho Martínez', 1, '2017-04-20 11:03:02', NULL, NULL, 234, 157.5, 1, '2017-01-31'),
(259, '2017-04-20 00:00:00', 'Sergio García Martínez', 1, '2017-04-20 11:01:51', NULL, NULL, 234, 464.34, 1, '2017-02-28'),
(260, '2017-04-20 00:00:00', 'José Manuel Valle Llamas', 1, '2017-04-20 11:00:50', NULL, NULL, 234, 470.91, 1, '2017-02-28'),
(261, '2017-04-20 00:00:00', 'Montse Romero Jordán', 1, '2017-04-20 11:00:20', NULL, NULL, 234, 277.67, 1, '2017-02-28'),
(262, '2017-04-20 00:00:00', 'David Alcalde Repullo', 1, '2017-04-20 11:13:54', NULL, NULL, 234, 232.28, 1, '2017-02-28'),
(263, '2017-04-20 00:00:00', 'José Antonio Camacho Martínez', 1, '2017-04-20 11:12:45', NULL, NULL, 234, 157.5, 1, '2017-02-28'),
(264, '2017-04-20 00:00:00', 'Albert Martínez Fernández', 1, '2017-04-20 11:11:52', NULL, NULL, 234, 99.75, 1, '2017-02-28'),
(265, '2017-04-20 00:00:00', 'Sergio García Martínez', 1, '2017-04-20 11:13:23', NULL, NULL, 234, 464.34, 1, '2017-03-31'),
(266, '2017-04-20 00:00:00', 'José Manuel Valle Llamas', 1, '2017-04-20 11:12:16', NULL, NULL, 234, 470.91, 1, '2017-03-31'),
(267, '2017-04-20 00:00:00', 'Montse Romero Jordán', 1, '2017-04-20 11:11:27', NULL, NULL, 234, 277.67, 1, '2017-03-31'),
(268, '2017-04-20 00:00:00', 'David Alcalde Repullo', 1, '2017-04-20 11:10:17', NULL, NULL, 234, 232.28, 1, '2017-03-31'),
(269, '2017-04-20 00:00:00', 'José Antonio Camacho Martínez', 1, '2017-04-20 11:09:53', NULL, NULL, 234, 157.5, 1, '2017-03-31'),
(270, '2017-04-20 00:00:00', 'Albert Martínez Fernández', 1, '2017-04-20 11:09:30', NULL, NULL, 234, 157.5, 1, '2017-03-31'),
(271, '2017-04-20 00:00:00', 'Pau González Albiñana', 1, '2017-04-20 11:09:08', NULL, NULL, 233, 262.5, 1, '2017-02-25'),
(272, '2017-04-20 00:00:00', 'Pau González Albiñana', 1, '2017-04-20 11:08:17', NULL, NULL, 233, 557.55, 1, '2017-02-25'),
(273, '2017-04-20 00:00:00', 'Pau González Albiñana', 1, '2017-04-20 11:07:11', NULL, NULL, 233, 177, 1, '2017-03-07'),
(274, '2017-04-20 00:00:00', 'Alejandro García Julià', 1, '2017-04-20 11:06:06', NULL, NULL, 234, 38.1, 1, '2017-01-20'),
(275, '2017-07-20 00:00:00', 'Pau González Albiñana', 1, '2017-07-21 09:30:52', NULL, NULL, 233, 241.5, 1, '2017-03-25'),
(276, '2016-12-31 00:00:00', 'S.S. Reg. General', 1, '2017-04-28 15:02:32', NULL, NULL, 231, 2831.41, 1, '2016-12-31'),
(277, '2016-12-31 00:00:00', 'S.S. Reg. General', 1, '2017-04-28 15:01:56', NULL, NULL, 231, 690.25, 1, '2016-12-31'),
(278, '2017-01-31 00:00:00', 'S.S. Reg. General', 1, '2017-04-28 15:03:09', NULL, NULL, 231, 2093.04, 1, '2017-01-31'),
(279, '2017-02-28 00:00:00', 'S.S. Reg. General', 1, '2017-04-28 15:03:42', NULL, NULL, 231, 2219.37, 1, '2017-02-28'),
(280, '2017-03-31 00:00:00', 'S.S. Reg. General', 1, '2017-04-28 15:04:45', NULL, NULL, 231, 2432.61, 1, '2017-03-31'),
(281, '2017-03-31 00:00:00', 'S.S. Reg. General', 1, '2017-04-28 15:04:12', NULL, NULL, 231, 61.51, 1, '2017-03-31'),
(282, '2017-04-28 00:00:00', 'S.S. Reg. General', 1, '2017-04-28 15:05:18', NULL, NULL, 231, 2353.16, 1, '2017-04-28'),
(283, '2017-07-20 00:00:00', 'José Manuel Valle Llamas	', 1, '2017-07-21 09:27:13', NULL, NULL, 234, 470.91, 1, '2017-04-30'),
(284, '2017-07-20 00:00:00', 'Sergio García Martínez	', 1, '2017-07-21 09:26:01', NULL, NULL, 234, 464.34, 1, '2017-04-30'),
(285, '2017-07-20 00:00:00', 'Montse Romero Jordán	', 1, '2017-07-21 09:25:05', NULL, NULL, 234, 277.67, 1, '2017-04-30'),
(286, '2017-07-20 00:00:00', 'David Alcalde Repullo	', 1, '2017-07-21 09:33:21', NULL, NULL, 234, 232.28, 1, '2017-04-30'),
(287, '2017-07-20 00:00:00', 'José Antonio Camacho Martínez	', 1, '2017-07-21 09:32:59', NULL, NULL, 234, 157.5, 1, '2017-04-30'),
(288, '2017-07-20 00:00:00', 'Albert Martínez Fernández	', 1, '2017-07-21 09:32:38', NULL, NULL, 234, 157.5, 1, '2017-04-30'),
(289, '2017-07-20 00:00:00', 'Sergio García Martínez', 1, '2017-07-21 09:32:17', NULL, NULL, 234, 464.34, 1, '2017-05-31'),
(290, '2017-07-20 00:00:00', 'José Manuel Valle Llamas', 1, '2017-07-21 09:31:54', NULL, NULL, 234, 470.91, 1, '2017-05-31'),
(291, '2017-07-20 00:00:00', 'Montse Romero Jordán', 1, '2017-07-21 09:30:24', NULL, NULL, 234, 277.67, 1, '2017-05-31'),
(292, '2017-07-20 00:00:00', 'David Alcalde Repullo', 1, '2017-07-21 09:30:01', NULL, NULL, 234, 232.28, 1, '2017-05-31'),
(293, '2017-07-20 00:00:00', 'José Antonio Camacho Martínez', 1, '2017-07-21 09:29:31', NULL, NULL, 234, 157.5, 1, '2017-05-31'),
(294, '2017-07-20 00:00:00', 'Albert Martínez Fernández', 1, '2017-07-21 09:29:09', NULL, NULL, 234, 157.5, 1, '2017-05-31'),
(295, '2017-07-20 00:00:00', 'Pau González Albiñana', 1, '2017-07-21 09:28:45', NULL, NULL, 233, 408.45, 1, '2017-05-17'),
(296, '2017-07-20 00:00:00', 'Sergio García Martínez', 1, '2017-07-21 09:28:23', NULL, NULL, 234, 464.34, 1, '2017-06-30'),
(297, '2017-07-20 00:00:00', 'José Manuel Valle Llamas', 1, '2017-07-21 09:28:01', NULL, NULL, 234, 470.91, 1, '2017-06-30'),
(298, '2017-07-20 00:00:00', 'Montse Romero Jordán', 1, '2017-07-21 09:27:37', NULL, NULL, 234, 277.67, 1, '2017-06-30'),
(299, '2017-07-20 00:00:00', 'David Alcalde Repullo', 1, '2017-07-21 09:26:47', NULL, NULL, 234, 232.28, 1, '2017-06-30'),
(300, '2017-07-20 00:00:00', 'José Antonio Camacho Martínez', 1, '2017-07-21 09:25:34', NULL, NULL, 234, 157.5, 1, '2017-06-30'),
(301, '2017-07-20 00:00:00', 'Albert Martínez Fernández', 1, '2017-07-21 09:24:35', NULL, NULL, 234, 157.5, 1, '2017-06-30'),
(302, '2017-10-20 00:00:00', 'David Alcalde Repullo', 1, '2018-01-29 12:47:02', NULL, NULL, 234, 232.28, 1, '2017-07-15'),
(303, '2017-10-20 00:00:00', 'Pau González Albiñana', 1, '2017-10-18 11:07:57', NULL, NULL, 233, 302.4, 1, '2017-07-26'),
(304, '2017-10-20 00:00:00', 'Pau González Albiñana	', 1, '2017-10-18 11:07:03', NULL, NULL, 233, 333.9, 1, '2017-09-22'),
(305, '2017-10-20 00:00:00', 'Sergio García Martínez	', 1, '2017-10-18 11:05:21', NULL, NULL, 234, 465.96, 1, '2017-09-30'),
(306, '2017-10-20 00:00:00', 'José Manuel Valle Llamas	', 1, '2017-10-18 11:04:23', NULL, NULL, 234, 472.75, 1, '2017-09-30'),
(307, '2017-10-20 00:00:00', 'Montse Romero Jordán	', 1, '2017-10-18 11:02:35', NULL, NULL, 234, 277.67, 1, '2017-09-30'),
(308, '2017-10-20 00:00:00', 'David Alcalde Repullo	', 1, '2017-10-18 11:14:17', NULL, NULL, 234, 232.28, 1, '2017-09-30'),
(309, '2017-10-20 00:00:00', 'José Antonio Camacho Martínez	', 1, '2017-10-18 11:13:53', NULL, NULL, 234, 157.5, 1, '2017-09-30'),
(310, '2017-10-20 00:00:00', 'Albert Martínez Fernández	', 1, '2017-10-18 11:13:17', NULL, NULL, 234, 157.5, 1, '2017-09-30'),
(311, '2017-10-20 00:00:00', 'Sergio García Martínez', 1, '2017-10-18 11:12:10', NULL, NULL, 234, 467.6, 1, '2017-08-31'),
(312, '2017-10-20 00:00:00', 'José Manuel Valle Llamas', 1, '2017-10-18 11:11:40', NULL, NULL, 234, 474.59, 1, '2017-08-31'),
(313, '2017-10-20 00:00:00', 'Montse Romero Jordán', 1, '2017-10-18 11:11:13', NULL, NULL, 234, 277.67, 1, '2017-08-31'),
(314, '2017-10-20 00:00:00', 'David Alcalde Repullo', 1, '2017-10-18 11:10:46', NULL, NULL, 234, 232.28, 1, '2017-08-31'),
(315, '2017-10-20 00:00:00', 'José Antonio Camacho Martínez', 1, '2017-10-18 11:10:20', NULL, NULL, 234, 157.5, 1, '2017-08-31'),
(316, '2017-10-20 00:00:00', 'Albert Martínez Fernández', 1, '2017-10-18 11:09:51', NULL, NULL, 234, 157.5, 1, '2017-08-31'),
(317, '2017-10-20 00:00:00', 'Sergio García Martínez', 1, '2017-10-18 11:09:16', NULL, NULL, 234, 464.34, 1, '2017-07-31'),
(318, '2017-10-20 00:00:00', 'José Manuel Valle Llamas', 1, '2017-10-18 11:08:26', NULL, NULL, 234, 470.91, 1, '2017-07-31'),
(319, '2017-10-20 00:00:00', 'Montse Romero Jordán', 1, '2017-10-18 11:07:30', NULL, NULL, 234, 277.67, 1, '2017-07-31'),
(320, '2017-10-20 00:00:00', 'David Alcalde Repullo', 1, '2017-10-18 11:06:33', NULL, NULL, 234, 232.28, 1, '2017-07-31'),
(321, '2017-10-20 00:00:00', 'José Antonio Camacho Martínez', 1, '2017-10-18 11:04:52', NULL, NULL, 234, 157.5, 1, '2017-07-31'),
(322, '2017-10-20 00:00:00', 'Albert Martínez Fernández', 1, '2017-10-18 11:03:14', NULL, NULL, 234, 157.5, 1, '2017-07-31'),
(323, '2017-10-20 00:00:00', 'Sergio García Martínez', 1, '2018-01-29 12:47:42', NULL, NULL, 234, 631.58, 1, '2017-07-15'),
(324, '2017-10-20 00:00:00', 'José Manuel Valle Llamas', 1, '2018-01-29 12:48:07', NULL, NULL, 234, 631.58, 1, '2017-07-15'),
(325, '2017-10-20 00:00:00', 'Montse Romero Jordán', 1, '2018-01-29 12:48:34', NULL, NULL, 234, 286.41, 1, '2017-07-15'),
(326, '2017-10-20 00:00:00', 'Carles Rovira Quintana', 1, '2017-10-18 11:12:49', NULL, NULL, 234, 0.66, 1, '2017-08-31'),
(327, '2017-10-31 00:00:00', 'Sergio García Martínez	', 1, '2018-01-29 12:44:46', NULL, NULL, 234, 465.96, 1, '2017-10-31'),
(328, '2017-10-31 00:00:00', 'José Manuel Valle Llamas	', 1, '2018-01-29 12:45:15', NULL, NULL, 234, 472.75, 1, '2017-10-31'),
(329, '2017-10-31 00:00:00', 'David Alcalde Repullo	', 1, '2018-01-29 12:45:41', NULL, NULL, 234, 232.28, 1, '2017-10-31'),
(330, '2017-10-31 00:00:00', 'José Antonio Camacho Martínez	', 1, '2018-01-29 12:38:12', NULL, NULL, 234, 157.5, 1, '2017-10-31'),
(331, '2017-11-30 00:00:00', 'Sergio García Martínez', 1, '2018-01-29 12:44:03', NULL, NULL, 234, 465.96, 1, '2017-11-30'),
(332, '2017-11-30 00:00:00', 'José Manuel Valle Llamas', 1, '2018-01-29 12:42:27', NULL, NULL, 234, 472.75, 1, '2017-11-30'),
(333, '2017-11-30 00:00:00', 'David Alcalde Repullo', 1, '2018-01-29 12:42:48', NULL, NULL, 234, 232.28, 1, '2017-11-30'),
(334, '2017-11-30 00:00:00', 'José Antonio Camacho Martínez', 1, '2018-01-29 12:43:11', NULL, NULL, 234, 157.5, 1, '2017-11-30'),
(335, '2017-11-30 00:00:00', 'Carles Rovira Quinatna', 1, '2018-01-29 12:43:35', NULL, NULL, 234, 47.36, 1, '2017-11-30'),
(336, '2017-12-31 00:00:00', 'Sergio García Martínez', 1, '2018-01-29 12:39:09', NULL, NULL, 234, 465.96, 1, '2017-12-31'),
(337, '2017-12-31 00:00:00', 'José Manuel Valle Llamas', 1, '2018-01-29 12:39:50', NULL, NULL, 234, 472.75, 1, '2017-12-31'),
(338, '2017-12-31 00:00:00', 'David Alcalde Repullo', 1, '2018-01-29 12:40:17', NULL, NULL, 234, 232.28, 1, '2017-12-31'),
(339, '2017-12-31 00:00:00', 'José Antonio Camacho Martínez', 1, '2018-01-29 12:41:01', NULL, NULL, 234, 157.5, 1, '2017-12-31'),
(340, '2017-12-31 00:00:00', 'Carles Rovira Quinatna', 1, '2018-01-29 12:41:24', NULL, NULL, 234, 88.8, 1, '2017-12-31'),
(341, '2017-12-15 00:00:00', 'David Alcalde Repullo', 1, '2018-01-29 12:42:00', NULL, NULL, 234, 232.28, 1, '2017-12-15'),
(343, '2017-10-26 00:00:00', 'Albert Martínez Fernández	', 1, '2018-01-29 12:46:06', NULL, NULL, 234, 136.5, 1, '2017-10-26'),
(344, '2017-10-26 00:00:00', 'Albert Martínez Fernández', 1, '2018-01-29 12:46:38', NULL, NULL, 234, 136.39, 1, '2017-10-26'),
(345, '2017-10-13 00:00:00', 'Montse Romero Jordán', 1, '2018-01-29 12:49:04', NULL, NULL, 234, 185.11, 1, '2017-10-13'),
(347, '2017-12-29 00:00:00', 'S.S. Reg. General	', 1, '2018-01-12 15:25:10', NULL, NULL, 231, 1584.04, 1, '2017-12-29'),
(348, '2017-11-30 00:00:00', 'S.S. Reg. General', 1, '2018-01-12 15:26:04', NULL, NULL, 231, 2083.09, 1, '2017-11-30'),
(352, '2017-07-31 00:00:00', 'S.S. Reg. General', 1, '2018-01-12 15:37:17', NULL, NULL, 231, 2504, 1, '2017-07-31'),
(353, '2017-06-30 00:00:00', 'S.S. Reg. General', 1, '2018-01-12 15:36:47', NULL, NULL, 231, 2504, 1, '2017-06-30'),
(354, '2017-05-31 00:00:00', 'S.S. Reg. General', 1, '2018-01-12 15:24:15', NULL, NULL, 231, 2522.75, 1, '2017-05-31'),
(355, '2017-10-31 00:00:00', 'S.S. Reg. General', 1, '2018-01-12 15:38:21', NULL, NULL, 231, 2504, 1, '2017-10-31'),
(356, '2017-09-29 00:00:00', 'S.S. Reg. General', 1, '2018-01-12 15:38:46', NULL, NULL, 231, 2504, 1, '2017-09-29'),
(357, '2017-08-31 00:00:00', 'S.S. Reg. General', 1, '2018-01-12 15:37:53', NULL, NULL, 231, 2518.94, 1, '2017-08-31'),
(358, '2017-12-29 00:00:00', 'José Manuel Valle Llamas', 1, '2018-01-12 15:41:41', NULL, NULL, 232, 308.14, 1, '2017-12-29'),
(359, '2017-12-29 00:00:00', 'Sergio García Martínez', 1, '2018-01-12 15:42:21', NULL, NULL, 232, 275.02, 1, '2017-12-29'),
(360, '2017-11-30 00:00:00', 'José Manuel Valle Llamas', 1, '2018-01-12 15:43:40', NULL, NULL, 232, 308.14, 1, '2017-11-30'),
(361, '2017-11-30 00:00:00', 'Sergio García Martínez', 1, '2018-01-12 15:44:20', NULL, NULL, 232, 275.02, 1, '2017-11-30'),
(362, '2017-10-31 00:00:00', 'José Manuel Valle Llamas', 1, '2018-01-12 15:45:17', NULL, NULL, 232, 308.14, 1, '2017-10-31'),
(363, '2017-10-31 00:00:00', 'Sergio García Martínez', 1, '2018-01-12 15:45:54', NULL, NULL, 232, 275.02, 1, '2017-10-31'),
(364, '2017-09-29 00:00:00', 'José Manuel Valle Llamas', 1, '2018-01-12 15:46:51', NULL, NULL, 232, 308.14, 1, '2017-09-29'),
(365, '2017-09-29 00:00:00', 'Sergio García Martínez', 1, '2018-01-12 15:47:38', NULL, NULL, 232, 275.02, 1, '2017-09-29'),
(369, '2018-01-31 00:00:00', 'José Antonio Camacho Martínez', 1, '2018-05-08 13:11:33', NULL, NULL, 234, 157.5, 1, '2018-01-31'),
(370, '2018-01-31 00:00:00', 'Sergio García Martínez', 1, '2018-05-08 13:11:03', NULL, NULL, 234, 465.96, 1, '2018-01-31'),
(371, '2018-01-31 00:00:00', 'José Manuel Valle Llamas', 1, '2018-05-08 13:10:27', NULL, NULL, 234, 472.75, 1, '2018-01-31'),
(372, '2018-01-31 00:00:00', 'David Alcalde Repullo', 1, '2018-05-08 13:09:55', NULL, NULL, 234, 247.05, 1, '2018-01-31'),
(373, '2018-01-31 00:00:00', 'Carles Rovira Quinatna', 1, '2018-05-08 13:09:21', NULL, NULL, 234, 88.93, 1, '2018-01-31'),
(374, '2017-10-13 00:00:00', 'Montse Romero Jordán', 1, '2018-01-29 12:53:15', NULL, NULL, 234, -63.59, 1, '2017-10-13'),
(375, '2018-01-31 00:00:00', 'Sergio García Martínez', 1, '2018-01-31 10:03:30', NULL, NULL, 232, 247.02, 1, '2018-01-31'),
(376, '2018-01-31 00:00:00', 'José Manuel Valle Llamas', 1, '2018-01-31 10:03:57', NULL, NULL, 232, 308.14, 1, '2018-01-31'),
(377, '2018-01-31 00:00:00', 'S.S. Reg. General', 1, '2018-01-31 10:07:08', NULL, NULL, 231, 1809.37, 1, '2018-01-31'),
(378, '2018-02-28 00:00:00', 'S.S. Reg. General', 1, '2018-03-01 13:11:38', NULL, NULL, 231, 1830.86, 1, '2018-02-28'),
(379, '2018-02-28 00:00:00', 'José Manuel Valle Llamas', 1, '2018-03-01 13:12:46', NULL, NULL, 232, 308.14, 1, '2018-02-28'),
(380, '2018-02-28 00:00:00', 'Sergio García Martínez', 1, '2018-03-01 13:13:26', NULL, NULL, 232, 275.02, 1, '2018-02-28'),
(381, '2018-02-28 00:00:00', 'Sergio García Martínez', 1, '2018-05-08 13:12:35', NULL, NULL, 234, 465.96, 1, '2018-02-28'),
(382, '2018-02-28 00:00:00', 'José Manuel Valle Llamas', 1, '2018-05-08 13:12:04', NULL, NULL, 234, 472.75, 1, '2018-02-28'),
(383, '2018-02-28 00:00:00', 'David Alcalde Repullo', 1, '2018-05-08 13:13:49', NULL, NULL, 234, 247.05, 1, '2018-02-28'),
(384, '2018-02-28 00:00:00', 'Carles Rovira Quinatna', 1, '2018-05-08 13:13:22', NULL, NULL, 234, 88.93, 1, '2018-02-28'),
(385, '2018-02-28 00:00:00', 'Raúl Solorzano Navarro', 1, '2018-05-08 13:12:57', NULL, NULL, 234, 50.52, 1, '2018-02-28'),
(386, '2018-02-28 00:00:00', 'José Antonio Camacho Martínez', 1, '2018-07-05 11:54:59', NULL, NULL, 233, 384, 1, '2018-02-28'),
(387, '2018-03-31 00:00:00', 'S.S. Reg. General', 1, '2018-04-06 13:27:28', NULL, NULL, 231, 1369.75, 1, '2018-03-31'),
(388, '2018-03-31 00:00:00', 'José Manuel Valle Llamas', 1, '2018-04-06 13:33:44', NULL, NULL, 232, 308.14, 1, '2018-03-31'),
(389, '2018-03-31 00:00:00', 'Sergio García Martínez', 1, '2018-04-06 13:34:33', NULL, NULL, 232, 275.02, 1, '2018-03-31'),
(390, '2018-03-31 00:00:00', 'José Manuel Valle Llamas', 1, '2018-05-08 13:17:00', NULL, NULL, 234, 472.75, 1, '2018-03-31'),
(391, '2018-03-31 00:00:00', 'Sergio García Martínez', 1, '2018-05-08 13:16:21', NULL, NULL, 234, 465.96, 1, '2018-03-31'),
(392, '2018-03-31 00:00:00', 'David Alcalde Repullo', 1, '2018-05-08 13:15:48', NULL, NULL, 234, 247.05, 1, '2018-03-31'),
(393, '2018-03-31 00:00:00', 'Carles Rovira Quinatna', 1, '2018-05-08 13:15:08', NULL, NULL, 234, 88.93, 1, '2018-03-31'),
(394, '2018-03-31 00:00:00', 'Raúl Solorzano Navarro', 1, '2018-05-08 13:14:17', NULL, NULL, 234, 505.18, 1, '2018-03-31'),
(395, '2018-04-30 00:00:00', 'S.S. Reg. General', 1, '2018-05-08 12:42:05', NULL, NULL, 231, 2336.19, 1, '2018-04-30'),
(396, '2018-04-30 00:00:00', 'José Manuel Valle Llamas', 1, '2018-05-08 12:43:30', NULL, NULL, 232, 308.14, 1, '2018-04-30'),
(397, '2018-04-30 00:00:00', 'Sergio García Martínez', 1, '2018-05-08 12:44:11', NULL, NULL, 232, 275.02, 1, '2018-04-30'),
(398, '2018-04-30 00:00:00', 'José Manuel Valle Llamas', 1, '2018-07-19 17:21:40', NULL, NULL, 234, 472.75, 1, '2018-04-30'),
(399, '2018-04-30 00:00:00', 'Sergio García Martínez', 1, '2018-07-19 17:23:26', NULL, NULL, 234, 465.96, 1, '2018-04-30'),
(400, '2018-04-30 00:00:00', 'David Alcalde Repullo', 1, '2018-07-19 17:25:42', NULL, NULL, 234, 247.05, 1, '2018-04-30'),
(401, '2018-04-30 00:00:00', 'Carles Rovira Quinatna', 1, '2018-07-19 17:27:33', NULL, NULL, 234, 15.42, 1, '2018-04-30'),
(402, '2018-04-30 00:00:00', 'Raúl Solorzano Navarro', 1, '2018-07-19 17:28:09', NULL, NULL, 234, 505.18, 1, '2018-04-30'),
(403, '2018-04-01 00:00:00', 'José Antonio Camacho Martínez', 1, '2018-07-19 17:28:47', NULL, NULL, 233, 403.2, 1, '2018-04-01'),
(404, '2018-04-30 00:00:00', 'José Antonio Camacho Martínez', 1, '2018-07-19 17:21:07', NULL, NULL, 233, 384, 1, '2018-04-30'),
(406, '2018-05-31 00:00:00', 'S.S. Reg. General', 1, '2018-07-05 11:45:20', NULL, NULL, 231, 2155.12, 1, '2018-05-31'),
(407, '2018-06-30 00:00:00', 'S.S. Reg. General', 1, '2018-07-05 11:46:41', NULL, NULL, 231, 2155.12, 1, '2018-06-30'),
(408, '2018-06-30 00:00:00', 'José Manuel Valle Llamas', 1, '2018-07-05 11:48:23', NULL, NULL, 232, 308.14, 1, '2018-06-30'),
(409, '2018-06-30 00:00:00', 'Sergio García Martínez', 1, '2018-07-05 11:49:08', NULL, NULL, 232, 275.02, 1, '2018-06-30'),
(410, '2018-05-31 00:00:00', 'José Manuel Valle Llamas', 1, '2018-07-05 11:50:20', NULL, NULL, 232, 308.14, 1, '2018-05-31'),
(411, '2018-05-31 00:00:00', 'Sergio García Martínez', 1, '2018-07-05 11:51:09', NULL, NULL, 232, 275.02, 1, '2018-05-31'),
(412, '2018-05-31 00:00:00', 'José Antonio Camacho Martínez', 1, '2018-07-19 17:17:47', NULL, NULL, 233, 403.2, 1, '2018-05-31'),
(413, '2018-06-30 00:00:00', 'José Antonio Camacho Martínez', 1, '2018-07-19 17:15:33', NULL, NULL, 233, 393.6, 1, '2018-06-30'),
(414, '2018-05-31 00:00:00', 'David Alcalde Repullo', 1, '2018-07-19 17:18:17', NULL, NULL, 234, 247.05, 1, '2018-05-31'),
(415, '2018-05-31 00:00:00', 'Carles Rovira Quinatna', 1, '2018-07-19 17:19:48', NULL, NULL, 234, 15.42, 1, '2018-05-31'),
(416, '2018-05-31 00:00:00', 'Raúl Solorzano Navarro', 1, '2018-07-19 17:20:22', NULL, NULL, 234, 505.18, 1, '2018-05-31'),
(418, '2018-06-30 00:00:00', 'Raúl Solorzano Navarro', 1, '2018-07-19 17:16:28', NULL, NULL, 234, 505.18, 1, '2018-06-30'),
(420, '2018-07-15 00:00:00', 'David Alcalde Repullo', 1, '2019-01-10 16:34:57', NULL, NULL, 234, 239.14, 1, '2018-07-15'),
(421, '2018-06-15 00:00:00', 'Carles Rovira Quinatna', 1, '2018-07-19 17:17:10', NULL, NULL, 234, 18.53, 1, '2018-06-15'),
(423, '2018-09-30 00:00:00', 'David Alcalde Repullo	', 1, '2019-01-10 16:27:58', NULL, NULL, 234, 409.5, 1, '2018-09-30'),
(424, '2018-09-30 00:00:00', 'Raúl Solorzano Navarro', 1, '2019-01-10 16:28:27', NULL, NULL, 234, 505.18, 1, '2018-09-30'),
(427, '2018-08-31 00:00:00', 'David Alcalde Repullo', 1, '2019-01-10 16:30:50', NULL, NULL, 234, 247.05, 1, '2018-08-31'),
(428, '2018-08-31 00:00:00', 'Raúl Solorzano Navarro', 1, '2019-01-10 16:31:40', NULL, NULL, 234, 505.18, 1, '2018-08-31'),
(429, '2018-07-31 00:00:00', 'Sergio García Martínez', 1, '2019-01-10 16:32:34', NULL, NULL, 234, 465.96, 1, '2018-07-31'),
(430, '2018-07-31 00:00:00', 'José Manuel Valle Llamas', 1, '2019-01-10 16:32:59', NULL, NULL, 234, 472.75, 1, '2018-07-31'),
(431, '2018-07-31 00:00:00', 'David Alcalde Repullo', 1, '2019-01-10 16:33:26', NULL, NULL, 234, 247.05, 1, '2018-07-31'),
(432, '2018-07-31 00:00:00', 'Raúl Solorzano Navarro', 1, '2019-01-10 16:33:54', NULL, NULL, 234, 505.18, 1, '2018-07-31'),
(433, '2018-07-31 00:00:00', 'José Antonio Camacho Martínez', 1, '2019-01-10 16:34:19', NULL, NULL, 233, 403.2, 1, '2018-07-31'),
(434, '2018-08-31 00:00:00', 'José Antonio Camacho Martínez', 1, '2019-01-10 16:32:05', NULL, NULL, 233, 192, 1, '2018-08-31'),
(435, '2018-09-30 00:00:00', 'José Antonio Camacho Martínez', 1, '2019-01-10 16:29:00', NULL, NULL, 233, 345.6, 1, '2018-09-30'),
(436, '2018-08-31 00:00:00', 'Sergio García Martínez', 1, '2019-01-10 16:29:35', NULL, NULL, 234, 466.76, 1, '2018-08-31'),
(437, '2018-08-31 00:00:00', 'José Manuel Valle Llamas', 1, '2019-01-10 16:31:16', NULL, NULL, 234, 473.64, 1, '2018-08-31'),
(438, '2018-06-30 00:00:00', 'David Alcalde Repullo', 1, '2019-01-10 16:42:43', NULL, NULL, 234, 247.05, 1, '2018-06-30'),
(439, '2018-10-31 00:00:00', 'David Alcalde Repullo	', 1, '2019-01-10 16:49:22', NULL, NULL, 234, 82.35, 0, '2018-10-31'),
(440, '2018-10-31 00:00:00', 'Raúl Solorzano Navarro	', 1, '2019-01-10 16:50:07', NULL, NULL, 234, 168.4, 0, '2018-10-31'),
(441, '2018-11-30 00:00:00', 'S.S. Reg. General', 1, '2019-01-15 15:06:51', NULL, NULL, 231, 617.77, 1, '2018-11-30'),
(442, '2018-10-31 00:00:00', 'S.S. Reg. General', 1, '2019-01-15 15:08:05', NULL, NULL, 231, 2068.99, 1, '2018-10-31'),
(443, '2018-09-30 00:00:00', 'S.S. Reg. General', 1, '2019-01-15 15:09:26', NULL, NULL, 231, 1853.32, 1, '2018-09-30'),
(444, '2018-08-31 00:00:00', 'S.S. Reg. General', 1, '2019-01-15 15:10:38', NULL, NULL, 231, 1853.32, 1, '2018-08-31'),
(445, '2018-07-31 00:00:00', 'S.S. Reg. General', 1, '2019-01-15 15:13:05', NULL, NULL, 231, 2145.65, 1, '2018-07-31'),
(446, '2018-10-31 00:00:00', 'Sergio García Martínez', 1, '2019-01-15 15:20:05', NULL, NULL, 232, 278.88, 1, '2018-10-31'),
(447, '2018-10-31 00:00:00', 'José Manuel Valle Llamas', 1, '2019-01-15 15:20:51', NULL, NULL, 232, 312.46, 1, '2018-10-31'),
(448, '2018-09-30 00:00:00', 'Sergio García Martínez', 1, '2019-01-15 15:22:13', NULL, NULL, 232, 278.88, 1, '2018-09-30'),
(449, '2018-09-30 00:00:00', 'José Manuel Valle Llamas', 1, '2019-01-15 15:22:53', NULL, NULL, 232, 312.46, 1, '2018-09-30');
INSERT INTO `b65362949_chargesociales` (`rowid`, `date_ech`, `libelle`, `entity`, `tms`, `date_creation`, `date_valid`, `fk_type`, `amount`, `paye`, `periode`) VALUES
(450, '2018-08-31 00:00:00', 'Sergio García Martínez', 1, '2019-01-15 15:27:01', NULL, NULL, 232, 278.88, 1, '2018-08-31'),
(451, '2018-08-31 00:00:00', 'José Manuel Valle Llamas', 1, '2019-01-15 15:27:49', NULL, NULL, 232, 312.46, 1, '2018-08-31'),
(452, '2018-07-31 00:00:00', 'Sergio García Martínez', 1, '2019-01-15 15:29:14', NULL, NULL, 232, 275.02, 1, '2018-07-31'),
(453, '2018-07-31 00:00:00', 'José Manuel Valle Llamas', 1, '2019-01-15 15:29:54', NULL, NULL, 232, 308.14, 1, '2018-07-31');

-- --------------------------------------------------------

--
-- Estructura de tabla para la tabla `b65362949_commande`
--

CREATE TABLE `b65362949_commande` (
  `rowid` int NOT NULL,
  `ref` varchar(30) NOT NULL,
  `entity` int NOT NULL DEFAULT '1',
  `ref_ext` varchar(255) DEFAULT NULL,
  `ref_int` varchar(255) DEFAULT NULL,
  `ref_client` varchar(255) DEFAULT NULL,
  `fk_soc` int NOT NULL,
  `fk_projet` int DEFAULT NULL,
  `tms` timestamp NOT NULL DEFAULT CURRENT_TIMESTAMP ON UPDATE CURRENT_TIMESTAMP,
  `date_creation` datetime DEFAULT NULL,
  `date_valid` datetime DEFAULT NULL,
  `date_cloture` datetime DEFAULT NULL,
  `date_commande` date DEFAULT NULL,
  `fk_user_author` int DEFAULT NULL,
  `fk_user_valid` int DEFAULT NULL,
  `fk_user_cloture` int DEFAULT NULL,
  `source` smallint DEFAULT NULL,
  `fk_statut` smallint DEFAULT '0',
  `amount_ht` double DEFAULT '0',
  `remise_percent` double DEFAULT '0',
  `remise_absolue` double DEFAULT '0',
  `remise` double DEFAULT '0',
  `tva` double(24,8) DEFAULT '0.00000000',
  `localtax1` double(24,8) DEFAULT '0.00000000',
  `localtax2` double(24,8) DEFAULT '0.00000000',
  `total_ht` double(24,8) DEFAULT '0.00000000',
  `total_ttc` double(24,8) DEFAULT '0.00000000',
  `note_private` text,
  `note_public` text,
  `model_pdf` varchar(255) DEFAULT NULL,
  `facture` tinyint DEFAULT '0',
  `fk_account` int DEFAULT NULL,
  `fk_currency` varchar(3) DEFAULT NULL,
  `fk_cond_reglement` int DEFAULT NULL,
  `fk_mode_reglement` int DEFAULT NULL,
  `date_livraison` date DEFAULT NULL,
  `fk_availability` int DEFAULT NULL,
  `fk_input_reason` int DEFAULT NULL,
  `fk_delivery_address` int DEFAULT NULL,
  `import_key` varchar(14) DEFAULT NULL,
  `extraparams` varchar(255) DEFAULT NULL
) ENGINE=InnoDB DEFAULT CHARSET=utf8mb3;

--
-- Volcado de datos para la tabla `b65362949_commande`
--

INSERT INTO `b65362949_commande` (`rowid`, `ref`, `entity`, `ref_ext`, `ref_int`, `ref_client`, `fk_soc`, `fk_projet`, `tms`, `date_creation`, `date_valid`, `date_cloture`, `date_commande`, `fk_user_author`, `fk_user_valid`, `fk_user_cloture`, `source`, `fk_statut`, `amount_ht`, `remise_percent`, `remise_absolue`, `remise`, `tva`, `localtax1`, `localtax2`, `total_ht`, `total_ttc`, `note_private`, `note_public`, `model_pdf`, `facture`, `fk_account`, `fk_currency`, `fk_cond_reglement`, `fk_mode_reglement`, `date_livraison`, `fk_availability`, `fk_input_reason`, `fk_delivery_address`, `import_key`, `extraparams`) VALUES
(1, 'CO1510-0001', 1, NULL, NULL, '', 2, NULL, '2015-10-28 15:50:13', '2015-10-02 11:36:09', '2015-10-28 16:58:41', '2015-10-28 16:58:46', '2015-10-02', 3, 3, 3, NULL, 3, 0, 0, NULL, 0, 0.00000000, 0.00000000, 0.00000000, 0.00000000, 0.00000000, '', '', 'einstein', 1, NULL, NULL, 1, 3, '2015-10-02', 1, NULL, NULL, NULL, NULL),
(2, 'CO1510-0002', 1, NULL, NULL, '', 2, NULL, '2015-10-28 15:15:16', '2015-10-19 11:53:10', '2015-10-19 11:58:40', '2015-10-28 16:23:30', '2015-10-02', 3, 3, 3, NULL, 3, 0, 0, NULL, 0, 28.98000000, 0.00000000, 0.00000000, 138.00000000, 166.98000000, '', '', 'einstein', 1, NULL, NULL, 1, 3, '2015-10-02', 1, NULL, NULL, NULL, NULL),
(3, 'CO1510-0003', 1, NULL, NULL, '', 2, NULL, '2015-10-28 15:15:23', '2015-10-28 15:08:39', '2015-10-28 16:22:03', '2015-10-28 16:23:22', '2015-10-27', 3, 3, 3, NULL, 3, 0, 0, NULL, 0, 57.96000000, 0.00000000, 0.00000000, 276.00000000, 333.96000000, '', '', 'einstein', 1, NULL, NULL, 1, 3, '2015-10-27', 1, NULL, NULL, NULL, NULL),
(4, 'CO1510-0004', 1, NULL, NULL, '', 2, NULL, '2015-10-30 09:33:45', '2015-10-30 10:34:23', '2015-10-30 10:37:08', '2015-10-30 10:42:22', '2015-10-30', 3, 3, 3, NULL, 3, 0, 0, NULL, 0, 9.66000000, 0.00000000, 0.00000000, 46.00000000, 55.66000000, '', '', 'einstein', 1, NULL, NULL, 1, 3, '2015-10-30', 1, NULL, NULL, NULL, NULL),
(5, 'CO1511-0005', 1, NULL, NULL, '', 2, NULL, '2015-11-30 16:34:10', '2015-11-25 12:29:57', '2015-11-25 12:31:33', '2015-11-30 17:44:00', '2015-11-25', 3, 3, 3, NULL, 3, 0, 0, NULL, 0, 9.66000000, 0.00000000, 0.00000000, 46.00000000, 55.66000000, '', '', 'einstein', 1, NULL, NULL, 1, 3, '2015-11-25', 1, NULL, NULL, NULL, NULL),
(6, 'CO1512-0006', 1, NULL, NULL, '', 2, NULL, '2016-09-23 09:58:27', '2015-12-16 12:25:17', '2016-09-23 12:17:43', '2016-01-05 12:44:04', '2015-12-15', 3, 2, 3, NULL, 1, 0, 0, NULL, 0, 32.97000000, 0.00000000, 0.00000000, 157.00000000, 189.97000000, '', '', 'einstein', 0, NULL, NULL, 1, 3, '2015-12-15', 1, NULL, NULL, NULL, NULL),
(7, 'CO1512-0007', 1, NULL, NULL, '', 2, NULL, '2016-01-05 11:32:52', '2015-12-17 18:18:14', '2015-12-17 18:18:34', '2016-01-05 12:44:18', '2015-12-15', 3, 3, 3, NULL, 3, 0, 0, NULL, 0, 9.66000000, 0.00000000, 0.00000000, 46.00000000, 55.66000000, '', '', 'einstein', 1, NULL, NULL, 1, 3, '2015-12-15', 1, NULL, NULL, NULL, NULL),
(10, 'CO1609-0008', 1, NULL, NULL, '', 154, NULL, '2019-04-24 11:15:43', '2016-09-23 12:20:13', '2016-09-23 12:21:08', '2016-11-16 10:38:08', '2016-09-23', 2, 2, 2, NULL, 3, 0, 0, NULL, 0, 3715.95000000, 0.00000000, 0.00000000, 17695.00000000, 21410.95000000, '', '', 'einstein', 1, NULL, NULL, 1, 2, '2016-10-11', 3, 8, NULL, NULL, NULL),
(11, 'CO1611-0009', 1, NULL, NULL, '', 154, NULL, '2016-11-16 09:21:38', '2016-11-16 10:39:46', '2016-11-16 10:43:05', NULL, '2016-11-16', 2, 2, NULL, NULL, 1, 0, 0, NULL, 0, 3100.86000000, 0.00000000, 0.00000000, 14766.00000000, 17866.86000000, '', '', 'einstein', 0, NULL, NULL, 1, 2, '2016-11-28', 4, 8, NULL, NULL, NULL),
(12, 'CO1611-0010', 1, NULL, NULL, '', 154, NULL, '2016-11-16 09:25:04', '2016-11-16 10:44:51', '2016-11-16 10:46:31', NULL, '2016-11-16', 2, 2, NULL, NULL, 1, 0, 0, NULL, 0, 3729.60000000, 0.00000000, 0.00000000, 17760.00000000, 21489.60000000, '', '', 'einstein', 0, NULL, NULL, 1, 2, '2016-11-28', 1, 8, NULL, NULL, NULL),
(13, 'CO1611-0011', 1, NULL, NULL, '', 159, NULL, '2016-12-14 15:40:20', '2016-11-16 15:18:59', '2016-11-16 15:19:11', '2016-12-14 17:02:33', '2016-11-16', 2, 2, 2, NULL, 3, 0, 0, NULL, 0, 323.40000000, 0.00000000, 0.00000000, 1540.00000000, 1863.40000000, 'Validado correo del día 16/11/2016', 'Forma de pago: 50% inicio de proyecto / 30% a la entrega / 20% aceptación.\r\n\r\nEl entorno de desarrollo se entregará 1 semana y media después de disponer de la maquina vitual correcta, y las mejoras solicitadas 2 días más tarde si se dispone del servicio y la información necesaria para su acceso y uso.', 'einstein', 1, NULL, NULL, 1, 2, '2016-11-16', 1, 8, NULL, NULL, NULL),
(14, '(PROV14)', 1, NULL, NULL, '', 209, NULL, '2020-04-06 09:26:11', '2020-04-06 11:26:22', NULL, NULL, '2020-04-06', 3, NULL, NULL, NULL, 0, 0, 0, NULL, 0, 27.09000000, 0.00000000, 0.00000000, 129.00000000, 156.09000000, '', '', 'einstein', 0, NULL, NULL, 1, 2, '2020-04-06', 1, NULL, NULL, NULL, NULL);

-- --------------------------------------------------------

--
-- Estructura de tabla para la tabla `b65362949_commandedet`
--

CREATE TABLE `b65362949_commandedet` (
  `rowid` int NOT NULL,
  `fk_commande` int NOT NULL,
  `fk_parent_line` int DEFAULT NULL,
  `fk_product` int DEFAULT NULL,
  `label` varchar(255) DEFAULT NULL,
  `description` text,
  `tva_tx` double(6,3) DEFAULT NULL,
  `localtax1_tx` double(6,3) DEFAULT '0.000',
  `localtax1_type` varchar(10) DEFAULT NULL,
  `localtax2_tx` double(6,3) DEFAULT '0.000',
  `localtax2_type` varchar(10) DEFAULT NULL,
  `qty` double DEFAULT NULL,
  `remise_percent` double DEFAULT '0',
  `remise` double DEFAULT '0',
  `fk_remise_except` int DEFAULT NULL,
  `price` double DEFAULT NULL,
  `subprice` double(24,8) DEFAULT '0.00000000',
  `total_ht` double(24,8) DEFAULT '0.00000000',
  `total_tva` double(24,8) DEFAULT '0.00000000',
  `total_localtax1` double(24,8) DEFAULT '0.00000000',
  `total_localtax2` double(24,8) DEFAULT '0.00000000',
  `total_ttc` double(24,8) DEFAULT '0.00000000',
  `product_type` int DEFAULT '0',
  `date_start` datetime DEFAULT NULL,
  `date_end` datetime DEFAULT NULL,
  `info_bits` int DEFAULT '0',
  `buy_price_ht` double(24,8) DEFAULT '0.00000000',
  `fk_product_fournisseur_price` int DEFAULT NULL,
  `special_code` int UNSIGNED DEFAULT '0',
  `rang` int DEFAULT '0',
  `import_key` varchar(14) DEFAULT NULL
) ENGINE=InnoDB DEFAULT CHARSET=utf8mb3;

--
-- Volcado de datos para la tabla `b65362949_commandedet`
--

INSERT INTO `b65362949_commandedet` (`rowid`, `fk_commande`, `fk_parent_line`, `fk_product`, `label`, `description`, `tva_tx`, `localtax1_tx`, `localtax1_type`, `localtax2_tx`, `localtax2_type`, `qty`, `remise_percent`, `remise`, `fk_remise_except`, `price`, `subprice`, `total_ht`, `total_tva`, `total_localtax1`, `total_localtax2`, `total_ttc`, `product_type`, `date_start`, `date_end`, `info_bits`, `buy_price_ht`, `fk_product_fournisseur_price`, `special_code`, `rang`, `import_key`) VALUES
(1, 1, NULL, 8, NULL, '', 21.000, 0.000, '3', 0.000, '1', 1, 100, 65, NULL, 0, 65.00000000, 0.00000000, 0.00000000, 0.00000000, 0.00000000, 0.00000000, 1, '2015-10-02 00:00:00', '2015-10-02 00:00:00', 0, 0.00000000, NULL, 0, 1, NULL),
(2, 1, NULL, 5, NULL, 'Reconfiguración Tarjeta Red Pruebas\r\nIncidencia Switch', 21.000, 0.000, '3', 0.000, '1', 1, 100, 46, NULL, 0, 46.00000000, 0.00000000, 0.00000000, 0.00000000, 0.00000000, 0.00000000, 1, '2015-10-02 00:00:00', '2015-10-02 00:00:00', 0, 0.00000000, NULL, 0, 2, NULL),
(3, 2, NULL, 8, NULL, '', 21.000, 0.000, '3', 0.000, '1', 1, 100, 65, NULL, NULL, 65.00000000, 0.00000000, 0.00000000, 0.00000000, 0.00000000, 0.00000000, 1, NULL, NULL, 0, 0.00000000, NULL, 0, 1, NULL),
(4, 2, NULL, 5, NULL, 'Incidencia Servidor Dell T320\r\nS/n: 3BN5002', 21.000, 0.000, '3', 0.000, '1', 3, 0, 0, NULL, 46, 46.00000000, 138.00000000, 28.98000000, 0.00000000, 0.00000000, 166.98000000, 1, NULL, NULL, 0, 0.00000000, NULL, 0, 2, NULL),
(5, 2, NULL, NULL, NULL, 'Llamada Tarificación Especial 902\r\n(pendiente recibir)', 21.000, 0.000, '3', 0.000, '1', 1, 0, 0, NULL, 0, 0.00000000, 0.00000000, 0.00000000, 0.00000000, 0.00000000, 0.00000000, 1, NULL, NULL, 0, 0.00000000, NULL, 0, 3, NULL),
(6, 3, NULL, 8, NULL, '', 21.000, 0.000, '3', 0.000, '1', 1, 100, 65, NULL, NULL, 65.00000000, 0.00000000, 0.00000000, 0.00000000, 0.00000000, 0.00000000, 1, NULL, NULL, 0, 0.00000000, NULL, 0, 1, NULL),
(7, 3, NULL, 5, NULL, 'Actualización Servidor Dell T320\r\nS/n: 3BN5002', 21.000, 0.000, '3', 0.000, '1', 2, 0, 0, NULL, 46, 46.00000000, 92.00000000, 19.32000000, 0.00000000, 0.00000000, 111.32000000, 1, NULL, NULL, 0, 0.00000000, NULL, 0, 3, NULL),
(9, 3, NULL, 5, NULL, 'Instalación Nuevo Equipo', 21.000, 0.000, '3', 0.000, '1', 4, 0, 0, NULL, 46, 46.00000000, 184.00000000, 38.64000000, 0.00000000, 0.00000000, 222.64000000, 1, NULL, NULL, 0, 0.00000000, NULL, 0, 2, NULL),
(10, 4, NULL, 8, NULL, '', 21.000, 0.000, '3', 0.000, '1', 1, 100, 65, NULL, 0, 65.00000000, 0.00000000, 0.00000000, 0.00000000, 0.00000000, 0.00000000, 1, NULL, NULL, 0, 0.00000000, NULL, 0, 1, NULL),
(11, 4, NULL, 5, NULL, 'Retirada Switch\r\nTramitación RMA\r\nInstalación Nuevo Switch', 21.000, 0.000, '3', 0.000, '1', 1, 0, 0, NULL, 46, 46.00000000, 46.00000000, 9.66000000, 0.00000000, 0.00000000, 55.66000000, 1, NULL, NULL, 0, 0.00000000, NULL, 0, 2, NULL),
(13, 5, NULL, 8, NULL, '', 21.000, 0.000, '3', 0.000, '1', 1, 100, 65, NULL, NULL, 65.00000000, 0.00000000, 0.00000000, 0.00000000, 0.00000000, 0.00000000, 1, NULL, NULL, 0, 0.00000000, NULL, 0, 1, NULL),
(14, 5, NULL, 5, NULL, 'Revisión PC Admón.\r\nInstalación parche de Widnows', 21.000, 0.000, '3', 0.000, '1', 1, 0, 0, NULL, 46, 46.00000000, 46.00000000, 9.66000000, 0.00000000, 0.00000000, 55.66000000, 1, NULL, NULL, 0, 0.00000000, NULL, 0, 2, NULL),
(15, 6, NULL, 8, NULL, '', 21.000, 0.000, '3', 0.000, '1', 1, 0, 0, NULL, 65, 65.00000000, 65.00000000, 13.65000000, 0.00000000, 0.00000000, 78.65000000, 1, NULL, NULL, 0, 0.00000000, NULL, 0, 1, NULL),
(16, 6, NULL, 5, NULL, 'Puesta en marcha PC Contabilidad', 21.000, 0.000, '3', 0.000, '1', 2, 0, 0, NULL, 46, 46.00000000, 92.00000000, 19.32000000, 0.00000000, 0.00000000, 111.32000000, 1, NULL, NULL, 0, 0.00000000, NULL, 0, 2, NULL),
(17, 7, NULL, 8, NULL, '', 21.000, 0.000, '3', 0.000, '1', 1, 100, 65, NULL, NULL, 65.00000000, 0.00000000, 0.00000000, 0.00000000, 0.00000000, 0.00000000, 1, NULL, NULL, 0, 0.00000000, NULL, 0, 1, NULL),
(18, 7, NULL, 5, NULL, 'Puesta en marcha PC Contabilidad', 21.000, 0.000, '3', 0.000, '1', 1, 0, 0, NULL, 46, 46.00000000, 46.00000000, 9.66000000, 0.00000000, 0.00000000, 55.66000000, 1, NULL, NULL, 0, 0.00000000, NULL, 0, 2, NULL),
(21, 10, NULL, NULL, NULL, 'Etiquetas Joyería NF 25x12 + 25x12 PP + Inlay + Inserción', 21.000, 0.000, '3', 0.000, '1', 100000, 0, 0, NULL, 0.17695, 0.17695000, 17695.00000000, 3715.95000000, 0.00000000, 0.00000000, 21410.95000000, 0, NULL, NULL, 0, 0.00000000, NULL, 0, 1, NULL),
(22, 11, NULL, NULL, NULL, 'Etiquetas Joyería NF 25x12 + 25x12 PP + Inlay + Inserción', 21.000, 0.000, '3', 0.000, '1', 100000, 0, 0, NULL, 0.14766, 0.14766000, 14766.00000000, 3100.86000000, 0.00000000, 0.00000000, 17866.86000000, 0, NULL, NULL, 0, 0.00000000, NULL, 0, 1, NULL),
(23, 12, NULL, NULL, NULL, 'Etiquetas Joyería NF 25x12 + 25x12 PP + Inlay + Inserción', 21.000, 0.000, '3', 0.000, '1', 100000, 0, 0, NULL, 0.1776, 0.17760000, 17760.00000000, 3729.60000000, 0.00000000, 0.00000000, 21489.60000000, 0, NULL, NULL, 0, 0.00000000, NULL, 0, 1, NULL),
(24, 13, NULL, NULL, NULL, 'Montaje Proyecto C# YOIGO con indenpendencias resueltas', 21.000, 0.000, '3', 0.000, '1', 36, 0, 0, NULL, 35, 35.00000000, 1260.00000000, 264.60000000, 0.00000000, 0.00000000, 1524.60000000, 1, NULL, NULL, 0, 0.00000000, NULL, 0, 1, NULL),
(25, 13, NULL, NULL, NULL, 'Desarrollo lógica comprobación seguidiendo los requerimientos correo 08/11/16:\r\n\r\nsólo para el fabricante Apple\r\n\r\n1.   Cuando el usuario introduzca el imei (junto con la comprobación del Algoritmo de Luhn), debe de llamar a un método de WS (Pendiente enviarte la información) que, indicando dicho imei, te devuelve el número de serie de dicho imei.\r\n\r\n2.   Cuando el usuario pulse el botón de grabar, antes de realizar nada, debe de comprobar si el Find My Iphone de Apple está activado. Para ello, deberéis llamar a un método de WS indicando el número de serie y si el campo activationLockStatusField está relleno, indicar al usuario “Por favor, desactive el Find My Iphone de este terminal para poder tramitar la reparación', 21.000, 0.000, '3', 0.000, '1', 8, 0, 0, NULL, 35, 35.00000000, 280.00000000, 58.80000000, 0.00000000, 0.00000000, 338.80000000, 1, NULL, NULL, 0, 0.00000000, NULL, 0, 2, NULL),
(26, 14, NULL, 5, NULL, '', 21.000, 0.000, '3', 0.000, '1', 3, 0, 0, NULL, 43, 43.00000000, 129.00000000, 27.09000000, 0.00000000, 0.00000000, 156.09000000, 1, NULL, NULL, 0, 0.00000000, NULL, 0, 1, NULL);

-- --------------------------------------------------------

--
-- Estructura de tabla para la tabla `b65362949_commandedet_extrafields`
--

CREATE TABLE `b65362949_commandedet_extrafields` (
  `rowid` int NOT NULL,
  `tms` timestamp NOT NULL DEFAULT CURRENT_TIMESTAMP ON UPDATE CURRENT_TIMESTAMP,
  `fk_object` int NOT NULL,
  `import_key` varchar(14) DEFAULT NULL
) ENGINE=InnoDB DEFAULT CHARSET=utf8mb3;

-- --------------------------------------------------------

--
-- Estructura de tabla para la tabla `b65362949_commande_extrafields`
--

CREATE TABLE `b65362949_commande_extrafields` (
  `rowid` int NOT NULL,
  `tms` timestamp NOT NULL DEFAULT CURRENT_TIMESTAMP ON UPDATE CURRENT_TIMESTAMP,
  `fk_object` int NOT NULL,
  `import_key` varchar(14) DEFAULT NULL
) ENGINE=InnoDB DEFAULT CHARSET=utf8mb3;

-- --------------------------------------------------------

--
-- Estructura de tabla para la tabla `b65362949_commande_fournisseur`
--

CREATE TABLE `b65362949_commande_fournisseur` (
  `rowid` int NOT NULL,
  `ref` varchar(30) NOT NULL,
  `entity` int NOT NULL DEFAULT '1',
  `ref_ext` varchar(30) DEFAULT NULL,
  `ref_supplier` varchar(30) DEFAULT NULL,
  `fk_soc` int NOT NULL,
  `fk_projet` int DEFAULT '0',
  `tms` timestamp NOT NULL DEFAULT CURRENT_TIMESTAMP ON UPDATE CURRENT_TIMESTAMP,
  `date_creation` datetime DEFAULT NULL,
  `date_valid` datetime DEFAULT NULL,
  `date_approve` datetime DEFAULT NULL,
  `date_commande` date DEFAULT NULL,
  `fk_user_author` int DEFAULT NULL,
  `fk_user_valid` int DEFAULT NULL,
  `fk_user_approve` int DEFAULT NULL,
  `source` smallint NOT NULL,
  `fk_statut` smallint DEFAULT '0',
  `amount_ht` double DEFAULT '0',
  `remise_percent` double DEFAULT '0',
  `remise` double DEFAULT '0',
  `tva` double(24,8) DEFAULT '0.00000000',
  `localtax1` double(24,8) DEFAULT '0.00000000',
  `localtax2` double(24,8) DEFAULT '0.00000000',
  `total_ht` double(24,8) DEFAULT '0.00000000',
  `total_ttc` double(24,8) DEFAULT '0.00000000',
  `note_private` text,
  `note_public` text,
  `model_pdf` varchar(255) DEFAULT NULL,
  `date_livraison` date DEFAULT NULL,
  `fk_cond_reglement` int DEFAULT NULL,
  `fk_mode_reglement` int DEFAULT NULL,
  `fk_input_method` int DEFAULT '0',
  `import_key` varchar(14) DEFAULT NULL,
  `extraparams` varchar(255) DEFAULT NULL
) ENGINE=InnoDB DEFAULT CHARSET=utf8mb3;

-- --------------------------------------------------------

--
-- Estructura de tabla para la tabla `b65362949_commande_fournisseurdet`
--

CREATE TABLE `b65362949_commande_fournisseurdet` (
  `rowid` int NOT NULL,
  `fk_commande` int NOT NULL,
  `fk_product` int DEFAULT NULL,
  `ref` varchar(50) DEFAULT NULL,
  `label` varchar(255) DEFAULT NULL,
  `description` text,
  `tva_tx` double(6,3) DEFAULT '0.000',
  `localtax1_tx` double(6,3) DEFAULT '0.000',
  `localtax1_type` varchar(10) DEFAULT NULL,
  `localtax2_tx` double(6,3) DEFAULT '0.000',
  `localtax2_type` varchar(10) DEFAULT NULL,
  `qty` double DEFAULT NULL,
  `remise_percent` double DEFAULT '0',
  `remise` double DEFAULT '0',
  `subprice` double(24,8) DEFAULT '0.00000000',
  `total_ht` double(24,8) DEFAULT '0.00000000',
  `total_tva` double(24,8) DEFAULT '0.00000000',
  `total_localtax1` double(24,8) DEFAULT '0.00000000',
  `total_localtax2` double(24,8) DEFAULT '0.00000000',
  `total_ttc` double(24,8) DEFAULT '0.00000000',
  `product_type` int DEFAULT '0',
  `date_start` datetime DEFAULT NULL,
  `date_end` datetime DEFAULT NULL,
  `info_bits` int DEFAULT '0',
  `import_key` varchar(14) DEFAULT NULL
) ENGINE=InnoDB DEFAULT CHARSET=utf8mb3;

-- --------------------------------------------------------

--
-- Estructura de tabla para la tabla `b65362949_commande_fournisseur_dispatch`
--

CREATE TABLE `b65362949_commande_fournisseur_dispatch` (
  `rowid` int NOT NULL,
  `fk_commande` int DEFAULT NULL,
  `fk_product` int DEFAULT NULL,
  `qty` float DEFAULT NULL,
  `fk_entrepot` int DEFAULT NULL,
  `fk_user` int DEFAULT NULL,
  `datec` datetime DEFAULT NULL
) ENGINE=InnoDB DEFAULT CHARSET=utf8mb3;

-- --------------------------------------------------------

--
-- Estructura de tabla para la tabla `b65362949_commande_fournisseur_extrafields`
--

CREATE TABLE `b65362949_commande_fournisseur_extrafields` (
  `rowid` int NOT NULL,
  `tms` timestamp NOT NULL DEFAULT CURRENT_TIMESTAMP ON UPDATE CURRENT_TIMESTAMP,
  `fk_object` int NOT NULL,
  `import_key` varchar(14) DEFAULT NULL
) ENGINE=InnoDB DEFAULT CHARSET=utf8mb3;

-- --------------------------------------------------------

--
-- Estructura de tabla para la tabla `b65362949_commande_fournisseur_log`
--

CREATE TABLE `b65362949_commande_fournisseur_log` (
  `rowid` int NOT NULL,
  `tms` timestamp NOT NULL DEFAULT CURRENT_TIMESTAMP ON UPDATE CURRENT_TIMESTAMP,
  `datelog` datetime NOT NULL,
  `fk_commande` int NOT NULL,
  `fk_statut` smallint NOT NULL,
  `fk_user` int NOT NULL,
  `comment` varchar(255) DEFAULT NULL
) ENGINE=InnoDB DEFAULT CHARSET=utf8mb3;

-- --------------------------------------------------------

--
-- Estructura de tabla para la tabla `b65362949_compta`
--

CREATE TABLE `b65362949_compta` (
  `rowid` int NOT NULL,
  `datec` datetime DEFAULT NULL,
  `datev` date DEFAULT NULL,
  `amount` double NOT NULL DEFAULT '0',
  `label` varchar(255) DEFAULT NULL,
  `fk_compta_account` int DEFAULT NULL,
  `fk_user_author` int DEFAULT NULL,
  `fk_user_valid` int DEFAULT NULL,
  `valid` tinyint DEFAULT '0',
  `note` text
) ENGINE=InnoDB DEFAULT CHARSET=utf8mb3;

-- --------------------------------------------------------

--
-- Estructura de tabla para la tabla `b65362949_compta_account`
--

CREATE TABLE `b65362949_compta_account` (
  `rowid` int NOT NULL,
  `datec` datetime DEFAULT NULL,
  `number` varchar(12) DEFAULT NULL,
  `label` varchar(255) DEFAULT NULL,
  `fk_user_author` int DEFAULT NULL,
  `note` text
) ENGINE=InnoDB DEFAULT CHARSET=utf8mb3;

-- --------------------------------------------------------

--
-- Estructura de tabla para la tabla `b65362949_compta_compte_generaux`
--

CREATE TABLE `b65362949_compta_compte_generaux` (
  `rowid` int NOT NULL,
  `date_creation` datetime DEFAULT NULL,
  `numero` varchar(50) DEFAULT NULL,
  `intitule` varchar(255) DEFAULT NULL,
  `fk_user_author` int DEFAULT NULL,
  `note` text
) ENGINE=InnoDB DEFAULT CHARSET=utf8mb3;

-- --------------------------------------------------------

--
-- Estructura de tabla para la tabla `b65362949_const`
--

CREATE TABLE `b65362949_const` (
  `rowid` int NOT NULL,
  `name` varchar(255) NOT NULL,
  `entity` int NOT NULL DEFAULT '1',
  `value` text NOT NULL,
  `type` varchar(6) DEFAULT NULL,
  `visible` tinyint NOT NULL DEFAULT '1',
  `note` text,
  `tms` timestamp NOT NULL DEFAULT CURRENT_TIMESTAMP ON UPDATE CURRENT_TIMESTAMP
) ENGINE=InnoDB DEFAULT CHARSET=utf8mb3;

--
-- Volcado de datos para la tabla `b65362949_const`
--

INSERT INTO `b65362949_const` (`rowid`, `name`, `entity`, `value`, `type`, `visible`, `note`, `tms`) VALUES
(3, 'MAILING_LIMIT_SENDBYWEB', 0, '25', 'chaine', 1, 'Number of targets to defined packet size when sending mass email', '2015-03-12 12:15:14'),
(4, 'SYSLOG_HANDLERS', 0, '[\"mod_syslog_file\"]', 'chaine', 0, 'Which logger to use', '2015-03-12 12:15:14'),
(5, 'SYSLOG_FILE', 0, 'DOL_DATA_ROOT/dolibarr.log', 'chaine', 0, 'Directory where to write log file', '2015-03-12 12:15:14'),
(6, 'SYSLOG_LEVEL', 0, '7', 'chaine', 0, 'Level of debug info to show', '2015-03-12 12:15:14'),
(9, 'MAIN_UPLOAD_DOC', 0, '2048', 'chaine', 0, 'Max size for file upload (0 means no upload allowed)', '2015-03-12 12:15:14'),
(12, 'MAIN_SIZE_LISTE_LIMIT', 0, '25', 'chaine', 0, 'Longueur maximum des listes', '2015-03-12 12:15:14'),
(13, 'MAIN_SHOW_WORKBOARD', 0, '1', 'yesno', 0, 'Affichage tableau de bord de travail Dolibarr', '2015-03-12 12:15:14'),
(14, 'MAIN_MENU_STANDARD', 1, 'eldy_menu.php', 'chaine', 0, 'Menu manager for internal users', '2015-03-12 12:15:14'),
(15, 'MAIN_MENUFRONT_STANDARD', 1, 'eldy_menu.php', 'chaine', 0, 'Menu manager for external users', '2015-03-12 12:15:14'),
(16, 'MAIN_MENU_SMARTPHONE', 1, 'eldy_menu.php', 'chaine', 0, 'Menu manager for internal users using smartphones', '2015-03-12 12:15:14'),
(17, 'MAIN_MENUFRONT_SMARTPHONE', 1, 'eldy_menu.php', 'chaine', 0, 'Menu manager for external users using smartphones', '2015-03-12 12:15:14'),
(27, 'MAIN_DELAY_MEMBERS', 1, '31', 'chaine', 0, 'Tolérance de retard avant alerte (en jours) sur cotisations adhérent en retard', '2015-03-12 12:15:14'),
(29, 'MAIN_FIX_FOR_BUGGED_MTA', 1, '1', 'chaine', 1, 'Set constant to fix email ending from PHP with some linux ike system', '2015-03-12 12:15:14'),
(30, 'MAILING_EMAIL_FROM', 1, 'dolibarr@domain.com', 'chaine', 0, 'EMail emmetteur pour les envois d emailings', '2015-03-12 12:15:14'),
(31, 'MAIN_MODULE_USER', 0, '1', NULL, 0, NULL, '2015-03-12 12:16:39'),
(32, 'MAIN_VERSION_LAST_INSTALL', 0, '3.6.2', 'chaine', 0, 'Dolibarr version when install', '2015-03-12 12:16:40'),
(50, 'MAIN_INFO_SOCIETE_LOGO', 1, 'logo.png', 'chaine', 0, '', '2015-03-12 12:18:45'),
(51, 'MAIN_INFO_SOCIETE_LOGO_SMALL', 1, 'logo_small.png', 'chaine', 0, '', '2015-03-12 12:18:45'),
(52, 'MAIN_INFO_SOCIETE_LOGO_MINI', 1, 'logo_mini.png', 'chaine', 0, '', '2015-03-12 12:18:45'),
(58, 'SOCIETE_CODECLIENT_ADDON', 1, 'mod_codeclient_leopard', 'chaine', 0, 'Module to control third parties codes', '2015-03-12 12:18:51'),
(59, 'SOCIETE_CODECOMPTA_ADDON', 1, 'mod_codecompta_panicum', 'chaine', 0, 'Module to control third parties codes', '2015-03-12 12:18:51'),
(62, 'COMPANY_ADDON_PDF_ODT_PATH', 1, 'DOL_DATA_ROOT/doctemplates/thirdparties', 'chaine', 0, NULL, '2015-03-12 12:18:51'),
(63, 'SOCIETE_ADD_REF_IN_LIST', 1, '', 'yesno', 0, 'Display customer ref into select list', '2015-03-12 12:18:51'),
(65, 'PROPALE_ADDON_PDF', 1, 'azur', 'chaine', 0, 'Nom du gestionnaire de generation des propales en PDF', '2015-03-12 12:18:53'),
(66, 'PROPALE_ADDON', 1, 'mod_propale_marbre', 'chaine', 0, 'Nom du gestionnaire de numerotation des propales', '2015-03-12 12:18:53'),
(67, 'PROPALE_VALIDITY_DURATION', 1, '15', 'chaine', 0, 'Duration of validity of business proposals', '2015-03-12 12:18:53'),
(68, 'PROPALE_ADDON_PDF_ODT_PATH', 1, 'DOL_DATA_ROOT/doctemplates/proposals', 'chaine', 0, NULL, '2015-03-12 12:18:53'),
(71, 'COMMANDE_ADDON_PDF', 1, 'einstein', 'chaine', 0, 'Name of PDF model of order', '2015-03-12 12:18:55'),
(72, 'COMMANDE_ADDON', 1, 'mod_commande_marbre', 'chaine', 0, 'Name of numbering numerotation rules of order', '2015-03-12 12:18:55'),
(73, 'COMMANDE_ADDON_PDF_ODT_PATH', 1, 'DOL_DATA_ROOT/doctemplates/orders', 'chaine', 0, NULL, '2015-03-12 12:18:55'),
(75, 'MAIN_MODULE_CONTRAT', 1, '1', NULL, 0, NULL, '2015-03-12 12:18:56'),
(76, 'CONTRACT_ADDON', 1, 'mod_contract_serpis', 'chaine', 0, 'Nom du gestionnaire de numerotation des contrats', '2015-03-12 12:18:56'),
(78, 'MAIN_MODULE_SERVICE', 1, '1', NULL, 0, NULL, '2015-03-12 12:18:57'),
(81, 'MAIN_MODULE_COMPTABILITE', 1, '1', NULL, 0, NULL, '2015-03-12 12:19:03'),
(85, 'FACTURE_ADDON_PDF_ODT_PATH', 1, 'DOL_DATA_ROOT/doctemplates/invoices', 'chaine', 0, NULL, '2015-03-12 12:19:03'),
(88, 'MAIN_MODULE_PRELEVEMENT', 1, '1', NULL, 0, NULL, '2015-03-12 12:19:10'),
(89, 'MAIN_MODULE_FACTURE', 1, '1', NULL, 0, NULL, '2015-03-12 12:19:10'),
(91, 'MAIN_MODULE_BANQUE', 1, '1', NULL, 0, NULL, '2015-03-12 12:19:10'),
(92, 'MAIN_MODULE_TAX', 1, '1', NULL, 0, NULL, '2015-03-12 12:19:13'),
(93, 'MAIN_MODULE_HOLIDAY', 1, '1', NULL, 0, NULL, '2015-03-12 12:19:17'),
(94, 'MAIN_MODULE_HOLIDAY_TABS_0', 1, 'user:+paidholidays:CPTitreMenu:holiday:$user->rights->holiday->write:/holiday/index.php?mainmenu=holiday&id=__ID__', 'chaine', 0, NULL, '2015-03-12 12:19:17'),
(97, 'ADHERENT_MAIL_RESIL', 1, 'Votre adhésion vient d\'être résiliée.\r\nNous espérons vous revoir très bientôt', 'texte', 0, 'Mail de résiliation', '2015-03-12 12:19:25'),
(98, 'ADHERENT_MAIL_VALID', 1, 'Votre adhésion vient d\'être validée. \r\nVoici le rappel de vos coordonnées (toute information erronée entrainera la non validation de votre inscription) :\r\n\r\n%INFOS%\r\n\r\n', 'texte', 0, 'Mail de validation', '2015-03-12 12:19:25'),
(99, 'ADHERENT_MAIL_VALID_SUBJECT', 1, 'Votre adhésion a été validée', 'chaine', 0, 'Sujet du mail de validation', '2015-03-12 12:19:25'),
(100, 'ADHERENT_MAIL_RESIL_SUBJECT', 1, 'Résiliation de votre adhésion', 'chaine', 0, 'Sujet du mail de résiliation', '2015-03-12 12:19:25'),
(101, 'ADHERENT_MAIL_FROM', 1, '', 'chaine', 0, 'From des mails', '2015-03-12 12:19:25'),
(102, 'ADHERENT_MAIL_COTIS', 1, 'Bonjour %FIRSTNAME%,\r\nCet email confirme que votre cotisation a été reçue\r\net enregistrée', 'texte', 0, 'Mail de validation de cotisation', '2015-03-12 12:19:25'),
(103, 'ADHERENT_MAIL_COTIS_SUBJECT', 1, 'Reçu de votre cotisation', 'chaine', 0, 'Sujet du mail de validation de cotisation', '2015-03-12 12:19:25'),
(104, 'ADHERENT_CARD_HEADER_TEXT', 1, '%ANNEE%', 'chaine', 0, 'Texte imprimé sur le haut de la carte adhérent', '2015-03-12 12:19:25'),
(105, 'ADHERENT_CARD_FOOTER_TEXT', 1, 'Association AZERTY', 'chaine', 0, 'Texte imprimé sur le bas de la carte adhérent', '2015-03-12 12:19:25'),
(106, 'ADHERENT_CARD_TEXT', 1, '%FULLNAME%\r\nID: %ID%\r\n%EMAIL%\r\n%ADDRESS%\r\n%ZIP% %TOWN%\r\n%COUNTRY%', 'texte', 0, 'Text to print on member cards', '2015-03-12 12:19:25'),
(107, 'ADHERENT_MAILMAN_ADMINPW', 1, '', 'chaine', 0, 'Mot de passe Admin des liste mailman', '2015-03-12 12:19:25'),
(108, 'ADHERENT_BANK_USE_AUTO', 1, '', 'yesno', 0, 'Insertion automatique des cotisations dans le compte banquaire', '2015-03-12 12:19:25'),
(109, 'ADHERENT_BANK_ACCOUNT', 1, '', 'chaine', 0, 'ID du Compte banquaire utilise', '2015-03-12 12:19:25'),
(110, 'ADHERENT_BANK_CATEGORIE', 1, '', 'chaine', 0, 'ID de la catégorie banquaire des cotisations', '2015-03-12 12:19:25'),
(111, 'ADHERENT_ETIQUETTE_TYPE', 1, 'L7163', 'chaine', 0, 'Type of address sheets', '2015-03-12 12:19:25'),
(112, 'ADHERENT_ETIQUETTE_TEXT', 1, '%FULLNAME%\n%ADDRESS%\n%ZIP% %TOWN%\n%COUNTRY%', 'texte', 0, 'Text to print on member address sheets', '2015-03-12 12:19:25'),
(113, 'MAIN_MODULE_SALARIES', 1, '1', NULL, 0, NULL, '2015-03-12 12:19:32'),
(114, 'MAIN_MODULE_DEPLACEMENT', 1, '1', NULL, 0, NULL, '2015-03-12 12:19:37'),
(115, 'MAIN_MODULE_FOURNISSEUR', 1, '1', NULL, 0, NULL, '2015-03-12 12:19:47'),
(116, 'COMMANDE_SUPPLIER_ADDON_PDF', 1, 'muscadet', 'chaine', 0, 'Nom du gestionnaire de generation des bons de commande en PDF', '2015-03-12 12:19:47'),
(117, 'COMMANDE_SUPPLIER_ADDON_NUMBER', 1, 'mod_commande_fournisseur_muguet', 'chaine', 0, 'Nom du gestionnaire de numerotation des commandes fournisseur', '2015-03-12 12:19:47'),
(118, 'INVOICE_SUPPLIER_ADDON_PDF', 1, 'canelle', 'chaine', 0, 'Nom du gestionnaire de generation des factures fournisseur en PDF', '2015-03-12 12:19:47'),
(119, 'INVOICE_SUPPLIER_ADDON_NUMBER', 1, 'mod_facture_fournisseur_cactus', 'chaine', 0, 'Nom du gestionnaire de numerotation des factures fournisseur', '2015-03-12 12:19:47'),
(122, 'PRODUCT_CODEPRODUCT_ADDON', 1, 'mod_codeproduct_leopard', 'chaine', 0, 'Module to control product codes', '2015-03-12 12:19:51'),
(124, 'MAIN_MODULE_AGENDA', 1, '1', NULL, 0, NULL, '2015-03-12 12:19:59'),
(125, 'MAIN_AGENDA_ACTIONAUTO_COMPANY_SENTBYMAIL', 1, '1', 'chaine', 0, NULL, '2015-03-12 12:19:59'),
(126, 'MAIN_AGENDA_ACTIONAUTO_COMPANY_CREATE', 1, '1', 'chaine', 0, NULL, '2015-03-12 12:19:59'),
(127, 'MAIN_AGENDA_ACTIONAUTO_CONTRACT_VALIDATE', 1, '1', 'chaine', 0, NULL, '2015-03-12 12:19:59'),
(128, 'MAIN_AGENDA_ACTIONAUTO_PROPAL_VALIDATE', 1, '1', 'chaine', 0, NULL, '2015-03-12 12:19:59'),
(129, 'MAIN_AGENDA_ACTIONAUTO_PROPAL_SENTBYMAIL', 1, '1', 'chaine', 0, NULL, '2015-03-12 12:19:59'),
(130, 'MAIN_AGENDA_ACTIONAUTO_ORDER_VALIDATE', 1, '1', 'chaine', 0, NULL, '2015-03-12 12:19:59'),
(131, 'MAIN_AGENDA_ACTIONAUTO_ORDER_SENTBYMAIL', 1, '1', 'chaine', 0, NULL, '2015-03-12 12:19:59'),
(132, 'MAIN_AGENDA_ACTIONAUTO_BILL_VALIDATE', 1, '1', 'chaine', 0, NULL, '2015-03-12 12:19:59'),
(133, 'MAIN_AGENDA_ACTIONAUTO_BILL_PAYED', 1, '1', 'chaine', 0, NULL, '2015-03-12 12:19:59'),
(134, 'MAIN_AGENDA_ACTIONAUTO_BILL_CANCEL', 1, '1', 'chaine', 0, NULL, '2015-03-12 12:19:59'),
(135, 'MAIN_AGENDA_ACTIONAUTO_BILL_SENTBYMAIL', 1, '1', 'chaine', 0, NULL, '2015-03-12 12:19:59'),
(136, 'MAIN_AGENDA_ACTIONAUTO_ORDER_SUPPLIER_VALIDATE', 1, '1', 'chaine', 0, NULL, '2015-03-12 12:19:59'),
(137, 'MAIN_AGENDA_ACTIONAUTO_BILL_SUPPLIER_VALIDATE', 1, '1', 'chaine', 0, NULL, '2015-03-12 12:19:59'),
(138, 'MAIN_AGENDA_ACTIONAUTO_SHIPPING_VALIDATE', 1, '1', 'chaine', 0, NULL, '2015-03-12 12:19:59'),
(139, 'MAIN_AGENDA_ACTIONAUTO_SHIPPING_SENTBYMAIL', 1, '1', 'chaine', 0, NULL, '2015-03-12 12:19:59'),
(140, 'MAIN_AGENDA_ACTIONAUTO_BILL_UNVALIDATE', 1, '1', 'chaine', 0, NULL, '2015-03-12 12:19:59'),
(141, 'MAIN_MODULE_PROJET', 1, '1', NULL, 0, NULL, '2015-03-12 12:20:03'),
(142, 'PROJECT_ADDON_PDF', 1, 'baleine', 'chaine', 0, 'Name of PDF/ODT project manager class', '2015-03-12 12:20:03'),
(143, 'PROJECT_ADDON', 1, 'mod_project_simple', 'chaine', 0, 'Name of Numbering Rule project manager class', '2015-03-12 12:20:03'),
(144, 'PROJECT_ADDON_PDF_ODT_PATH', 1, 'DOL_DATA_ROOT/doctemplates/projects', 'chaine', 0, NULL, '2015-03-12 12:20:03'),
(145, 'PROJECT_TASK_ADDON_PDF', 1, '', 'chaine', 0, 'Name of PDF/ODT tasks manager class', '2015-03-12 12:20:03'),
(146, 'PROJECT_TASK_ADDON', 1, 'mod_task_simple', 'chaine', 0, 'Name of Numbering Rule task manager class', '2015-03-12 12:20:03'),
(147, 'PROJECT_TASK_ADDON_PDF_ODT_PATH', 1, 'DOL_DATA_ROOT/doctemplates/tasks', 'chaine', 0, NULL, '2015-03-12 12:20:03'),
(152, 'FACTURE_ADDON', 1, 'mod_facture_mercure', 'chaine', 0, '', '2015-03-12 12:20:51'),
(234, 'ECM_AUTO_TREE_ENABLED', 1, '1', 'chaine', 0, '', '2015-03-15 23:33:22'),
(235, 'MAIN_MODULE_ECM', 1, '1', NULL, 0, NULL, '2015-03-16 00:04:47'),
(254, 'FACTURE_ADDON_PDF', 1, 'addapta', 'chaine', 0, '', '2015-03-18 12:23:16'),
(324, 'MAIN_MODULE_SALPICADERO', 1, '1', NULL, 0, NULL, '2015-03-20 13:22:50'),
(365, 'PRELEVEMENT_USER', 1, '3', 'chaine', 0, '', '2015-03-23 14:41:33'),
(366, 'PRELEVEMENT_NUMERO_NATIONAL_EMETTEUR', 1, 'B65362949', 'chaine', 0, '', '2015-03-23 14:41:33'),
(367, 'PRELEVEMENT_ICS', 1, 'B65362949', 'chaine', 0, '', '2015-03-23 14:41:33'),
(368, 'PRELEVEMENT_ID_BANKACCOUNT', 1, '1', 'chaine', 0, '', '2015-03-23 14:41:33'),
(369, 'PRELEVEMENT_CODE_BANQUE', 1, '0081', 'chaine', 0, '', '2015-03-23 14:41:33'),
(370, 'PRELEVEMENT_CODE_GUICHET', 1, '1724', 'chaine', 0, '', '2015-03-23 14:41:33'),
(371, 'PRELEVEMENT_NUMERO_COMPTE', 1, '0001013612', 'chaine', 0, '', '2015-03-23 14:41:33'),
(372, 'PRELEVEMENT_NUMBER_KEY', 1, '58', 'chaine', 0, '', '2015-03-23 14:41:33'),
(373, 'PRELEVEMENT_IBAN', 1, 'ES64 0081 1724 5800 0101 3612', 'chaine', 0, '', '2015-03-23 14:41:33'),
(374, 'PRELEVEMENT_BIC', 1, 'BSABESBBXXX', 'chaine', 0, '', '2015-03-23 14:41:33'),
(375, 'PRELEVEMENT_RAISON_SOCIALE', 1, 'Addapta Technological Services, S.L.', 'chaine', 0, '', '2015-03-23 14:41:33'),
(376, 'MAIN_MENU_HIDE_UNAUTHORIZED', 1, '1', 'chaine', 0, '', '2015-03-24 15:10:12'),
(377, 'MAIN_MODULE_SEPAADDAPTA', 1, '1', NULL, 0, NULL, '2015-03-24 15:25:00'),
(378, 'MAIN_MODULE_SEPAADDAPTA_HOOKS', 1, '[\"leftblock\"]', 'chaine', 0, NULL, '2015-03-24 15:25:00'),
(387, 'DISPLAY_MARK_RATES', 1, '1', 'chaine', 0, '', '2015-03-25 09:37:10'),
(402, 'MAIN_DELAY_ACTIONS_TODO', 1, '7', 'chaine', 0, '', '2015-03-30 13:08:34'),
(403, 'MAIN_DELAY_PROPALS_TO_CLOSE', 1, '31', 'chaine', 0, '', '2015-03-30 13:08:34'),
(404, 'MAIN_DELAY_PROPALS_TO_BILL', 1, '7', 'chaine', 0, '', '2015-03-30 13:08:34'),
(405, 'MAIN_DELAY_ORDERS_TO_PROCESS', 1, '2', 'chaine', 0, '', '2015-03-30 13:08:34'),
(406, 'MAIN_DELAY_CUSTOMER_BILLS_UNPAYED', 1, '10', 'chaine', 0, '', '2015-03-30 13:08:34'),
(407, 'MAIN_DELAY_SUPPLIER_ORDERS_TO_PROCESS', 1, '7', 'chaine', 0, '', '2015-03-30 13:08:34'),
(408, 'MAIN_DELAY_SUPPLIER_BILLS_TO_PAY', 1, '2', 'chaine', 0, '', '2015-03-30 13:08:34'),
(409, 'MAIN_DELAY_NOT_ACTIVATED_SERVICES', 1, '0', 'chaine', 0, '', '2015-03-30 13:08:34'),
(410, 'MAIN_DELAY_RUNNING_SERVICES', 1, '0', 'chaine', 0, '', '2015-03-30 13:08:34'),
(411, 'MAIN_DELAY_TRANSACTIONS_TO_CONCILIATE', 1, '62', 'chaine', 0, '', '2015-03-30 13:08:34'),
(412, 'MAIN_DELAY_CHEQUES_TO_DEPOSIT', 1, '0', 'chaine', 0, '', '2015-03-30 13:08:34'),
(413, 'MAIN_DISABLE_METEO', 1, '1', 'chaine', 0, '', '2015-03-30 13:08:34'),
(414, 'MAIN_PDF_FORMAT', 1, 'EUA4', 'chaine', 0, '', '2015-03-30 15:06:53'),
(415, 'MAIN_PROFID1_IN_ADDRESS', 1, '1', 'chaine', 0, '', '2015-03-30 15:06:53'),
(416, 'MAIN_PROFID2_IN_ADDRESS', 1, '0', 'chaine', 0, '', '2015-03-30 15:06:53'),
(417, 'MAIN_PROFID3_IN_ADDRESS', 1, '0', 'chaine', 0, '', '2015-03-30 15:06:53'),
(418, 'MAIN_PROFID4_IN_ADDRESS', 1, '0', 'chaine', 0, '', '2015-03-30 15:06:53'),
(419, 'MAIN_GENERATE_DOCUMENTS_WITHOUT_VAT', 1, '0', 'chaine', 0, '', '2015-03-30 15:06:53'),
(420, 'MAIN_TVAINTRA_NOT_IN_ADDRESS', 1, '0', 'chaine', 0, '', '2015-03-30 15:06:53'),
(421, 'MAIN_GENERATE_DOCUMENTS_HIDE_DETAILS', 1, '0', 'chaine', 0, '', '2015-03-30 15:06:53'),
(422, 'MAIN_GENERATE_DOCUMENTS_HIDE_DESC', 1, '0', 'chaine', 0, '', '2015-03-30 15:06:53'),
(423, 'MAIN_GENERATE_DOCUMENTS_HIDE_REF', 1, '0', 'chaine', 0, '', '2015-03-30 15:06:53'),
(521, 'MAIN_MODULE_EXPORT', 1, '1', NULL, 0, NULL, '2016-07-06 14:13:57'),
(522, 'MAIN_MODULE_EXPEDITION', 1, '1', NULL, 0, NULL, '2016-09-23 09:46:46'),
(523, 'EXPEDITION_ADDON_PDF', 1, 'rouget', 'chaine', 0, 'Nom du gestionnaire de generation des bons expeditions en PDF', '2016-09-23 09:46:46'),
(524, 'EXPEDITION_ADDON_NUMBER', 1, 'mod_expedition_safor', 'chaine', 0, 'Nom du gestionnaire de numerotation des expeditions', '2016-09-23 09:46:46'),
(525, 'EXPEDITION_ADDON_PDF_ODT_PATH', 1, 'DOL_DATA_ROOT/doctemplates/shipment', 'chaine', 0, NULL, '2016-09-23 09:46:46'),
(526, 'LIVRAISON_ADDON_PDF', 1, 'typhon', 'chaine', 0, 'Nom du gestionnaire de generation des bons de reception en PDF', '2016-09-23 09:46:46'),
(527, 'LIVRAISON_ADDON_NUMBER', 1, 'mod_livraison_jade', 'chaine', 0, 'Nom du gestionnaire de numerotation des bons de reception', '2016-09-23 09:46:46'),
(528, 'LIVRAISON_ADDON_PDF_ODT_PATH', 1, 'DOL_DATA_ROOT/doctemplates/delivery', 'chaine', 0, NULL, '2016-09-23 09:46:46'),
(529, 'MAIN_MODULE_COMMANDE', 1, '1', NULL, 0, NULL, '2016-09-23 09:46:46'),
(531, 'MAIN_SUBMODULE_EXPEDITION', 1, '1', 'chaine', 0, '', '2016-09-23 09:46:56'),
(532, 'MAIN_MODULE_MARGIN', 1, '1', NULL, 0, NULL, '2017-01-03 07:42:18'),
(533, 'MAIN_MODULE_MARGIN_TABS_0', 1, 'product:+margin:Margins:margins:$user->rights->margins->liretous:/margin/tabs/productMargins.php?id=__ID__', 'chaine', 0, NULL, '2017-01-03 07:42:18'),
(534, 'MAIN_MODULE_MARGIN_TABS_1', 1, 'thirdparty:+margin:Margins:margins:empty($user->societe_id) && $user->rights->margins->liretous:/margin/tabs/thirdpartyMargins.php?socid=__ID__', 'chaine', 0, NULL, '2017-01-03 07:42:18'),
(535, 'MAIN_MODULE_PROPALE', 1, '1', NULL, 0, NULL, '2017-01-03 07:42:18'),
(537, 'MAIN_MODULE_PRODUCT', 1, '1', NULL, 0, NULL, '2017-01-03 07:42:19'),
(538, 'MARGIN_TYPE', 1, '2', 'chaine', 0, '', '2017-01-03 07:54:36'),
(556, 'COMPTA_MODE', 1, 'CREANCES-DETTES', 'chaine', 0, '', '2017-03-02 14:41:19'),
(557, 'FACTURE_MERCURE_MASK_INVOICE', 1, '{yy}/{0000@0}', 'chaine', 0, '', '2017-03-02 14:42:01'),
(558, 'FACTURE_MERCURE_MASK_REPLACEMENT', 1, '{yy}/{0000@0}', 'chaine', 0, '', '2017-03-02 14:42:01'),
(559, 'FACTURE_MERCURE_MASK_CREDIT', 1, '{yy}/{0000@0}', 'chaine', 0, '', '2017-03-02 14:42:01'),
(560, 'FACTURE_MERCURE_MASK_DEPOSIT', 1, '{yy}/{0000@0}', 'chaine', 0, '', '2017-03-02 14:42:01'),
(562, 'FICHEINTER_ADDON_PDF', 1, 'soleil', 'chaine', 0, NULL, '2017-03-03 10:38:20'),
(563, 'FICHEINTER_ADDON', 1, 'pacific', 'chaine', 0, NULL, '2017-03-03 10:38:20'),
(564, 'MAIN_MODULE_SOCIETE', 1, '1', NULL, 0, NULL, '2017-03-03 10:38:20'),
(565, 'FACTURE_RIB_NUMBER', 1, '1', 'chaine', 0, '', '2017-03-09 09:30:58'),
(566, 'FACTURE_CHQ_NUMBER', 1, '1', 'chaine', 0, '', '2017-03-09 09:30:58'),
(622, 'TAX_MODE', 1, '1', 'chaine', 0, '', '2018-01-23 19:31:08'),
(623, 'TAX_MODE_SELL_PRODUCT', 1, 'invoice', 'chaine', 0, '', '2018-01-23 19:31:08'),
(624, 'TAX_MODE_BUY_PRODUCT', 1, 'invoice', 'chaine', 0, '', '2018-01-23 19:31:08'),
(625, 'TAX_MODE_SELL_SERVICE', 1, 'invoice', 'chaine', 0, '', '2018-01-23 19:31:08'),
(626, 'TAX_MODE_BUY_SERVICE', 1, 'invoice', 'chaine', 0, '', '2018-01-23 19:31:08'),
(627, 'MAIN_FEATURES_LEVEL', 0, '2', 'chaine', 1, 'Level of features to show (0=stable only, 1=stable+experimental, 2=stable+experimental+development', '2018-04-26 15:05:42'),
(645, 'FACTURE_USE_PROFORMAT', 1, '1', 'chaine', 1, 'Habilitar facturas proforma', '2019-01-10 11:40:13'),
(673, 'MAIN_INFO_SOCIETE_COUNTRY', 1, '4:ES:España', 'chaine', 0, '', '2021-01-08 09:55:44'),
(674, 'MAIN_INFO_SOCIETE_NOM', 1, 'Addapta Technological Services S.L.', 'chaine', 0, '', '2021-01-08 09:55:44'),
(675, 'MAIN_INFO_SOCIETE_ADDRESS', 1, 'Calle Llull, 321', 'chaine', 0, '', '2021-01-08 09:55:44'),
(676, 'MAIN_INFO_SOCIETE_TOWN', 1, 'Barcelona', 'chaine', 0, '', '2021-01-08 09:55:44'),
(677, 'MAIN_INFO_SOCIETE_ZIP', 1, '08019', 'chaine', 0, '', '2021-01-08 09:55:44'),
(678, 'MAIN_INFO_SOCIETE_STATE', 1, '249', 'chaine', 0, '', '2021-01-08 09:55:44'),
(679, 'MAIN_MONNAIE', 1, 'EUR', 'chaine', 0, '', '2021-01-08 09:55:44'),
(680, 'MAIN_INFO_SOCIETE_MAIL', 1, 'adm.informacion@addapta.com', 'chaine', 0, '', '2021-01-08 09:55:44'),
(681, 'MAIN_INFO_SOCIETE_WEB', 1, 'www.addapta.com', 'chaine', 0, '', '2021-01-08 09:55:44'),
(682, 'MAIN_INFO_SOCIETE_FORME_JURIDIQUE', 1, '405', 'chaine', 0, '', '2021-01-08 09:55:44'),
(683, 'MAIN_INFO_SIREN', 1, 'B65362949', 'chaine', 0, '', '2021-01-08 09:55:44'),
(684, 'MAIN_INFO_APE', 1, '6201', 'chaine', 0, '', '2021-01-08 09:55:44'),
(685, 'SOCIETE_FISCAL_MONTH_START', 1, '1', 'chaine', 0, '', '2021-01-08 09:55:44'),
(686, 'FACTURE_TVAOPTION', 1, '1', 'chaine', 0, '', '2021-01-08 09:55:44'),
(687, 'FACTURE_LOCAL_TAX1_OPTION', 1, 'localtax1off', 'chaine', 0, '', '2021-01-08 09:55:44'),
(688, 'FACTURE_LOCAL_TAX2_OPTION', 1, 'localtax2off', 'chaine', 0, '', '2021-01-08 09:55:44'),
(689, 'MAIN_MAX_DECIMALS_UNIT', 1, '5', 'chaine', 0, '', '2022-09-08 10:56:07'),
(690, 'MAIN_MAX_DECIMALS_TOT', 1, '2', 'chaine', 0, '', '2022-09-08 10:56:07'),
(691, 'MAIN_MAX_DECIMALS_SHOWN', 1, '2', 'chaine', 0, '', '2022-09-08 10:56:07'),
(732, 'MAIN_DISABLE_ALL_MAILS', 1, '0', 'chaine', 0, '', '2023-05-10 19:00:56'),
(733, 'MAIN_MAIL_SENDMODE', 0, 'smtps', 'chaine', 0, '', '2023-05-10 19:00:56'),
(734, 'MAIN_MAIL_SMTP_PORT', 0, '465', 'chaine', 0, '', '2023-05-10 19:00:56'),
(735, 'MAIN_MAIL_SMTP_SERVER', 0, 'correo.addapta.com', 'chaine', 0, '', '2023-05-10 19:00:56'),
(736, 'MAIN_MAIL_SMTPS_ID', 0, 'ADM.Informacion@addapta.com', 'chaine', 0, '', '2023-05-10 19:00:56'),
(737, 'MAIN_MAIL_SMTPS_PW', 0, '4Dd@pt446682755', 'chaine', 0, '', '2023-05-10 19:00:56'),
(738, 'MAIN_MAIL_EMAIL_TLS', 0, '1', 'chaine', 0, '', '2023-05-10 19:00:56'),
(739, 'MAIN_MAIL_EMAIL_FROM', 1, 'ADM.Informacion@addapta.com', 'chaine', 0, '', '2023-05-10 19:00:56'),
(740, 'MAIN_MAIL_ERRORS_TO', 1, 'SIS.Arquitectura@addapta.com', 'chaine', 0, '', '2023-05-10 19:00:56'),
(741, 'MAIN_MAIL_AUTOCOPY_TO', 1, 'ADM.Facturacion@addapta.com', 'chaine', 0, '', '2023-05-10 19:00:56'),
(793, 'MAIN_LANG_DEFAULT', 1, 'es_ES', 'chaine', 0, '', '2024-02-19 11:04:22'),
(794, 'MAIN_MULTILANGS', 1, '0', 'chaine', 0, '', '2024-02-19 11:04:22'),
(795, 'MAIN_SIZE_LISTE_LIMIT', 1, '100', 'chaine', 0, '', '2024-02-19 11:04:22'),
(796, 'MAIN_DISABLE_JAVASCRIPT', 1, '0', 'chaine', 0, '', '2024-02-19 11:04:22'),
(797, 'MAIN_BUTTON_HIDE_UNAUTHORIZED', 1, '0', 'chaine', 0, '', '2024-02-19 11:04:22'),
(798, 'MAIN_START_WEEK', 1, '1', 'chaine', 0, '', '2024-02-19 11:04:22'),
(799, 'MAIN_SHOW_LOGO', 1, '1', 'chaine', 0, '', '2024-02-19 11:04:22'),
(800, 'MAIN_FIRSTNAME_NAME_POSITION', 1, '0', 'chaine', 0, '', '2024-02-19 11:04:22'),
(801, 'MAIN_THEME', 1, 'bureau2crea', 'chaine', 0, '', '2024-02-19 11:04:22'),
(802, 'MAIN_SEARCHFORM_CONTACT', 1, '1', 'chaine', 0, '', '2024-02-19 11:04:22'),
(803, 'MAIN_SEARCHFORM_SOCIETE', 1, '1', 'chaine', 0, '', '2024-02-19 11:04:22'),
(804, 'MAIN_SEARCHFORM_PRODUITSERVICE', 1, '1', 'chaine', 0, '', '2024-02-19 11:04:22'),
(805, 'MAIN_SEARCHFORM_PRODUITSERVICE_SUPPLIER', 1, '0', 'chaine', 0, '', '2024-02-19 11:04:22'),
(806, 'MAIN_SEARCHFORM_ADHERENT', 1, '1', 'chaine', 0, '', '2024-02-19 11:04:22'),
(807, 'MAIN_HELPCENTER_DISABLELINK', 0, '1', 'chaine', 0, '', '2024-02-19 11:04:22'),
(808, 'MAIN_HELP_DISABLELINK', 0, '1', 'chaine', 0, '', '2024-02-19 11:04:22'),
(809, 'MAIN_BUGTRACK_ENABLELINK', 1, '0', 'chaine', 0, '', '2024-02-19 11:04:22');

-- --------------------------------------------------------

--
-- Estructura de tabla para la tabla `b65362949_contrat`
--

CREATE TABLE `b65362949_contrat` (
  `rowid` int NOT NULL,
  `ref` varchar(30) DEFAULT NULL,
  `entity` int NOT NULL DEFAULT '1',
  `tms` timestamp NOT NULL DEFAULT CURRENT_TIMESTAMP ON UPDATE CURRENT_TIMESTAMP,
  `datec` datetime DEFAULT NULL,
  `date_contrat` datetime DEFAULT NULL,
  `statut` smallint DEFAULT '0',
  `mise_en_service` datetime DEFAULT NULL,
  `fin_validite` datetime DEFAULT NULL,
  `date_cloture` datetime DEFAULT NULL,
  `fk_soc` int NOT NULL,
  `fk_projet` int DEFAULT NULL,
  `fk_commercial_signature` int NOT NULL,
  `fk_commercial_suivi` int NOT NULL,
  `fk_user_author` int NOT NULL DEFAULT '0',
  `fk_user_mise_en_service` int DEFAULT NULL,
  `fk_user_cloture` int DEFAULT NULL,
  `note_private` text,
  `note_public` text,
  `import_key` varchar(14) DEFAULT NULL,
  `extraparams` varchar(255) DEFAULT NULL
) ENGINE=InnoDB DEFAULT CHARSET=utf8mb3;

--
-- Volcado de datos para la tabla `b65362949_contrat`
--

INSERT INTO `b65362949_contrat` (`rowid`, `ref`, `entity`, `tms`, `datec`, `date_contrat`, `statut`, `mise_en_service`, `fin_validite`, `date_cloture`, `fk_soc`, `fk_projet`, `fk_commercial_signature`, `fk_commercial_suivi`, `fk_user_author`, `fk_user_mise_en_service`, `fk_user_cloture`, `note_private`, `note_public`, `import_key`, `extraparams`) VALUES
(1, 'CT1501-0001', 1, '2015-03-13 11:29:51', '2015-03-13 12:28:22', '2015-01-01 00:00:00', 1, NULL, NULL, NULL, 1, NULL, 3, 3, 3, NULL, NULL, NULL, NULL, NULL, NULL),
(2, 'CT1501-0002', 1, '2015-03-13 23:41:38', '2015-03-14 00:39:49', '2015-01-01 00:00:00', 1, NULL, NULL, NULL, 2, NULL, 3, 3, 3, NULL, NULL, NULL, NULL, NULL, NULL),
(3, 'CT1501-0003', 1, '2015-03-14 10:26:14', '2015-03-14 11:24:44', '2015-01-01 00:00:00', 1, NULL, NULL, NULL, 3, NULL, 3, 3, 3, NULL, NULL, NULL, NULL, NULL, NULL),
(4, 'CT1501-0004', 1, '2015-03-14 11:46:40', '2015-03-14 12:44:38', '2015-01-01 00:00:00', 1, NULL, NULL, NULL, 3, NULL, 3, 3, 3, NULL, NULL, NULL, NULL, NULL, NULL),
(5, 'CT1501-0005', 1, '2015-03-14 18:04:38', '2015-03-14 19:04:08', '2015-01-01 00:00:00', 1, NULL, NULL, NULL, 4, NULL, 3, 3, 3, NULL, NULL, NULL, NULL, NULL, NULL),
(6, 'CT1501-0006', 1, '2015-03-14 18:30:16', '2015-03-14 19:27:56', '2015-01-01 00:00:00', 1, NULL, NULL, NULL, 5, NULL, 3, 3, 3, NULL, NULL, NULL, NULL, NULL, NULL),
(7, 'CT1501-0007', 1, '2015-03-14 18:53:35', '2015-03-14 19:52:40', '2015-01-01 00:00:00', 1, NULL, NULL, NULL, 6, NULL, 3, 3, 3, NULL, NULL, NULL, NULL, NULL, NULL),
(8, 'CT1501-0008', 1, '2015-03-14 19:11:17', '2015-03-14 20:10:53', '2015-01-01 00:00:00', 1, NULL, NULL, NULL, 7, NULL, 3, 3, 3, NULL, NULL, NULL, NULL, NULL, NULL),
(9, 'CT1501-0009', 1, '2015-03-14 19:26:50', '2015-03-14 20:21:24', '2015-01-01 00:00:00', 1, NULL, NULL, NULL, 8, NULL, 3, 3, 3, NULL, NULL, NULL, NULL, NULL, NULL),
(10, 'CT1501-0010', 1, '2015-03-14 20:00:55', '2015-03-14 21:00:42', '2015-01-01 00:00:00', 1, NULL, NULL, NULL, 9, NULL, 3, 3, 3, NULL, NULL, NULL, NULL, NULL, NULL),
(11, 'CT1501-0011', 1, '2015-03-14 20:51:00', '2015-03-14 21:48:41', '2015-01-01 00:00:00', 1, NULL, NULL, NULL, 10, NULL, 3, 3, 3, NULL, NULL, NULL, NULL, NULL, NULL),
(12, 'CT1501-0012', 1, '2015-03-14 21:13:09', '2015-03-14 22:12:26', '2015-01-01 00:00:00', 1, NULL, NULL, NULL, 10, NULL, 3, 3, 3, NULL, NULL, NULL, NULL, NULL, NULL),
(13, 'CT1501-0013', 1, '2015-03-14 21:36:49', '2015-03-14 22:36:29', '2015-01-01 00:00:00', 1, NULL, NULL, NULL, 11, NULL, 3, 3, 3, NULL, NULL, NULL, NULL, NULL, NULL),
(14, 'CT1501-0014', 1, '2015-03-14 21:58:43', '2015-03-14 22:57:48', '2015-01-01 00:00:00', 1, NULL, NULL, NULL, 12, NULL, 3, 3, 3, NULL, NULL, NULL, NULL, NULL, NULL),
(15, 'CT1502-0015', 1, '2015-03-17 15:53:48', '2015-03-17 16:52:33', '2015-02-05 00:00:00', 1, NULL, NULL, NULL, 25, NULL, 3, 3, 3, NULL, NULL, NULL, NULL, NULL, NULL),
(16, 'CT1502-0016', 1, '2015-03-17 16:59:50', '2015-03-17 17:54:41', '2015-02-05 00:00:00', 1, NULL, NULL, NULL, 26, NULL, 3, 3, 3, NULL, NULL, NULL, NULL, NULL, NULL),
(17, 'CT1501-0017', 1, '2015-03-17 17:24:21', '2015-03-17 18:21:43', '2015-01-01 00:00:00', 1, NULL, NULL, NULL, 27, NULL, 3, 3, 3, NULL, NULL, NULL, NULL, NULL, NULL),
(18, 'CT1502-0018', 1, '2015-03-17 17:39:23', '2015-03-17 18:38:18', '2015-02-01 00:00:00', 1, NULL, NULL, NULL, 28, NULL, 3, 3, 3, NULL, NULL, NULL, NULL, NULL, NULL);

-- --------------------------------------------------------

--
-- Estructura de tabla para la tabla `b65362949_contratdet`
--

CREATE TABLE `b65362949_contratdet` (
  `rowid` int NOT NULL,
  `tms` timestamp NOT NULL DEFAULT CURRENT_TIMESTAMP ON UPDATE CURRENT_TIMESTAMP,
  `fk_contrat` int NOT NULL,
  `fk_product` int DEFAULT NULL,
  `statut` smallint DEFAULT '0',
  `label` text,
  `description` text,
  `fk_remise_except` int DEFAULT NULL,
  `date_commande` datetime DEFAULT NULL,
  `date_ouverture_prevue` datetime DEFAULT NULL,
  `date_ouverture` datetime DEFAULT NULL,
  `date_fin_validite` datetime DEFAULT NULL,
  `date_cloture` datetime DEFAULT NULL,
  `tva_tx` double(6,3) DEFAULT '0.000',
  `localtax1_tx` double(6,3) DEFAULT '0.000',
  `localtax1_type` varchar(10) DEFAULT NULL,
  `localtax2_tx` double(6,3) DEFAULT '0.000',
  `localtax2_type` varchar(10) DEFAULT NULL,
  `qty` double NOT NULL,
  `remise_percent` double DEFAULT '0',
  `subprice` double(24,8) DEFAULT '0.00000000',
  `price_ht` double DEFAULT NULL,
  `remise` double DEFAULT '0',
  `total_ht` double(24,8) DEFAULT '0.00000000',
  `total_tva` double(24,8) DEFAULT '0.00000000',
  `total_localtax1` double(24,8) DEFAULT '0.00000000',
  `total_localtax2` double(24,8) DEFAULT '0.00000000',
  `total_ttc` double(24,8) DEFAULT '0.00000000',
  `product_type` int DEFAULT '1',
  `info_bits` int DEFAULT '0',
  `buy_price_ht` double(24,8) DEFAULT NULL,
  `fk_product_fournisseur_price` int DEFAULT NULL,
  `fk_user_author` int NOT NULL DEFAULT '0',
  `fk_user_ouverture` int DEFAULT NULL,
  `fk_user_cloture` int DEFAULT NULL,
  `commentaire` text
) ENGINE=InnoDB DEFAULT CHARSET=utf8mb3;

--
-- Volcado de datos para la tabla `b65362949_contratdet`
--

INSERT INTO `b65362949_contratdet` (`rowid`, `tms`, `fk_contrat`, `fk_product`, `statut`, `label`, `description`, `fk_remise_except`, `date_commande`, `date_ouverture_prevue`, `date_ouverture`, `date_fin_validite`, `date_cloture`, `tva_tx`, `localtax1_tx`, `localtax1_type`, `localtax2_tx`, `localtax2_type`, `qty`, `remise_percent`, `subprice`, `price_ht`, `remise`, `total_ht`, `total_tva`, `total_localtax1`, `total_localtax2`, `total_ttc`, `product_type`, `info_bits`, `buy_price_ht`, `fk_product_fournisseur_price`, `fk_user_author`, `fk_user_ouverture`, `fk_user_cloture`, `commentaire`) VALUES
(1, '2015-03-14 11:32:06', 1, 1, 4, '', '', NULL, NULL, NULL, '2015-01-01 12:00:00', '2015-12-31 12:00:00', NULL, 21.000, 0.000, '3', 0.000, '1', 1, 0, 172.50000000, 172.5, NULL, 172.50000000, 36.23000000, 0.00000000, 0.00000000, 208.73000000, 1, 0, 0.00000000, NULL, 0, 3, 3, ''),
(2, '2015-03-14 11:32:47', 2, 1, 4, '', '', NULL, NULL, NULL, '2015-01-01 12:00:00', '2015-12-31 12:00:00', NULL, 21.000, 0.000, '3', 0.000, '1', 1, 0, 459.00000000, 459, NULL, 459.00000000, 96.39000000, 0.00000000, 0.00000000, 555.39000000, 1, 0, 0.00000000, NULL, 0, 3, 3, ''),
(3, '2015-03-14 11:33:13', 2, 2, 4, '', '', NULL, NULL, NULL, '2015-01-01 12:00:00', '2015-12-31 12:00:00', NULL, 21.000, 0.000, '3', 0.000, '1', 12, 100, 5.00000000, 0, 5, 0.00000000, 0.00000000, 0.00000000, 0.00000000, 0.00000000, 1, 0, 0.00000000, NULL, 0, 3, NULL, ''),
(5, '2015-03-14 16:39:36', 3, 7, 4, '', 'Proyecto CXI', NULL, NULL, '2015-01-01 00:00:00', '2015-01-01 12:00:00', '2015-12-31 00:00:00', NULL, 21.000, 0.000, '3', 0.000, '1', 1, 0, 1850.00000000, 1850, NULL, 1850.00000000, 388.50000000, 0.00000000, 0.00000000, 2238.50000000, 1, 0, 0.00000000, NULL, 0, 3, 3, ''),
(6, '2015-03-14 11:45:51', 4, 3, 4, '', 'www.generaloptica.es - www.maisoptica.pt', NULL, NULL, '2015-01-01 00:00:00', '2015-01-01 12:00:00', '2015-12-31 12:00:00', NULL, 21.000, 0.000, '3', 0.000, '1', 1, 0, 364.00000000, 364, NULL, 364.00000000, 76.44000000, 0.00000000, -76.44000000, 364.00000000, 1, 0, 0.00000000, NULL, 0, 3, 3, ''),
(8, '2015-03-14 18:34:06', 5, 1, 4, '', '', NULL, NULL, NULL, NULL, NULL, NULL, 21.000, 0.000, '3', 0.000, '1', 1, 0, 369.30000000, 369.3, NULL, 369.30000000, 77.55000000, 0.00000000, 0.00000000, 446.85000000, 1, 0, 0.00000000, NULL, 0, 3, 3, ''),
(9, '2015-03-14 18:30:44', 6, 1, 4, '', '', NULL, NULL, NULL, NULL, NULL, NULL, 21.000, 0.000, '3', 0.000, '1', 1, 0, 107.75000000, 107.75, NULL, 107.75000000, 22.63000000, 0.00000000, 0.00000000, 130.38000000, 1, 0, 0.00000000, NULL, 0, 3, 3, ''),
(10, '2015-03-14 18:53:56', 7, 1, 4, '', '', NULL, NULL, NULL, NULL, NULL, NULL, 21.000, 0.000, '3', 0.000, '1', 1, 0, 216.15000000, 216.15, NULL, 216.15000000, 45.39000000, 0.00000000, 0.00000000, 261.54000000, 1, 0, 0.00000000, NULL, 0, 3, 3, ''),
(11, '2015-03-14 19:11:53', 8, 1, 4, '', '', NULL, NULL, NULL, NULL, NULL, NULL, 21.000, 0.000, '3', 0.000, '1', 1, 0, 99.75000000, 99.75, NULL, 99.75000000, 20.95000000, 0.00000000, 0.00000000, 120.70000000, 1, 0, 0.00000000, NULL, 0, 3, 3, ''),
(12, '2015-03-14 19:27:08', 9, 1, 4, '', 'Servicio Web Server Estático\r\nServicio Web Server Dinámico\r\nServicio Application Server', NULL, NULL, NULL, NULL, NULL, NULL, 21.000, 0.000, '3', 0.000, '1', 1, 0, 1019.25000000, 1019.25, NULL, 1019.25000000, 214.04000000, 0.00000000, 0.00000000, 1233.29000000, 1, 0, 0.00000000, NULL, 0, 3, 3, ''),
(13, '2015-03-14 19:27:28', 9, 2, 4, '', 'Cuenta de usuario de correo electrónico', NULL, NULL, NULL, NULL, NULL, NULL, 21.000, 0.000, '3', 0.000, '1', 50, 0, 4.15000000, 4.15, NULL, 207.50000000, 43.58000000, 0.00000000, 0.00000000, 251.08000000, 1, 0, 0.00000000, NULL, 0, 3, 3, ''),
(14, '2015-03-14 20:01:30', 10, 1, 4, '', '', NULL, NULL, NULL, NULL, NULL, NULL, 21.000, 0.000, '3', 0.000, '1', 1, 0, 277.15000000, 277.15, NULL, 277.15000000, 58.20000000, 0.00000000, 0.00000000, 335.35000000, 1, 0, 0.00000000, NULL, 0, 3, 3, ''),
(15, '2015-03-14 21:15:35', 11, 10, 4, '', 'Nº Pedido: 4564\r\nXavier Lopez Creixell', NULL, NULL, NULL, NULL, NULL, NULL, 21.000, 0.000, '3', 0.000, '1', 1, 0, 30.00000000, 30, NULL, 30.00000000, 6.30000000, 0.00000000, 0.00000000, 36.30000000, 1, 0, 0.00000000, NULL, 0, 3, 3, ''),
(16, '2015-03-14 21:23:42', 12, 10, 4, '', 'Nº Pedido: 4946\r\nPau Gonzalez Albiñana', NULL, NULL, NULL, NULL, NULL, NULL, 21.000, 0.000, '3', 0.000, '1', 1, 0, 25.00000000, 25, NULL, 25.00000000, 5.25000000, 0.00000000, 0.00000000, 30.25000000, 1, 0, 0.00000000, NULL, 0, 3, 3, ''),
(17, '2015-03-14 21:37:55', 13, 7, 4, '', 'Top Team\r\nMicrosites', NULL, NULL, NULL, NULL, NULL, NULL, 21.000, 0.000, '3', 0.000, '1', 1, 0, 696.25000000, 696.25, NULL, 696.25000000, 146.21000000, 0.00000000, 0.00000000, 842.46000000, 1, 0, 0.00000000, NULL, 0, 3, 3, ''),
(19, '2015-03-14 21:58:55', 14, 11, 4, '', '', NULL, NULL, '2015-01-01 00:00:00', '2015-01-01 12:00:00', '2015-12-31 12:00:00', NULL, 21.000, 0.000, '3', 0.000, '1', 1, 0, 175.00000000, 175, NULL, 175.00000000, 36.75000000, 0.00000000, 0.00000000, 211.75000000, 1, 0, 0.00000000, NULL, 0, 3, 3, ''),
(20, '2015-03-17 15:54:02', 15, 11, 4, '', 'Código SKU: Bakery_Advance_formacion					\r\nColores: No configurable					\r\nLayout: two-cols					\r\nOrden #: 0127					\r\nDominio: jamonesyembutidosdiaz.com					', NULL, NULL, '2015-02-05 00:00:00', '2015-02-05 12:00:00', '2016-02-05 12:00:00', NULL, 21.000, 0.000, '3', 0.000, '1', 1, 0, 175.00000000, 175, 0, 175.00000000, 36.75000000, 0.00000000, 0.00000000, 211.75000000, 1, 0, 0.00000000, NULL, 0, 3, NULL, ''),
(21, '2015-03-17 16:59:59', 16, 14, 4, '', 'Código SKU:					\r\nColores: No configurable					\r\nLayout: two-cols					\r\nOrden #:					\r\nDominio: tenycol.com					', NULL, NULL, '2015-02-05 00:00:00', '2015-02-05 12:00:00', '2016-02-05 12:00:00', NULL, 21.000, 0.000, '3', 0.000, '1', 1, 0, 550.00000000, 550, 0, 550.00000000, 115.50000000, 0.00000000, 0.00000000, 665.50000000, 1, 0, 0.00000000, NULL, 0, 3, NULL, ''),
(22, '2015-03-17 17:24:41', 17, 8, 4, '', '', NULL, NULL, NULL, '2015-01-01 12:00:00', '2015-12-31 12:00:00', NULL, 21.000, 0.000, '3', 0.000, '1', 2, 0, 60.00000000, 60, NULL, 120.00000000, 25.20000000, 0.00000000, 0.00000000, 145.20000000, 1, 0, 0.00000000, NULL, 0, 3, 3, ''),
(23, '2015-03-17 17:25:00', 17, 5, 4, '', '', NULL, NULL, NULL, '2015-01-01 12:00:00', '2015-12-31 12:00:00', NULL, 21.000, 0.000, '3', 0.000, '1', 4, 0, 41.00000000, 41, NULL, 164.00000000, 34.44000000, 0.00000000, 0.00000000, 198.44000000, 1, 0, 0.00000000, NULL, 0, 3, 3, ''),
(24, '2015-03-17 17:39:32', 18, 2, 4, '', 'Cuenta de usuario de correo electrónico\r\nDominio: atisa.es					\r\nHost de servicio: VM8-ATISA					\r\nCuantas de usuario: 100					\r\nCapacidad de Disco: 1000GB', NULL, NULL, '2015-02-01 00:00:00', '2015-02-01 12:00:00', '2016-02-01 12:00:00', NULL, 21.000, 0.000, '3', 0.000, '1', 100, 0, 5.00000000, 5, NULL, 500.00000000, 105.00000000, 0.00000000, 0.00000000, 605.00000000, 1, 0, 0.00000000, NULL, 0, 3, 3, '');

-- --------------------------------------------------------

--
-- Estructura de tabla para la tabla `b65362949_contratdet_log`
--

